This is the mail archive of the egcs-testresults@egcs.cygnus.com mailing list for the EGCS project. See the EGCS home page for more information.
Index Nav: | [Date Index] [Subject Index] [Author Index] [Thread Index] | |
---|---|---|
Message Nav: | [Date Prev] [Date Next] | [Thread Prev] [Thread Next] |
Intervention still is required to fixinclude /sys/time.h. Livermore Fortran Kernel performance varies from -20% to +40% compared to last working snapshot.
Native configuration is hppa1.1-hp-hpux10.20 === libio tests === Running target unix === libio Summary === # of expected passes 40 === libstdc++ tests === Running target unix FAIL: tlist.cc -O compilation FAIL: tmap.cc -O compilation FAIL: tvector.cc -O compilation === libstdc++ Summary === # of expected passes 21 # of unexpected failures 3 # of expected failures 6 === g++ tests === Running target unix FAIL: g++.brendan/eh1.C (test for excess errors) FAIL: g++.eh/spec2.C Execution test FAIL: g++.eh/spec3.C Execution test XPASS: g++.mike/eh33.C (test for excess errors) FAIL: g++.mike/eh49.C Execution test XPASS: g++.mike/eh50.C (test for excess errors) FAIL: g++.mike/eh51.C Execution test XPASS: g++.pt/instantiate6.C (test for excess errors) FAIL: g++.pt/static3.C (test for excess errors) FAIL: g++.pt/static6.C (test for excess errors) FAIL: g++.robertl/eb73.C (test for excess errors) === g++ Summary === # of expected passes 5043 # of unexpected failures 8 # of unexpected successes 3 # of expected failures 86 # of untested testcases 8 /usr2/users/tim/src/gnu/egcs-19990314/hp/gcc/testsuite/../xgcc version egcs-2.93.14 19990328 (gcc2 ss-980929 experimental) === g77 tests === Running target unix FAIL: g77.f-torture/execute/19990325-0.f execution, -O0 FAIL: g77.f-torture/execute/19990325-0.f execution, -O1 FAIL: g77.f-torture/execute/19990325-0.f execution, -O2 FAIL: g77.f-torture/execute/19990325-0.f execution, -O2 -fomit-frame-pointer -finline-functions FAIL: g77.f-torture/execute/19990325-0.f execution, -Os FAIL: g77.f-torture/execute/19990325-1.f execution, -O0 FAIL: g77.f-torture/execute/19990325-1.f execution, -O1 FAIL: g77.f-torture/execute/19990325-1.f execution, -O2 FAIL: g77.f-torture/execute/19990325-1.f execution, -O2 -fomit-frame-pointer -finline-functions FAIL: g77.f-torture/execute/19990325-1.f execution, -Os === g77 Summary === # of expected passes 561 # of unexpected failures 10 === objc tests === Running target unix === objc Summary === # of expected passes 38 /usr2/users/tim/src/gnu/egcs-19990314/hp/gcc/xgcc version egcs-2.93.14 19990328 (gcc2 ss-980929 experimental) === gcc tests === Running target unix FAIL: gcc.c-torture/compile/941014-3.c, -O3 -fomit-frame-pointer -funroll-all-loops -finline-functions FAIL: gcc.c-torture/compile/980329-1.c, -O3 -fomit-frame-pointer -funroll-all-loops -finline-functions FAIL: gcc.c-torture/execute/960218-1.c compilation, -O0 FAIL: gcc.c-torture/execute/960218-1.c compilation, -O1 FAIL: gcc.c-torture/execute/960218-1.c compilation, -O2 FAIL: gcc.c-torture/execute/960218-1.c compilation, -O3 -fomit-frame-pointer FAIL: gcc.c-torture/execute/960218-1.c compilation, -O3 -fomit-frame-pointer -funroll-loops FAIL: gcc.c-torture/execute/960218-1.c compilation, -O3 -fomit-frame-pointer -funroll-all-loops -finline-functions FAIL: gcc.c-torture/execute/960218-1.c compilation, -O3 -g FAIL: gcc.c-torture/execute/960218-1.c compilation, -Os FAIL: gcc.c-torture/execute/980716-1.c execution, -O0 FAIL: gcc.c-torture/execute/990130-1.c compilation, -O0 FAIL: gcc.c-torture/execute/990130-1.c compilation, -O1 FAIL: gcc.c-torture/execute/990130-1.c compilation, -O2 FAIL: gcc.c-torture/execute/990130-1.c compilation, -O3 -fomit-frame-pointer FAIL: gcc.c-torture/execute/990130-1.c compilation, -O3 -g FAIL: gcc.c-torture/execute/990130-1.c compilation, -Os FAIL: gcc.c-torture/execute/strct-stdarg-1.c execution, -O0 FAIL: gcc.c-torture/execute/strct-stdarg-1.c execution, -O1 FAIL: gcc.c-torture/execute/strct-stdarg-1.c execution, -O2 FAIL: gcc.c-torture/execute/strct-stdarg-1.c execution, -O3 -fomit-frame-pointer FAIL: gcc.c-torture/execute/strct-stdarg-1.c execution, -O3 -fomit-frame-pointer -funroll-loops FAIL: gcc.c-torture/execute/strct-stdarg-1.c execution, -O3 -fomit-frame-pointer -funroll-all-loops -finline-functions FAIL: gcc.c-torture/execute/strct-stdarg-1.c execution, -O3 -g FAIL: gcc.c-torture/execute/strct-stdarg-1.c execution, -Os FAIL: gcc.c-torture/execute/ieee/fp-cmp-1.c execution, -O0 FAIL: gcc.c-torture/execute/ieee/mzero2.c execution, -O1 FAIL: gcc.c-torture/execute/ieee/mzero2.c execution, -O2 FAIL: gcc.c-torture/execute/ieee/mzero2.c execution, -O3 -fomit-frame-pointer FAIL: gcc.c-torture/execute/ieee/mzero2.c execution, -O3 -g FAIL: gcc.c-torture/execute/ieee/mzero2.c execution, -Os FAIL: gcc.c-torture/unsorted/cp.c, -O1 FAIL: gcc.dg/990119-1.c execution test FAIL: gcc.dg/cpp-if1.c invalid number (test for errors, line 12) FAIL: gcc.dg/cpp-if1.c invalid number (test for errors, line 15) FAIL: gcc.dg/cpp-if1.c invalid number (test for errors, line 18) FAIL: gcc.dg/cpp-if1.c floating point in #if (test for errors, line 21) FAIL: gcc.dg/cpp-if1.c too many suffixes (test for errors, line 24) FAIL: gcc.dg/cpp-if1.c too many suffixes (test for errors, line 27) FAIL: gcc.dg/cpp-if1.c (test for excess errors) FAIL: gcc.dg/cpp-if3.c (test for excess errors) FAIL: gcc.dg/special/alias-1.c (test for excess errors) FAIL: gcc.dg/special/wkali-1.c (test for excess errors) FAIL: gcc.misc-tests/m-un-2.c warning regression (test for warnings, line 18) FAIL: gcc.misc-tests/m-un-2.c warning regression (test for warnings, line 23) FAIL: gcc.misc-tests/m-un-2.c (test for excess errors) === gcc Summary === # of expected passes 7982 # of unexpected failures 46 # of expected failures 29 # of unresolved testcases 17 # of unsupported tests 23 /usr2/users/tim/src/gnu/egcs-19990314/hp/gcc/xgcc version egcs-2.93.14 19990328 (gcc2 ss-980929 experimental) Compiler version: egcs-2.93.14 19990328 (gcc2 ss-980929 experimental) Platform: hppa1.1-hp-hpux10.20 configure flags: --with-gcc-version-trigger=/usr2/users/tim/src/gnu/egcs-19990314/gcc/version.c --host=hppa1.1-hp-hpux10.20 --prefix=/usr2/users/tim/src/gnu/914 --with-gnu-as --norecursion EOF Mail -s "Results for egcs-2.93.14 19990328 (gcc2 ss-980929 experimental) testsuite on hppa1.1-hp-hpux10.20" egcs-testresults@egcs.cygnus.com &&