This is the mail archive of the egcs-testresults@egcs.cygnus.com mailing list for the EGCS project. See the EGCS home page for more information.
Index Nav: | [Date Index] [Subject Index] [Author Index] [Thread Index] | |
---|---|---|
Message Nav: | [Date Prev] [Date Next] | [Thread Prev] [Thread Next] |
Native configuration is i586-pc-linux-gnu === g++ tests === Running target unix FAIL: g++.dg/special/conpr-1.C execution test FAIL: g++.dg/special/conpr-2.C execution test FAIL: g++.dg/special/conpr-3.C execution test FAIL: g++.dg/special/conpr-3.C execution test === g++ Summary === # of expected passes 5054 # of unexpected failures 4 # of expected failures 83 # of untested testcases 7 /l/hda/tmp/egcs/gcc/testsuite/../xgcc version egcs-2.93.14 19990328 (gcc2 ss-980929 experimental) === g77 tests === Running target unix FAIL: g77.f-torture/execute/19990325-1.f execution, -O0 FAIL: g77.f-torture/execute/19990325-1.f execution, -O1 FAIL: g77.f-torture/execute/19990325-1.f execution, -O2 FAIL: g77.f-torture/execute/19990325-1.f execution, -O2 -fomit-frame-pointer -finline-functions FAIL: g77.f-torture/execute/19990325-1.f execution, -Os FAIL: g77.f-torture/execute/970625-2.f compilation, -O1 === g77 Summary === # of expected passes 564 # of unexpected failures 6 # of untested testcases 1 === gcc tests === Running target unix FAIL: gcc.c-torture/execute/990130-1.c compilation, -O0 FAIL: gcc.c-torture/execute/990130-1.c compilation, -O1 FAIL: gcc.c-torture/execute/990130-1.c compilation, -O2 FAIL: gcc.c-torture/execute/990130-1.c compilation, -O3 -fomit-frame-pointer FAIL: gcc.c-torture/execute/990130-1.c compilation, -O3 -g FAIL: gcc.c-torture/execute/990130-1.c compilation, -Os FAIL: gcc.c-torture/execute/loop-2b.c execution, -O2 FAIL: gcc.c-torture/execute/loop-2b.c execution, -O3 -fomit-frame-pointer FAIL: gcc.c-torture/execute/loop-2b.c execution, -O3 -fomit-frame-pointer -funroll-loops FAIL: gcc.c-torture/execute/loop-2b.c execution, -O3 -fomit-frame-pointer -funroll-all-loops -finline-functions FAIL: gcc.c-torture/execute/loop-2b.c execution, -O3 -g FAIL: gcc.dg/990119-1.c execution test FAIL: gcc.dg/cpp-if1.c invalid number (test for errors, line 12) FAIL: gcc.dg/cpp-if1.c invalid number (test for errors, line 15) FAIL: gcc.dg/cpp-if1.c invalid number (test for errors, line 18) FAIL: gcc.dg/cpp-if1.c floating point in #if (test for errors, line 21) FAIL: gcc.dg/cpp-if1.c too many suffixes (test for errors, line 24) FAIL: gcc.dg/cpp-if1.c too many suffixes (test for errors, line 27) FAIL: gcc.dg/cpp-if1.c (test for excess errors) FAIL: gcc.dg/cpp-if3.c (test for excess errors) FAIL: gcc.dg/special/weak-1.c execution test FAIL: gcc.misc-tests/m-un-2.c warning regression (test for warnings, line 18) FAIL: gcc.misc-tests/m-un-2.c warning regression (test for warnings, line 23) FAIL: gcc.misc-tests/m-un-2.c (test for excess errors) === gcc Summary === # of expected passes 8024 # of unexpected failures 24 # of expected failures 36 # of unresolved testcases 6 # of unsupported tests 13 /l/hda/tmp/egcs/gcc/xgcc version egcs-2.93.14 19990328 (gcc2 ss-980929 experimental) === libg++ tests === Running target unix === libg++ Summary === # of expected passes 72 === libio tests === Running target unix === libio Summary === # of expected passes 40 === libstdc++ tests === Running target unix === libstdc++ Summary === # of expected passes 30 === objc tests === Running target unix FAIL: objc/execute/bf-1.m compilation, -O FAIL: objc/execute/bf-10.m compilation, -O FAIL: objc/execute/bf-11.m compilation, -O FAIL: objc/execute/bf-12.m compilation, -O FAIL: objc/execute/bf-13.m compilation, -O FAIL: objc/execute/bf-14.m compilation, -O FAIL: objc/execute/bf-15.m compilation, -O FAIL: objc/execute/bf-16.m compilation, -O FAIL: objc/execute/bf-17.m compilation, -O FAIL: objc/execute/bf-18.m compilation, -O FAIL: objc/execute/bf-19.m compilation, -O FAIL: objc/execute/bf-2.m compilation, -O FAIL: objc/execute/bf-3.m compilation, -O FAIL: objc/execute/bf-4.m compilation, -O FAIL: objc/execute/bf-5.m compilation, -O FAIL: objc/execute/bf-6.m compilation, -O FAIL: objc/execute/bf-7.m compilation, -O FAIL: objc/execute/bf-8.m compilation, -O FAIL: objc/execute/bf-9.m compilation, -O === objc Summary === # of unexpected failures 19 # of untested testcases 19 /l/hda/tmp/egcs/gcc/xgcc version egcs-2.93.14 19990328 (gcc2 ss-980929 experimental) Compiler version: egcs-2.93.14 19990328 (gcc2 ss-980929 experimental) Platform: i586-pc-linux-gnu BOOT_CFLAGS: -g -O9 -W -Wall Counting all warnings, there are 260 warnings in stage3 of this bootstrap. Number of warnings per file: 41 /home/phd/oliva/src/egcs/gcc/toplev.c 14 /home/phd/oliva/src/egcs/gcc/objc/objc-act.c 14 /home/phd/oliva/src/egcs/gcc/java/lex.c 11 /home/phd/oliva/src/egcs/gcc/integrate.c 10 ./parse.y 9 /home/phd/oliva/src/egcs/gcc/reload1.c 9 /home/phd/oliva/src/egcs/gcc/final.c 9 /home/phd/oliva/src/egcs/gcc/cse.c 8 /home/phd/oliva/src/egcs/gcc/loop.c 7 /home/phd/oliva/src/egcs/gcc/reload.c 7 /home/phd/oliva/src/egcs/gcc/combine.c 6 /home/phd/oliva/src/egcs/gcc/varasm.c 6 /home/phd/oliva/src/egcs/gcc/unroll.c 6 /home/phd/oliva/src/egcs/gcc/java/jcf-reader.c 6 /home/phd/oliva/src/egcs/gcc/java/expr.c 6 /home/phd/oliva/src/egcs/gcc/java/class.c 6 /home/phd/oliva/src/egcs/gcc/fold-const.c 6 /home/phd/oliva/src/egcs/gcc/dwarf2out.c 5 /home/phd/oliva/src/egcs/gcc/java/gjavah.c 4 cexp.y 4 /home/phd/oliva/src/egcs/gcc/tlink.c 4 /home/phd/oliva/src/egcs/gcc/regclass.c 4 /home/phd/oliva/src/egcs/gcc/reg-stack.c 4 /home/phd/oliva/src/egcs/gcc/optabs.c 4 /home/phd/oliva/src/egcs/gcc/java/verify.c 3 insn-emit.c 3 /home/phd/oliva/src/egcs/gcc/stmt.c 3 /home/phd/oliva/src/egcs/gcc/sched.c 3 /home/phd/oliva/src/egcs/gcc/regmove.c 3 /home/phd/oliva/src/egcs/gcc/genopinit.c 3 /home/phd/oliva/src/egcs/gcc/cccp.c 2 insn-recog.c 2 insn-output.c 2 /home/phd/oliva/src/egcs/gcc/protoize.c 2 /home/phd/oliva/src/egcs/gcc/local-alloc.c 2 /home/phd/oliva/src/egcs/gcc/function.c 2 /home/phd/oliva/src/egcs/gcc/expr.c 2 /home/phd/oliva/src/egcs/gcc/dbxout.c 2 /home/phd/oliva/src/egcs/gcc/collect2.c 1 splay-tree.c 1 cxxmain.c 1 /home/phd/oliva/src/egcs/gcc/stupid.c 1 /home/phd/oliva/src/egcs/gcc/rtl.c 1 /home/phd/oliva/src/egcs/gcc/recog.c 1 /home/phd/oliva/src/egcs/gcc/print-rtl.c 1 /home/phd/oliva/src/egcs/gcc/java/jcf-write.c 1 /home/phd/oliva/src/egcs/gcc/java/jcf-io.c 1 /home/phd/oliva/src/egcs/gcc/java/javaop.def 1 /home/phd/oliva/src/egcs/gcc/java/decl.c 1 /home/phd/oliva/src/egcs/gcc/hash.c 1 /home/phd/oliva/src/egcs/gcc/graph.c 1 /home/phd/oliva/src/egcs/gcc/f/g77spec.c 1 /home/phd/oliva/src/egcs/gcc/crtstuff.c 1 /home/phd/oliva/src/egcs/gcc/cppspec.c 1 /home/phd/oliva/src/egcs/gcc/config/i386/i386.c Number of warning types: 86 `???' might be used uninitialized in this function 44 unused parameter `???' 36 comparison between signed and unsigned 19 implicit declaration of function `???' 16 missing initializer 16 (near initialization for `???') 14 variable `???' might be clobbered by `longjmp' or `vfork' 8 initialization from incompatible pointer type 7 unused variable `???' 2 zero-length format string 2 statement with no effect 2 control reaches end of non-void function 2 `???' within comment 2 `???' defined but not used 1 suggest explicit braces to avoid ambiguous `else' 1 passing arg ??? of `???' from incompatible pointer type 1 assignment discards qualifiers from pointer target type 1 ??? format, ??? arg (arg ???)