This is the mail archive of the egcs-testresults@egcs.cygnus.com mailing list for the EGCS project. See the EGCS home page for more information.
Index Nav: | [Date Index] [Subject Index] [Author Index] [Thread Index] | |
---|---|---|
Message Nav: | [Date Prev] [Date Next] | [Thread Prev] [Thread Next] |
Compiler version: egcs-2.93.14 19990329 (gcc2 ss-980929 experimental) Platform: i686-suse-linux-gnulibc1 Sources: - egcs from CVS last updated at 1999/03/29 11:43:57 +0200 - libg++-2.8.1.3 Patches: [1]: `PATCH for Re: bootstrap error with --enable-cpplib and --enable-nls' from <manfred@s-direktnet.de>. Environment: - autoconf-2.13 - automake-1.4 - binutils-2.9.1 + Ian Lance Taylor's patch to gas/ehopt.c + my patch to make GNU ld work on i386-pc-solaris2.7 - dejagnu-19981026 + look_for_dir_with_trigger patch - gperf-2.7 + gperf-2.7-19981006.pat - SuSE Linux 5.0 - Kernel 2.0.30 (compiled by "gcc version 2.7.2.1") - libc-5.4.33-1 Remarks: None. configure flags: --with-gcc-version-trigger=/home/gnu/work/GNU/build/data/egcs-19990329/gcc/version.c --host=i686-suse-linux-gnulibc1 --srcdir=../egcs-19990329 --prefix=/tools/gnu --with-gnu-as --with-gnu-ld --enable-shared --enable-version-specific-runtime-libs --with-local-prefix=/tools/gnu --disable-nls --verbose --norecursion BOOT_CC: gcc version egcs-2.93.13 19990323 (gcc2 ss-980929 experimental) BOOT_CFLAGS: -O9 -funroll-all-loops -march=pentium -mcpu=pentium -fomit-frame-pointer -W -Wall CFLAGS: -O9 -march=pentium -mcpu=pentium -fomit-frame-pointer CXXFLAGS: -O9 -march=pentium -mcpu=pentium -fomit-frame-pointer -g Native configuration is i686-suse-linux-gnulibc1 === libio tests === Running target unix === libio Summary === # of expected passes 40 === libstdc++ tests === Running target unix === libstdc++ Summary === # of expected passes 30 === libg++ tests === Running target unix === libg++ Summary === # of expected passes 72 === gcc tests === Running target unix FAIL: gcc.c-torture/execute/990130-1.c compilation, -O0 FAIL: gcc.c-torture/execute/990130-1.c compilation, -O1 FAIL: gcc.c-torture/execute/990130-1.c compilation, -O2 FAIL: gcc.c-torture/execute/990130-1.c compilation, -O3 -fomit-frame-pointer FAIL: gcc.c-torture/execute/990130-1.c compilation, -O3 -g FAIL: gcc.c-torture/execute/990130-1.c compilation, -Os FAIL: gcc.c-torture/execute/loop-2b.c execution, -O2 FAIL: gcc.c-torture/execute/loop-2b.c execution, -O3 -fomit-frame-pointer FAIL: gcc.c-torture/execute/loop-2b.c execution, -O3 -fomit-frame-pointer -funroll-loops FAIL: gcc.c-torture/execute/loop-2b.c execution, -O3 -fomit-frame-pointer -funroll-all-loops -finline-functions FAIL: gcc.c-torture/execute/loop-2b.c execution, -O3 -g FAIL: gcc.dg/990119-1.c execution test FAIL: gcc.dg/cpp-if1.c invalid number (test for errors, line 12) FAIL: gcc.dg/cpp-if1.c invalid number (test for errors, line 15) FAIL: gcc.dg/cpp-if1.c invalid number (test for errors, line 18) FAIL: gcc.dg/cpp-if1.c floating point in #if (test for errors, line 21) FAIL: gcc.dg/cpp-if1.c too many suffixes (test for errors, line 24) FAIL: gcc.dg/cpp-if1.c too many suffixes (test for errors, line 27) FAIL: gcc.dg/cpp-if1.c (test for excess errors) FAIL: gcc.dg/cpp-if3.c (test for excess errors) FAIL: gcc.dg/special/weak-1.c execution test FAIL: gcc.misc-tests/m-un-2.c warning regression (test for warnings, line 18) FAIL: gcc.misc-tests/m-un-2.c warning regression (test for warnings, line 23) FAIL: gcc.misc-tests/m-un-2.c (test for excess errors) === gcc Summary === # of expected passes 8024 # of unexpected failures 24 # of expected failures 36 # of unresolved testcases 6 # of unsupported tests 13 /opt/gnu/work/GNU/egcs-19990329-i686-suse-linux-gnulibc1/gcc/xgcc version egcs-2.93.14 19990329 (gcc2 ss-980929 experimental) === g++ tests === Running target unix FAIL: g++.dg/special/conpr-1.C execution test FAIL: g++.dg/special/conpr-2.C execution test FAIL: g++.dg/special/conpr-3.C execution test FAIL: g++.dg/special/conpr-3.C execution test === g++ Summary === # of expected passes 5057 # of unexpected failures 4 # of expected failures 82 # of untested testcases 7 /opt/gnu/work/GNU/egcs-19990329-i686-suse-linux-gnulibc1/gcc/testsuite/../xgcc version egcs-2.93.14 19990329 (gcc2 ss-980929 experimental) === g77 tests === Running target unix FAIL: g77.f-torture/execute/19990325-1.f execution, -O0 FAIL: g77.f-torture/execute/19990325-1.f execution, -O1 FAIL: g77.f-torture/execute/19990325-1.f execution, -O2 FAIL: g77.f-torture/execute/19990325-1.f execution, -O2 -fomit-frame-pointer -finline-functions FAIL: g77.f-torture/execute/19990325-1.f execution, -Os FAIL: g77.f-torture/execute/970625-2.f compilation, -O1 === g77 Summary === # of expected passes 564 # of unexpected failures 6 # of untested testcases 1 === objc tests === Running target unix FAIL: objc/execute/bf-1.m execution, -O FAIL: objc/execute/bf-10.m execution, -O FAIL: objc/execute/bf-11.m execution, -O FAIL: objc/execute/bf-12.m execution, -O FAIL: objc/execute/bf-13.m execution, -O FAIL: objc/execute/bf-14.m execution, -O FAIL: objc/execute/bf-15.m execution, -O FAIL: objc/execute/bf-16.m execution, -O FAIL: objc/execute/bf-17.m execution, -O FAIL: objc/execute/bf-18.m execution, -O FAIL: objc/execute/bf-19.m execution, -O FAIL: objc/execute/bf-2.m execution, -O FAIL: objc/execute/bf-3.m execution, -O FAIL: objc/execute/bf-4.m execution, -O FAIL: objc/execute/bf-5.m execution, -O FAIL: objc/execute/bf-6.m execution, -O FAIL: objc/execute/bf-7.m execution, -O FAIL: objc/execute/bf-8.m execution, -O FAIL: objc/execute/bf-9.m execution, -O === objc Summary === # of expected passes 19 # of unexpected failures 19 /opt/gnu/work/GNU/egcs-19990329-i686-suse-linux-gnulibc1/gcc/xgcc version egcs-2.93.14 19990329 (gcc2 ss-980929 experimental) Counting all warnings, there are 258 warnings in stage3 of this bootstrap. Number of warnings per file: 41 ../../egcs-19990329/gcc/toplev.c 14 ../../egcs-19990329/gcc/objc/objc-act.c 12 ../../../egcs-19990329/gcc/java/lex.c 11 ../../egcs-19990329/gcc/integrate.c 10 ./parse.y 9 ../../egcs-19990329/gcc/reload1.c 9 ../../egcs-19990329/gcc/final.c 9 ../../egcs-19990329/gcc/cse.c 8 ../../egcs-19990329/gcc/loop.c 7 ../../egcs-19990329/gcc/reload.c 7 ../../egcs-19990329/gcc/combine.c 6 ../../egcs-19990329/gcc/varasm.c 6 ../../egcs-19990329/gcc/unroll.c 6 ../../egcs-19990329/gcc/fold-const.c 6 ../../egcs-19990329/gcc/dwarf2out.c 6 ../../../egcs-19990329/gcc/java/jcf-reader.c 6 ../../../egcs-19990329/gcc/java/expr.c 5 ../../../egcs-19990329/gcc/java/gjavah.c 4 cexp.y 4 ../../egcs-19990329/gcc/tlink.c 4 ../../egcs-19990329/gcc/regclass.c 4 ../../egcs-19990329/gcc/reg-stack.c 4 ../../egcs-19990329/gcc/optabs.c 4 ../../../../egcs-19990329/libg++/src/Fix16.cc 3 insn-emit.c 3 ../../egcs-19990329/gcc/stmt.c 3 ../../egcs-19990329/gcc/sched.c 3 ../../egcs-19990329/gcc/regmove.c 3 ../../egcs-19990329/gcc/genopinit.c 3 ../../egcs-19990329/gcc/cccp.c 3 ../../../egcs-19990329/gcc/java/verify.c 2 insn-recog.c 2 insn-output.c 2 ../../egcs-19990329/gcc/protoize.c 2 ../../egcs-19990329/gcc/local-alloc.c 2 ../../egcs-19990329/gcc/function.c 2 ../../egcs-19990329/gcc/expr.c 2 ../../egcs-19990329/gcc/dbxout.c 2 ../../egcs-19990329/gcc/collect2.c 2 ../../../egcs-19990329/gcc/java/class.c 1 splay-tree.c 1 cxxmain.c 1 ../../egcs-19990329/gcc/stupid.c 1 ../../egcs-19990329/gcc/rtl.c 1 ../../egcs-19990329/gcc/recog.c 1 ../../egcs-19990329/gcc/print-rtl.c 1 ../../egcs-19990329/gcc/hash.c 1 ../../egcs-19990329/gcc/graph.c 1 ../../egcs-19990329/gcc/genattrtab.c 1 ../../egcs-19990329/gcc/f/g77spec.c 1 ../../egcs-19990329/gcc/crtstuff.c 1 ../../egcs-19990329/gcc/cppspec.c 1 ../../egcs-19990329/gcc/config/i386/i386.c 1 ../../../egcs-19990329/gcc/java/jcf-write.c 1 ../../../egcs-19990329/gcc/java/jcf-io.c 1 ../../../egcs-19990329/gcc/java/javaop.def 1 ../../../egcs-19990329/gcc/java/decl.c Number of warning types: 87 `???' might be used uninitialized in this function 44 unused parameter `???' 36 comparison between signed and unsigned 19 implicit declaration of function `???' 16 missing initializer 16 (near initialization for `???') 14 variable `???' might be clobbered by `longjmp' or `vfork' 8 initialization from incompatible pointer type 4 unused variable `???' 4 integer overflow in expression 2 zero-length format string 2 control reaches end of non-void function 2 `???' defined but not used 1 suggest explicit braces to avoid ambiguous `else' 1 passing arg ??? of `???' from incompatible pointer type 1 assignment discards qualifiers from pointer target type 1 ??? format, ??? arg (arg ???)