This is the mail archive of the egcs-testresults@egcs.cygnus.com mailing list for the EGCS project. See the EGCS home page for more information.
Compiler version: egcs-2.93.12 19990319 (gcc2 ss-980929 experimental) Platform: i586-redhat-linux-gnu Sources: - egcs from CVS last updated at 1999/03/19 12:09:42 +0100 - libg++-2.8.1.3 Patches: [1] `New PATCH for CVS mainline sources to make ``--enable-nls'' work' from <manfred@s-direktnet.de>. Environment: - autoconf-2.13 - automake-1.4 - binutils-2.9.1 + Ian Lance Taylor's patch to gas/ehopt.c + my patch to make GNU ld work on i386-pc-solaris2.7 - dejagnu-19981026 + look_for_dir_with_trigger patch - gperf-2.7 + gperf-2.7-19981006.pat - RedHat Linux 5.2 + recommended updates as of today - Kernel 2.2.3 (compiled by "gcc version egcs-2.91.63 19990224 (egcs-1.1.2 pre-release-3)") - glibc-2.0.7-29 - glibc-devel-2.0.7-29 Remarks: Actually, I modified patch [1] slightly to make it work with the recently renamed files in the tree (go32 -> djgpp). configure flags: --with-gcc-version-trigger=/home/gnu/work/GNU/egcs-19990319/gcc/version.c --host=i586-redhat-linux-gnu --srcdir=../egcs-19990319 --prefix=/tools/gnu --with-gnu-as --with-gnu-ld --enable-shared --enable-version-specific-runtime-libs --with-local-prefix=/tools/gnu --enable-nls --verbose --norecursion BOOT_CC: gcc version egcs-2.90.29 980515 (egcs-1.0.3 release) BOOT_CFLAGS: -O9 -funroll-all-loops -g -march=pentium -mcpu=pentium -fomit-frame-pointer -W -Wall CFLAGS: -O9 -march=pentium -mcpu=pentium -fomit-frame-pointer -g CXXFLAGS: -O9 -march=pentium -mcpu=pentium -fomit-frame-pointer -g Native configuration is i586-redhat-linux-gnu === libio tests === Running target unix === libio Summary === # of expected passes 40 === libstdc++ tests === Running target unix === libstdc++ Summary === # of expected passes 30 === libg++ tests === Running target unix === libg++ Summary === # of expected passes 72 === gcc tests === Running target unix FAIL: gcc.c-torture/execute/930603-1.c execution, -O0 FAIL: gcc.c-torture/execute/930603-1.c execution, -O1 FAIL: gcc.c-torture/execute/930603-1.c execution, -O2 FAIL: gcc.c-torture/execute/930603-1.c execution, -Os FAIL: gcc.c-torture/execute/990130-1.c compilation, -O0 FAIL: gcc.c-torture/execute/990130-1.c compilation, -O1 FAIL: gcc.c-torture/execute/990130-1.c compilation, -O2 FAIL: gcc.c-torture/execute/990130-1.c compilation, -O3 -fomit-frame-pointer FAIL: gcc.c-torture/execute/990130-1.c compilation, -O3 -g FAIL: gcc.c-torture/execute/990130-1.c compilation, -Os FAIL: gcc.c-torture/execute/loop-2b.c execution, -O2 FAIL: gcc.c-torture/execute/loop-2b.c execution, -O3 -fomit-frame-pointer FAIL: gcc.c-torture/execute/loop-2b.c execution, -O3 -fomit-frame-pointer -funroll-loops FAIL: gcc.c-torture/execute/loop-2b.c execution, -O3 -fomit-frame-pointer -funroll-all-loops -finline-functions FAIL: gcc.c-torture/execute/loop-2b.c execution, -O3 -g FAIL: gcc.dg/990119-1.c execution test FAIL: gcc.dg/cpp-if1.c invalid number (test for errors, line 12) FAIL: gcc.dg/cpp-if1.c invalid number (test for errors, line 15) FAIL: gcc.dg/cpp-if1.c invalid number (test for errors, line 18) FAIL: gcc.dg/cpp-if1.c floating point in #if (test for errors, line 21) FAIL: gcc.dg/cpp-if1.c too many suffixes (test for errors, line 24) FAIL: gcc.dg/cpp-if1.c too many suffixes (test for errors, line 27) FAIL: gcc.dg/cpp-if1.c (test for excess errors) FAIL: gcc.dg/cpp-if3.c (test for excess errors) FAIL: gcc.dg/special/weak-1.c execution test FAIL: gcc.misc-tests/m-un-2.c warning regression (test for warnings, line 18) FAIL: gcc.misc-tests/m-un-2.c warning regression (test for warnings, line 23) FAIL: gcc.misc-tests/m-un-2.c (test for excess errors) === gcc Summary === # of expected passes 7996 # of unexpected failures 28 # of expected failures 36 # of unresolved testcases 6 # of unsupported tests 13 /opt/home/gnu/work/GNU/egcs-19990319-i586-redhat-linux-gnu/gcc/xgcc version egcs-2.93.12 19990319 (gcc2 ss-980929 experimental) === g++ tests === Running target unix FAIL: g++.dg/special/conpr-1.C execution test FAIL: g++.dg/special/conpr-2.C execution test FAIL: g++.dg/special/conpr-3.C execution test FAIL: g++.dg/special/conpr-3.C execution test FAIL: g++.pt/friend38.C template parameters cannot be friends (test for errors, line 9) === g++ Summary === # of expected passes 4983 # of unexpected failures 5 # of expected failures 81 # of untested testcases 7 /opt/home/gnu/work/GNU/egcs-19990319-i586-redhat-linux-gnu/gcc/testsuite/../xgcc version egcs-2.93.12 19990319 (gcc2 ss-980929 experimental) === g77 tests === Running target unix FAIL: g77.f-torture/execute/970625-2.f compilation, -O1 === g77 Summary === # of expected passes 549 # of unexpected failures 1 # of untested testcases 1 === objc tests === Running target unix FAIL: objc/execute/bf-1.m execution, -O FAIL: objc/execute/bf-10.m execution, -O FAIL: objc/execute/bf-11.m execution, -O FAIL: objc/execute/bf-12.m execution, -O FAIL: objc/execute/bf-13.m execution, -O FAIL: objc/execute/bf-14.m execution, -O FAIL: objc/execute/bf-15.m execution, -O FAIL: objc/execute/bf-16.m execution, -O FAIL: objc/execute/bf-17.m execution, -O FAIL: objc/execute/bf-18.m execution, -O FAIL: objc/execute/bf-19.m execution, -O FAIL: objc/execute/bf-2.m execution, -O FAIL: objc/execute/bf-3.m execution, -O FAIL: objc/execute/bf-4.m execution, -O FAIL: objc/execute/bf-5.m execution, -O FAIL: objc/execute/bf-6.m execution, -O FAIL: objc/execute/bf-7.m execution, -O FAIL: objc/execute/bf-8.m execution, -O FAIL: objc/execute/bf-9.m execution, -O === objc Summary === # of expected passes 19 # of unexpected failures 19 /opt/home/gnu/work/GNU/egcs-19990319-i586-redhat-linux-gnu/gcc/xgcc version egcs-2.93.12 19990319 (gcc2 ss-980929 experimental) Counting all warnings, there are 314 warnings in stage3 of this bootstrap. Number of warnings per file: 41 ../../egcs-19990319/gcc/toplev.c 15 ../../egcs-19990319/gcc/objc/objc-act.c 14 ../../../egcs-19990319/gcc/java/lex.c 13 ./parse.y 12 ../../egcs-19990319/gcc/integrate.c 12 ../../../egcs-19990319/gcc/java/javaop.def 10 ../../../egcs-19990319/gcc/java/jcf-dump.c 10 ../../../egcs-19990319/gcc/java/expr.c 9 ../../egcs-19990319/gcc/reload1.c 9 ../../egcs-19990319/gcc/loop.c 9 ../../egcs-19990319/gcc/final.c 9 ../../egcs-19990319/gcc/cse.c 8 ../../../egcs-19990319/gcc/java/jcf-reader.c 7 ../../egcs-19990319/gcc/varasm.c 7 ../../egcs-19990319/gcc/reload.c 7 ../../egcs-19990319/gcc/combine.c 6 ../../egcs-19990319/gcc/unroll.c 6 ../../egcs-19990319/gcc/optabs.c 6 ../../egcs-19990319/gcc/fold-const.c 6 ../../egcs-19990319/gcc/dwarf2out.c 6 ../../../egcs-19990319/gcc/java/gjavah.c 6 ../../../egcs-19990319/gcc/java/class.c 5 ../../egcs-19990319/gcc/sched.c 4 cexp.y 4 ../../egcs-19990319/gcc/regclass.c 4 ../../egcs-19990319/gcc/reg-stack.c 4 ../../egcs-19990319/gcc/dbxout.c 4 ../../../egcs-19990319/gcc/java/verify.c 4 ../../../egcs-19990319/gcc/java/lex.h 4 ../../../egcs-19990319/gcc/java/jcf-write.c 4 ../../../../egcs-19990319/libg++/src/Fix16.cc 3 insn-emit.c 3 ../../egcs-19990319/gcc/stmt.c 3 ../../egcs-19990319/gcc/regmove.c 3 ../../egcs-19990319/gcc/local-alloc.c 3 ../../egcs-19990319/gcc/genopinit.c 3 ../../egcs-19990319/gcc/function.c 3 ../../egcs-19990319/gcc/cccp.c 2 insn-recog.c 2 insn-output.c 2 ../../egcs-19990319/gcc/protoize.c 2 ../../egcs-19990319/gcc/expr.c 2 ../../egcs-19990319/gcc/collect2.c 1 splay-tree.c 1 cxxmain.c 1 ../../egcs-19990319/gcc/tlink.c 1 ../../egcs-19990319/gcc/stupid.c 1 ../../egcs-19990319/gcc/recog.c 1 ../../egcs-19990319/gcc/print-rtl.c 1 ../../egcs-19990319/gcc/java/jvspec.c 1 ../../egcs-19990319/gcc/hash.c 1 ../../egcs-19990319/gcc/graph.c 1 ../../egcs-19990319/gcc/genattrtab.c 1 ../../egcs-19990319/gcc/f/g77spec.c 1 ../../egcs-19990319/gcc/explow.c 1 ../../egcs-19990319/gcc/crtstuff.c 1 ../../egcs-19990319/gcc/config/i386/i386.c 1 ../../egcs-19990319/gcc/c-lex.c 1 ../../../egcs-19990319/gcc/java/jvgenmain.c 1 ../../../egcs-19990319/gcc/java/jcf-io.c 1 ../../../egcs-19990319/gcc/java/decl.c Number of warning types: 93 `???' might be used uninitialized in this function 54 unused parameter `???' 36 comparison between signed and unsigned 28 implicit declaration of function `???' 16 missing initializer 16 (near initialization for `???') 14 variable `???' might be clobbered by `longjmp' or `vfork' 14 ??? format, ??? arg (arg ???) 13 unused variable `???' 8 initialization from incompatible pointer type 4 integer overflow in expression 4 `???' declared `static' but never defined 3 control reaches end of non-void function 2 zero-length format string 2 suggest explicit braces to avoid ambiguous `else' 2 statement with no effect 2 `???' within comment 2 `???' defined but not used 1 passing arg ??? of `???' from incompatible pointer type