This is the mail archive of the egcs-testresults@egcs.cygnus.com mailing list for the EGCS project. See the EGCS home page for more information.
Compiler version: egcs-2.93.12 19990316 (gcc2 ss-980929 experimental) Platform: sparc-sun-solaris2.5.1 Sources: - egcs from CVS last updated at 1999/03/16 11:28:28 +0100 - libg++-2.8.1.3 Patches: [1] `New PATCH for CVS mainline sources to make ``--enable-nls'' work' from <manfred@s-direktnet.de>. Environment: - autoconf-2.13 - automake-1.4 - GNU binutils-2.9.1 + Ian Lance Taylor's patch to gas/ehopt.c + my patch to make GNU ld work on i386-pc-solaris2.7 - dejagnu-19981026 + look_for_dir_with_trigger patch - gperf-2.7 + gperf-2.7-19981006.pat Remarks: None. configure flags: --with-gcc-version-trigger=/phys/exept/home3/gnu/work/GNU/egcs-19990316/gcc/version.c --host=sparc-sun-solaris2.5.1 --srcdir=../egcs-19990316 --prefix=/tools/gnu --with-gnu-as --with-gnu-ld --enable-shared --enable-version-specific-runtime-libs --with-local-prefix=/tools/gnu --disable-nls --verbose --norecursion BOOT_CC: gcc version egcs-2.91.66 19990314 (egcs-1.1.2 release) BOOT_CFLAGS: -O9 -funroll-all-loops -W -Wall CFLAGS: -O9 CXXFLAGS: -O9 -g Native configuration is sparc-sun-solaris2.5.1 === libio tests === Running target unix === libio Summary === # of expected passes 40 === libstdc++ tests === Running target unix FAIL: tcomplex.cc execution FAIL: tcomplex.cc -O execution === libstdc++ Summary === # of expected passes 26 # of unexpected failures 2 # of expected failures 2 === libg++ tests === Running target unix FAIL: tRational.cc execution FAIL: tRandom.cc execution FAIL: tString.cc execution === libg++ Summary === # of expected passes 66 # of unexpected failures 3 # of expected failures 3 === gcc tests === Running target unix FAIL: gcc.c-torture/execute/990130-1.c compilation, -O0 FAIL: gcc.c-torture/execute/990130-1.c compilation, -O1 FAIL: gcc.c-torture/execute/990130-1.c compilation, -O2 FAIL: gcc.c-torture/execute/990130-1.c compilation, -O3 -fomit-frame-pointer FAIL: gcc.c-torture/execute/990130-1.c compilation, -O3 -g FAIL: gcc.c-torture/execute/990130-1.c compilation, -Os FAIL: gcc.c-torture/execute/memcpy-bi.c compilation, -O3 -fomit-frame-pointer FAIL: gcc.c-torture/execute/memcpy-bi.c compilation, -O3 -fomit-frame-pointer -funroll-loops FAIL: gcc.c-torture/execute/memcpy-bi.c compilation, -O3 -fomit-frame-pointer -funroll-all-loops -finline-functions FAIL: gcc.c-torture/execute/memcpy-bi.c compilation, -O3 -g FAIL: gcc.c-torture/noncompile/951227-1.c FAIL: gcc.dg/990119-1.c execution test FAIL: gcc.dg/cpp-if1.c invalid number (test for errors, line 12) FAIL: gcc.dg/cpp-if1.c invalid number (test for errors, line 15) FAIL: gcc.dg/cpp-if1.c invalid number (test for errors, line 18) FAIL: gcc.dg/cpp-if1.c floating point in #if (test for errors, line 21) FAIL: gcc.dg/cpp-if1.c too many suffixes (test for errors, line 24) FAIL: gcc.dg/cpp-if1.c too many suffixes (test for errors, line 27) FAIL: gcc.dg/cpp-if1.c (test for excess errors) FAIL: gcc.dg/cpp-if3.c (test for excess errors) FAIL: gcc.misc-tests/m-un-2.c warning regression (test for warnings, line 18) FAIL: gcc.misc-tests/m-un-2.c warning regression (test for warnings, line 23) FAIL: gcc.misc-tests/m-un-2.c (test for excess errors) === gcc Summary === # of expected passes 7991 # of unexpected failures 23 # of expected failures 29 # of unresolved testcases 10 # of unsupported tests 24 /export/home2/gnu/work/GNU/egcs-19990316-sparc-sun-solaris2.5.1/gcc/xgcc version egcs-2.93.12 19990316 (gcc2 ss-980929 experimental) === g++ tests === Running target unix FAIL: g++.dg/special/conpr-1.C execution test FAIL: g++.dg/special/conpr-2.C execution test FAIL: g++.dg/special/conpr-3.C execution test FAIL: g++.dg/special/conpr-3.C execution test FAIL: g++.brendan/asm-extn1.C caused compiler crash === g++ Summary === # of expected passes 4982 # of unexpected failures 5 # of expected failures 81 # of untested testcases 7 /export/home2/gnu/work/GNU/egcs-19990316-sparc-sun-solaris2.5.1/gcc/testsuite/../xgcc version egcs-2.93.12 19990316 (gcc2 ss-980929 experimental) === g77 tests === Running target unix === g77 Summary === # of expected passes 551 === objc tests === Running target unix FAIL: objc/execute/bf-1.m compilation, -O FAIL: objc/execute/bf-10.m compilation, -O FAIL: objc/execute/bf-11.m compilation, -O FAIL: objc/execute/bf-12.m compilation, -O FAIL: objc/execute/bf-13.m compilation, -O FAIL: objc/execute/bf-14.m compilation, -O FAIL: objc/execute/bf-15.m compilation, -O FAIL: objc/execute/bf-16.m compilation, -O FAIL: objc/execute/bf-17.m compilation, -O FAIL: objc/execute/bf-18.m compilation, -O FAIL: objc/execute/bf-19.m compilation, -O FAIL: objc/execute/bf-2.m compilation, -O FAIL: objc/execute/bf-3.m compilation, -O FAIL: objc/execute/bf-4.m compilation, -O FAIL: objc/execute/bf-5.m compilation, -O FAIL: objc/execute/bf-6.m compilation, -O FAIL: objc/execute/bf-7.m compilation, -O FAIL: objc/execute/bf-8.m compilation, -O FAIL: objc/execute/bf-9.m compilation, -O === objc Summary === # of unexpected failures 19 # of untested testcases 19 /export/home2/gnu/work/GNU/egcs-19990316-sparc-sun-solaris2.5.1/gcc/xgcc version egcs-2.93.12 19990316 (gcc2 ss-980929 experimental) Counting all warnings, there are 430 warnings in stage3 of this bootstrap. Number of warnings per file: 85 ../../egcs-19990316/gcc/toplev.c 19 ../../egcs-19990316/gcc/cccp.c 14 ../../egcs-19990316/gcc/objc/objc-act.c 14 ../../../egcs-19990316/gcc/java/lex.c 13 ./parse.y 12 ../../../egcs-19990316/gcc/java/javaop.def 11 ../../egcs-19990316/gcc/integrate.c 10 ../../egcs-19990316/gcc/loop.c 10 ../../egcs-19990316/gcc/cse.c 10 ../../../egcs-19990316/gcc/java/expr.c 9 ../../../egcs-19990316/gcc/java/jcf-dump.c 8 ../../egcs-19990316/gcc/reload1.c 8 ../../egcs-19990316/gcc/final.c 8 ../../egcs-19990316/gcc/dwarf2out.c 8 ../../egcs-19990316/gcc/calls.c 8 ../../../egcs-19990316/gcc/java/jcf-reader.c 7 ../../egcs-19990316/gcc/varasm.c 7 ../../egcs-19990316/gcc/combine.c 6 ../../egcs-19990316/gcc/unroll.c 6 ../../egcs-19990316/gcc/reload.c 6 ../../egcs-19990316/gcc/optabs.c 6 ../../egcs-19990316/gcc/fold-const.c 6 ../../egcs-19990316/gcc/c-lex.c 6 ../../../egcs-19990316/gcc/java/gjavah.c 6 ../../../egcs-19990316/gcc/java/class.c 5 ../../egcs-19990316/gcc/function.c 5 ../../egcs-19990316/gcc/dbxout.c 5 ../../egcs-19990316/gcc/collect2.c 4 cexp.y 4 ../../egcs-19990316/gcc/regmove.c 4 ../../egcs-19990316/gcc/protoize.c 4 ../../egcs-19990316/gcc/expr.c 4 ../../../egcs-19990316/librx/rx.c 4 ../../../egcs-19990316/gcc/java/verify.c 4 ../../../egcs-19990316/gcc/java/lex.h 4 ../../../egcs-19990316/gcc/java/jcf-write.c 4 ../../../egcs-19990316/gcc/ch/actions.c 4 ../../../../egcs-19990316/libg++/src/Fix16.cc 3 gcj.c 3 g77.c 3 g++.c 3 ../../egcs-19990316/gcc/stmt.c 3 ../../egcs-19990316/gcc/local-alloc.c 3 ../../egcs-19990316/gcc/genopinit.c 3 ../../egcs-19990316/gcc/gcc.c 3 ../../egcs-19990316/gcc/fix-header.c 3 ../../egcs-19990316/gcc/cpphash.c 2 insn-attrtab.c 2 ../../egcs-19990316/gcc/genattrtab.c 2 ../../egcs-19990316/gcc/gcov.c 2 ../../egcs-19990316/gcc/flow.c 2 ../../egcs-19990316/gcc/explow.c 2 ../../egcs-19990316/gcc/cppexp.c 2 ../../egcs-19990316/gcc/alias.c 2 ../../../egcs-19990316/gcc/java/jcf-io.c 1 splay-tree.c 1 insn-emit.c 1 cxxmain.c 1 ../../egcs-19990316/gcc/tlink.c 1 ../../egcs-19990316/gcc/stupid.c 1 ../../egcs-19990316/gcc/scan-decls.c 1 ../../egcs-19990316/gcc/rtl.c 1 ../../egcs-19990316/gcc/regclass.c 1 ../../egcs-19990316/gcc/print-rtl.c 1 ../../egcs-19990316/gcc/jump.c 1 ../../egcs-19990316/gcc/java/jvspec.c 1 ../../egcs-19990316/gcc/hash.c 1 ../../egcs-19990316/gcc/graph.c 1 ../../egcs-19990316/gcc/genrecog.c 1 ../../egcs-19990316/gcc/genpeep.c 1 ../../egcs-19990316/gcc/genoutput.c 1 ../../egcs-19990316/gcc/genemit.c 1 ../../egcs-19990316/gcc/f/g77spec.c 1 ../../egcs-19990316/gcc/except.c 1 ../../egcs-19990316/gcc/emit-rtl.c 1 ../../egcs-19990316/gcc/dwarfout.c 1 ../../egcs-19990316/gcc/cpplib.c 1 ../../egcs-19990316/gcc/cppinit.c 1 ../../egcs-19990316/gcc/cppfiles.c 1 ../../../egcs-19990316/gcc/java/jvgenmain.c 1 ../../../egcs-19990316/gcc/java/decl.c 1 ../../../egcs-19990316/gcc/cp/sig.c 1 ../../../egcs-19990316/gcc/cp/expr.c 1 ../../../egcs-19990316/gcc/ch/expr.c Number of warning types: 108 `???' might be used uninitialized in this function 55 unused parameter `???' 47 missing initializer 47 (near initialization for `???') 45 implicit declaration of function `???' 44 comparison between signed and unsigned 22 statement with no effect 18 variable `???' might be clobbered by `longjmp' or `vfork' 14 ??? format, ??? arg (arg ???) 9 unused variable `???' 4 integer overflow in expression 4 comparison of distinct pointer types lacks a cast 4 `???' declared `static' but never defined 3 empty body in an else-statement 2 control reaches end of non-void function 2 `???' within comment 1 suggest explicit braces to avoid ambiguous `else' 1 `???' defined but not used