This is the mail archive of the egcs-testresults@egcs.cygnus.com mailing list for the EGCS project. See the EGCS home page for more information.
Compiler version: egcs-2.91.66 19990314 (egcs-1.1.2 release) Platform: i586-pc-linux-gnulibc1 Sources: - egcs-1.1.2 - libg++-2.8.1.3 Patches: [1]: `PATCH for fixing broken symbolic links with the new library interface' from <manfred@s-direktnet.de>. [2]: `PATCH to avoid building unwanted langs/compilers' from <manfred@s-direktnet.de>. Environment: - autoconf-2.13 - automake-1.4 - GNU binutils-2.9.1 + Ian Lance Taylor's patch to gas/ehopt.c + my patch to make GNU ld work on i386-pc-solaris2.7 - dejagnu-19981026 + look_for_dir_with_trigger patch - gperf-2.7 + gperf-2.7-19981006.pat - SuSE Linux 5.0 - Kernel 2.0.30 (compiled by "gcc version 2.7.2.1") - libc-5.4.33-1 Remarks: None. configure flags: --with-gcc-version-trigger=/home/gnu/work/GNU/build/data/egcs-1.1.2/gcc/version.c --host=i586-linux-gnulibc1 --srcdir=../egcs-1.1.2 --prefix=/tools/gnu --with-gnu-as --with-gnu-ld --enable-shared --enable-version-specific-runtime-libs --with-local-prefix=/tools/gnu --enable-nls --verbose --norecursion BOOT_CC: gcc version egcs-2.91.63 19990224 (egcs-1.1.2 pre-release-3) BOOT_CFLAGS: -O9 -funroll-all-loops -g -march=pentium -mcpu=pentium -fomit-frame-pointer CFLAGS: -O9 -march=pentium -mcpu=pentium -fomit-frame-pointer -g CXXFLAGS: -O9 -march=pentium -mcpu=pentium -fomit-frame-pointer -g Native configuration is i586-pc-linux-gnulibc1 === libio tests === Running target unix === libio Summary === # of expected passes 40 === libstdc++ tests === Running target unix === libstdc++ Summary === # of expected passes 30 === libg++ tests === Running target unix === libg++ Summary === # of expected passes 72 === gcc tests === Running target unix FAIL: gcc.c-torture/execute/980526-1.c execution, -O2 -fomit-frame-pointer -finline-functions FAIL: gcc.c-torture/execute/ieee/980619-1.c execution, -O1 FAIL: gcc.c-torture/execute/ieee/980619-1.c execution, -O2 FAIL: gcc.c-torture/execute/ieee/980619-1.c execution, -O2 -fomit-frame-pointer -finline-functions FAIL: gcc.c-torture/execute/ieee/980619-1.c execution, -O2 -fomit-frame-pointer -finline-functions -funroll-loops FAIL: gcc.c-torture/execute/ieee/980619-1.c execution, -O2 -fomit-frame-pointer -finline-functions -funroll-all-loops FAIL: gcc.c-torture/execute/ieee/980619-1.c execution, -O2 -g FAIL: gcc.c-torture/execute/ieee/980619-1.c execution, -Os FAIL: gcc.dg/980626-1.c (test for excess errors) FAIL: gcc.dg/clobbers.c execution test === gcc Summary === # of expected passes 7497 # of unexpected failures 10 # of expected failures 7 # of unsupported tests 11 /opt/gnu/work/GNU/egcs-1.1.2-i586-linux-gnulibc1/gcc/xgcc version egcs-2.91.66 19990314 (egcs-1.1.2 release) === g++ tests === Running target unix === g++ Summary === # of expected passes 4223 # of expected failures 84 # of untested testcases 7 /opt/gnu/work/GNU/egcs-1.1.2-i586-linux-gnulibc1/gcc/testsuite/../xgcc version egcs-2.91.66 19990314 (egcs-1.1.2 release) === g77 tests === Running target unix === g77 Summary === # of expected passes 415 There are 4 warnings in stage3 of this bootstrap. Number of warnings per file: 1 ../../../egcs-1.1.2/gcc/f/where.c 1 ../../../egcs-1.1.2/gcc/f/top.c 1 ../../../egcs-1.1.2/gcc/f/malloc.c 1 ../../../egcs-1.1.2/gcc/f/com.c Number of warning types: 3 missing initializer for `???' 1 unused parameter `???'