This is the mail archive of the egcs-testresults@egcs.cygnus.com mailing list for the EGCS project. See the EGCS home page for more information.
Native configuration is alphaev5-dec-osf4.0b === gcc tests === Running target unix/-fPIC FAIL: gcc.c-torture/execute/980526-1.c execution, -O2 -fomit-frame-pointer -finline-functions FAIL: gcc.c-torture/execute/complex-5.c execution, -O0 FAIL: gcc.c-torture/execute/complex-5.c execution, -O1 FAIL: gcc.c-torture/execute/complex-5.c execution, -O2 FAIL: gcc.c-torture/execute/complex-5.c execution, -O2 -fomit-frame-pointer -finline-functions FAIL: gcc.c-torture/execute/complex-5.c execution, -O2 -g FAIL: gcc.c-torture/execute/complex-5.c execution, -Os FAIL: gcc.c-torture/execute/ieee/mzero2.c execution, -O0 FAIL: gcc.c-torture/execute/ieee/mzero2.c execution, -O1 FAIL: gcc.c-torture/execute/ieee/mzero2.c execution, -O2 FAIL: gcc.c-torture/execute/ieee/mzero2.c execution, -O2 -fomit-frame-pointer -finline-functions FAIL: gcc.c-torture/execute/ieee/mzero2.c execution, -O2 -g FAIL: gcc.c-torture/execute/ieee/mzero2.c execution, -Os FAIL: gcc.dg/980626-1.c (test for excess errors) === gcc Summary for unix/-fPIC === # of expected passes 7484 # of unexpected failures 14 # of expected failures 7 # of unsupported tests 18 Running target unix/-fpic FAIL: gcc.c-torture/execute/980526-1.c execution, -O2 -fomit-frame-pointer -finline-functions FAIL: gcc.c-torture/execute/complex-5.c execution, -O0 FAIL: gcc.c-torture/execute/complex-5.c execution, -O1 FAIL: gcc.c-torture/execute/complex-5.c execution, -O2 FAIL: gcc.c-torture/execute/complex-5.c execution, -O2 -fomit-frame-pointer -finline-functions FAIL: gcc.c-torture/execute/complex-5.c execution, -O2 -g FAIL: gcc.c-torture/execute/complex-5.c execution, -Os FAIL: gcc.c-torture/execute/ieee/mzero2.c execution, -O0 FAIL: gcc.c-torture/execute/ieee/mzero2.c execution, -O1 FAIL: gcc.c-torture/execute/ieee/mzero2.c execution, -O2 FAIL: gcc.c-torture/execute/ieee/mzero2.c execution, -O2 -fomit-frame-pointer -finline-functions FAIL: gcc.c-torture/execute/ieee/mzero2.c execution, -O2 -g FAIL: gcc.c-torture/execute/ieee/mzero2.c execution, -Os FAIL: gcc.dg/980626-1.c (test for excess errors) === gcc Summary for unix/-fpic === # of expected passes 7484 # of unexpected failures 14 # of expected failures 7 # of unsupported tests 18 Running target unix FAIL: gcc.c-torture/execute/980526-1.c execution, -O2 -fomit-frame-pointer -finline-functions FAIL: gcc.c-torture/execute/complex-5.c execution, -O0 FAIL: gcc.c-torture/execute/complex-5.c execution, -O1 FAIL: gcc.c-torture/execute/complex-5.c execution, -O2 FAIL: gcc.c-torture/execute/complex-5.c execution, -O2 -fomit-frame-pointer -finline-functions FAIL: gcc.c-torture/execute/complex-5.c execution, -O2 -g FAIL: gcc.c-torture/execute/complex-5.c execution, -Os FAIL: gcc.c-torture/execute/ieee/mzero2.c execution, -O0 FAIL: gcc.c-torture/execute/ieee/mzero2.c execution, -O1 FAIL: gcc.c-torture/execute/ieee/mzero2.c execution, -O2 FAIL: gcc.c-torture/execute/ieee/mzero2.c execution, -O2 -fomit-frame-pointer -finline-functions FAIL: gcc.c-torture/execute/ieee/mzero2.c execution, -O2 -g FAIL: gcc.c-torture/execute/ieee/mzero2.c execution, -Os FAIL: gcc.dg/980626-1.c (test for excess errors) === gcc Summary for unix === # of expected passes 7484 # of unexpected failures 14 # of expected failures 7 # of unsupported tests 18 === gcc Summary === # of expected passes 22452 # of unexpected failures 42 # of expected failures 21 # of unsupported tests 54 /usr/var/tmp/gcc-testing/egcs-1.1.2-pre3/gcc/xgcc version egcs-2.91.63 19990224 (egcs-1.1.2 pre-release-3) === g++ tests === Running target unix/-fPIC XPASS: g++.benjamin/p12475.C (test for excess errors) XPASS: g++.brendan/array1.C overflow in array dimension.* , (test for errors, line 6) FAIL: g++.jason/thunk1.C (test for excess errors) FAIL: g++.jason/thunk2.C (test for excess errors) XPASS: g++.jason/thunk3.C Execution test XPASS: g++.law/profile1.C (test for excess errors) XPASS: g++.law/profile1.C Execution test FAIL: g++.law/vtable2.C (test for excess errors) FAIL: g++.mike/thunk1.C (test for excess errors) FAIL: g++.other/new.C (test for excess errors) FAIL: g++.other/new2.C (test for excess errors) FAIL: g++.pt/static3.C (test for excess errors) XPASS: g++.robertl/eb132.C (test for excess errors) FAIL: g++.robertl/eb15.C (test for excess errors) FAIL: g++.robertl/eb2.C (test for excess errors) FAIL: g++.robertl/eb71.C (test for excess errors) FAIL: g++.robertl/eb91.C (test for excess errors) === g++ Summary for unix/-fPIC === # of expected passes 4203 # of unexpected failures 11 # of unexpected successes 6 # of expected failures 87 # of untested testcases 7 Running target unix/-fpic XPASS: g++.benjamin/p12475.C (test for excess errors) XPASS: g++.brendan/array1.C overflow in array dimension.* , (test for errors, line 6) FAIL: g++.jason/thunk1.C (test for excess errors) FAIL: g++.jason/thunk2.C (test for excess errors) XPASS: g++.jason/thunk3.C Execution test XPASS: g++.law/profile1.C (test for excess errors) XPASS: g++.law/profile1.C Execution test FAIL: g++.law/vtable2.C (test for excess errors) FAIL: g++.mike/thunk1.C (test for excess errors) FAIL: g++.other/new.C (test for excess errors) FAIL: g++.other/new2.C (test for excess errors) FAIL: g++.pt/static3.C (test for excess errors) XPASS: g++.robertl/eb132.C (test for excess errors) FAIL: g++.robertl/eb15.C (test for excess errors) FAIL: g++.robertl/eb2.C (test for excess errors) FAIL: g++.robertl/eb71.C (test for excess errors) FAIL: g++.robertl/eb91.C (test for excess errors) === g++ Summary for unix/-fpic === # of expected passes 4203 # of unexpected failures 11 # of unexpected successes 6 # of expected failures 87 # of untested testcases 7 Running target unix XPASS: g++.benjamin/p12475.C (test for excess errors) XPASS: g++.brendan/array1.C overflow in array dimension.* , (test for errors, line 6) FAIL: g++.jason/thunk2.C (test for excess errors) XPASS: g++.jason/thunk3.C (test for excess errors) XPASS: g++.jason/thunk3.C Execution test XPASS: g++.law/profile1.C (test for excess errors) XPASS: g++.law/profile1.C Execution test FAIL: g++.other/new.C (test for excess errors) FAIL: g++.other/new2.C (test for excess errors) FAIL: g++.pt/static3.C (test for excess errors) XPASS: g++.robertl/eb132.C (test for excess errors) FAIL: g++.robertl/eb15.C (test for excess errors) FAIL: g++.robertl/eb2.C (test for excess errors) FAIL: g++.robertl/eb71.C (test for excess errors) FAIL: g++.robertl/eb91.C (test for excess errors) === g++ Summary for unix === # of expected passes 4206 # of unexpected failures 8 # of unexpected successes 7 # of expected failures 86 # of untested testcases 7 === g++ Summary === # of expected passes 12612 # of unexpected failures 30 # of unexpected successes 19 # of expected failures 260 # of untested testcases 21 /usr/var/tmp/gcc-testing/egcs-1.1.2-pre3/gcc/testsuite/../xgcc version egcs-2.91.63 19990224 (egcs-1.1.2 pre-release-3) === g77 tests === Running target unix/-fPIC FAIL: g77.f-torture/execute/auto0.f execution, -Os === g77 Summary for unix/-fPIC === # of expected passes 414 # of unexpected failures 1 Running target unix/-fpic FAIL: g77.f-torture/execute/auto0.f execution, -Os === g77 Summary for unix/-fpic === # of expected passes 414 # of unexpected failures 1 Running target unix FAIL: g77.f-torture/execute/auto0.f execution, -Os === g77 Summary for unix === # of expected passes 414 # of unexpected failures 1 === g77 Summary === # of expected passes 1242 # of unexpected failures 3 === libio tests === Running target unix/-fPIC === libio Summary for unix/-fPIC === # of expected passes 40 Running target unix/-fpic === libio Summary for unix/-fpic === # of expected passes 40 Running target unix === libio Summary for unix === # of expected passes 40 === libio Summary === # of expected passes 120 === libstdc++ tests === Running target unix/-fPIC === libstdc++ Summary for unix/-fPIC === # of expected passes 30 Running target unix/-fpic === libstdc++ Summary for unix/-fpic === # of expected passes 30 Running target unix === libstdc++ Summary for unix === # of expected passes 30 === libstdc++ Summary === # of expected passes 90 Compiler version: egcs-2.91.63 19990224 (egcs-1.1.2 pre-release-3) Platform: alphaev5-dec-osf4.0b configure flags: --with-gcc-version-trigger=/usr/var/tmp/gcc-testing/egcs-1.1.2-pre3/gcc/version.c --host=alphaev5-dec-osf4.0b --verbose --norecursion BOOT_CFLAGS=-g -O3 -funroll-all-loops