This is the mail archive of the egcs-testresults@egcs.cygnus.com mailing list for the EGCS project. See the EGCS home page for more information.
Native configuration is alpha-unknown-openbsd2.5 === libio tests === Running target unix === libio Summary === # of expected passes 40 === libstdc++ tests === Running target unix === libstdc++ Summary === # of expected passes 30 === gcc tests === Running target unix FAIL: gcc.c-torture/execute/980526-1.c execution, -O2 -fomit-frame-pointer -finline-functions FAIL: gcc.c-torture/execute/complex-5.c execution, -O0 FAIL: gcc.c-torture/execute/complex-5.c execution, -O1 FAIL: gcc.c-torture/execute/complex-5.c execution, -O2 FAIL: gcc.c-torture/execute/complex-5.c execution, -O2 -fomit-frame-pointer -finline-functions FAIL: gcc.c-torture/execute/complex-5.c execution, -O2 -g FAIL: gcc.c-torture/execute/complex-5.c execution, -Os FAIL: gcc.c-torture/execute/ieee/mzero2.c execution, -O0 FAIL: gcc.c-torture/execute/ieee/mzero2.c execution, -O1 FAIL: gcc.c-torture/execute/ieee/mzero2.c execution, -O2 FAIL: gcc.c-torture/execute/ieee/mzero2.c execution, -O2 -fomit-frame-pointer -finline-functions FAIL: gcc.c-torture/execute/ieee/mzero2.c execution, -O2 -g FAIL: gcc.c-torture/execute/ieee/mzero2.c execution, -Os FAIL: gcc.dg/980626-1.c (test for excess errors) === gcc Summary === # of expected passes 7484 # of unexpected failures 14 # of expected failures 7 # of unsupported tests 18 /usr/ports/lang/egcs-stable/work/build-alpha/gcc/xgcc version egcs-2.91.63 19990224 (egcs-1.1.2 pre-release-3) === g++ tests === Running target unix XPASS: g++.benjamin/p12475.C (test for excess errors) XPASS: g++.brendan/array1.C overflow in array dimension.* , (test for errors, line 6) FAIL: g++.brendan/crash59.C (test for excess errors) XPASS: g++.jason/thunk3.C (test for excess errors) XPASS: g++.jason/thunk3.C Execution test XPASS: g++.law/profile1.C (test for excess errors) XPASS: g++.law/profile1.C Execution test FAIL: g++.other/new.C (test for excess errors) FAIL: g++.other/new2.C (test for excess errors) XPASS: g++.robertl/eb132.C (test for excess errors) FAIL: g++.robertl/eb15.C (test for excess errors) FAIL: g++.robertl/eb2.C (test for excess errors) FAIL: g++.robertl/eb7.C (test for excess errors) FAIL: g++.robertl/eb71.C (test for excess errors) === g++ Summary === # of expected passes 4209 # of unexpected failures 7 # of unexpected successes 7 # of expected failures 84 # of untested testcases 7 /usr/ports/lang/egcs-stable/work/build-alpha/gcc/testsuite/../xgcc version egcs-2.91.63 19990224 (egcs-1.1.2 pre-release-3) === g77 tests === Running target unix FAIL: g77.f-torture/execute/auto0.f execution, -Os === g77 Summary === # of expected passes 414 # of unexpected failures 1 Compiler version: egcs-2.91.63 19990224 (egcs-1.1.2 pre-release-3) Platform: alpha-unknown-openbsd2.5 configure flags: --with-gcc-version-trigger=/usr/ports/lang/egcs-stable/work/egcs-1.1.2-pre3/gcc/version.c --host=alpha-unknown-openbsd2.5 --prefix=/usr/local --verbose --with-gnu-ld --with-gnu-as --program-transform-name=s,^,e, --disable-shared --prefix=/usr/local --norecursion