This is the mail archive of the egcs-testresults@egcs.cygnus.com mailing list for the EGCS project. See the EGCS home page for more information.
Native configuration is i586-pc-cygwin32 === libstdc++ tests === Running target unix === libstdc++ Summary === # of expected passes 30 Host is couldn't execute "\\CYGNUS\\CYGWIN~1\\share\\dejagnu\\config.guess": no such file or directory === g++ tests === Running target unix FAIL: g++.brendan/bit-fields2.C .* , (test for errors, line 11) FAIL: g++.brendan/code-gen6.C Execution test FAIL: g++.brendan/crash11.C virtual.* (test for errors, line 12) FAIL: g++.brendan/crash11.C member.*// ERROR - member.* (test for errors, line 17) FAIL: g++.brendan/crash11.C virtual.*// ERROR - member.*// ERROR - member.* (test for errors, line 18) FAIL: g++.brendan/vtables1.C Execution test FAIL: g++.bugs/900213_03.C missed by g++, warned by cfront, (test for errors, line 24) FAIL: g++.bugs/900215_02.C , (test for errors, line 44) FAIL: g++.bugs/900321_01.C , (test for errors, line 22) FAIL: g++.bugs/900321_01.C , (test for errors, line 23) FAIL: g++.bugs/900322_01.C , (test for errors, line 25) FAIL: g++.bugs/900322_01.C , (test for errors, line 29) FAIL: g++.bugs/900322_01.C , (test for errors, line 35) FAIL: g++.bugs/900322_01.C , (test for errors, line 39) FAIL: g++.bugs/900322_01.C , (test for errors, line 43) FAIL: g++.bugs/900322_01.C , (test for errors, line 45) FAIL: g++.bugs/900322_01.C , (test for errors, line 49) FAIL: g++.bugs/900402_01.C (test for errors, line 12) FAIL: g++.bugs/900404_04.C , (test for errors, line 15) FAIL: g++.bugs/900428_01.C , (test for errors, line 26) FAIL: g++.bugs/900428_01.C , (test for errors, line 27) FAIL: g++.bugs/900428_01.C , (test for errors, line 28) FAIL: g++.bugs/900428_01.C , (test for errors, line 30) FAIL: g++.bugs/900428_01.C , (test for errors, line 31) FAIL: g++.bugs/900428_01.C , (test for errors, line 32) FAIL: g++.bugs/900428_01.C , (test for errors, line 34) FAIL: g++.bugs/900428_01.C , (test for errors, line 35) FAIL: g++.bugs/900428_01.C , (test for errors, line 36) FAIL: g++.bugs/900428_01.C , (test for errors, line 38) FAIL: g++.bugs/900428_01.C , (test for errors, line 39) FAIL: g++.bugs/900428_01.C , (test for errors, line 40) FAIL: g++.bugs/900428_01.C , (test for errors, line 42) FAIL: g++.bugs/900428_01.C , (test for errors, line 43) FAIL: g++.bugs/900428_01.C , (test for errors, line 44) FAIL: g++.bugs/900428_01.C , (test for errors, line 46) FAIL: g++.bugs/900428_01.C , (test for errors, line 47) FAIL: g++.bugs/900428_01.C , (test for errors, line 48) FAIL: g++.bugs/900519_05.C (test for bogus messages, line 10) FAIL: g++.bugs/900519_05.C (test for bogus messages, line 16) FAIL: g++.bugs/900519_05.C Execution test # of expected passes 1176 === g77 tests === Running target unix === g77 Summary === # of expected passes 185 === gcc tests === Running target unix FAIL: gcc.c-torture/compile/961203-1.c # of expected passes 1515 Compiler version: egcs Platform: i586-pc-cygwin32 configure flags: --with-gcc-version-trigger=/src/gnu/egcs-1.1.2-pre3/gcc/version.c --prefix=/Cygnus/cygwin-b20/H-i586-cygwin32 --host=i586-cygwin32 --norecursion EOF Mail -s "Results for egcs testsuite on i586-pc-cygwin32" egcs-testresults@egcs.cygnus.com &&