This is the mail archive of the egcs-testresults@egcs.cygnus.com mailing list for the EGCS project. See the EGCS home page for more information.
Native configuration is powerpc-ibm-aix4.1.4.0 === objc tests === Running target unix FAIL: objc/execute/bf-1.m compilation, -O FAIL: objc/execute/bf-10.m compilation, -O FAIL: objc/execute/bf-11.m compilation, -O FAIL: objc/execute/bf-12.m compilation, -O FAIL: objc/execute/bf-13.m compilation, -O FAIL: objc/execute/bf-14.m compilation, -O FAIL: objc/execute/bf-15.m compilation, -O FAIL: objc/execute/bf-16.m compilation, -O FAIL: objc/execute/bf-17.m compilation, -O FAIL: objc/execute/bf-18.m compilation, -O FAIL: objc/execute/bf-19.m compilation, -O FAIL: objc/execute/bf-2.m compilation, -O FAIL: objc/execute/bf-3.m compilation, -O FAIL: objc/execute/bf-4.m compilation, -O FAIL: objc/execute/bf-5.m compilation, -O FAIL: objc/execute/bf-6.m compilation, -O FAIL: objc/execute/bf-7.m compilation, -O FAIL: objc/execute/bf-8.m compilation, -O FAIL: objc/execute/bf-9.m compilation, -O === objc Summary === # of unexpected failures 19 # of untested testcases 19 /a/caip/a47/u47/ghazi/gcc-testing/aix-test/egcs-CVS19990305/gcc/xgcc version egcs-2.93.10 19990305 (gcc2 ss-980929 experimental) === gcc tests === Running target unix FAIL: gcc.c-torture/execute/921208-2.c compilation, -O1 FAIL: gcc.c-torture/execute/921208-2.c compilation, -O2 FAIL: gcc.c-torture/execute/921208-2.c compilation, -Os FAIL: gcc.c-torture/execute/931004-12.c execution, -O0 FAIL: gcc.c-torture/execute/931004-12.c execution, -O1 FAIL: gcc.c-torture/execute/931004-12.c execution, -O2 FAIL: gcc.c-torture/execute/931004-12.c execution, -O3 -fomit-frame-pointer FAIL: gcc.c-torture/execute/931004-12.c execution, -O3 -fomit-frame-pointer -funroll-loops FAIL: gcc.c-torture/execute/931004-12.c execution, -O3 -fomit-frame-pointer -funroll-all-loops -finline-functions FAIL: gcc.c-torture/execute/931004-12.c execution, -O3 -g FAIL: gcc.c-torture/execute/931004-12.c execution, -Os FAIL: gcc.c-torture/execute/990130-1.c compilation, -O0 FAIL: gcc.c-torture/execute/990130-1.c compilation, -O1 FAIL: gcc.c-torture/execute/990130-1.c compilation, -O2 FAIL: gcc.c-torture/execute/990130-1.c compilation, -O3 -fomit-frame-pointer FAIL: gcc.c-torture/execute/990130-1.c compilation, -O3 -g FAIL: gcc.c-torture/execute/990130-1.c compilation, -Os FAIL: gcc.c-torture/execute/complex-5.c execution, -O3 -fomit-frame-pointer FAIL: gcc.c-torture/execute/complex-5.c execution, -O3 -g XPASS: gcc.c-torture/execute/memcheck/blkarg.c execution, -O0 XPASS: gcc.c-torture/execute/memcheck/blkarg.c execution, -O1 XPASS: gcc.c-torture/execute/memcheck/blkarg.c execution, -O2 XPASS: gcc.c-torture/execute/memcheck/blkarg.c execution, -O3 -fomit-frame-pointer XPASS: gcc.c-torture/execute/memcheck/blkarg.c execution, -O3 -g XPASS: gcc.c-torture/execute/memcheck/blkarg.c execution, -Os FAIL: gcc.c-torture/noncompile/951227-1.c FAIL: gcc.dg/980827-1.c (test for excess errors) FAIL: gcc.dg/990119-1.c execution test FAIL: gcc.dg/cpp-if1.c invalid number (test for errors, line 12) FAIL: gcc.dg/cpp-if1.c invalid number (test for errors, line 15) FAIL: gcc.dg/cpp-if1.c invalid number (test for errors, line 18) FAIL: gcc.dg/cpp-if1.c floating point in #if (test for errors, line 21) FAIL: gcc.dg/cpp-if1.c too many suffixes (test for errors, line 24) FAIL: gcc.dg/cpp-if1.c too many suffixes (test for errors, line 27) FAIL: gcc.dg/cpp-if1.c (test for excess errors) FAIL: gcc.dg/cpp-if3.c (test for excess errors) FAIL: gcc.misc-tests/m-un-2.c warning regression (test for warnings, line 18) FAIL: gcc.misc-tests/m-un-2.c warning regression (test for warnings, line 23) FAIL: gcc.misc-tests/m-un-2.c (test for excess errors) === gcc Summary === # of expected passes 7964 # of unexpected failures 33 # of unexpected successes 6 # of expected failures 13 # of unresolved testcases 9 # of unsupported tests 23 /a/caip/a47/u47/ghazi/gcc-testing/aix-test/egcs-CVS19990305/gcc/xgcc version egcs-2.93.10 19990305 (gcc2 ss-980929 experimental) === g77 tests === Running target unix FAIL: g77.f-torture/compile/980310-7.f, -O0 FAIL: g77.f-torture/compile/980310-7.f, -O1 FAIL: g77.f-torture/compile/980310-7.f, -O2 FAIL: g77.f-torture/compile/980310-7.f, -O2 -fomit-frame-pointer -finline-functions FAIL: g77.f-torture/compile/980310-7.f, -O2 -fomit-frame-pointer -finline-functions -funroll-loops FAIL: g77.f-torture/compile/980310-7.f, -O2 -fomit-frame-pointer -finline-functions -funroll-all-loops FAIL: g77.f-torture/compile/980310-7.f, -Os FAIL: g77.f-torture/compile/980424-0.f, -O1 FAIL: g77.f-torture/compile/980424-0.f, -O2 FAIL: g77.f-torture/compile/980424-0.f, -O2 -fomit-frame-pointer -finline-functions FAIL: g77.f-torture/compile/980424-0.f, -Os === g77 Summary === # of expected passes 466 # of unexpected failures 11 === g++ tests === Running target unix FAIL: g++.brendan/crash11.C (test for excess errors) FAIL: g++.brendan/crash18.C (test for excess errors) FAIL: g++.brendan/crash48.C several errors (test for errors, line 11) FAIL: g++.brendan/eh1.C Execution test FAIL: g++.brendan/operators4.C bad type conversion (test for errors, line 91) FAIL: g++.brendan/overload9.C (test for excess errors) FAIL: g++.brendan/prepost2.C .* (test for errors, line 9) FAIL: g++.brendan/prepost2.C (test for excess errors) FAIL: g++.bugs/900211_04.C missed (test for errors, line 24) FAIL: g++.bugs/900211_04.C (test for excess errors) FAIL: g++.bugs/900428_02.C (test for errors, line 24) FAIL: g++.bugs/900428_02.C (test for errors, line 25) FAIL: g++.bugs/900428_02.C (test for errors, line 26) FAIL: g++.bugs/900428_02.C (test for excess errors) FAIL: g++.bugs/900519_13.C (test for excess errors) FAIL: g++.eh/spec2.C Execution test FAIL: g++.eh/spec3.C Execution test FAIL: g++.eh/spec4.C Execution test FAIL: g++.jason/thunk2.C (test for excess errors) FAIL: g++.jason/thunk3.C (test for excess errors) FAIL: g++.law/access4.C can't access default ctor (test for errors, line 26) FAIL: g++.law/access4.C (test for excess errors) FAIL: g++.law/visibility19.C .* (test for errors, line 37) FAIL: g++.law/visibility19.C .* (test for errors, line 38) FAIL: g++.law/visibility19.C .* (test for errors, line 39) FAIL: g++.mike/eh30.C (test for excess errors) FAIL: g++.mike/eh33.C Execution test FAIL: g++.mike/eh49.C Execution test FAIL: g++.mike/eh50.C Execution test FAIL: g++.mike/eh51.C Execution test FAIL: g++.mike/for2.C (test for errors, line 17) FAIL: g++.mike/for2.C (test for excess errors) FAIL: g++.mike/net9.C bad (test for errors, line 14) FAIL: g++.mike/net9.C (test for excess errors) FAIL: g++.mike/p4750.C (test for excess errors) FAIL: g++.other/dtor4.C destructors may not be const (test for errors, line 30) FAIL: g++.other/friend4.C (test for excess errors) FAIL: g++.other/typeck1.C passing wrong type (test for errors, line 16) FAIL: g++.pt/crash29.C (test for excess errors) FAIL: g++.pt/crash30.C (test for excess errors) FAIL: g++.pt/decl2.C currently an ICE (test for errors, line 9) FAIL: g++.pt/decl2.C (test for excess errors) FAIL: g++.pt/friend37.C undeclared (test for errors, line 7) FAIL: g++.pt/friend38.C template parameters cannot be friends (test for errors, line 9) FAIL: g++.pt/instantiate4.C (test for excess errors) FAIL: g++.pt/redecl1.C redeclared here (test for errors, line 22) FAIL: g++.pt/redecl1.C (test for excess errors) FAIL: g++.pt/static3.C (test for excess errors) FAIL: g++.pt/typename8.C (test for excess errors) FAIL: g++.robertl/eb106.C (test for excess errors) === g++ Summary === # of expected passes 4883 # of unexpected failures 50 # of expected failures 80 # of untested testcases 8 /a/caip/a47/u47/ghazi/gcc-testing/aix-test/egcs-CVS19990305/gcc/testsuite/../xgcc version egcs-2.93.10 19990305 (gcc2 ss-980929 experimental) === libstdc++ tests === Running target unix === libstdc++ Summary === # of expected passes 30 === libio tests === Running target unix === libio Summary === # of expected passes 40 Compiler version: egcs-2.93.10 19990305 (gcc2 ss-980929 experimental) Platform: powerpc-ibm-aix4.1.4.0 configure flags: --with-gcc-version-trigger=/caip/u47/ghazi/gcc-testing/aix-test/egcs-CVS19990305/gcc/version.c --host=powerpc-ibm-aix4.1.4.0 --verbose --norecursion BOOT_CFLAGS=-g -O2 -mminimal-toc -pipe