This is the mail archive of the egcs-testresults@egcs.cygnus.com mailing list for the EGCS project. See the EGCS home page for more information.
Compiler version: egcs-2.93.10 19990301 (gcc2 ss-980929 experimental) Platform: i586-pc-linux-gnulibc1 Sources: - egcs from CVS last updated at 1999/03/01 10:38:52 +0100 - libg++-2.8.1.3 Patches: [1] `New PATCH for CVS mainline sources to make ``--enable-nls'' work' from <manfred@s-direktnet.de>. Environment: - GNU binutils-2.9.1 + Ian Lance Taylor's patch to gas/ehopt.c + my patch to make GNU ld work on i386-pc-solaris2.7 - dejagnu-19981026 + look_for_dir_with_trigger patch - SuSE Linux 5.0 - Kernel 2.0.30 (compiled by "gcc version 2.7.2.1") - libc-5.4.33-1 Remarks: None. configure flags: --with-gcc-version-trigger=/home/gnu/work/GNU/egcs-19990301/gcc/version.c --host=i586-linux-gnulibc1 --srcdir=../egcs-19990301 --prefix=/tools/gnu --with-gnu-as --with-gnu-ld --enable-shared --enable-version-specific-runtime-libs --with-local-prefix=/tools/gnu --disable-nls --verbose --norecursion BOOT_CC: gcc version 2.7.2.1 BOOT_CFLAGS: -O9 -funroll-all-loops -g -march=pentium -mcpu=pentium -fomit-frame-pointer -W -Wall CFLAGS: -O9 -fomit-frame-pointer -g CXXFLAGS: -O9 -fomit-frame-pointer -g Native configuration is i586-pc-linux-gnulibc1 === libio tests === Running target unix === libio Summary === # of expected passes 40 === libstdc++ tests === Running target unix === libstdc++ Summary === # of expected passes 30 === libg++ tests === Running target unix === libg++ Summary === # of expected passes 72 === gcc tests === Running target unix FAIL: gcc.c-torture/execute/930603-1.c execution, -O0 FAIL: gcc.c-torture/execute/930603-1.c execution, -O1 FAIL: gcc.c-torture/execute/930603-1.c execution, -O2 FAIL: gcc.c-torture/execute/930603-1.c execution, -Os FAIL: gcc.c-torture/execute/990130-1.c compilation, -O0 FAIL: gcc.c-torture/execute/990130-1.c compilation, -O1 FAIL: gcc.c-torture/execute/990130-1.c compilation, -O2 FAIL: gcc.c-torture/execute/990130-1.c compilation, -O3 -fomit-frame-pointer FAIL: gcc.c-torture/execute/990130-1.c compilation, -O3 -g FAIL: gcc.c-torture/execute/990130-1.c compilation, -Os FAIL: gcc.c-torture/execute/loop-2b.c execution, -O2 FAIL: gcc.c-torture/execute/loop-2b.c execution, -O3 -fomit-frame-pointer FAIL: gcc.c-torture/execute/loop-2b.c execution, -O3 -fomit-frame-pointer -funroll-loops FAIL: gcc.c-torture/execute/loop-2b.c execution, -O3 -fomit-frame-pointer -funroll-all-loops -finline-functions FAIL: gcc.c-torture/execute/loop-2b.c execution, -O3 -g FAIL: gcc.c-torture/execute/ieee/980619-1.c execution, -O1 FAIL: gcc.c-torture/execute/ieee/980619-1.c execution, -O2 FAIL: gcc.c-torture/execute/ieee/980619-1.c execution, -O3 -fomit-frame-pointer FAIL: gcc.c-torture/execute/ieee/980619-1.c execution, -O3 -fomit-frame-pointer -funroll-loops FAIL: gcc.c-torture/execute/ieee/980619-1.c execution, -O3 -fomit-frame-pointer -funroll-all-loops -finline-functions FAIL: gcc.c-torture/execute/ieee/980619-1.c execution, -O3 -g FAIL: gcc.c-torture/execute/ieee/980619-1.c execution, -Os FAIL: gcc.c-torture/noncompile/951227-1.c FAIL: gcc.dg/990119-1.c execution test FAIL: gcc.dg/cpp-if1.c invalid number (test for errors, line 12) FAIL: gcc.dg/cpp-if1.c invalid number (test for errors, line 15) FAIL: gcc.dg/cpp-if1.c invalid number (test for errors, line 18) FAIL: gcc.dg/cpp-if1.c floating point in #if (test for errors, line 21) FAIL: gcc.dg/cpp-if1.c too many suffixes (test for errors, line 24) FAIL: gcc.dg/cpp-if1.c too many suffixes (test for errors, line 27) FAIL: gcc.dg/cpp-if1.c (test for excess errors) FAIL: gcc.dg/cpp-if3.c (test for excess errors) FAIL: gcc.dg/special/weak-1.c execution test FAIL: gcc.misc-tests/m-un-2.c warning regression (test for warnings, line 18) FAIL: gcc.misc-tests/m-un-2.c warning regression (test for warnings, line 23) FAIL: gcc.misc-tests/m-un-2.c (test for excess errors) === gcc Summary === # of expected passes 7986 # of unexpected failures 36 # of expected failures 19 # of unresolved testcases 6 # of unsupported tests 13 /phys/exept/home3/gnu/work/GNU/egcs-19990301-i586-linux-gnulibc1/gcc/xgcc version egcs-2.93.10 19990301 (gcc2 ss-980929 experimental) === g++ tests === Running target unix FAIL: g++.dg/special/conpr-1.C execution test FAIL: g++.dg/special/conpr-2.C execution test FAIL: g++.dg/special/conpr-3.C execution test FAIL: g++.dg/special/conpr-3.C execution test === g++ Summary === # of expected passes 4918 # of unexpected failures 4 # of expected failures 82 # of untested testcases 7 /phys/exept/home3/gnu/work/GNU/egcs-19990301-i586-linux-gnulibc1/gcc/testsuite/../xgcc version egcs-2.93.10 19990301 (gcc2 ss-980929 experimental) === g77 tests === Running target unix === g77 Summary === # of expected passes 477 === objc tests === Running target unix FAIL: objc/execute/bf-1.m execution, -O FAIL: objc/execute/bf-10.m execution, -O FAIL: objc/execute/bf-11.m execution, -O FAIL: objc/execute/bf-12.m execution, -O FAIL: objc/execute/bf-13.m execution, -O FAIL: objc/execute/bf-14.m execution, -O FAIL: objc/execute/bf-15.m execution, -O FAIL: objc/execute/bf-16.m execution, -O FAIL: objc/execute/bf-17.m execution, -O FAIL: objc/execute/bf-18.m execution, -O FAIL: objc/execute/bf-19.m execution, -O FAIL: objc/execute/bf-2.m execution, -O FAIL: objc/execute/bf-3.m execution, -O FAIL: objc/execute/bf-4.m execution, -O FAIL: objc/execute/bf-5.m execution, -O FAIL: objc/execute/bf-6.m execution, -O FAIL: objc/execute/bf-7.m execution, -O FAIL: objc/execute/bf-8.m execution, -O FAIL: objc/execute/bf-9.m execution, -O === objc Summary === # of expected passes 19 # of unexpected failures 19 /phys/exept/home3/gnu/work/GNU/egcs-19990301-i586-linux-gnulibc1/gcc/xgcc version egcs-2.93.10 19990301 (gcc2 ss-980929 experimental) Counting all warnings, there are 465 warnings in stage3 of this bootstrap. Number of warnings per file: 44 ../../egcs-19990301/gcc/toplev.c 22 ../../../egcs-19990301/gcc/java/lex.c 20 ../../egcs-19990301/gcc/reload1.c 20 ../../../egcs-19990301/gcc/java/jcf-parse.c 16 ../../egcs-19990301/gcc/dwarf2out.c 16 ../../../egcs-19990301/gcc/java/jcf-reader.c 15 ../../egcs-19990301/gcc/objc/objc-act.c 14 ./parse.y 14 ../../egcs-19990301/gcc/reload.c 13 ../../../egcs-19990301/gcc/java/expr.c 12 ../../egcs-19990301/gcc/integrate.c 12 ../../egcs-19990301/gcc/cse.c 12 ../../../egcs-19990301/gcc/java/jcf-write.c 12 ../../../egcs-19990301/gcc/java/jcf-dump.c 12 ../../../egcs-19990301/gcc/java/javaop.def 11 ../../egcs-19990301/gcc/varasm.c 11 ../../../egcs-19990301/gcc/java/gjavah.c 10 ../../egcs-19990301/gcc/fold-const.c 9 ../../egcs-19990301/gcc/final.c 8 ../../egcs-19990301/gcc/unroll.c 8 ../../egcs-19990301/gcc/loop.c 7 ../../egcs-19990301/gcc/combine.c 7 ../../../egcs-19990301/gcc/java/class.c 6 ../../egcs-19990301/gcc/protoize.c 6 ../../egcs-19990301/gcc/optabs.c 6 ../../egcs-19990301/gcc/expr.c 6 ../../egcs-19990301/gcc/cccp.c 6 ../../egcs-19990301/gcc/c-lex.c 6 ../../../egcs-19990301/gcc/cp/lex.c 5 ../../egcs-19990301/gcc/sched.c 5 ../../egcs-19990301/gcc/reg-stack.c 5 ../../../egcs-19990301/gcc/java/verify.c 4 cexp.y 4 ../../egcs-19990301/gcc/regclass.c 4 ../../egcs-19990301/gcc/dbxout.c 4 ../../egcs-19990301/gcc/collect2.c 4 ../../../../egcs-19990301/libg++/src/Fix16.cc 3 insn-emit.c 3 gcj.c 3 g77.c 3 g++.c 3 ../../egcs-19990301/gcc/stmt.c 3 ../../egcs-19990301/gcc/regmove.c 3 ../../egcs-19990301/gcc/local-alloc.c 3 ../../egcs-19990301/gcc/genopinit.c 3 ../../egcs-19990301/gcc/gcc.c 3 ../../egcs-19990301/gcc/function.c 3 ../../../egcs-19990301/gcc/java/typeck.c 3 ../../../egcs-19990301/gcc/java/parse.h 3 ../../../egcs-19990301/gcc/java/lex.h 2 insn-recog.c 2 insn-output.c 2 ../../egcs-19990301/gcc/gcov.c 2 ../../egcs-19990301/gcc/config/i386/i386.c 1 splay-tree.c 1 cxxmain.c 1 ./parse-scan.y 1 ../../egcs-19990301/gcc/tree.c 1 ../../egcs-19990301/gcc/tlink.c 1 ../../egcs-19990301/gcc/stupid.c 1 ../../egcs-19990301/gcc/recog.c 1 ../../egcs-19990301/gcc/print-rtl.c 1 ../../egcs-19990301/gcc/java/jvspec.c 1 ../../egcs-19990301/gcc/hash.c 1 ../../egcs-19990301/gcc/graph.c 1 ../../egcs-19990301/gcc/genattrtab.c 1 ../../egcs-19990301/gcc/f/g77spec.c 1 ../../egcs-19990301/gcc/expmed.c 1 ../../egcs-19990301/gcc/explow.c 1 ../../egcs-19990301/gcc/except.c 1 ../../egcs-19990301/gcc/crtstuff.c 1 ../../../egcs-19990301/gcc/java/jvgenmain.c 1 ../../../egcs-19990301/gcc/java/jcf-io.c 1 ../../../egcs-19990301/gcc/java/decl.c 1 ../../../egcs-19990301/gcc/java/constants.c 1 ../../../egcs-19990301/gcc/cp/pt.c Number of warning types: 130 `???' might be used uninitialized in this function 71 unused parameter `???' 58 implicit declaration of function `???' 47 comparison between signed and unsigned 29 variable `???' might be clobbered by `longjmp' or `vfork' 27 unused variable `???' 22 statement with no effect 16 missing initializer 16 (near initialization for `???') 14 ??? format, ??? arg (arg ???) 8 initialization from incompatible pointer type 6 `???' declared `static' but never defined 5 argument `???' might be clobbered by `longjmp' or `vfork' 4 integer overflow in expression 3 control reaches end of non-void function 2 zero-length format string 2 passing arg ??? of `???' from incompatible pointer type 2 `???' defined but not used 1 value computed is not used 1 suggest explicit braces to avoid ambiguous `else' 1 label `???' defined but not used