This is the mail archive of the egcs-testresults@egcs.cygnus.com mailing list for the EGCS project. See the EGCS home page for more information.
Sources: - egcs mainline from CVS last updated at Sun Feb 28 19:08:38 1999; official snapshot tagged as egcs_ss_19990228 - libg++-2.8.1.2a-19981217 Patches: None. Environment: - GNU binutils 2.9.1.0.19a - autoconf-990109-mainline - automake-990115-mainline - dejagnu-19981026 - gperf-2.7 with gperf-2.7-19981006 patch for -F - Linux kernel 2.2.2 (compiled by egcs-2.91.60) - glibc 2.1.0 (compiled by egcs-2.91.60) Remarks: None. configure flags: --with-gnu-ld --with-gnu-as --prefix=/usr/packages.bin/egcs/haifashot --enable-shared --enable-haifa BOOT_CC: egcs-2.91.60 BOOT_CFLAGS: CFLAGS: CXXFLAGS: No testsuite differences from non-haifa bootstrap. Native configuration is i586-pc-linux-gnu === libio tests === Running target unix === libio Summary === # of expected passes 40 === libstdc++ tests === Running target unix === libstdc++ Summary === # of expected passes 30 === libg++ tests === Running target unix === libg++ Summary === # of expected passes 72 === gcc tests === Running target unix FAIL: gcc.c-torture/execute/930603-1.c execution, -O0 FAIL: gcc.c-torture/execute/930603-1.c execution, -O1 FAIL: gcc.c-torture/execute/930603-1.c execution, -O2 FAIL: gcc.c-torture/execute/930603-1.c execution, -Os FAIL: gcc.c-torture/execute/990119-1.c execution, -O0 FAIL: gcc.c-torture/execute/990119-1.c execution, -O1 FAIL: gcc.c-torture/execute/990119-1.c execution, -O2 FAIL: gcc.c-torture/execute/990119-1.c execution, -O3 -fomit-frame-pointer FAIL: gcc.c-torture/execute/990119-1.c execution, -O3 -g FAIL: gcc.c-torture/execute/990119-1.c execution, -Os FAIL: gcc.c-torture/execute/990130-1.c compilation, -O0 FAIL: gcc.c-torture/execute/990130-1.c compilation, -O1 FAIL: gcc.c-torture/execute/990130-1.c compilation, -O2 FAIL: gcc.c-torture/execute/990130-1.c compilation, -O3 -fomit-frame-pointer FAIL: gcc.c-torture/execute/990130-1.c compilation, -O3 -g FAIL: gcc.c-torture/execute/990130-1.c compilation, -Os FAIL: gcc.c-torture/execute/loop-2b.c execution, -O2 FAIL: gcc.c-torture/execute/loop-2b.c execution, -O3 -fomit-frame-pointer FAIL: gcc.c-torture/execute/loop-2b.c execution, -O3 -fomit-frame-pointer -funroll-loops FAIL: gcc.c-torture/execute/loop-2b.c execution, -O3 -fomit-frame-pointer -funroll-all-loops -finline-functions FAIL: gcc.c-torture/execute/loop-2b.c execution, -O3 -g FAIL: gcc.c-torture/execute/ieee/980619-1.c execution, -O1 FAIL: gcc.c-torture/execute/ieee/980619-1.c execution, -O2 FAIL: gcc.c-torture/execute/ieee/980619-1.c execution, -O3 -fomit-frame-pointer FAIL: gcc.c-torture/execute/ieee/980619-1.c execution, -O3 -fomit-frame-pointer -funroll-loops FAIL: gcc.c-torture/execute/ieee/980619-1.c execution, -O3 -fomit-frame-pointer -funroll-all-loops -finline-functions FAIL: gcc.c-torture/execute/ieee/980619-1.c execution, -O3 -g FAIL: gcc.c-torture/execute/ieee/980619-1.c execution, -Os FAIL: gcc.c-torture/noncompile/951227-1.c FAIL: gcc.dg/cpp-if1.c invalid number (test for errors, line 12) FAIL: gcc.dg/cpp-if1.c invalid number (test for errors, line 15) FAIL: gcc.dg/cpp-if1.c invalid number (test for errors, line 18) FAIL: gcc.dg/cpp-if1.c floating point in #if (test for errors, line 21) FAIL: gcc.dg/cpp-if1.c too many suffixes (test for errors, line 24) FAIL: gcc.dg/cpp-if1.c too many suffixes (test for errors, line 27) FAIL: gcc.dg/cpp-if1.c (test for excess errors) FAIL: gcc.dg/cpp-if3.c (test for excess errors) FAIL: gcc.dg/special/weak-1.c execution test FAIL: gcc.misc-tests/m-un-2.c warning regression (test for warnings, line 18) FAIL: gcc.misc-tests/m-un-2.c warning regression (test for warnings, line 23) FAIL: gcc.misc-tests/m-un-2.c (test for excess errors) === gcc Summary === # of expected passes 7988 # of unexpected failures 41 # of expected failures 19 # of unresolved testcases 6 # of unsupported tests 13 /usr/.egcs-snapshot/i586-pc-linux-gnu-haifa/gcc/xgcc version egcs-2.93.10 19990228 (gcc2 ss-980929 experimental) === g++ tests === Running target unix FAIL: g++.dg/special/conpr-1.C execution test FAIL: g++.dg/special/conpr-2.C execution test FAIL: g++.dg/special/conpr-3.C execution test FAIL: g++.dg/special/conpr-3.C execution test === g++ Summary === # of expected passes 4912 # of unexpected failures 4 # of expected failures 79 # of untested testcases 7 /usr/.egcs-snapshot/i586-pc-linux-gnu-haifa/gcc/testsuite/../xgcc version egcs-2.93.10 19990228 (gcc2 ss-980929 experimental) === g77 tests === Running target unix === g77 Summary === # of expected passes 477 === objc tests === Running target unix === objc Summary === # of expected passes 38 /usr/.egcs-snapshot/i586-pc-linux-gnu-haifa/gcc/xgcc version egcs-2.93.10 19990228 (gcc2 ss-980929 experimental) Compiler version: haifa-enabled egcs-2.93.10 19990228 (gcc2 ss-980929 experimental) Platform: i586-pc-linux-gnu configure flags: --with-gcc-version-trigger=/usr/packages/egcs/egcs/snapshot/egcs/gcc/version.c --host=i586-pc-linux-gnu --with-gnu-ld --with-gnu-as --prefix=/usr/packages.bin/egcs/haifashot --enable-shared --enable-haifa --norecursion Counting all warnings, there are 454 warnings in stage3 of this bootstrap. Number of warnings per file: 45 ../../egcs/gcc/toplev.c 23 ../../../egcs/gcc/java/lex.c 20 ../../../egcs/gcc/java/jcf-parse.c 17 ../../../egcs/gcc/java/jcf-reader.c 16 ../../egcs/gcc/objc/objc-act.c 13 ../../egcs/gcc/integrate.c 12 ./parse.y 12 ../../egcs/gcc/cse.c 12 ../../../egcs/gcc/java/jcf-dump.c 12 ../../../egcs/gcc/java/javaop.def 12 ../../../egcs/gcc/java/expr.c 11 ../../egcs/gcc/varasm.c 11 ../../../egcs/gcc/java/jcf-write.c 11 ../../../egcs/gcc/java/gjavah.c 10 ../../egcs/gcc/reload1.c 10 ../../egcs/gcc/fold-const.c 10 ../../egcs/gcc/final.c 9 ../../egcs/gcc/unroll.c 8 ../../egcs/gcc/loop.c 8 ../../egcs/gcc/dwarf2out.c 7 ../../egcs/gcc/reload.c 7 ../../egcs/gcc/optabs.c 7 ../../egcs/gcc/combine.c 7 ../../egcs/gcc/cccp.c 7 ../../../egcs/gcc/java/class.c 6 ../../egcs/gcc/protoize.c 6 ../../egcs/gcc/c-lex.c 6 ../../../egcs/gcc/cp/lex.c 5 ../../egcs/gcc/dbxout.c 5 ../../egcs/gcc/collect2.c 5 ../../../egcs/gcc/java/verify.c 4 cexp.y 4 ../../egcs/gcc/regclass.c 4 ../../egcs/gcc/reg-stack.c 3 insn-emit.c 3 gcj.c 3 g77.c 3 g++.c 3 ../../egcs/gcc/stmt.c 3 ../../egcs/gcc/regmove.c 3 ../../egcs/gcc/local-alloc.c 3 ../../egcs/gcc/genopinit.c 3 ../../egcs/gcc/gcov.c 3 ../../egcs/gcc/gcc.c 3 ../../egcs/gcc/function.c 3 ../../egcs/gcc/expr.c 3 ../../egcs/gcc/config/i386/i386.c 3 ../../../egcs/gcc/java/typeck.c 3 ../../../egcs/gcc/java/parse.h 3 ../../../egcs/gcc/java/lex.h 2 insn-recog.c 2 insn-output.c 2 ../../egcs/gcc/print-rtl.c 2 ../../egcs/gcc/graph.c 2 ../../../egcs/gcc/cp/pt.c 1 splay-tree.c 1 cxxmain.c 1 ./parse-scan.y 1 ../../egcs/gcc/tree.c 1 ../../egcs/gcc/tlink.c 1 ../../egcs/gcc/stupid.c 1 ../../egcs/gcc/recog.c 1 ../../egcs/gcc/print-tree.c 1 ../../egcs/gcc/java/jvspec.c 1 ../../egcs/gcc/hash.c 1 ../../egcs/gcc/haifa-sched.c 1 ../../egcs/gcc/gengenrtl.c 1 ../../egcs/gcc/genattrtab.c 1 ../../egcs/gcc/gcov-io.h 1 ../../egcs/gcc/flow.c 1 ../../egcs/gcc/f/g77spec.c 1 ../../egcs/gcc/explow.c 1 ../../egcs/gcc/dwarfout.c 1 ../../egcs/gcc/crtstuff.c 1 ../../egcs/gcc/bitmap.c 1 ../../../egcs/gcc/java/jvgenmain.c 1 ../../../egcs/gcc/java/jcf-io.c 1 ../../../egcs/gcc/java/jcf-depend.c 1 ../../../egcs/gcc/java/decl.c 1 ../../../egcs/gcc/java/constants.c 1 ../../../egcs/gcc/f/target.c 1 ../../../egcs/gcc/f/stw.c 1 ../../../egcs/gcc/f/storag.c 1 ../../../egcs/gcc/f/fini.c 1 ../../../egcs/gcc/f/bad.c 1 ../../../egcs/gcc/cp/ptree.c 1 ../../../egcs/gcc/cp/decl.c 1 ../../../egcs/gcc/ch/grant.c 1 ../../../egcs/gcc/ch/decl.c Number of warning types: 110 `???' might be used uninitialized in this function 85 implicit declaration of function `???' 64 unused parameter `???' 43 comparison between signed and unsigned 29 variable `???' might be clobbered by `longjmp' or `vfork' 25 unused variable `???' 22 statement with no effect 16 missing initializer 16 (near initialization for `???') 14 ??? format, ??? arg (arg ???) 8 initialization from incompatible pointer type 6 `???' declared `static' but never defined 5 argument `???' might be clobbered by `longjmp' or `vfork' 5 `???' defined but not used 2 zero-length format string 1 value computed is not used 1 suggest explicit braces to avoid ambiguous `else' 1 passing arg ??? of `???' from incompatible pointer type 1 label `???' defined but not used Counting all warnings, there are 4 warnings in stage0 of this bootstrap. Number of warnings per file: 4 ../../../../egcs/libg++/src/Fix16.cc Number of warning types: 4 integer overflow in expression Counting non-subdirectory warnings, there are 280 warnings in stage3 of this bootstrap. Number of warnings per file: 45 ../../egcs/gcc/toplev.c 16 ../../egcs/gcc/objc/objc-act.c 13 ../../egcs/gcc/integrate.c 12 ../../egcs/gcc/cse.c 11 ../../egcs/gcc/varasm.c 10 ../../egcs/gcc/reload1.c 10 ../../egcs/gcc/fold-const.c 10 ../../egcs/gcc/final.c 9 ../../egcs/gcc/unroll.c 8 ../../egcs/gcc/loop.c 8 ../../egcs/gcc/dwarf2out.c 7 ../../egcs/gcc/reload.c 7 ../../egcs/gcc/optabs.c 7 ../../egcs/gcc/combine.c 7 ../../egcs/gcc/cccp.c 6 ../../egcs/gcc/protoize.c 6 ../../egcs/gcc/c-lex.c 5 ../../egcs/gcc/dbxout.c 5 ../../egcs/gcc/collect2.c 4 cexp.y 4 ../../egcs/gcc/regclass.c 4 ../../egcs/gcc/reg-stack.c 3 insn-emit.c 3 gcj.c 3 g77.c 3 g++.c 3 ../../egcs/gcc/stmt.c 3 ../../egcs/gcc/regmove.c 3 ../../egcs/gcc/local-alloc.c 3 ../../egcs/gcc/genopinit.c 3 ../../egcs/gcc/gcov.c 3 ../../egcs/gcc/gcc.c 3 ../../egcs/gcc/function.c 3 ../../egcs/gcc/expr.c 3 ../../egcs/gcc/config/i386/i386.c 2 insn-recog.c 2 insn-output.c 2 ../../egcs/gcc/print-rtl.c 2 ../../egcs/gcc/graph.c 1 splay-tree.c 1 cxxmain.c 1 ../../egcs/gcc/tree.c 1 ../../egcs/gcc/tlink.c 1 ../../egcs/gcc/stupid.c 1 ../../egcs/gcc/recog.c 1 ../../egcs/gcc/print-tree.c 1 ../../egcs/gcc/java/jvspec.c 1 ../../egcs/gcc/hash.c 1 ../../egcs/gcc/haifa-sched.c 1 ../../egcs/gcc/gengenrtl.c 1 ../../egcs/gcc/genattrtab.c 1 ../../egcs/gcc/gcov-io.h 1 ../../egcs/gcc/flow.c 1 ../../egcs/gcc/f/g77spec.c 1 ../../egcs/gcc/explow.c 1 ../../egcs/gcc/dwarfout.c 1 ../../egcs/gcc/crtstuff.c 1 ../../egcs/gcc/bitmap.c Number of warning types: 88 `???' might be used uninitialized in this function 42 unused parameter `???' 32 implicit declaration of function `???' 31 comparison between signed and unsigned 20 statement with no effect 16 missing initializer 16 (near initialization for `???') 11 variable `???' might be clobbered by `longjmp' or `vfork' 8 initialization from incompatible pointer type 5 argument `???' might be clobbered by `longjmp' or `vfork' 4 unused variable `???' 3 `???' defined but not used 2 zero-length format string 1 suggest explicit braces to avoid ambiguous `else' 1 passing arg ??? of `???' from incompatible pointer type