This is the mail archive of the egcs-testresults@egcs.cygnus.com mailing list for the EGCS project. See the EGCS home page for more information.
Compiler version: egcs-2.91.62 19990224 (egcs-1.1.2 pre-release-2) Platform: i386-pc-solaris2.7 Sources: - egcs-1.1.2 pre-rel. from CVS "egcs_1_1_branch" last updated at 1999/02/26 16:37:40 +0100 - libg++-2.8.1.3 Patches: [1]: `PATCH for fixing broken symbolic links with the new library interface' from <manfred@s-direktnet.de>. [2]: `PATCH to avoid building unwanted langs/compilers' from <manfred@s-direktnet.de>. Environment: - autoconf-2.13 - automake-1.3 - GNU binutils-2.9.1 + Ian Lance Taylor's patch to gas/ehopt.c + my patch to make GNU ld work on i386-pc-solaris2.7 - dejagnu-19981026 + look_for_dir_with_trigger patch - gperf-2.7 + gperf-2.7-19981006.pat Remarks: None. configure flags: --with-gcc-version-trigger=/home/manfred/work/GNU/egcs-1.1.2-19990226/gcc/version.c --host=i386-pc-solaris2.7 --srcdir=../egcs-1.1.2-19990226 --prefix=/tools/gnu --with-gnu-as --with-gnu-ld --enable-shared --enable-version-specific-runtime-libs --with-local-prefix=/tools/gnu --enable-nls --verbose --norecursion BOOT_CC: gcc version egcs-2.91.61 19990216 (egcs-1.1.2 pre-release-1) BOOT_CFLAGS: -O9 -funroll-all-loops -g -march=pentium -mcpu=pentium -fomit-frame-pointer -W -Wall CFLAGS: -O9 -march=pentium -mcpu=pentium -fomit-frame-pointer -g CXXFLAGS: -O9 -march=pentium -mcpu=pentium -fomit-frame-pointer -g Native configuration is i386-pc-solaris2.7 === libio tests === Running target unix === libio Summary === # of expected passes 40 === libstdc++ tests === Running target unix === libstdc++ Summary === # of expected passes 30 === libg++ tests === Running target unix === libg++ Summary === # of expected passes 72 === gcc tests === Running target unix FAIL: gcc.c-torture/execute/980526-1.c execution, -O2 -fomit-frame-pointer -finline-functions FAIL: gcc.c-torture/execute/ieee/980619-1.c execution, -O1 FAIL: gcc.c-torture/execute/ieee/980619-1.c execution, -O2 FAIL: gcc.c-torture/execute/ieee/980619-1.c execution, -O2 -fomit-frame-pointer -finline-functions FAIL: gcc.c-torture/execute/ieee/980619-1.c execution, -O2 -fomit-frame-pointer -finline-functions -funroll-loops FAIL: gcc.c-torture/execute/ieee/980619-1.c execution, -O2 -fomit-frame-pointer -finline-functions -funroll-all-loops FAIL: gcc.c-torture/execute/ieee/980619-1.c execution, -O2 -g FAIL: gcc.c-torture/execute/ieee/980619-1.c execution, -Os FAIL: gcc.dg/980626-1.c (test for excess errors) FAIL: gcc.dg/clobbers.c execution test === gcc Summary === # of expected passes 7497 # of unexpected failures 10 # of expected failures 7 # of unsupported tests 11 /home/manfred/work/GNU/egcs-1.1.2-19990226-i386-pc-solaris2.7/gcc/xgcc version egcs-2.91.62 19990224 (egcs-1.1.2 pre-release-2) === g++ tests === Running target unix FAIL: g++.robertl/eb91.C (test for excess errors) === g++ Summary === # of expected passes 4221 # of unexpected failures 1 # of expected failures 85 # of untested testcases 7 /home/manfred/work/GNU/egcs-1.1.2-19990226-i386-pc-solaris2.7/gcc/testsuite/../xgcc version egcs-2.91.62 19990224 (egcs-1.1.2 pre-release-2) === g77 tests === Running target unix === g77 Summary === # of expected passes 415 There are 98 warnings in stage3 of this bootstrap. Number of warnings per file: 28 ../../../egcs-1.1.2-19990226/gcc/f/stb.c 16 /usr/include/widec.h 16 /usr/include/wchar.h 8 /usr/include/limits.h 8 /home/manfred/work/GNU/egcs-1.1.2-19990226-i386-pc-solaris2.7/gcc/include/float.h 5 ../../../egcs-1.1.2-19990226/gcc/f/lex.c 4 ../../../egcs-1.1.2-19990226/librx/rx.c 4 ../../../egcs-1.1.2-19990226/gcc/f/bad.c 2 ../../../egcs-1.1.2-19990226/gcc/f/intrin.c 1 /usr/include/sys/param.h 1 ../../../egcs-1.1.2-19990226/gcc/f/where.c 1 ../../../egcs-1.1.2-19990226/gcc/f/top.c 1 ../../../egcs-1.1.2-19990226/gcc/f/malloc.c 1 ../../../egcs-1.1.2-19990226/gcc/f/implic.c 1 ../../../egcs-1.1.2-19990226/gcc/f/fini.c 1 ../../../egcs-1.1.2-19990226/gcc/f/com.c Number of warning types: 40 subscript has type `char' 25 this is the location of the previous definition 25 `???' redefined 4 comparison of distinct pointer types lacks a cast 3 missing initializer for `???' 1 unused parameter `???'