This is the mail archive of the egcs-testresults@egcs.cygnus.com mailing list for the EGCS project. See the EGCS home page for more information.
Native configuration is hppa1.1-hp-hpux9.01 === libio tests === Running target unix === libio Summary === # of expected passes 40 === libstdc++ tests === Running target unix === libstdc++ Summary === # of expected passes 30 === libg++ tests === Running target unix === libg++ Summary === # of expected passes 72 === gcc tests === Running target unix FAIL: gcc.c-torture/execute/980506-2.c execution, -O2 FAIL: gcc.c-torture/execute/980506-2.c execution, -O2 -g FAIL: gcc.c-torture/execute/980506-2.c execution, -Os FAIL: gcc.c-torture/execute/980526-1.c execution, -O2 -fomit-frame-pointer -finline-functions FAIL: gcc.c-torture/execute/strct-stdarg-1.c execution, -O0 FAIL: gcc.c-torture/execute/strct-stdarg-1.c execution, -O1 FAIL: gcc.c-torture/execute/strct-stdarg-1.c execution, -O2 FAIL: gcc.c-torture/execute/strct-stdarg-1.c execution, -O2 -fomit-frame-pointer -finline-functions FAIL: gcc.c-torture/execute/strct-stdarg-1.c execution, -O2 -fomit-frame-pointer -finline-functions -funroll-loops FAIL: gcc.c-torture/execute/strct-stdarg-1.c execution, -O2 -fomit-frame-pointer -finline-functions -funroll-all-loops FAIL: gcc.c-torture/execute/strct-stdarg-1.c execution, -O2 -g FAIL: gcc.c-torture/execute/strct-stdarg-1.c execution, -Os FAIL: gcc.c-torture/execute/ieee/fp-cmp-1.c execution, -O0 FAIL: gcc.c-torture/execute/ieee/mzero2.c execution, -O1 FAIL: gcc.c-torture/execute/ieee/mzero2.c execution, -O2 FAIL: gcc.c-torture/execute/ieee/mzero2.c execution, -O2 -fomit-frame-pointer -finline-functions FAIL: gcc.c-torture/execute/ieee/mzero2.c execution, -O2 -g FAIL: gcc.c-torture/execute/ieee/mzero2.c execution, -Os FAIL: gcc.dg/980626-1.c (test for excess errors) === gcc Summary === # of expected passes 7479 # of unexpected failures 19 # of expected failures 7 # of unsupported tests 18 /xxx/gnu/egcs-1.1.2-pre2/objdir/gcc/xgcc version egcs-2.91.62 19990224 (egcs-1.1.2 pre-release-2) === g++ tests === Running target unix FAIL: g++.brendan/eh1.C Execution test FAIL: g++.eh/cleanup1.C Execution test FAIL: g++.eh/flow1.C Execution test FAIL: g++.eh/new1.C Execution test FAIL: g++.eh/new2.C Execution test FAIL: g++.eh/pdel1.C Execution test FAIL: g++.eh/pdel2.C Execution test FAIL: g++.eh/ptr1.C Execution test FAIL: g++.eh/rethrow1.C Execution test FAIL: g++.eh/rethrow2.C Execution test FAIL: g++.eh/rethrow3.C Execution test FAIL: g++.eh/rethrow4.C Execution test FAIL: g++.eh/rethrow5.C Execution test FAIL: g++.eh/spec1.C Execution test FAIL: g++.eh/spec2.C Execution test FAIL: g++.eh/spec3.C Execution test FAIL: g++.eh/spec4.C Execution test FAIL: g++.mike/dyncast1.C Execution test FAIL: g++.mike/dyncast2.C Execution test FAIL: g++.mike/eh10.C Execution test FAIL: g++.mike/eh12.C Execution test FAIL: g++.mike/eh14.C Execution test FAIL: g++.mike/eh16.C Execution test FAIL: g++.mike/eh17.C Execution test FAIL: g++.mike/eh18.C Execution test FAIL: g++.mike/eh2.C Execution test FAIL: g++.mike/eh21.C Execution test FAIL: g++.mike/eh23.C Execution test FAIL: g++.mike/eh24.C Execution test FAIL: g++.mike/eh25.C Execution test FAIL: g++.mike/eh26.C Execution test FAIL: g++.mike/eh27.C Execution test FAIL: g++.mike/eh28.C Execution test FAIL: g++.mike/eh29.C Execution test FAIL: g++.mike/eh3.C Execution test FAIL: g++.mike/eh31.C Execution test XPASS: g++.mike/eh33.C (test for excess errors) FAIL: g++.mike/eh34.C Execution test FAIL: g++.mike/eh35.C Execution test FAIL: g++.mike/eh36.C Execution test FAIL: g++.mike/eh37.C Execution test FAIL: g++.mike/eh38.C Execution test FAIL: g++.mike/eh39.C Execution test FAIL: g++.mike/eh40.C Execution test FAIL: g++.mike/eh41.C Execution test FAIL: g++.mike/eh42.C Execution test FAIL: g++.mike/eh44.C Execution test FAIL: g++.mike/eh47.C Execution test FAIL: g++.mike/eh48.C Execution test FAIL: g++.mike/eh49.C Execution test FAIL: g++.mike/eh5.C Execution test XPASS: g++.mike/eh50.C (test for excess errors) FAIL: g++.mike/eh51.C Execution test FAIL: g++.mike/eh55.C Execution test FAIL: g++.mike/eh6.C Execution test FAIL: g++.mike/eh8.C Execution test FAIL: g++.mike/p7912.C Execution test FAIL: g++.mike/p9706.C Execution test FAIL: g++.pt/static3.C (test for excess errors) XPASS: g++.robertl/eb132.C (test for excess errors) FAIL: g++.robertl/eb31.C Execution test FAIL: g++.robertl/eb50.C Execution test FAIL: g++.robertl/eb66.C Execution test FAIL: g++.robertl/eb88.C Execution test FAIL: g++.robertl/eb91.C (test for excess errors) === g++ Summary === # of expected passes 4155 # of unexpected failures 62 # of unexpected successes 3 # of expected failures 87 # of untested testcases 7 /xxx/gnu/egcs-1.1.2-pre2/objdir/gcc/testsuite/../xgcc version egcs-2.91.62 19990224 (egcs-1.1.2 pre-release-2) === g77 tests === Running target unix === g77 Summary === # of expected passes 415 Compiler version: egcs-2.91.62 19990224 (egcs-1.1.2 pre-release-2) Platform: hppa1.1-hp-hpux9.01 configure flags: --with-gcc-version-trigger=/xxx/gnu/egcs-1.1.2-pre2/gcc/version.c --host=hppa1.1-hp-hpux9.01 --with-gnu-as --enable-shared --norecursion There are 2479 warnings in stage3 of this bootstrap. Number of warnings per file: 1348 xsys-protos.h 97 ../../../gcc/cp/hash.h 69 ../../gcc/c-gperf.h 52 ../../gcc/combine.c 49 ../../gcc/toplev.c 46 ../../gcc/protoize.c 38 ../../gcc/cse.c 34 ../../gcc/expr.c 34 ../../gcc/expmed.c 33 ../../gcc/optabs.c 32 cxxmain.c 32 ../../gcc/cplus-dem.c 28 ../../../gcc/f/stb.c 24 ../../gcc/reload1.c 22 ../../gcc/calls.c 21 ../../gcc/objc/objc-act.c 18 g77.c 18 g++.c 18 ../../gcc/gcc.c 18 ../../gcc/cpplib.c 18 ../../gcc/c-common.c 17 ../../gcc/varasm.c 16 ../../gcc/objc/archive.c 16 ../../gcc/emit-rtl.c 16 ../../../gcc/cp/call.c 14 insn-recog.c 14 ../../gcc/objc/thr-single.c 13 ../../gcc/stor-layout.c 13 ../../gcc/recog.c 12 ../../gcc/unroll.c 12 ../../gcc/function.c 12 ../../gcc/config/pa/pa.c 12 ../../../gcc/cp/pt.c 11 ../../../gcc/f/com.c 10 ../../gcc/regmove.c 10 ../../../gcc/cp/lex.c 9 ../../gcc/reload.c 9 ../../gcc/global.c 9 ../../gcc/fold-const.c 9 ../../gcc/alias.c 7 ../../gcc/tree.c 7 ../../gcc/regclass.c 7 ../../gcc/flow.c 7 ../../gcc/final.c 7 ../../gcc/cccp.c 7 ../../gcc/c-lex.c 6 ../../gcc/stmt.c 6 ../../gcc/integrate.c 6 ../../gcc/cppexp.c 6 ../../../gcc/cp/decl2.c 5 ../../gcc/objc/encoding.c 5 ../../gcc/fix-header.c 5 ../../gcc/dbxout.c 5 ../../../gcc/f/lex.c 4 cexp.y 4 ../../gcc/tlink.c 4 ../../gcc/scan-decls.c 4 ../../gcc/objc/selector.c 4 ../../gcc/objc/sarray.c 4 ../../gcc/loop.c 4 ../../gcc/local-alloc.c 4 ../../gcc/explow.c 4 ../../gcc/collect2.c 4 ../../gcc/c-decl.c 4 ../../../gcc/f/intrin.c 4 ../../../gcc/f/bad.c 3 ../../gcc/pexecute.c 3 ../../gcc/objc/Object.m 3 ../../gcc/genrecog.c 3 ../../gcc/genopinit.c 3 ../../gcc/genattrtab.c 3 ../../gcc/cpphash.h 3 ../../../gcc/cp/init.c 3 ../../../gcc/cp/decl.c 2 ../../gcc/objc/init.c 2 ../../gcc/getopt.c 2 ../../gcc/gcov-io.h 2 ../../gcc/caller-save.c 2 ../../gcc/bitmap.c 2 ../../../gcc/cp/spew.c 2 ../../../gcc/cp/expr.c 2 ../../../gcc/cp/cvt.c 1 objc/runtime-info.h 1 insn-attrtab.c 1 ../../gcc/stupid.c 1 ../../gcc/real.c 1 ../../gcc/objc/nil_method.c 1 ../../gcc/mkstemp.c 1 ../../gcc/jump.c 1 ../../gcc/hash.c 1 ../../gcc/haifa-sched.c 1 ../../gcc/gencheck.c 1 ../../gcc/gen-protos.c 1 ../../gcc/f/g77spec.c 1 ../../gcc/choose-temp.c 1 ../../../gcc/f/where.c 1 ../../../gcc/f/top.c 1 ../../../gcc/f/malloc.c 1 ../../../gcc/f/implic.c 1 ../../../gcc/cp/xref.c 1 ../../../gcc/cp/typeck.c 1 ../../../gcc/cp/tree.c 1 ../../../gcc/cp/search.c 1 ../../../gcc/cp/method.c Number of warning types: 1565 missing initializer for `???' 404 comparison between signed and unsigned 161 subscript has type `char' 138 `???' might be used uninitialized in this function 126 unused parameter `???' 16 label `???' defined but not used 15 variable `???' might be clobbered by `longjmp' or `vfork' 12 array subscript has type `char' 10 implicit declaration of function `???' 9 unused variable `???' 6 value computed is not used 5 argument `???' might be clobbered by `longjmp' or `vfork' 5 `???' defined but not used 3 left-hand operand of comma expression has no effect 1 unsigned value < 0 is always 0 1 suggest parentheses around assignment used as truth value 1 suggest explicit braces to avoid ambiguous `else' 1 empty body in an else-statement CFLAGS="-g -O3" Makefile.in patched to exclude objc/linking.o from being compared.