This is the mail archive of the egcs-testresults@egcs.cygnus.com mailing list for the EGCS project. See the EGCS home page for more information.
Results for egcs-2.91.62 19990224 (egcs-1.1.2 pre-release-2) testsuite on hppa1.1-hp-hpux10.20 Native configuration is hppa1.1-hp-hpux10.20 === libio tests === Running target unix === libio Summary === # of expected passes 40 === libstdc++ tests === Running target unix === libstdc++ Summary === # of expected passes 30 === gcc tests === Running target unix FAIL: gcc.c-torture/execute/980506-2.c execution, -O2 FAIL: gcc.c-torture/execute/980506-2.c execution, -O2 -g FAIL: gcc.c-torture/execute/980506-2.c execution, -Os FAIL: gcc.c-torture/execute/980526-1.c execution, -O2 -fomit-frame-pointer -finline-functions FAIL: gcc.c-torture/execute/strct-stdarg-1.c execution, -O0 FAIL: gcc.c-torture/execute/strct-stdarg-1.c execution, -O1 FAIL: gcc.c-torture/execute/strct-stdarg-1.c execution, -O2 FAIL: gcc.c-torture/execute/strct-stdarg-1.c execution, -O2 -fomit-frame-pointer -finline-functions FAIL: gcc.c-torture/execute/strct-stdarg-1.c execution, -O2 -fomit-frame-pointer -finline-functions -funroll-loops FAIL: gcc.c-torture/execute/strct-stdarg-1.c execution, -O2 -fomit-frame-pointer -finline-functions -funroll-all-loops FAIL: gcc.c-torture/execute/strct-stdarg-1.c execution, -O2 -g FAIL: gcc.c-torture/execute/strct-stdarg-1.c execution, -Os FAIL: gcc.c-torture/execute/ieee/fp-cmp-1.c execution, -O0 FAIL: gcc.c-torture/execute/ieee/mzero2.c execution, -O1 FAIL: gcc.c-torture/execute/ieee/mzero2.c execution, -O2 FAIL: gcc.c-torture/execute/ieee/mzero2.c execution, -O2 -fomit-frame-pointer -finline-functions FAIL: gcc.c-torture/execute/ieee/mzero2.c execution, -O2 -g FAIL: gcc.c-torture/execute/ieee/mzero2.c execution, -Os FAIL: gcc.dg/980626-1.c (test for excess errors) === gcc Summary === # of expected passes 7479 # of unexpected failures 19 # of expected failures 7 # of unsupported tests 18 /devel/span/rdb/src/egcs-1.1.2-pre2.obj/gcc/xgcc version egcs-2.91.62 19990224 (egcs-1.1.2 pre-release-2) === g++ tests === Running target unix XPASS: g++.mike/eh33.C (test for excess errors) XPASS: g++.mike/eh33.C Execution test XPASS: g++.mike/eh50.C (test for excess errors) XPASS: g++.mike/eh50.C Execution test FAIL: g++.pt/static3.C (test for excess errors) XPASS: g++.robertl/eb132.C (test for excess errors) FAIL: g++.robertl/eb91.C (test for excess errors) === g++ Summary === # of expected passes 4215 # of unexpected failures 2 # of unexpected successes 5 # of expected failures 85 # of untested testcases 7 /devel/span/rdb/src/egcs-1.1.2-pre2.obj/gcc/testsuite/../xgcc version egcs-2.91.62 19990224 (egcs-1.1.2 pre-release-2) === g77 tests === Running target unix === g77 Summary === # of expected passes 415 Compiler version: egcs-2.91.62 19990224 (egcs-1.1.2 pre-release-2) Platform: hppa1.1-hp-hpux10.20 configure flags: --with-gcc-version-trigger=/devel/span/rdb/src/egcs-1.1.2-pre2/gcc/version.c --with-gnu-as --host=hppa1.1-hp-hpux10.20 --norecursion There are 14 warnings in stage3 of this bootstrap. Number of warnings per file: 11 ../../../egcs-1.1.2-pre2/gcc/f/com.c 1 ../../../egcs-1.1.2-pre2/gcc/f/where.c 1 ../../../egcs-1.1.2-pre2/gcc/f/top.c 1 ../../../egcs-1.1.2-pre2/gcc/f/malloc.c Number of warning types: 10 comparison between signed and unsigned 3 missing initializer for \`???' 1 unused parameter \`???'