This is the mail archive of the egcs-testresults@egcs.cygnus.com mailing list for the EGCS project. See the EGCS home page for more information.
Native configuration is i686-pc-linux-gnulibc1 === libio tests === Running target unix === libio Summary === # of expected passes 40 === libstdc++ tests === Running target unix === libstdc++ Summary === # of expected passes 30 === gcc tests === Running target unix FAIL: gcc.c-torture/execute/980526-1.c execution, -O2 -fomit-frame-pointer -finline-functions FAIL: gcc.c-torture/execute/ieee/980619-1.c execution, -O1 FAIL: gcc.c-torture/execute/ieee/980619-1.c execution, -O2 FAIL: gcc.c-torture/execute/ieee/980619-1.c execution, -O2 -fomit-frame-pointer -finline-functions FAIL: gcc.c-torture/execute/ieee/980619-1.c execution, -O2 -fomit-frame-pointer -finline-functions -funroll-loops FAIL: gcc.c-torture/execute/ieee/980619-1.c execution, -O2 -fomit-frame-pointer -finline-functions -funroll-all-loops FAIL: gcc.c-torture/execute/ieee/980619-1.c execution, -O2 -g FAIL: gcc.c-torture/execute/ieee/980619-1.c execution, -Os FAIL: gcc.dg/980626-1.c (test for excess errors) FAIL: gcc.dg/clobbers.c execution test === gcc Summary === # of expected passes 7497 # of unexpected failures 10 # of expected failures 7 # of unsupported tests 11 /home/tim/src/gnu/egcs-1.1.2-pre1/p6/gcc/xgcc version egcs-2.91.62 19990224 (egcs-1.1.2 pre-release-2) === g++ tests === Running target unix FAIL: g++.brendan/overload2.C (test for excess errors) === g++ Summary === # of expected passes 4221 # of unexpected failures 1 # of expected failures 85 # of untested testcases 7 /home/tim/src/gnu/egcs-1.1.2-pre1/p6/gcc/testsuite/../xgcc version egcs-2.91.62 19990224 (egcs-1.1.2 pre-release-2) === g77 tests === Running target unix === g77 Summary === # of expected passes 415 Compiler version: egcs-2.91.62 19990224 (egcs-1.1.2 pre-release-2) Platform: i686-pc-linux-gnulibc1 configure flags: --with-gcc-version-trigger=/home/tim/src/gnu/egcs-1.1.2-pre1/gcc/version.c --host=i686-pc-linux-gnulibc1 --prefix=/usr --norecursion BOOT_CFLAGS=-Os -malign-double -march=pentiumpro EOF Mail -s "Results for egcs-2.91.62 19990224 (egcs-1.1.2 pre-release-2) testsuite on i686-pc-linux-gnulibc1" egcs-testresults@egcs.cygnus.com &&