This is the mail archive of the egcs-testresults@egcs.cygnus.com mailing list for the EGCS project. See the EGCS home page for more information.
Results for egcs-2.91.61 19990216 (egcs-1.1.2 pre-release-1) testsuite on rs6000-ibm-aix4.2.0.0 \Native configuration is rs6000-ibm-aix4.2.0.0 === libstdc++ tests === Running target unix === libstdc++ Summary === # of expected passes 30 === gcc tests === Running target unix FAIL: gcc.c-torture/execute/931004-12.c execution, -O0 FAIL: gcc.c-torture/execute/931004-12.c execution, -O1 FAIL: gcc.c-torture/execute/931004-12.c execution, -O2 FAIL: gcc.c-torture/execute/931004-12.c execution, -O2 -fomit-frame-pointer -finline-functions FAIL: gcc.c-torture/execute/931004-12.c execution, -O2 -fomit-frame-pointer -finline-functions -funroll-loops FAIL: gcc.c-torture/execute/931004-12.c execution, -O2 -fomit-frame-pointer -finline-functions -funroll-all-loops FAIL: gcc.c-torture/execute/931004-12.c execution, -O2 -g FAIL: gcc.c-torture/execute/931004-12.c execution, -Os FAIL: gcc.c-torture/execute/980506-2.c execution, -O2 FAIL: gcc.c-torture/execute/980506-2.c execution, -O2 -g FAIL: gcc.c-torture/execute/980506-2.c execution, -Os FAIL: gcc.c-torture/execute/980526-1.c execution, -O2 -fomit-frame-pointer -finline-functions FAIL: gcc.c-torture/execute/complex-5.c execution, -O2 -fomit-frame-pointer -finline-functions FAIL: gcc.c-torture/execute/ieee/980619-1.c execution, -O1 FAIL: gcc.c-torture/execute/ieee/980619-1.c execution, -O2 FAIL: gcc.c-torture/execute/ieee/980619-1.c execution, -O2 -fomit-frame-pointer -finline-functions FAIL: gcc.c-torture/execute/ieee/980619-1.c execution, -O2 -fomit-frame-pointer -finline-functions -funroll-loops FAIL: gcc.c-torture/execute/ieee/980619-1.c execution, -O2 -fomit-frame-pointer -finline-functions -funroll-all-loops FAIL: gcc.c-torture/execute/ieee/980619-1.c execution, -O2 -g FAIL: gcc.c-torture/execute/ieee/980619-1.c execution, -Os FAIL: gcc.c-torture/noncompile/init-1.c FAIL: gcc.dg/980626-1.c (test for excess errors) === gcc Summary === # of expected passes 7474 # of unexpected failures 22 # of expected failures 7 # of unsupported tests 19 /devel/tmp/egcs-1.1.2-pre1.obj/gcc/xgcc version egcs-2.91.61 19990216 (egcs-1.1.2 pre-release-1) === g++ tests === Running target unix FAIL: g++.jason/thunk2.C (test for excess errors) FAIL: g++.mike/eh30.C (test for excess errors) FAIL: g++.mike/p4750.C (test for excess errors) FAIL: g++.pt/static3.C (test for excess errors) FAIL: g++.robertl/eb101.C (test for excess errors) FAIL: g++.robertl/eb106.C (test for excess errors) XPASS: g++.robertl/eb132.C (test for excess errors) FAIL: g++.robertl/eb71.C (test for excess errors) FAIL: g++.robertl/eb91.C (test for excess errors) === g++ Summary === # of expected passes 4211 # of unexpected failures 8 # of unexpected successes 1 # of expected failures 87 # of untested testcases 7 /devel/tmp/egcs-1.1.2-pre1.obj/gcc/testsuite/../xgcc version egcs-2.91.61 19990216 (egcs-1.1.2 pre-release-1) === g77 tests === Running target unix FAIL: g77.f-torture/compile/980310-7.f, -O0 FAIL: g77.f-torture/compile/980310-7.f, -O1 FAIL: g77.f-torture/compile/980310-7.f, -O2 FAIL: g77.f-torture/compile/980310-7.f, -O2 -fomit-frame-pointer -finline-functions FAIL: g77.f-torture/compile/980310-7.f, -O2 -fomit-frame-pointer -finline-functions -funroll-loops FAIL: g77.f-torture/compile/980310-7.f, -O2 -fomit-frame-pointer -finline-functions -funroll-all-loops FAIL: g77.f-torture/compile/980310-7.f, -Os === g77 Summary === # of expected passes 408 # of unexpected failures 7 Compiler version: egcs-2.91.61 19990216 (egcs-1.1.2 pre-release-1) Platform: rs6000-ibm-aix4.2.0.0 configure flags: --with-gcc-version-trigger=/devel/tmp/egcs-1.1.2-pre1/gcc/version.c --host=rs6000-ibm-aix4.2.0.0 --norecursion There are 7 warnings in stage3 of this bootstrap. Number of warnings per file: 2 ../../egcs-1.1.2-pre1/gcc/explow.c 1 ../../egcs-1.1.2-pre1/gcc/objc/archive.c 1 ../../../egcs-1.1.2-pre1/gcc/f/where.c 1 ../../../egcs-1.1.2-pre1/gcc/f/top.c 1 ../../../egcs-1.1.2-pre1/gcc/f/malloc.c 1 ../../../egcs-1.1.2-pre1/gcc/f/com.c Number of warning types: 3 missing initializer for \`???' 2 assignment from incompatible pointer type 1 unused parameter \`???' 1 comparison is always 1 due to limited range of data type