This is the mail archive of the egcs-testresults@egcs.cygnus.com mailing list for the EGCS project. See the EGCS home page for more information.
Native configuration is i686-UnixWare7.0.1-sysv5 === libio tests === Running target unix/-fPIC === libio Summary for unix/-fPIC === # of expected passes 40 Running target unix === libio Summary for unix === # of expected passes 40 === libio Summary === # of expected passes 80 === libstdc++ tests === Running target unix/-fPIC FAIL: tlist.cc compilation FAIL: tlist.cc -O compilation FAIL: tmap.cc compilation FAIL: tmap.cc -O compilation FAIL: tvector.cc compilation FAIL: tvector.cc -O compilation === libstdc++ Summary for unix/-fPIC === # of expected passes 12 # of unexpected failures 6 # of expected failures 12 Running target unix FAIL: tlist.cc compilation FAIL: tlist.cc -O compilation FAIL: tmap.cc compilation FAIL: tmap.cc -O compilation FAIL: tvector.cc compilation FAIL: tvector.cc -O compilation === libstdc++ Summary for unix === # of expected passes 12 # of unexpected failures 6 # of expected failures 12 === libstdc++ Summary === # of expected passes 24 # of unexpected failures 12 # of expected failures 24 === gcc tests === Running target unix/-fPIC FAIL: gcc.c-torture/execute/921123-2.c execution, -O0 FAIL: gcc.c-torture/execute/930603-1.c execution, -O0 FAIL: gcc.c-torture/execute/930603-1.c execution, -O1 FAIL: gcc.c-torture/execute/930603-1.c execution, -O2 FAIL: gcc.c-torture/execute/930603-1.c execution, -O2 -g FAIL: gcc.c-torture/execute/930603-1.c execution, -Os FAIL: gcc.c-torture/execute/930930-2.c execution, -O1 FAIL: gcc.c-torture/execute/930930-2.c execution, -O2 FAIL: gcc.c-torture/execute/930930-2.c execution, -O2 -g FAIL: gcc.c-torture/execute/930930-2.c execution, -Os FAIL: gcc.c-torture/execute/940122-1.c execution, -O2 -fomit-frame-pointer -finline-functions FAIL: gcc.c-torture/execute/990119-1.c execution, -O0 FAIL: gcc.c-torture/execute/990119-1.c execution, -O1 FAIL: gcc.c-torture/execute/990119-1.c execution, -O2 FAIL: gcc.c-torture/execute/990119-1.c execution, -O2 -fomit-frame-pointer -finline-functions FAIL: gcc.c-torture/execute/990119-1.c execution, -O2 -g FAIL: gcc.c-torture/execute/990119-1.c execution, -Os FAIL: gcc.c-torture/execute/990127-2.c execution, -O2 -fomit-frame-pointer -finline-functions FAIL: gcc.c-torture/execute/990130-1.c compilation, -O0 FAIL: gcc.c-torture/execute/990130-1.c compilation, -O1 FAIL: gcc.c-torture/execute/990130-1.c compilation, -O2 FAIL: gcc.c-torture/execute/990130-1.c compilation, -O2 -fomit-frame-pointer -finline-functions FAIL: gcc.c-torture/execute/990130-1.c compilation, -O2 -g FAIL: gcc.c-torture/execute/990130-1.c compilation, -Os FAIL: gcc.c-torture/execute/bf-pack-1.c compilation, -O2 -g FAIL: gcc.c-torture/execute/complex-1.c execution, -O0 FAIL: gcc.c-torture/execute/complex-1.c execution, -O1 FAIL: gcc.c-torture/execute/complex-1.c execution, -O2 FAIL: gcc.c-torture/execute/complex-1.c execution, -O2 -g FAIL: gcc.c-torture/execute/complex-1.c execution, -Os FAIL: gcc.c-torture/execute/complex-2.c execution, -O0 FAIL: gcc.c-torture/execute/complex-2.c execution, -O1 FAIL: gcc.c-torture/execute/complex-2.c execution, -O2 FAIL: gcc.c-torture/execute/complex-2.c execution, -O2 -g FAIL: gcc.c-torture/execute/complex-2.c execution, -Os FAIL: gcc.c-torture/execute/conversion.c execution, -O2 -fomit-frame-pointer -finline-functions FAIL: gcc.c-torture/execute/nestfunc-1.c execution, -O1 FAIL: gcc.c-torture/execute/nestfunc-1.c execution, -O2 FAIL: gcc.c-torture/execute/nestfunc-1.c execution, -O2 -g FAIL: gcc.c-torture/execute/nestfunc-1.c execution, -Os FAIL: gcc.c-torture/execute/ieee/980619-1.c execution, -O1 FAIL: gcc.c-torture/execute/ieee/980619-1.c execution, -O2 FAIL: gcc.c-torture/execute/ieee/980619-1.c execution, -O2 -fomit-frame-pointer -finline-functions FAIL: gcc.c-torture/execute/ieee/980619-1.c execution, -O2 -fomit-frame-pointer -finline-functions -funroll-loops FAIL: gcc.c-torture/execute/ieee/980619-1.c execution, -O2 -fomit-frame-pointer -finline-functions -funroll-all-loops FAIL: gcc.c-torture/execute/ieee/980619-1.c execution, -O2 -g FAIL: gcc.c-torture/execute/ieee/980619-1.c execution, -Os FAIL: gcc.c-torture/noncompile/951227-1.c FAIL: gcc.c-torture/special/981006-1.c (test for bogus messages, line 11) FAIL: gcc.c-torture/special/981006-1.c (test for bogus messages, line 12) FAIL: gcc.c-torture/special/eeprof-1.c compilation, -O0 FAIL: gcc.c-torture/special/eeprof-1.c compilation, -O1 FAIL: gcc.c-torture/special/eeprof-1.c compilation, -O2 FAIL: gcc.c-torture/special/eeprof-1.c compilation, -O2 -fomit-frame-pointer -finline-functions FAIL: gcc.c-torture/special/eeprof-1.c compilation, -O2 -g FAIL: gcc.c-torture/special/eeprof-1.c compilation, -Os FAIL: gcc.dg/cpp-if1.c invalid number (test for errors, line 12) FAIL: gcc.dg/cpp-if1.c invalid number (test for errors, line 15) FAIL: gcc.dg/cpp-if1.c invalid number (test for errors, line 18) FAIL: gcc.dg/cpp-if1.c floating point in #if (test for errors, line 21) FAIL: gcc.dg/cpp-if1.c too many suffixes (test for errors, line 24) FAIL: gcc.dg/cpp-if1.c too many suffixes (test for errors, line 27) FAIL: gcc.dg/cpp-if1.c (test for excess errors) FAIL: gcc.misc-tests/gcov-2.c execution test (PRMS 8294) FAIL: gcc.misc-tests/m-un-2.c warning regression (test for warnings, line 18) FAIL: gcc.misc-tests/m-un-2.c warning regression (test for warnings, line 23) FAIL: gcc.misc-tests/m-un-2.c (test for excess errors) === gcc Summary for unix/-fPIC === # of expected passes 7927 # of unexpected failures 67 # of expected failures 19 # of unresolved testcases 13 # of unsupported tests 12 Running target unix FAIL: gcc.c-torture/execute/930603-1.c execution, -O0 FAIL: gcc.c-torture/execute/930603-1.c execution, -O1 FAIL: gcc.c-torture/execute/930603-1.c execution, -O2 FAIL: gcc.c-torture/execute/930603-1.c execution, -O2 -g FAIL: gcc.c-torture/execute/930603-1.c execution, -Os FAIL: gcc.c-torture/execute/990119-1.c execution, -O0 FAIL: gcc.c-torture/execute/990119-1.c execution, -O1 FAIL: gcc.c-torture/execute/990119-1.c execution, -O2 FAIL: gcc.c-torture/execute/990119-1.c execution, -O2 -fomit-frame-pointer -finline-functions FAIL: gcc.c-torture/execute/990119-1.c execution, -O2 -g FAIL: gcc.c-torture/execute/990119-1.c execution, -Os FAIL: gcc.c-torture/execute/990130-1.c compilation, -O0 FAIL: gcc.c-torture/execute/990130-1.c compilation, -O1 FAIL: gcc.c-torture/execute/990130-1.c compilation, -O2 FAIL: gcc.c-torture/execute/990130-1.c compilation, -O2 -fomit-frame-pointer -finline-functions FAIL: gcc.c-torture/execute/990130-1.c compilation, -O2 -g FAIL: gcc.c-torture/execute/990130-1.c compilation, -Os FAIL: gcc.c-torture/execute/bf-pack-1.c compilation, -O2 -g FAIL: gcc.c-torture/execute/loop-2b.c execution, -O2 FAIL: gcc.c-torture/execute/loop-2b.c execution, -O2 -fomit-frame-pointer -finline-functions FAIL: gcc.c-torture/execute/loop-2b.c execution, -O2 -fomit-frame-pointer -finline-functions -funroll-loops FAIL: gcc.c-torture/execute/loop-2b.c execution, -O2 -fomit-frame-pointer -finline-functions -funroll-all-loops FAIL: gcc.c-torture/execute/loop-2b.c execution, -O2 -g FAIL: gcc.c-torture/execute/ieee/980619-1.c execution, -O1 FAIL: gcc.c-torture/execute/ieee/980619-1.c execution, -O2 FAIL: gcc.c-torture/execute/ieee/980619-1.c execution, -O2 -fomit-frame-pointer -finline-functions FAIL: gcc.c-torture/execute/ieee/980619-1.c execution, -O2 -fomit-frame-pointer -finline-functions -funroll-loops FAIL: gcc.c-torture/execute/ieee/980619-1.c execution, -O2 -fomit-frame-pointer -finline-functions -funroll-all-loops FAIL: gcc.c-torture/execute/ieee/980619-1.c execution, -O2 -g FAIL: gcc.c-torture/execute/ieee/980619-1.c execution, -Os FAIL: gcc.c-torture/noncompile/951227-1.c FAIL: gcc.c-torture/special/981006-1.c (test for bogus messages, line 11) FAIL: gcc.c-torture/special/981006-1.c (test for bogus messages, line 12) FAIL: gcc.c-torture/special/eeprof-1.c compilation, -O0 FAIL: gcc.c-torture/special/eeprof-1.c compilation, -O1 FAIL: gcc.c-torture/special/eeprof-1.c compilation, -O2 FAIL: gcc.c-torture/special/eeprof-1.c compilation, -O2 -fomit-frame-pointer -finline-functions FAIL: gcc.c-torture/special/eeprof-1.c compilation, -O2 -g FAIL: gcc.c-torture/special/eeprof-1.c compilation, -Os FAIL: gcc.dg/cpp-if1.c invalid number (test for errors, line 12) FAIL: gcc.dg/cpp-if1.c invalid number (test for errors, line 15) FAIL: gcc.dg/cpp-if1.c invalid number (test for errors, line 18) FAIL: gcc.dg/cpp-if1.c floating point in #if (test for errors, line 21) FAIL: gcc.dg/cpp-if1.c too many suffixes (test for errors, line 24) FAIL: gcc.dg/cpp-if1.c too many suffixes (test for errors, line 27) FAIL: gcc.dg/cpp-if1.c (test for excess errors) FAIL: gcc.misc-tests/m-un-2.c warning regression (test for warnings, line 18) FAIL: gcc.misc-tests/m-un-2.c warning regression (test for warnings, line 23) FAIL: gcc.misc-tests/m-un-2.c (test for excess errors) === gcc Summary for unix === # of expected passes 7945 # of unexpected failures 49 # of expected failures 19 # of unresolved testcases 13 # of unsupported tests 12 === gcc Summary === # of expected passes 15872 # of unexpected failures 116 # of expected failures 38 # of unresolved testcases 26 # of unsupported tests 24 /home3/negcs/gcc/xgcc version egcs-2.93.08 19990219 (gcc2 ss-980929 experimental) === g++ tests === Running target unix/-fPIC FAIL: g++.law/profile1.C (test for excess errors) FAIL: g++.other/crash3.C (test for excess errors) FAIL: g++.pt/decl2.C currently an ICE (test for errors, line 9) FAIL: g++.pt/decl2.C (test for excess errors) XPASS: g++.pt/enum5.C template declaration of enum (test for errors, line 4) FAIL: g++.pt/friend37.C undeclared (test for errors, line 7) FAIL: g++.pt/friend38.C template parameters cannot be friends (test for errors, line 9) FAIL: g++.pt/typename8.C (test for excess errors) === g++ Summary for unix/-fPIC === # of expected passes 4851 # of unexpected failures 7 # of unexpected successes 1 # of expected failures 84 # of untested testcases 7 Running target unix FAIL: g++.law/profile1.C (test for excess errors) FAIL: g++.other/crash3.C (test for excess errors) FAIL: g++.pt/decl2.C currently an ICE (test for errors, line 9) FAIL: g++.pt/decl2.C (test for excess errors) XPASS: g++.pt/enum5.C template declaration of enum (test for errors, line 4) FAIL: g++.pt/friend37.C undeclared (test for errors, line 7) FAIL: g++.pt/friend38.C template parameters cannot be friends (test for errors, line 9) FAIL: g++.pt/typename8.C (test for excess errors) === g++ Summary for unix === # of expected passes 4851 # of unexpected failures 7 # of unexpected successes 1 # of expected failures 84 # of untested testcases 7 === g++ Summary === # of expected passes 9702 # of unexpected failures 14 # of unexpected successes 2 # of expected failures 168 # of untested testcases 14 /home3/negcs/gcc/testsuite/../xgcc version egcs-2.93.08 19990219 (gcc2 ss-980929 experimental) === g77 tests === Running target unix/-fPIC FAIL: g77.f-torture/compile/19981216-0.f, -O0 FAIL: g77.f-torture/compile/19981216-0.f, -O1 FAIL: g77.f-torture/compile/19981216-0.f, -O2 FAIL: g77.f-torture/compile/19981216-0.f, -O2 -fomit-frame-pointer -finline-functions FAIL: g77.f-torture/compile/19981216-0.f, -Os FAIL: g77.f-torture/execute/auto0.f execution, -O2 -fomit-frame-pointer -finline-functions -funroll-loops FAIL: g77.f-torture/execute/auto0.f execution, -O2 -fomit-frame-pointer -finline-functions -funroll-all-loops FAIL: g77.f-torture/execute/auto1.f execution, -O2 -fomit-frame-pointer -finline-functions -funroll-loops FAIL: g77.f-torture/execute/auto1.f execution, -O2 -fomit-frame-pointer -finline-functions -funroll-all-loops === g77 Summary for unix/-fPIC === # of expected passes 468 # of unexpected failures 9 Running target unix FAIL: g77.f-torture/compile/19981216-0.f, -O0 FAIL: g77.f-torture/compile/19981216-0.f, -O1 FAIL: g77.f-torture/compile/19981216-0.f, -O2 FAIL: g77.f-torture/compile/19981216-0.f, -O2 -fomit-frame-pointer -finline-functions FAIL: g77.f-torture/compile/19981216-0.f, -Os FAIL: g77.f-torture/execute/auto0.f execution, -O2 -fomit-frame-pointer -finline-functions -funroll-loops FAIL: g77.f-torture/execute/auto0.f execution, -O2 -fomit-frame-pointer -finline-functions -funroll-all-loops FAIL: g77.f-torture/execute/auto1.f execution, -O2 -fomit-frame-pointer -finline-functions -funroll-loops FAIL: g77.f-torture/execute/auto1.f execution, -O2 -fomit-frame-pointer -finline-functions -funroll-all-loops === g77 Summary for unix === # of expected passes 468 # of unexpected failures 9 === g77 Summary === # of expected passes 936 # of unexpected failures 18 === objc tests === Running target unix/-fPIC FAIL: objc/execute/bf-1.m compilation, -O FAIL: objc/execute/bf-10.m compilation, -O FAIL: objc/execute/bf-11.m compilation, -O FAIL: objc/execute/bf-12.m compilation, -O FAIL: objc/execute/bf-13.m compilation, -O FAIL: objc/execute/bf-14.m compilation, -O FAIL: objc/execute/bf-15.m compilation, -O FAIL: objc/execute/bf-16.m compilation, -O FAIL: objc/execute/bf-17.m compilation, -O FAIL: objc/execute/bf-2.m compilation, -O FAIL: objc/execute/bf-3.m compilation, -O FAIL: objc/execute/bf-4.m compilation, -O FAIL: objc/execute/bf-5.m compilation, -O FAIL: objc/execute/bf-6.m compilation, -O FAIL: objc/execute/bf-7.m compilation, -O FAIL: objc/execute/bf-8.m compilation, -O FAIL: objc/execute/bf-9.m compilation, -O === objc Summary for unix/-fPIC === # of expected passes 4 # of unexpected failures 17 # of untested testcases 17 Running target unix FAIL: objc/execute/bf-1.m compilation, -O FAIL: objc/execute/bf-10.m compilation, -O FAIL: objc/execute/bf-11.m compilation, -O FAIL: objc/execute/bf-12.m compilation, -O FAIL: objc/execute/bf-13.m compilation, -O FAIL: objc/execute/bf-14.m compilation, -O FAIL: objc/execute/bf-15.m compilation, -O FAIL: objc/execute/bf-16.m compilation, -O FAIL: objc/execute/bf-17.m compilation, -O FAIL: objc/execute/bf-2.m compilation, -O FAIL: objc/execute/bf-3.m compilation, -O FAIL: objc/execute/bf-4.m compilation, -O FAIL: objc/execute/bf-5.m compilation, -O FAIL: objc/execute/bf-6.m compilation, -O FAIL: objc/execute/bf-7.m compilation, -O FAIL: objc/execute/bf-8.m compilation, -O FAIL: objc/execute/bf-9.m compilation, -O === objc Summary for unix === # of expected passes 4 # of unexpected failures 17 # of untested testcases 17 === objc Summary === # of expected passes 8 # of unexpected failures 34 # of untested testcases 34 /home3/negcs/gcc/xgcc version egcs-2.93.08 19990219 (gcc2 ss-980929 experimental) Compiler version: egcs-2.93.08 19990219 (gcc2 ss-980929 experimental) Platform: i686-UnixWare7.0.1-sysv5 configure flags: --with-gcc-version-trigger=/play/egcs/gcc/version.c --host=i686-UnixWare7.0.1-sysv5 --norecursion