This is the mail archive of the egcs-testresults@egcs.cygnus.com mailing list for the EGCS project. See the EGCS home page for more information.
Native configuration is sparc-sun-sunos4.1.3 === g++ tests === Running target unix FAIL: g++.brendan/asm-extn1.C caused compiler crash FAIL: g++.law/profile1.C Execution test FAIL: g++.mike/p9706.C Execution test FAIL: g++.pt/expr3.C (test for excess errors) XPASS: g++.pt/instantiate6.C (test for excess errors) FAIL: g++.pt/static3.C (test for excess errors) === g++ Summary === # of expected passes 4849 # of unexpected failures 5 # of unexpected successes 1 # of expected failures 88 # of untested testcases 6 /l/dsk01/temp/egcs/gcc/testsuite/../xgcc version egcs-2.93.08 19990214 (gcc2 ss-980929 experimental) === g77 tests === Running target unix FAIL: g77.f-torture/execute/auto0.f execution, -O2 -fomit-frame-pointer -finline-functions -funroll-loops FAIL: g77.f-torture/execute/auto0.f execution, -O2 -fomit-frame-pointer -finline-functions -funroll-all-loops FAIL: g77.f-torture/execute/auto1.f execution, -O2 -fomit-frame-pointer -finline-functions -funroll-loops FAIL: g77.f-torture/execute/auto1.f execution, -O2 -fomit-frame-pointer -finline-functions -funroll-all-loops FAIL: g77.f-torture/execute/u77-test.f execution, -O0 FAIL: g77.f-torture/execute/u77-test.f execution, -O1 FAIL: g77.f-torture/execute/u77-test.f execution, -O2 FAIL: g77.f-torture/execute/u77-test.f execution, -O2 -fomit-frame-pointer -finline-functions FAIL: g77.f-torture/execute/u77-test.f execution, -O2 -fomit-frame-pointer -finline-functions -funroll-loops FAIL: g77.f-torture/execute/u77-test.f execution, -O2 -fomit-frame-pointer -finline-functions -funroll-all-loops FAIL: g77.f-torture/execute/u77-test.f execution, -Os === g77 Summary === # of expected passes 461 # of unexpected failures 11 === gcc tests === Running target unix FAIL: gcc.c-torture/compile/920623-1.c, -O2 FAIL: gcc.c-torture/compile/920623-1.c, -Os FAIL: gcc.c-torture/compile/921206-1.c, -O1 FAIL: gcc.c-torture/compile/921206-1.c, -O2 FAIL: gcc.c-torture/compile/921206-1.c, -O2 -fomit-frame-pointer -finline-functions FAIL: gcc.c-torture/compile/921206-1.c, -O2 -fomit-frame-pointer -finline-functions -funroll-loops FAIL: gcc.c-torture/compile/921206-1.c, -O2 -fomit-frame-pointer -finline-functions -funroll-all-loops FAIL: gcc.c-torture/compile/921206-1.c, -O2 -g FAIL: gcc.c-torture/compile/921206-1.c, -Os FAIL: gcc.c-torture/execute/990119-1.c execution, -O0 FAIL: gcc.c-torture/execute/990119-1.c execution, -O1 FAIL: gcc.c-torture/execute/990119-1.c execution, -O2 FAIL: gcc.c-torture/execute/990119-1.c execution, -O2 -fomit-frame-pointer -finline-functions FAIL: gcc.c-torture/execute/990119-1.c execution, -O2 -g FAIL: gcc.c-torture/execute/990119-1.c execution, -Os FAIL: gcc.c-torture/execute/990130-1.c compilation, -O0 FAIL: gcc.c-torture/execute/990130-1.c compilation, -O1 FAIL: gcc.c-torture/execute/990130-1.c compilation, -O2 FAIL: gcc.c-torture/execute/990130-1.c compilation, -O2 -fomit-frame-pointer -finline-functions FAIL: gcc.c-torture/execute/990130-1.c compilation, -O2 -g FAIL: gcc.c-torture/execute/990130-1.c compilation, -Os FAIL: gcc.c-torture/execute/loop-2f.c execution, -O0 FAIL: gcc.c-torture/execute/loop-2f.c execution, -O1 FAIL: gcc.c-torture/execute/loop-2f.c execution, -O2 FAIL: gcc.c-torture/execute/loop-2f.c execution, -O2 -fomit-frame-pointer -finline-functions FAIL: gcc.c-torture/execute/loop-2f.c execution, -O2 -fomit-frame-pointer -finline-functions -funroll-loops FAIL: gcc.c-torture/execute/loop-2f.c execution, -O2 -fomit-frame-pointer -finline-functions -funroll-all-loops FAIL: gcc.c-torture/execute/loop-2f.c execution, -O2 -g FAIL: gcc.c-torture/execute/loop-2f.c execution, -Os FAIL: gcc.c-torture/execute/loop-2g.c execution, -O0 FAIL: gcc.c-torture/execute/loop-2g.c execution, -O1 FAIL: gcc.c-torture/execute/loop-2g.c execution, -O2 FAIL: gcc.c-torture/execute/loop-2g.c execution, -O2 -fomit-frame-pointer -finline-functions FAIL: gcc.c-torture/execute/loop-2g.c execution, -O2 -fomit-frame-pointer -finline-functions -funroll-loops FAIL: gcc.c-torture/execute/loop-2g.c execution, -O2 -fomit-frame-pointer -finline-functions -funroll-all-loops FAIL: gcc.c-torture/execute/loop-2g.c execution, -O2 -g FAIL: gcc.c-torture/execute/loop-2g.c execution, -Os FAIL: gcc.c-torture/execute/memcpy-bi.c compilation, -O2 -fomit-frame-pointer -finline-functions FAIL: gcc.c-torture/execute/memcpy-bi.c compilation, -O2 -fomit-frame-pointer -finline-functions -funroll-loops FAIL: gcc.c-torture/execute/memcpy-bi.c compilation, -O2 -fomit-frame-pointer -finline-functions -funroll-all-loops FAIL: gcc.c-torture/noncompile/951227-1.c FAIL: gcc.dg/cpp-if1.c invalid number (test for errors, line 12) FAIL: gcc.dg/cpp-if1.c invalid number (test for errors, line 15) FAIL: gcc.dg/cpp-if1.c invalid number (test for errors, line 18) FAIL: gcc.dg/cpp-if1.c floating point in #if (test for errors, line 21) FAIL: gcc.dg/cpp-if1.c too many suffixes (test for errors, line 24) FAIL: gcc.dg/cpp-if1.c too many suffixes (test for errors, line 27) FAIL: gcc.dg/cpp-if1.c (test for excess errors) FAIL: gcc.dg/special/weak-1.c (test for excess errors) FAIL: gcc.dg/special/weak-2.c (test for excess errors) FAIL: gcc.dg/special/alias-1.c (test for excess errors) FAIL: gcc.dg/special/wkali-1.c (test for excess errors) FAIL: wkali-2a.o FAIL: gcc.misc-tests/m-un-2.c warning regression (test for warnings, line 18) FAIL: gcc.misc-tests/m-un-2.c warning regression (test for warnings, line 23) FAIL: gcc.misc-tests/m-un-2.c (test for excess errors) === gcc Summary === # of expected passes 7934 # of unexpected failures 56 # of expected failures 19 # of unresolved testcases 9 # of unsupported tests 24 /l/dsk01/temp/egcs/gcc/xgcc version egcs-2.93.08 19990214 (gcc2 ss-980929 experimental) === libg++ tests === Running target unix FAIL: tRational.cc execution FAIL: tRandom.cc execution === libg++ Summary === # of expected passes 68 # of unexpected failures 2 # of expected failures 2 === libio tests === Running target unix === libio Summary === # of expected passes 40 === libstdc++ tests === Running target unix FAIL: tcomplex.cc execution FAIL: tcomplex.cc -O execution FAIL: tstring.cc -O compilation === libstdc++ Summary === # of expected passes 23 # of unexpected failures 3 # of expected failures 4 === objc tests === Running target unix === objc Summary === # of expected passes 38 /l/dsk01/temp/egcs/gcc/xgcc version egcs-2.93.08 19990214 (gcc2 ss-980929 experimental) Compiler version: egcs-2.93.08 19990214 (gcc2 ss-980929 experimental) Platform: sparc-sun-sunos4.1.3 BOOT_CFLAGS: -g -O9 -W -Wall Counting all warnings, there are 1000 warnings in stage3 of this bootstrap. Number of warnings per file: 104 /home/phd/oliva/src/egcs/gcc/toplev.c 29 /home/phd/oliva/src/egcs/gcc/java/lex.c 26 /home/phd/oliva/src/egcs/gcc/config/sparc/sparc.c 24 /home/phd/oliva/src/egcs/gcc/java/jcf-parse.c 21 /home/phd/oliva/src/egcs/gcc/objc/objc-act.c 20 /home/phd/oliva/src/egcs/gcc/java/jcf-write.c 17 /home/phd/oliva/src/egcs/gcc/java/jcf-reader.c 17 /home/phd/oliva/src/egcs/gcc/cccp.c 16 /home/phd/oliva/src/egcs/gcc/varasm.c 16 /home/phd/oliva/src/egcs/gcc/integrate.c 15 /home/phd/oliva/src/egcs/gcc/java/jcf-dump.c 15 ./parse.y 14 /home/phd/oliva/src/egcs/gcc/cse.c 14 /home/phd/oliva/src/egcs/gcc/collect2.c 13 /home/phd/oliva/src/egcs/gcc/java/gjavah.c 13 /home/phd/oliva/src/egcs/gcc/final.c 13 /home/phd/oliva/src/egcs/gcc/cpplib.c 12 /home/phd/oliva/src/egcs/gcc/java/javaop.def 12 /home/phd/oliva/src/egcs/gcc/java/expr.c 11 /home/phd/oliva/src/egcs/gcc/reload1.c 11 /home/phd/oliva/src/egcs/gcc/loop.c 11 /home/phd/oliva/src/egcs/gcc/genopinit.c 11 /home/phd/oliva/src/egcs/gcc/fold-const.c 11 /home/phd/oliva/src/egcs/gcc/expr.c 11 /home/phd/oliva/src/egcs/gcc/c-lex.c 10 gcj.c 10 g77.c 10 g++.c 10 /home/phd/oliva/src/egcs/gcc/unroll.c 10 /home/phd/oliva/src/egcs/gcc/genattrtab.c 10 /home/phd/oliva/src/egcs/gcc/gcc.c 10 /home/phd/oliva/src/egcs/gcc/dbxout.c 9 /home/phd/oliva/src/egcs/gcc/optabs.c 9 /home/phd/oliva/src/egcs/gcc/java/class.c 9 /home/phd/oliva/src/egcs/gcc/fix-header.c 9 /home/phd/oliva/src/egcs/gcc/combine.c 8 cxxmain.c 8 /home/phd/oliva/src/egcs/gcc/protoize.c 8 /home/phd/oliva/src/egcs/gcc/genrecog.c 8 /home/phd/oliva/src/egcs/gcc/gcov.c 8 /home/phd/oliva/src/egcs/gcc/gcov-io.h 8 /home/phd/oliva/src/egcs/gcc/f/fini.c 8 /home/phd/oliva/src/egcs/gcc/cp/lex.c 8 /home/phd/oliva/src/egcs/gcc/ch/actions.c 8 /home/phd/oliva/src/egcs/gcc/calls.c 7 /home/phd/oliva/src/egcs/gcc/tlink.c 7 /home/phd/oliva/src/egcs/gcc/rtl.c 7 /home/phd/oliva/src/egcs/gcc/reload.c 7 /home/phd/oliva/src/egcs/gcc/genpeep.c 7 /home/phd/oliva/src/egcs/gcc/genoutput.c 7 /home/phd/oliva/src/egcs/gcc/genemit.c 7 /home/phd/oliva/src/egcs/gcc/bitmap.c 6 cexp.y 6 /home/phd/oliva/src/egcs/gcc/reorg.c 6 /home/phd/oliva/src/egcs/gcc/java/jcf-io.c 6 /home/phd/oliva/src/egcs/gcc/genflags.c 6 /home/phd/oliva/src/egcs/gcc/genextract.c 6 /home/phd/oliva/src/egcs/gcc/genconfig.c 6 /home/phd/oliva/src/egcs/gcc/gencodes.c 6 /home/phd/oliva/src/egcs/gcc/genattr.c 6 /home/phd/oliva/src/egcs/gcc/cp/ptree.c 6 /home/phd/oliva/src/egcs/gcc/cp/decl.c 5 /home/phd/oliva/src/egcs/gcc/regmove.c 5 /home/phd/oliva/src/egcs/gcc/print-tree.c 5 /home/phd/oliva/src/egcs/gcc/print-rtl.c 5 /home/phd/oliva/src/egcs/gcc/jump.c 5 /home/phd/oliva/src/egcs/gcc/java/verify.c 5 /home/phd/oliva/src/egcs/gcc/gengenrtl.c 5 /home/phd/oliva/src/egcs/gcc/flow.c 5 /home/phd/oliva/src/egcs/gcc/f/intrin.c 5 /home/phd/oliva/src/egcs/gcc/f/com.c 5 /home/phd/oliva/src/egcs/gcc/dwarf2out.c 5 /home/phd/oliva/src/egcs/gcc/ch/lex.c 4 insn-emit.c 4 include/string.h 4 function.c 4 /home/phd/oliva/src/egcs/gcc/stmt.c 4 /home/phd/oliva/src/egcs/gcc/local-alloc.c 4 /home/phd/oliva/src/egcs/gcc/java/jv-scan.c 4 /home/phd/oliva/src/egcs/gcc/java/jcf-depend.c 4 /home/phd/oliva/src/egcs/gcc/graph.c 4 /home/phd/oliva/src/egcs/gcc/f/bad.c 4 /home/phd/oliva/src/egcs/gcc/expmed.c 3 insn-attrtab.c 3 /home/phd/oliva/src/egcs/gcc/tree.c 3 /home/phd/oliva/src/egcs/gcc/profile.c 3 /home/phd/oliva/src/egcs/gcc/java/parse.h 3 /home/phd/oliva/src/egcs/gcc/java/lex.h 3 /home/phd/oliva/src/egcs/gcc/java/jvgenmain.c 3 /home/phd/oliva/src/egcs/gcc/f/target.c 3 /home/phd/oliva/src/egcs/gcc/f/stw.c 3 /home/phd/oliva/src/egcs/gcc/f/storag.c 3 /home/phd/oliva/src/egcs/gcc/f/g77spec.c 3 /home/phd/oliva/src/egcs/gcc/explow.c 3 /home/phd/oliva/src/egcs/gcc/except.c 3 /home/phd/oliva/src/egcs/gcc/cppfiles.c 3 /home/phd/oliva/src/egcs/gcc/cppexp.c 3 /home/phd/oliva/src/egcs/gcc/cpperror.c 3 /home/phd/oliva/src/egcs/gcc/cp/repo.c 3 /home/phd/oliva/src/egcs/gcc/ch/grant.c 3 /home/phd/oliva/src/egcs/gcc/ch/decl.c 3 /home/phd/oliva/src/egcs/gcc/c-decl.c 3 /home/phd/oliva/src/egcs/gcc/c-common.c 3 /home/phd/oliva/src/egcs/gcc/alias.c 2 /usr/share/misc/bison.simple 2 /home/phd/oliva/src/egcs/gcc/stupid.c 2 /home/phd/oliva/src/egcs/gcc/scan.c 2 /home/phd/oliva/src/egcs/gcc/java/lang.c 2 /home/phd/oliva/src/egcs/gcc/java/decl.c 2 /home/phd/oliva/src/egcs/gcc/java/constants.c 2 /home/phd/oliva/src/egcs/gcc/haifa-sched.c 2 /home/phd/oliva/src/egcs/gcc/gencheck.c 2 /home/phd/oliva/src/egcs/gcc/gen-protos.c 2 /home/phd/oliva/src/egcs/gcc/gcse.c 2 /home/phd/oliva/src/egcs/gcc/f/src.c 2 /home/phd/oliva/src/egcs/gcc/f/lex.c 2 /home/phd/oliva/src/egcs/gcc/emit-rtl.c 2 /home/phd/oliva/src/egcs/gcc/cp/xref.c 2 /home/phd/oliva/src/egcs/gcc/cp/tree.c 2 /home/phd/oliva/src/egcs/gcc/cp/method.c 2 /home/phd/oliva/src/egcs/gcc/ch/lang.c 2 /home/phd/oliva/src/egcs/gcc/ch/expr.c 2 /home/phd/oliva/src/egcs/gcc/c-lang.c 1 splay-tree.c 1 obstack.c 1 insn-output.c 1 insn-extract.c 1 /usr/lib/bison.simple 1 /usr/cygnus/gnupro-98r2/share/bison.simple 1 /usr/cygnus/gnupro-98r1/share/bison.simple 1 /home/phd/oliva/src/egcs/gcc/stor-layout.c 1 /home/phd/oliva/src/egcs/gcc/scan-decls.c 1 /home/phd/oliva/src/egcs/gcc/sbitmap.c 1 /home/phd/oliva/src/egcs/gcc/rtlanal.c 1 /home/phd/oliva/src/egcs/gcc/resource.c 1 /home/phd/oliva/src/egcs/gcc/regclass.c 1 /home/phd/oliva/src/egcs/gcc/recog.c 1 /home/phd/oliva/src/egcs/gcc/real.c 1 /home/phd/oliva/src/egcs/gcc/java/typeck.c 1 /home/phd/oliva/src/egcs/gcc/java/jvspec.c 1 /home/phd/oliva/src/egcs/gcc/hash.c 1 /home/phd/oliva/src/egcs/gcc/global.c 1 /home/phd/oliva/src/egcs/gcc/f/where.c 1 /home/phd/oliva/src/egcs/gcc/f/stb.c 1 /home/phd/oliva/src/egcs/gcc/f/parse.c 1 /home/phd/oliva/src/egcs/gcc/f/expr.c 1 /home/phd/oliva/src/egcs/gcc/cp/typeck2.c 1 /home/phd/oliva/src/egcs/gcc/cp/sig.c 1 /home/phd/oliva/src/egcs/gcc/cp/search.c 1 /home/phd/oliva/src/egcs/gcc/cp/pt.c 1 /home/phd/oliva/src/egcs/gcc/cp/input.c 1 /home/phd/oliva/src/egcs/gcc/cp/init.c 1 /home/phd/oliva/src/egcs/gcc/cp/expr.c 1 /home/phd/oliva/src/egcs/gcc/cp/errfn.c 1 /home/phd/oliva/src/egcs/gcc/cp/cvt.c 1 /home/phd/oliva/src/egcs/gcc/ch/typeck.c 1 /home/phd/oliva/src/egcs/gcc/ch/tasking.c 1 /home/phd/oliva/src/egcs/gcc/ch/convert.c 1 /home/phd/oliva/src/egcs/gcc/caller-save.c 1 /home/phd/oliva/src/egcs/gcc/c-typeck.c 1 /home/phd/oliva/src/egcs/gcc/c-iterate.c 1 /home/phd/oliva/src/egcs/gcc/c-aux-info.c 1 ./parse-scan.y Number of warning types: 467 implicit declaration of function `???' 174 `???' might be used uninitialized in this function 71 unused parameter `???' 50 comparison between signed and unsigned 41 missing initializer 41 (near initialization for `???') 32 ??? format, ??? arg (arg ???) 27 variable `???' might be clobbered by `longjmp' or `vfork' 23 enumeration value `???' not handled in switch 22 statement with no effect 21 unused variable `???' 6 initialization from incompatible pointer type 6 `???' declared `static' but never defined 5 argument `???' might be clobbered by `longjmp' or `vfork' 4 conflicting types for built-in function `???' 3 empty body in an else-statement 2 control reaches end of non-void function 1 value computed is not used 1 passing arg ??? of `???' discards qualifiers from pointer target type 1 label `???' defined but not used 1 assignment from incompatible pointer type 1 `???' defined but not used