This is the mail archive of the egcs-testresults@egcs.cygnus.com mailing list for the EGCS project. See the EGCS home page for more information.
Native configuration is i586-pc-linux-gnu === libio tests === Running target unix === libio Summary === # of expected passes 40 === libstdc++ tests === Running target unix === libstdc++ Summary === # of expected passes 30 === gcc tests === Running target unix FAIL: gcc.c-torture/execute/980526-1.c execution, -O2 -fomit-frame-pointer -finline-functions FAIL: gcc.c-torture/execute/ieee/980619-1.c execution, -O1 FAIL: gcc.c-torture/execute/ieee/980619-1.c execution, -O2 FAIL: gcc.c-torture/execute/ieee/980619-1.c execution, -O2 -fomit-frame-pointer -finline-functions FAIL: gcc.c-torture/execute/ieee/980619-1.c execution, -O2 -fomit-frame-pointer -finline-functions -funroll-loops FAIL: gcc.c-torture/execute/ieee/980619-1.c execution, -O2 -fomit-frame-pointer -finline-functions -funroll-all-loops FAIL: gcc.c-torture/execute/ieee/980619-1.c execution, -O2 -g FAIL: gcc.c-torture/execute/ieee/980619-1.c execution, -Os FAIL: gcc.dg/980626-1.c (test for excess errors) FAIL: gcc.dg/clobbers.c execution test === gcc Summary === # of expected passes 7497 # of unexpected failures 10 # of expected failures 7 # of unsupported tests 11 /project/egcs/obj-i586-linux-gnu/gcc/xgcc version egcs-2.91.61 19990216 (egcs-1.1.2 pre-release-1) === g++ tests === Running target unix FAIL: g++.law/arm13.C (test for excess errors) === g++ Summary === # of expected passes 4220 # of unexpected failures 1 # of expected failures 86 # of untested testcases 7 /project/egcs/obj-i586-linux-gnu/gcc/testsuite/../xgcc version egcs-2.91.61 19990216 (egcs-1.1.2 pre-release-1) Compiler version: haifa-enabled egcs-2.91.61 19990216 (egcs-1.1.2 pre-release-1) Platform: i586-pc-linux-gnu configure flags: --with-gcc-version-trigger=/project/egcs/egcs-1.1.2-pre1/gcc/version.c --enable-shared --enable-haifa --enable-threads --verbose --host=i586-linux-gnu --norecursion BOOT_CFLAGS=-O2