This is the mail archive of the egcs-testresults@egcs.cygnus.com mailing list for the EGCS project. See the EGCS home page for more information.
Compiler version: egcs-2.91.61 19990216 (egcs-1.1.2 pre-release) Platform: i586-pc-linux-gnu Compiler version: egcs-2.93.05 19990208 (gcc2 ss-980929 experimental) Platform: i586-pc-linux-gnu Sources: - egcs-1.1.2 pre-rel. from CVS "egcs_1_1_branch" last updated at 1999/02/16 12:14:23 +0100 - libg++-2.8.1.2a-19990116 (not yet available) Patches: [1]: `PATCH for fixing broken symbolic links with the new library interface' from <manfred@s-direktnet.de>. [2]: `PATCH to avoid building unwanted langs/compilers' from <manfred@s-direktnet.de>. [3]: `Upcoming egcs-1.1.2 release' patch to increment the version number from <manfred@s-direktnet.de>. Environment: - autoconf-2.13 - automake-1.3 - GNU binutils-2.9.1 + Ian Lance Taylor's patch to gas/ehopt.c + my patch to make GNU ld work on i386-pc-solaris2.7 - dejagnu-19981026 + look_for_dir_with_trigger patch - gperf-2.7 + gperf-2.7-19981006.pat - RedHat Linux 5.2 + recommended updates as of today - Kernel 2.2.1 (compiled by "gcc version egcs-2.91.60 19981201 (egcs-1.1.1 release)") - glibc-2.0.7-29 - glibc-devel-2.0.7-29 Remarks: None. configure flags: --with-gcc-version-trigger=/home/gnu/work/GNU/egcs-1.1.2-19990216/gcc/version.c --host=i586-linux --srcdir=../egcs-1.1.2-19990216 --prefix=/tools/gnu --with-gnu-as --with-gnu-ld --enable-shared --enable-version-specific-runtime-libs --with-local-prefix=/tools/gnu --enable-languages=c,gcov,c++ --enable-nls --verbose --norecursion BOOT_CC: gcc version egcs-2.91.60 19981201 (egcs-1.1.1 release) BOOT_CFLAGS: -O9 -funroll-all-loops -g -march=pentium -mcpu=pentium -fomit-frame-pointer -W -Wall CFLAGS: -O9 -march=pentium -mcpu=pentium -fomit-frame-pointer -g CXXFLAGS: -O9 -march=pentium -mcpu=pentium -fomit-frame-pointer -g Native configuration is i586-pc-linux-gnu === libio tests === Running target unix === libio Summary === # of expected passes 40 === libstdc++ tests === Running target unix === libstdc++ Summary === # of expected passes 30 === libg++ tests === Running target unix === libg++ Summary === # of expected passes 72 === gcc tests === Running target unix FAIL: gcc.c-torture/execute/980526-1.c execution, -O2 -fomit-frame-pointer -finline-functions FAIL: gcc.c-torture/execute/ieee/980619-1.c execution, -O1 FAIL: gcc.c-torture/execute/ieee/980619-1.c execution, -O2 FAIL: gcc.c-torture/execute/ieee/980619-1.c execution, -O2 -fomit-frame-pointer -finline-functions FAIL: gcc.c-torture/execute/ieee/980619-1.c execution, -O2 -fomit-frame-pointer -finline-functions -funroll-loops FAIL: gcc.c-torture/execute/ieee/980619-1.c execution, -O2 -fomit-frame-pointer -finline-functions -funroll-all-loops FAIL: gcc.c-torture/execute/ieee/980619-1.c execution, -O2 -g FAIL: gcc.c-torture/execute/ieee/980619-1.c execution, -Os FAIL: gcc.dg/980626-1.c (test for excess errors) FAIL: gcc.dg/clobbers.c execution test === gcc Summary === # of expected passes 7497 # of unexpected failures 10 # of expected failures 7 # of unsupported tests 11 /home3/gnu/work/GNU/egcs-1.1.2-19990216-i586-linux/gcc/xgcc version egcs-2.91.61 19990216 (egcs-1.1.2 pre-release) === g++ tests === Running target unix === g++ Summary === # of expected passes 4222 # of expected failures 85 # of untested testcases 7 /home3/gnu/work/GNU/egcs-1.1.2-19990216-i586-linux/gcc/testsuite/../xgcc version egcs-2.91.61 19990216 (egcs-1.1.2 pre-release) There are 0 warnings in stage3 of this bootstrap. Number of warnings per file: Number of warning types: