This is the mail archive of the egcs-testresults@egcs.cygnus.com mailing list for the EGCS project. See the EGCS home page for more information.
Results for egcs-2.93.08 19990214 (gcc2 ss-980929 experimental) testsuite on hppa1.1-hp-hpux9.04 Native configuration is hppa1.1-hp-hpux9.04 === libio tests === Running target unix === libio Summary === # of expected passes 40 === libstdc++ tests === Running target unix FAIL: tstring.cc execution FAIL: tstring.cc -O execution === libstdc++ Summary === # of expected passes 26 # of unexpected failures 2 # of expected failures 2 === gcc tests === Running target unix FAIL: gcc.c-torture/execute/980716-1.c execution, -O0 FAIL: gcc.c-torture/execute/990119-1.c execution, -O0 FAIL: gcc.c-torture/execute/990119-1.c execution, -O1 FAIL: gcc.c-torture/execute/990119-1.c execution, -O2 FAIL: gcc.c-torture/execute/990119-1.c execution, -O2 -fomit-frame-pointer -finline-functions FAIL: gcc.c-torture/execute/990119-1.c execution, -O2 -g FAIL: gcc.c-torture/execute/990119-1.c execution, -Os FAIL: gcc.c-torture/execute/990130-1.c compilation, -O0 FAIL: gcc.c-torture/execute/990130-1.c compilation, -O1 FAIL: gcc.c-torture/execute/990130-1.c compilation, -O2 FAIL: gcc.c-torture/execute/990130-1.c compilation, -O2 -fomit-frame-pointer -finline-functions FAIL: gcc.c-torture/execute/990130-1.c compilation, -O2 -g FAIL: gcc.c-torture/execute/990130-1.c compilation, -Os FAIL: gcc.c-torture/execute/strct-stdarg-1.c execution, -O0 FAIL: gcc.c-torture/execute/strct-stdarg-1.c execution, -O1 FAIL: gcc.c-torture/execute/strct-stdarg-1.c execution, -O2 FAIL: gcc.c-torture/execute/strct-stdarg-1.c execution, -O2 -fomit-frame-pointer -finline-functions FAIL: gcc.c-torture/execute/strct-stdarg-1.c execution, -O2 -fomit-frame-pointer -finline-functions -funroll-loops FAIL: gcc.c-torture/execute/strct-stdarg-1.c execution, -O2 -fomit-frame-pointer -finline-functions -funroll-all-loops FAIL: gcc.c-torture/execute/strct-stdarg-1.c execution, -O2 -g FAIL: gcc.c-torture/execute/strct-stdarg-1.c execution, -Os FAIL: gcc.c-torture/execute/ieee/fp-cmp-1.c execution, -O0 FAIL: gcc.c-torture/execute/ieee/mzero2.c execution, -O1 FAIL: gcc.c-torture/execute/ieee/mzero2.c execution, -O2 FAIL: gcc.c-torture/execute/ieee/mzero2.c execution, -O2 -fomit-frame-pointer -finline-functions FAIL: gcc.c-torture/execute/ieee/mzero2.c execution, -O2 -g FAIL: gcc.c-torture/execute/ieee/mzero2.c execution, -Os FAIL: gcc.c-torture/noncompile/951227-1.c FAIL: gcc.c-torture/special/981006-1.c (test for bogus messages, line 11) FAIL: gcc.c-torture/special/981006-1.c (test for bogus messages, line 12) FAIL: gcc.dg/cpp-if1.c invalid number (test for errors, line 12) FAIL: gcc.dg/cpp-if1.c invalid number (test for errors, line 15) FAIL: gcc.dg/cpp-if1.c invalid number (test for errors, line 18) FAIL: gcc.dg/cpp-if1.c floating point in #if (test for errors, line 21) FAIL: gcc.dg/cpp-if1.c too many suffixes (test for errors, line 24) FAIL: gcc.dg/cpp-if1.c too many suffixes (test for errors, line 27) FAIL: gcc.dg/cpp-if1.c (test for excess errors) FAIL: gcc.misc-tests/m-un-2.c warning regression (test for warnings, line 18) FAIL: gcc.misc-tests/m-un-2.c warning regression (test for warnings, line 23) FAIL: gcc.misc-tests/m-un-2.c (test for excess errors) === gcc Summary === # of expected passes 7948 # of unexpected failures 40 # of expected failures 19 # of unresolved testcases 6 # of unsupported tests 23 /user4/vsb/rdb/egcs-19990214.obj/gcc/xgcc version egcs-2.93.08 19990214 (gcc2 ss-980929 experimental) === g++ tests === Running target unix XPASS: g++.mike/eh33.C (test for excess errors) XPASS: g++.mike/eh33.C Execution test XPASS: g++.mike/eh50.C (test for excess errors) XPASS: g++.mike/eh50.C Execution test FAIL: g++.pt/expr3.C (test for excess errors) XPASS: g++.pt/instantiate6.C (test for excess errors) FAIL: g++.pt/static3.C (test for excess errors) === g++ Summary === # of expected passes 4847 # of unexpected failures 2 # of unexpected successes 5 # of expected failures 88 # of untested testcases 7 /user4/vsb/rdb/egcs-19990214.obj/gcc/testsuite/../xgcc version egcs-2.93.08 19990214 (gcc2 ss-980929 experimental) === g77 tests === Running target unix FAIL: g77.f-torture/compile/980310-2.f, -O0 FAIL: g77.f-torture/compile/980310-2.f, -O1 FAIL: g77.f-torture/compile/980310-2.f, -O2 FAIL: g77.f-torture/compile/980310-2.f, -O2 -fomit-frame-pointer -finline-functions FAIL: g77.f-torture/compile/980310-2.f, -Os FAIL: g77.f-torture/compile/alpha1.f, -O0 FAIL: g77.f-torture/compile/alpha1.f, -O1 FAIL: g77.f-torture/compile/alpha1.f, -O2 FAIL: g77.f-torture/compile/alpha1.f, -O2 -fomit-frame-pointer -finline-functions FAIL: g77.f-torture/compile/alpha1.f, -Os FAIL: g77.f-torture/execute/980628-0.f compilation, -O0 FAIL: g77.f-torture/execute/980628-0.f compilation, -O1 FAIL: g77.f-torture/execute/980628-0.f compilation, -O2 FAIL: g77.f-torture/execute/980628-0.f compilation, -O2 -fomit-frame-pointer -finline-functions FAIL: g77.f-torture/execute/980628-0.f compilation, -Os FAIL: g77.f-torture/execute/980628-1.f compilation, -O0 FAIL: g77.f-torture/execute/980628-1.f compilation, -O1 FAIL: g77.f-torture/execute/980628-1.f compilation, -O2 FAIL: g77.f-torture/execute/980628-1.f compilation, -O2 -fomit-frame-pointer -finline-functions FAIL: g77.f-torture/execute/980628-1.f compilation, -Os FAIL: g77.f-torture/execute/980628-10.f compilation, -O0 FAIL: g77.f-torture/execute/980628-10.f compilation, -O1 FAIL: g77.f-torture/execute/980628-10.f compilation, -O2 FAIL: g77.f-torture/execute/980628-10.f compilation, -O2 -fomit-frame-pointer -finline-functions FAIL: g77.f-torture/execute/980628-10.f compilation, -Os FAIL: g77.f-torture/execute/980628-2.f compilation, -O0 FAIL: g77.f-torture/execute/980628-2.f compilation, -O1 FAIL: g77.f-torture/execute/980628-2.f compilation, -O2 FAIL: g77.f-torture/execute/980628-2.f compilation, -O2 -fomit-frame-pointer -finline-functions FAIL: g77.f-torture/execute/980628-2.f compilation, -Os FAIL: g77.f-torture/execute/980628-3.f compilation, -O0 FAIL: g77.f-torture/execute/980628-3.f compilation, -O1 FAIL: g77.f-torture/execute/980628-3.f compilation, -O2 FAIL: g77.f-torture/execute/980628-3.f compilation, -O2 -fomit-frame-pointer -finline-functions FAIL: g77.f-torture/execute/980628-3.f compilation, -Os FAIL: g77.f-torture/execute/980628-4.f compilation, -O0 FAIL: g77.f-torture/execute/980628-4.f compilation, -O1 FAIL: g77.f-torture/execute/980628-4.f compilation, -O2 FAIL: g77.f-torture/execute/980628-4.f compilation, -O2 -fomit-frame-pointer -finline-functions FAIL: g77.f-torture/execute/980628-4.f compilation, -Os FAIL: g77.f-torture/execute/980628-5.f compilation, -O0 FAIL: g77.f-torture/execute/980628-5.f compilation, -O1 FAIL: g77.f-torture/execute/980628-5.f compilation, -O2 FAIL: g77.f-torture/execute/980628-5.f compilation, -O2 -fomit-frame-pointer -finline-functions FAIL: g77.f-torture/execute/980628-5.f compilation, -Os FAIL: g77.f-torture/execute/980628-6.f compilation, -O0 FAIL: g77.f-torture/execute/980628-6.f compilation, -O1 FAIL: g77.f-torture/execute/980628-6.f compilation, -O2 FAIL: g77.f-torture/execute/980628-6.f compilation, -O2 -fomit-frame-pointer -finline-functions FAIL: g77.f-torture/execute/980628-6.f compilation, -Os FAIL: g77.f-torture/execute/980628-7.f compilation, -O0 FAIL: g77.f-torture/execute/980628-7.f compilation, -O1 FAIL: g77.f-torture/execute/980628-7.f compilation, -O2 FAIL: g77.f-torture/execute/980628-7.f compilation, -O2 -fomit-frame-pointer -finline-functions FAIL: g77.f-torture/execute/980628-7.f compilation, -Os FAIL: g77.f-torture/execute/980628-8.f compilation, -O0 FAIL: g77.f-torture/execute/980628-8.f compilation, -O1 FAIL: g77.f-torture/execute/980628-8.f compilation, -O2 FAIL: g77.f-torture/execute/980628-8.f compilation, -O2 -fomit-frame-pointer -finline-functions FAIL: g77.f-torture/execute/980628-8.f compilation, -Os FAIL: g77.f-torture/execute/980628-9.f compilation, -O0 FAIL: g77.f-torture/execute/980628-9.f compilation, -O1 FAIL: g77.f-torture/execute/980628-9.f compilation, -O2 FAIL: g77.f-torture/execute/980628-9.f compilation, -O2 -fomit-frame-pointer -finline-functions FAIL: g77.f-torture/execute/980628-9.f compilation, -Os FAIL: g77.f-torture/execute/980701-0.f compilation, -O0 FAIL: g77.f-torture/execute/980701-0.f compilation, -O1 FAIL: g77.f-torture/execute/980701-0.f compilation, -O2 FAIL: g77.f-torture/execute/980701-0.f compilation, -O2 -fomit-frame-pointer -finline-functions FAIL: g77.f-torture/execute/980701-0.f compilation, -Os FAIL: g77.f-torture/execute/980701-1.f compilation, -O0 FAIL: g77.f-torture/execute/980701-1.f compilation, -O1 FAIL: g77.f-torture/execute/980701-1.f compilation, -O2 FAIL: g77.f-torture/execute/980701-1.f compilation, -O2 -fomit-frame-pointer -finline-functions FAIL: g77.f-torture/execute/980701-1.f compilation, -Os FAIL: g77.f-torture/execute/alpha2.f compilation, -O0 FAIL: g77.f-torture/execute/alpha2.f compilation, -O1 FAIL: g77.f-torture/execute/alpha2.f compilation, -O2 FAIL: g77.f-torture/execute/alpha2.f compilation, -O2 -fomit-frame-pointer -finline-functions FAIL: g77.f-torture/execute/alpha2.f compilation, -Os FAIL: g77.f-torture/execute/auto0.f compilation, -O0 FAIL: g77.f-torture/execute/auto0.f compilation, -O1 FAIL: g77.f-torture/execute/auto0.f compilation, -O2 FAIL: g77.f-torture/execute/auto0.f compilation, -O2 -fomit-frame-pointer -finline-functions FAIL: g77.f-torture/execute/auto0.f compilation, -O2 -fomit-frame-pointer -finline-functions -funroll-loops FAIL: g77.f-torture/execute/auto0.f compilation, -O2 -fomit-frame-pointer -finline-functions -funroll-all-loops FAIL: g77.f-torture/execute/auto0.f compilation, -Os FAIL: g77.f-torture/execute/auto1.f compilation, -O0 FAIL: g77.f-torture/execute/auto1.f compilation, -O1 FAIL: g77.f-torture/execute/auto1.f compilation, -O2 FAIL: g77.f-torture/execute/auto1.f compilation, -O2 -fomit-frame-pointer -finline-functions FAIL: g77.f-torture/execute/auto1.f compilation, -O2 -fomit-frame-pointer -finline-functions -funroll-loops FAIL: g77.f-torture/execute/auto1.f compilation, -O2 -fomit-frame-pointer -finline-functions -funroll-all-loops FAIL: g77.f-torture/execute/auto1.f compilation, -Os FAIL: g77.f-torture/execute/short.f compilation, -O0 FAIL: g77.f-torture/execute/short.f compilation, -O1 FAIL: g77.f-torture/execute/short.f compilation, -O2 FAIL: g77.f-torture/execute/short.f compilation, -O2 -fomit-frame-pointer -finline-functions FAIL: g77.f-torture/execute/short.f compilation, -O2 -fomit-frame-pointer -finline-functions -funroll-loops FAIL: g77.f-torture/execute/short.f compilation, -O2 -fomit-frame-pointer -finline-functions -funroll-all-loops FAIL: g77.f-torture/execute/short.f compilation, -Os === g77 Summary === # of expected passes 280 # of unexpected failures 101 # of untested testcases 91 === objc tests === Running target unix === objc Summary === # of expected passes 38 /user4/vsb/rdb/egcs-19990214.obj/gcc/xgcc version egcs-2.93.08 19990214 (gcc2 ss-980929 experimental) Compiler version: egcs-2.93.08 19990214 (gcc2 ss-980929 experimental) Platform: hppa1.1-hp-hpux9.04 configure flags: --with-gcc-version-trigger=/user4/vsb/rdb/egcs-19990214/gcc/version.c --host=hppa1.1-hp-hpux9.04 --with-gnu-as --norecursion Counting all warnings, there are 684 warnings in stage3 of this bootstrap. Number of warnings per file: 65 ../../egcs-19990214/gcc/toplev.c 37 ../../egcs-19990214/gcc/cse.c 37 ../../egcs-19990214/gcc/combine.c 31 ../../egcs-19990214/gcc/expmed.c 29 ../../egcs-19990214/gcc/optabs.c 25 ../../../egcs-19990214/gcc/java/lex.c 24 ../../egcs-19990214/gcc/expr.c 22 ../../../egcs-19990214/gcc/java/jcf-parse.c 20 ../../egcs-19990214/gcc/reload1.c 19 ../../egcs-19990214/gcc/config/pa/pa.c 18 ../../egcs-19990214/gcc/calls.c 16 ../../egcs-19990214/gcc/integrate.c 16 ../../../egcs-19990214/gcc/java/jcf-reader.c 15 ../../egcs-19990214/gcc/objc/objc-act.c 14 ../../egcs-19990214/gcc/c-common.c 13 ./parse.y 13 ../../egcs-19990214/gcc/recog.c 12 ../../egcs-19990214/gcc/unroll.c 12 ../../../egcs-19990214/gcc/java/jcf-write.c 12 ../../../egcs-19990214/gcc/java/javaop.def 11 ../../egcs-19990214/gcc/function.c 11 ../../../egcs-19990214/gcc/java/jcf-dump.c 10 ../../egcs-19990214/gcc/varasm.c 10 ../../egcs-19990214/gcc/fold-const.c 10 ../../../egcs-19990214/gcc/java/expr.c 10 ../../../egcs-19990214/gcc/f/com.c 9 ../../egcs-19990214/gcc/reload.c 9 ../../egcs-19990214/gcc/loop.c 9 ../../../egcs-19990214/gcc/java/class.c 8 ../../../egcs-19990214/gcc/java/gjavah.c 7 ../../egcs-19990214/gcc/c-lex.c 7 ../../../egcs-19990214/gcc/java/typeck.c 6 ../../egcs-19990214/gcc/stmt.c 6 ../../egcs-19990214/gcc/emit-rtl.c 6 ../../egcs-19990214/gcc/cccp.c 6 ../../../egcs-19990214/gcc/cp/lex.c 5 ../../egcs-19990214/gcc/final.c 5 ../../egcs-19990214/gcc/dbxout.c 5 ../../egcs-19990214/gcc/collect2.c 5 ../../../egcs-19990214/gcc/java/verify.c 4 cexp.y 4 ../../egcs-19990214/gcc/regmove.c 4 ../../egcs-19990214/gcc/protoize.c 3 gcj.c 3 g77.c 3 g++.c 3 ../../egcs-19990214/gcc/local-alloc.c 3 ../../egcs-19990214/gcc/genopinit.c 3 ../../egcs-19990214/gcc/gcc.c 3 ../../egcs-19990214/gcc/explow.c 3 ../../../egcs-19990214/gcc/java/parse.h 3 ../../../egcs-19990214/gcc/java/lex.h 3 ../../../egcs-19990214/gcc/java/decl.c 2 insn-recog.c 2 ./parse-scan.y 2 ../../egcs-19990214/gcc/tree.c 2 ../../egcs-19990214/gcc/genattrtab.c 2 ../../egcs-19990214/gcc/gcov.c 2 ../../egcs-19990214/gcc/flow.c 2 ../../egcs-19990214/gcc/fix-header.c 2 ../../egcs-19990214/gcc/cppexp.c 2 ../../egcs-19990214/gcc/c-decl.c 1 splay-tree.c 1 insn-attrtab.c 1 cxxmain.c 1 ../../egcs-19990214/gcc/tlink.c 1 ../../egcs-19990214/gcc/stupid.c 1 ../../egcs-19990214/gcc/scan-decls.c 1 ../../egcs-19990214/gcc/regclass.c 1 ../../egcs-19990214/gcc/java/jvspec.c 1 ../../egcs-19990214/gcc/hash.c 1 ../../egcs-19990214/gcc/graph.c 1 ../../egcs-19990214/gcc/genrecog.c 1 ../../egcs-19990214/gcc/gcov-io.h 1 ../../egcs-19990214/gcc/f/g77spec.c 1 ../../egcs-19990214/gcc/cpplib.c 1 ../../../egcs-19990214/gcc/java/jvgenmain.c 1 ../../../egcs-19990214/gcc/java/jcf-io.c 1 ../../../egcs-19990214/gcc/java/constants.c 1 ../../../egcs-19990214/gcc/cp/pt.c 1 ../../../egcs-19990214/gcc/cp/decl.c Number of warning types: 265 comparison between signed and unsigned 118 \`???' might be used uninitialized in this function 68 unused parameter \`???' 52 implicit declaration of function \`???' 29 missing initializer 29 (near initialization for \`???') 27 variable \`???' might be clobbered by \`longjmp' or \`vfork' 24 unused variable \`???' 22 statement with no effect 14 ??? format, ??? arg (arg ???) 10 passing arg ??? of \`???' from incompatible pointer type 6 value computed is not used 6 \`???' declared \`static' but never defined 5 argument \`???' might be clobbered by \`longjmp' or \`vfork' 3 left-hand operand of comma expression has no effect 3 \`???' defined but not used 1 passing arg ??? of \`???' discards qualifiers from pointer target type 1 label \`???' defined but not used 1 initialization from incompatible pointer type