This is the mail archive of the egcs-testresults@egcs.cygnus.com mailing list for the EGCS project. See the EGCS home page for more information.
Target is mips-sgi-irix6.2/-mabi=64 Host is mips-sgi-irix6.2 === gcc tests === Running target unix FAIL: gcc.c-torture/compile/920501-4.c, -O1 FAIL: gcc.c-torture/execute/990119-1.c execution, -O0 FAIL: gcc.c-torture/execute/990119-1.c execution, -O1 FAIL: gcc.c-torture/execute/990119-1.c execution, -O2 FAIL: gcc.c-torture/execute/990119-1.c execution, -O2 -fomit-frame-pointer -finline-functions FAIL: gcc.c-torture/execute/990119-1.c execution, -O2 -g FAIL: gcc.c-torture/execute/990119-1.c execution, -Os FAIL: gcc.c-torture/execute/990130-1.c compilation, -O0 FAIL: gcc.c-torture/execute/990130-1.c compilation, -O1 FAIL: gcc.c-torture/execute/990130-1.c compilation, -O2 FAIL: gcc.c-torture/execute/990130-1.c compilation, -O2 -fomit-frame-pointer -finline-functions FAIL: gcc.c-torture/execute/990130-1.c compilation, -O2 -g FAIL: gcc.c-torture/execute/990130-1.c compilation, -Os FAIL: gcc.c-torture/execute/complex-5.c execution, -O0 FAIL: gcc.c-torture/execute/complex-5.c execution, -O1 FAIL: gcc.c-torture/execute/complex-5.c execution, -O2 FAIL: gcc.c-torture/execute/complex-5.c execution, -O2 -fomit-frame-pointer -finline-functions FAIL: gcc.c-torture/execute/complex-5.c execution, -O2 -g FAIL: gcc.c-torture/execute/complex-5.c execution, -Os XPASS: gcc.c-torture/execute/memcheck/blkarg.c execution, -O0 XPASS: gcc.c-torture/execute/memcheck/blkarg.c execution, -O1 XPASS: gcc.c-torture/execute/memcheck/blkarg.c execution, -O2 XPASS: gcc.c-torture/execute/memcheck/blkarg.c execution, -O2 -g XPASS: gcc.c-torture/execute/memcheck/blkarg.c execution, -Os FAIL: gcc.c-torture/noncompile/951227-1.c FAIL: gcc.dg/cpp-if1.c invalid number (test for errors, line 12) FAIL: gcc.dg/cpp-if1.c invalid number (test for errors, line 15) FAIL: gcc.dg/cpp-if1.c invalid number (test for errors, line 18) FAIL: gcc.dg/cpp-if1.c floating point in #if (test for errors, line 21) FAIL: gcc.dg/cpp-if1.c too many suffixes (test for errors, line 24) FAIL: gcc.dg/cpp-if1.c too many suffixes (test for errors, line 27) FAIL: gcc.dg/cpp-if1.c (test for excess errors) FAIL: gcc.dg/special/alias-1.c (test for excess errors) FAIL: wkali-2b.o === gcc Summary === # of expected passes 7941 # of unexpected failures 29 # of unexpected successes 5 # of expected failures 8 # of unresolved testcases 6 # of unsupported tests 24 /exd4/billingd/tmp/egcs-19990214/bin/gcc version egcs-2.93.08 19990214 (gcc2 ss-980929 experimental) Host is mips-sgi-irix6.2 === g77 tests === Running target unix FAIL: g77.f-torture/compile/980419-2.f, -O0 FAIL: g77.f-torture/compile/980419-2.f, -O1 FAIL: g77.f-torture/compile/980419-2.f, -O2 FAIL: g77.f-torture/compile/980419-2.f, -O2 -fomit-frame-pointer -finline-functions FAIL: g77.f-torture/compile/980419-2.f, -O2 -fomit-frame-pointer -finline-functions -funroll-loops FAIL: g77.f-torture/compile/980419-2.f, -O2 -fomit-frame-pointer -finline-functions -funroll-all-loops FAIL: g77.f-torture/compile/980419-2.f, -Os FAIL: g77.f-torture/execute/970816-3.f execution, -O0 FAIL: g77.f-torture/execute/970816-3.f execution, -O1 FAIL: g77.f-torture/execute/970816-3.f execution, -O2 FAIL: g77.f-torture/execute/970816-3.f execution, -O2 -fomit-frame-pointer -finline-functions FAIL: g77.f-torture/execute/970816-3.f execution, -Os FAIL: g77.f-torture/execute/971102-1.f execution, -O0 FAIL: g77.f-torture/execute/971102-1.f execution, -O1 FAIL: g77.f-torture/execute/971102-1.f execution, -O2 FAIL: g77.f-torture/execute/971102-1.f execution, -O2 -fomit-frame-pointer -finline-functions FAIL: g77.f-torture/execute/971102-1.f execution, -O2 -fomit-frame-pointer -finline-functions -funroll-loops FAIL: g77.f-torture/execute/971102-1.f execution, -O2 -fomit-frame-pointer -finline-functions -funroll-all-loops FAIL: g77.f-torture/execute/971102-1.f execution, -Os FAIL: g77.f-torture/execute/io0.f execution, -O0 FAIL: g77.f-torture/execute/io0.f execution, -O1 FAIL: g77.f-torture/execute/io0.f execution, -O2 FAIL: g77.f-torture/execute/io0.f execution, -O2 -fomit-frame-pointer -finline-functions FAIL: g77.f-torture/execute/io0.f execution, -Os FAIL: g77.f-torture/execute/io1.f compilation, -O0 FAIL: g77.f-torture/execute/io1.f execution, -O1 FAIL: g77.f-torture/execute/io1.f execution, -O2 FAIL: g77.f-torture/execute/io1.f execution, -O2 -fomit-frame-pointer -finline-functions FAIL: g77.f-torture/execute/io1.f execution, -Os FAIL: g77.f-torture/execute/u77-test.f compilation, -O0 FAIL: g77.f-torture/execute/u77-test.f compilation, -O1 FAIL: g77.f-torture/execute/u77-test.f compilation, -O2 FAIL: g77.f-torture/execute/u77-test.f compilation, -O2 -fomit-frame-pointer -finline-functions FAIL: g77.f-torture/execute/u77-test.f compilation, -O2 -fomit-frame-pointer -finline-functions -funroll-loops FAIL: g77.f-torture/execute/u77-test.f compilation, -O2 -fomit-frame-pointer -finline-functions -funroll-all-loops FAIL: g77.f-torture/execute/u77-test.f compilation, -Os === g77 Summary === # of expected passes 428 # of unexpected failures 36 # of untested testcases 8 Host is mips-sgi-irix6.2 === g++ tests === Running target unix FAIL: g++.dg/special/conpr-1.C execution test FAIL: g++.dg/special/conpr-2.C execution test FAIL: g++.dg/special/conpr-3.C execution test FAIL: g++.dg/special/conpr-3.C execution test FAIL: g++.benjamin/p12475.C , (test for warnings, line 5) FAIL: g++.other/null1.C (test for excess errors) FAIL: g++.pt/expr3.C (test for excess errors) XPASS: g++.pt/instantiate6.C (test for excess errors) === g++ Summary === # of expected passes 4839 # of unexpected failures 7 # of unexpected successes 1 # of expected failures 89 # of untested testcases 11 /exd4/billingd/tmp/egcs-19990214/bin/g++ version egcs-2.93.08 19990214 (gcc2 ss-980929 experimental) Compiler version: haifa-enabled egcs-2.93.08 19990214 (gcc2 ss-980929 experimental) Platform: mips-sgi-irix6.2/-mabi configure flags: --with-gcc-version-trigger=/exd4/billingd/src/egcs-19990214/gcc/version.c --host=mips-sgi-irix6.2 --enable-shared --enable-haifa --prefix=/exd4/billingd/tmp/egcs-19990214 --norecursion