This is the mail archive of the egcs-testresults@egcs.cygnus.com mailing list for the EGCS project. See the EGCS home page for more information.
Native configuration is sparc-sun-sunos4.1.4 === libio tests === Running target unix === libio Summary === # of expected passes 40 === libstdc++ tests === Running target unix === libstdc++ Summary === # of expected passes 30 === gcc tests === Running target unix FAIL: gcc.c-torture/compile/920623-1.c, -O2 FAIL: gcc.c-torture/compile/920623-1.c, -Os FAIL: gcc.c-torture/compile/921206-1.c, -O1 FAIL: gcc.c-torture/compile/921206-1.c, -O2 FAIL: gcc.c-torture/compile/921206-1.c, -O2 -fomit-frame-pointer -finline-functions FAIL: gcc.c-torture/compile/921206-1.c, -O2 -fomit-frame-pointer -finline-functions -funroll-loops FAIL: gcc.c-torture/compile/921206-1.c, -O2 -fomit-frame-pointer -finline-functions -funroll-all-loops FAIL: gcc.c-torture/compile/921206-1.c, -O2 -g FAIL: gcc.c-torture/compile/921206-1.c, -Os FAIL: gcc.c-torture/execute/990119-1.c execution, -O0 FAIL: gcc.c-torture/execute/990119-1.c execution, -O1 FAIL: gcc.c-torture/execute/990119-1.c execution, -O2 FAIL: gcc.c-torture/execute/990119-1.c execution, -O2 -fomit-frame-pointer -finline-functions FAIL: gcc.c-torture/execute/990119-1.c execution, -O2 -g FAIL: gcc.c-torture/execute/990119-1.c execution, -Os FAIL: gcc.c-torture/execute/990130-1.c compilation, -O0 FAIL: gcc.c-torture/execute/990130-1.c compilation, -O1 FAIL: gcc.c-torture/execute/990130-1.c compilation, -O2 FAIL: gcc.c-torture/execute/990130-1.c compilation, -O2 -fomit-frame-pointer -finline-functions FAIL: gcc.c-torture/execute/990130-1.c compilation, -O2 -g FAIL: gcc.c-torture/execute/990130-1.c compilation, -Os FAIL: gcc.c-torture/noncompile/951227-1.c FAIL: gcc.dg/cpp-if1.c invalid number (test for errors, line 12) FAIL: gcc.dg/cpp-if1.c invalid number (test for errors, line 15) FAIL: gcc.dg/cpp-if1.c invalid number (test for errors, line 18) FAIL: gcc.dg/cpp-if1.c floating point in #if (test for errors, line 21) FAIL: gcc.dg/cpp-if1.c too many suffixes (test for errors, line 24) FAIL: gcc.dg/cpp-if1.c too many suffixes (test for errors, line 27) FAIL: gcc.dg/cpp-if1.c (test for excess errors) FAIL: gcc.misc-tests/m-un-2.c warning regression (test for warnings, line 18) FAIL: gcc.misc-tests/m-un-2.c warning regression (test for warnings, line 23) FAIL: gcc.misc-tests/m-un-2.c (test for excess errors) === gcc Summary === # of expected passes 7931 # of unexpected failures 32 # of expected failures 19 # of untested testcases 6 # of unsupported tests 21 /usr/local/x86srvr1/WORKSPACE5/schuld/EGCS/egcs-19990208-sunos/gcc/xgcc version egcs-2.93.06 19990208 (gcc2 ss-980929 experimental) === g++ tests === Running target unix FAIL: g++.brendan/asm-extn1.C caused compiler crash FAIL: g++.pt/explicit73.C (test for excess errors) XPASS: g++.pt/instantiate6.C (test for excess errors) FAIL: g++.pt/static3.C (test for excess errors) === g++ Summary === # of expected passes 4849 # of unexpected failures 3 # of unexpected successes 1 # of expected failures 88 # of untested testcases 6 /usr/local/x86srvr1/WORKSPACE5/schuld/EGCS/egcs-19990208-sunos/gcc/testsuite/../xgcc version egcs-2.93.06 19990208 (gcc2 ss-980929 experimental) === g77 tests === Running target unix FAIL: g77.f-torture/execute/auto0.f execution, -O2 -fomit-frame-pointer -finline-functions -funroll-loops FAIL: g77.f-torture/execute/auto0.f execution, -O2 -fomit-frame-pointer -finline-functions -funroll-all-loops FAIL: g77.f-torture/execute/auto1.f execution, -O2 -fomit-frame-pointer -finline-functions -funroll-loops FAIL: g77.f-torture/execute/auto1.f execution, -O2 -fomit-frame-pointer -finline-functions -funroll-all-loops FAIL: g77.f-torture/execute/u77-test.f execution, -O0 FAIL: g77.f-torture/execute/u77-test.f execution, -O1 FAIL: g77.f-torture/execute/u77-test.f execution, -O2 FAIL: g77.f-torture/execute/u77-test.f execution, -O2 -fomit-frame-pointer -finline-functions FAIL: g77.f-torture/execute/u77-test.f execution, -O2 -fomit-frame-pointer -finline-functions -funroll-loops FAIL: g77.f-torture/execute/u77-test.f execution, -O2 -fomit-frame-pointer -finline-functions -funroll-all-loops FAIL: g77.f-torture/execute/u77-test.f execution, -Os === g77 Summary === # of expected passes 461 # of unexpected failures 11 === objc tests === Running target unix === objc Summary === # of expected passes 38 /usr/local/x86srvr1/WORKSPACE5/schuld/EGCS/egcs-19990208-sunos/gcc/xgcc version egcs-2.93.06 19990208 (gcc2 ss-980929 experimental) Compiler version: haifa-enabled egcs-2.93.06 19990208 (gcc2 ss-980929 experimental) Platform: sparc-sun-sunos4.1.4 configure flags: --with-gcc-version-trigger=/usr/local/x86srvr1/WORKSPACE5/schuld/EGCS/egcs-19990208/gcc/version.c --host=sparc-sun-sunos4.1.4 --prefix=/afs/btv.ibm.com/data/n37v/software/gnu-sunos/egcs --with-gnu-as --with-gnu-ld --enable-haifa --enable-multilib --norecursion Counting all warnings, there are 1012 warnings in stage3 of this bootstrap. Number of warnings per file: 104 ../../egcs/gcc/toplev.c 30 ../../../egcs/gcc/java/lex.c 26 ../../egcs/gcc/config/sparc/sparc.c 24 ../../../egcs/gcc/java/jcf-parse.c 20 ../../egcs/gcc/objc/objc-act.c 17 ../../egcs/gcc/integrate.c 17 ../../egcs/gcc/cccp.c 17 ../../../egcs/gcc/java/jcf-reader.c 16 ../../../egcs/gcc/java/jcf-write.c 15 ../../egcs/gcc/collect2.c 15 ../../../egcs/gcc/java/jcf-dump.c 14 ./parse.y 14 ../../egcs/gcc/varasm.c 14 ../../egcs/gcc/cse.c 13 ../../egcs/gcc/final.c 13 ../../../egcs/gcc/java/gjavah.c 12 ../../../egcs/gcc/java/javaop.def 11 ../../egcs/gcc/reload1.c 11 ../../egcs/gcc/genopinit.c 11 ../../egcs/gcc/fold-const.c 11 ../../egcs/gcc/cpplib.c 11 ../../egcs/gcc/c-lex.c 11 ../../../egcs/gcc/java/expr.c 10 include/string.h 10 gcj.c 10 g77.c 10 g++.c 10 ../../egcs/gcc/unroll.c 10 ../../egcs/gcc/genattrtab.c 10 ../../egcs/gcc/gcc.c 10 ../../egcs/gcc/dbxout.c 9 ../../egcs/gcc/loop.c 9 ../../egcs/gcc/gcov-io.h 9 ../../egcs/gcc/combine.c 9 ../../../egcs/gcc/java/class.c 8 pexecute.c 8 cxxmain.c 8 ../../egcs/gcc/protoize.c 8 ../../egcs/gcc/optabs.c 8 ../../egcs/gcc/genrecog.c 8 ../../egcs/gcc/gcov.c 8 ../../egcs/gcc/fix-header.c 8 ../../egcs/gcc/expr.c 8 ../../egcs/gcc/calls.c 8 ../../../egcs/gcc/f/fini.c 8 ../../../egcs/gcc/cp/lex.c 7 ../../egcs/gcc/tlink.c 7 ../../egcs/gcc/rtl.c 7 ../../egcs/gcc/reload.c 7 ../../egcs/gcc/genpeep.c 7 ../../egcs/gcc/genoutput.c 7 ../../egcs/gcc/genemit.c 7 ../../egcs/gcc/bitmap.c 7 ../../../egcs/gcc/java/parse.h 7 ../../../egcs/gcc/cp/decl.c 6 cexp.y 6 ../../egcs/gcc/genflags.c 6 ../../egcs/gcc/genextract.c 6 ../../egcs/gcc/genconfig.c 6 ../../egcs/gcc/gencodes.c 6 ../../egcs/gcc/genattr.c 6 ../../../egcs/gcc/java/jcf-io.c 6 ../../../egcs/gcc/cp/ptree.c 5 ../../egcs/gcc/regmove.c 5 ../../egcs/gcc/print-tree.c 5 ../../egcs/gcc/print-rtl.c 5 ../../egcs/gcc/flow.c 5 ../../../egcs/gcc/java/verify.c 5 ../../../egcs/gcc/f/com.c 5 ../../../egcs/gcc/ch/lex.c 5 ../../../egcs/gcc/ch/actions.c 4 insn-emit.c 4 ../../egcs/gcc/tree.c 4 ../../egcs/gcc/system.h 4 ../../egcs/gcc/stmt.c 4 ../../egcs/gcc/local-alloc.c 4 ../../egcs/gcc/intl.h 4 ../../egcs/gcc/graph.c 4 ../../egcs/gcc/gengenrtl.c 4 ../../egcs/gcc/function.c 4 ../../egcs/gcc/expmed.c 4 ../../egcs/gcc/dwarf2out.c 4 ../../../egcs/gcc/java/jv-scan.c 4 ../../../egcs/gcc/java/jcf-depend.c 4 ../../../egcs/gcc/java/../tree.h 4 ../../../egcs/gcc/f/bad.c 3 insn-attrtab.c 3 getopt.c 3 ../../egcs/gcc/profile.c 3 ../../egcs/gcc/f/g77spec.c 3 ../../egcs/gcc/explow.c 3 ../../egcs/gcc/cppfiles.c 3 ../../egcs/gcc/cppexp.c 3 ../../egcs/gcc/cpperror.c 3 ../../egcs/gcc/c-decl.c 3 ../../egcs/gcc/c-common.c 3 ../../egcs/gcc/alias.c 3 ../../../egcs/gcc/java/lex.h 3 ../../../egcs/gcc/java/jvgenmain.c 3 ../../../egcs/gcc/f/target.c 3 ../../../egcs/gcc/f/stw.c 3 ../../../egcs/gcc/f/storag.c 3 ../../../egcs/gcc/f/intrin.c 3 ../../../egcs/gcc/cp/repo.c 3 ../../../egcs/gcc/ch/grant.c 3 ../../../egcs/gcc/ch/decl.c 2 cplus-dem.c 2 choose-temp.c 2 /usr/share/misc/bison.simple 2 ../../egcs/gcc/stupid.c 2 ../../egcs/gcc/scan.c 2 ../../egcs/gcc/reorg.c 2 ../../egcs/gcc/jump.c 2 ../../egcs/gcc/haifa-sched.c 2 ../../egcs/gcc/gencheck.c 2 ../../egcs/gcc/gen-protos.c 2 ../../egcs/gcc/gcse.c 2 ../../egcs/gcc/except.c 2 ../../egcs/gcc/emit-rtl.c 2 ../../egcs/gcc/c-lang.c 2 ../../../egcs/gcc/java/lang.c 2 ../../../egcs/gcc/java/decl.c 2 ../../../egcs/gcc/java/constants.c 2 ../../../egcs/gcc/f/src.c 2 ../../../egcs/gcc/f/lex.c 2 ../../../egcs/gcc/cp/xref.c 2 ../../../egcs/gcc/cp/tree.c 2 ../../../egcs/gcc/cp/pt.c 2 ../../../egcs/gcc/cp/method.c 2 ../../../egcs/gcc/ch/lang.c 2 ../../../egcs/gcc/ch/expr.c 1 splay-tree.c 1 obstack.c 1 mkstemp.c 1 insn-output.c 1 insn-extract.c 1 /usr/lib/bison.simple 1 /usr/cygnus/gnupro-98r2/share/bison.simple 1 /usr/cygnus/gnupro-98r1/share/bison.simple 1 ./parse-scan.y 1 ../../egcs/gcc/stor-layout.c 1 ../../egcs/gcc/scan-decls.c 1 ../../egcs/gcc/sbitmap.c 1 ../../egcs/gcc/rtlanal.c 1 ../../egcs/gcc/resource.c 1 ../../egcs/gcc/regclass.c 1 ../../egcs/gcc/recog.c 1 ../../egcs/gcc/real.c 1 ../../egcs/gcc/java/jvspec.c 1 ../../egcs/gcc/hash.c 1 ../../egcs/gcc/global.c 1 ../../egcs/gcc/caller-save.c 1 ../../egcs/gcc/c-typeck.c 1 ../../egcs/gcc/c-iterate.c 1 ../../egcs/gcc/c-aux-info.c 1 ../../../egcs/gcc/java/typeck.c 1 ../../../egcs/gcc/f/where.c 1 ../../../egcs/gcc/f/stb.c 1 ../../../egcs/gcc/f/parse.c 1 ../../../egcs/gcc/f/expr.c 1 ../../../egcs/gcc/cp/typeck2.c 1 ../../../egcs/gcc/cp/sig.c 1 ../../../egcs/gcc/cp/search.c 1 ../../../egcs/gcc/cp/input.c 1 ../../../egcs/gcc/cp/init.c 1 ../../../egcs/gcc/cp/expr.c 1 ../../../egcs/gcc/cp/errfn.c 1 ../../../egcs/gcc/cp/cvt.c 1 ../../../egcs/gcc/ch/typeck.c 1 ../../../egcs/gcc/ch/tasking.c 1 ../../../egcs/gcc/ch/convert.c Number of warning types: 473 implicit declaration of function ??? 150 ??? might be used uninitialized in this function 76 unused parameter ??? 50 comparison between signed and unsigned 41 missing initializer 41 (near initialization for ???) 32 ??? format, ??? arg (arg ???) 31 variable ??? might be clobbered by longjmp or vfork 23 enumeration value ??? not handled in switch 22 statement with no effect 20 unused variable ??? 10 conflicting types for built-in function ??? 8 this is the location of the previous definition 8 ??? redefined 6 initialization from incompatible pointer type 6 ??? declared static but never defined 5 argument ??? might be clobbered by longjmp or vfork 3 empty body in an else-statement 2 ??? defined but not used 1 value computed is not used 1 passing arg ??? of ??? discards qualifiers from pointer target type 1 label ??? defined but not used 1 assignment from incompatible pointer type 1 ??? within comment