This is the mail archive of the egcs-testresults@egcs.cygnus.com mailing list for the EGCS project. See the EGCS home page for more information.
Run with cygwin-b20.2 snapshot 19980123 on W95/USB. Only the libstdc++ suite runs to completion.
Native configuration is i586-pc-cygwin32 === libstdc++ tests === Running target unix FAIL: tcomplex.cc compilation FAIL: tcomplex.cc -O compilation FAIL: tlist.cc compilation FAIL: tlist.cc -O compilation FAIL: tstring.cc compilation FAIL: tstring.cc -O compilation FAIL: tvector.cc compilation FAIL: tvector.cc -O compilation FAIL: tmap.cc compilation FAIL: tmap.cc -O compilation === libstdc++ Summary === # of unexpected failures 10 # of expected failures 20 === gcc tests === # of expected passes 1619 # of expected failures 7 Running target unix === g++ tests === Running target unix FAIL: g++.benjamin/15071.C (test for excess errors) FAIL: g++.brendan/copy9.C (test for excess errors) FAIL: g++.brendan/crash58.C (syntax|parse) error.* (test for errors, line 8) # of expected passes 631 # of expected failures 12 # number untested 1 === g77 tests === Running target unix === g77 Summary === # of expected passes 231 === objc tests === no tests completed Running target unix Compiler version: egcs Platform: i586-pc-cygwin32 configure flags: --with-gcc-version-trigger=/src/gnu/egcs-19990208/gcc/version.c --host=i586-pc-cygwin32 --norecursion BOOT_CFLAGS=-Os -malign-double -march=pentiumpro -pipe EOF Mail -s "Results for egcs testsuite on i586-pc-cygwin32" egcs-testresults@egcs.cygnus.com &&