This is the mail archive of the egcs-testresults@egcs.cygnus.com mailing list for the EGCS project. See the EGCS home page for more information.
Compiler version: egcs-2.93.05 19990208 (gcc2 ss-980929 experimental) Platform: i586-pc-linux-gnu Sources: - egcs from CVS last updated at 1999/02/08 17:06:13 +0100 - libg++-2.8.1.2a-19990116 (not yet available) Patches: - None. Environment: - autoconf-2.13 - automake-1.3 - GNU binutils-2.9.1 + Ian Lance Taylor's patch to gas/ehopt.c + my patch to make GNU ld work on i386-pc-solaris2.7 - dejagnu-19981026 + look_for_dir_with_trigger patch - gperf-2.7 + gperf-2.7-19981006.pat - RedHat Linux 5.2 + recommended updates as of today - Kernel 2.2.1 (compiled by "gcc version egcs-2.91.60 19981201 (egcs-1.1.1 release)") - glibc-2.0.7-29 - glibc-devel-2.0.7-29 Remarks: "gcc/java/jcf-write.c" didn't fail anymore with "-funroll-all-loops" as I reported 3 days ago. A clean build. configure flags: --with-gcc-version-trigger=/home/gnu/work/GNU/egcs-19990208/gcc/version.c --host=i586-linux --srcdir=../egcs-19990208 --prefix=/tools/gnu --with-gnu-as --with-gnu-ld --enable-shared --enable-version-specific-runtime-libs --with-local-prefix=/tools/gnu --disable-nls --verbose --norecursion BOOT_CC: gcc version egcs-2.91.60 19981201 (egcs-1.1.1 release) BOOT_CFLAGS: -O9 -funroll-all-loops -g -march=pentium -mcpu=pentium -fomit-frame-pointer -W -Wall CFLAGS: -O9 -march=pentium -mcpu=pentium -fomit-frame-pointer -g CXXFLAGS: -O9 -march=pentium -mcpu=pentium -fomit-frame-pointer -g Native configuration is i586-pc-linux-gnu === libio tests === Running target unix === libio Summary === # of expected passes 40 === libstdc++ tests === Running target unix === libstdc++ Summary === # of expected passes 30 === libg++ tests === Running target unix === libg++ Summary === # of expected passes 72 === gcc tests === Running target unix FAIL: gcc.c-torture/execute/930603-1.c execution, -O0 FAIL: gcc.c-torture/execute/930603-1.c execution, -O1 FAIL: gcc.c-torture/execute/930603-1.c execution, -O2 FAIL: gcc.c-torture/execute/930603-1.c execution, -O2 -g FAIL: gcc.c-torture/execute/930603-1.c execution, -Os FAIL: gcc.c-torture/execute/990119-1.c execution, -O0 FAIL: gcc.c-torture/execute/990119-1.c execution, -O1 FAIL: gcc.c-torture/execute/990119-1.c execution, -O2 FAIL: gcc.c-torture/execute/990119-1.c execution, -O2 -fomit-frame-pointer -finline-functions FAIL: gcc.c-torture/execute/990119-1.c execution, -O2 -g FAIL: gcc.c-torture/execute/990119-1.c execution, -Os FAIL: gcc.c-torture/execute/990130-1.c compilation, -O0 FAIL: gcc.c-torture/execute/990130-1.c compilation, -O1 FAIL: gcc.c-torture/execute/990130-1.c compilation, -O2 FAIL: gcc.c-torture/execute/990130-1.c compilation, -O2 -fomit-frame-pointer -finline-functions FAIL: gcc.c-torture/execute/990130-1.c compilation, -O2 -g FAIL: gcc.c-torture/execute/990130-1.c compilation, -Os FAIL: gcc.c-torture/execute/loop-2f.c execution, -O2 FAIL: gcc.c-torture/execute/loop-2f.c execution, -O2 -fomit-frame-pointer -finline-functions FAIL: gcc.c-torture/execute/loop-2f.c execution, -O2 -fomit-frame-pointer -finline-functions -funroll-loops FAIL: gcc.c-torture/execute/loop-2f.c execution, -O2 -fomit-frame-pointer -finline-functions -funroll-all-loops FAIL: gcc.c-torture/execute/loop-2f.c execution, -O2 -g FAIL: gcc.c-torture/execute/loop-2f.c execution, -Os FAIL: gcc.c-torture/execute/loop-2g.c execution, -O2 FAIL: gcc.c-torture/execute/loop-2g.c execution, -O2 -fomit-frame-pointer -finline-functions FAIL: gcc.c-torture/execute/loop-2g.c execution, -O2 -fomit-frame-pointer -finline-functions -funroll-loops FAIL: gcc.c-torture/execute/loop-2g.c execution, -O2 -fomit-frame-pointer -finline-functions -funroll-all-loops FAIL: gcc.c-torture/execute/loop-2g.c execution, -O2 -g FAIL: gcc.c-torture/execute/loop-2g.c execution, -Os FAIL: gcc.c-torture/execute/ieee/980619-1.c execution, -O1 FAIL: gcc.c-torture/execute/ieee/980619-1.c execution, -O2 FAIL: gcc.c-torture/execute/ieee/980619-1.c execution, -O2 -fomit-frame-pointer -finline-functions FAIL: gcc.c-torture/execute/ieee/980619-1.c execution, -O2 -fomit-frame-pointer -finline-functions -funroll-loops FAIL: gcc.c-torture/execute/ieee/980619-1.c execution, -O2 -fomit-frame-pointer -finline-functions -funroll-all-loops FAIL: gcc.c-torture/execute/ieee/980619-1.c execution, -O2 -g FAIL: gcc.c-torture/execute/ieee/980619-1.c execution, -Os FAIL: gcc.c-torture/noncompile/951227-1.c FAIL: gcc.c-torture/special/981006-1.c (test for bogus messages, line 11) FAIL: gcc.c-torture/special/981006-1.c (test for bogus messages, line 12) FAIL: gcc.dg/cpp-if1.c invalid number (test for errors, line 12) FAIL: gcc.dg/cpp-if1.c invalid number (test for errors, line 15) FAIL: gcc.dg/cpp-if1.c invalid number (test for errors, line 18) FAIL: gcc.dg/cpp-if1.c floating point in #if (test for errors, line 21) FAIL: gcc.dg/cpp-if1.c too many suffixes (test for errors, line 24) FAIL: gcc.dg/cpp-if1.c too many suffixes (test for errors, line 27) FAIL: gcc.dg/cpp-if1.c (test for excess errors) FAIL: gcc.misc-tests/m-un-2.c warning regression (test for warnings, line 18) FAIL: gcc.misc-tests/m-un-2.c warning regression (test for warnings, line 23) FAIL: gcc.misc-tests/m-un-2.c (test for excess errors) === gcc Summary === # of expected passes 7925 # of unexpected failures 49 # of expected failures 19 # of untested testcases 6 # of unsupported tests 12 /home3/gnu/work/GNU/egcs-19990208-i586-linux/gcc/xgcc version egcs-2.93.05 19990208 (gcc2 ss-980929 experimental) === g++ tests === Running target unix FAIL: g++.dg/special/conpr-1.C execution test FAIL: g++.dg/special/conpr-2.C execution test FAIL: g++.dg/special/conpr-3.C execution test FAIL: g++.dg/special/conpr-3.C execution test FAIL: g++.pt/explicit73.C (test for excess errors) === g++ Summary === # of expected passes 4846 # of unexpected failures 5 # of expected failures 89 # of untested testcases 7 /home3/gnu/work/GNU/egcs-19990208-i586-linux/gcc/testsuite/../xgcc version egcs-2.93.05 19990208 (gcc2 ss-980929 experimental) === g77 tests === Running target unix FAIL: g77.f-torture/execute/auto0.f execution, -O2 -fomit-frame-pointer -finline-functions -funroll-loops FAIL: g77.f-torture/execute/auto0.f execution, -O2 -fomit-frame-pointer -finline-functions -funroll-all-loops FAIL: g77.f-torture/execute/auto1.f execution, -O2 -fomit-frame-pointer -finline-functions -funroll-loops FAIL: g77.f-torture/execute/auto1.f execution, -O2 -fomit-frame-pointer -finline-functions -funroll-all-loops === g77 Summary === # of expected passes 468 # of unexpected failures 4 === objc tests === Running target unix FAIL: objc/execute/bf-1.m execution, -O FAIL: objc/execute/bf-10.m execution, -O FAIL: objc/execute/bf-11.m execution, -O FAIL: objc/execute/bf-12.m execution, -O FAIL: objc/execute/bf-13.m execution, -O FAIL: objc/execute/bf-14.m execution, -O FAIL: objc/execute/bf-15.m execution, -O FAIL: objc/execute/bf-16.m execution, -O FAIL: objc/execute/bf-17.m execution, -O FAIL: objc/execute/bf-18.m execution, -O FAIL: objc/execute/bf-19.m execution, -O FAIL: objc/execute/bf-2.m execution, -O FAIL: objc/execute/bf-3.m execution, -O FAIL: objc/execute/bf-4.m execution, -O FAIL: objc/execute/bf-5.m execution, -O FAIL: objc/execute/bf-6.m execution, -O FAIL: objc/execute/bf-7.m execution, -O FAIL: objc/execute/bf-8.m execution, -O FAIL: objc/execute/bf-9.m execution, -O === objc Summary === # of expected passes 19 # of unexpected failures 19 /home3/gnu/work/GNU/egcs-19990208-i586-linux/gcc/xgcc version egcs-2.93.05 19990208 (gcc2 ss-980929 experimental) Counting all warnings, there are 474 warnings in stage3 of this bootstrap. Number of warnings per file: 43 ../../egcs-19990208/gcc/toplev.c 22 ../../../egcs-19990208/gcc/java/lex.c 20 ../../../egcs-19990208/gcc/java/jcf-parse.c 16 ../../egcs-19990208/gcc/integrate.c 16 ../../../egcs-19990208/gcc/java/jcf-reader.c 15 ../../egcs-19990208/gcc/objc/objc-act.c 14 ./parse.y 13 ../../egcs-19990208/gcc/varasm.c 13 ../../../egcs-19990208/gcc/java/jcf-write.c 12 ../../egcs-19990208/gcc/cse.c 12 ../../../egcs-19990208/gcc/java/jcf-dump.c 12 ../../../egcs-19990208/gcc/java/javaop.def 11 ../../../egcs-19990208/gcc/java/expr.c 10 ../../egcs-19990208/gcc/reload1.c 10 ../../egcs-19990208/gcc/fold-const.c 9 ../../egcs-19990208/gcc/final.c 8 ../../egcs-19990208/gcc/dwarf2out.c 8 ../../egcs-19990208/gcc/combine.c 8 ../../../egcs-19990208/gcc/java/gjavah.c 8 ../../../egcs-19990208/gcc/java/class.c 7 pexecute.c 7 ../../egcs-19990208/gcc/cccp.c 7 ../../egcs-19990208/gcc/c-lex.c 7 ../../../egcs-19990208/gcc/java/parse.h 6 ../../egcs-19990208/gcc/unroll.c 6 ../../egcs-19990208/gcc/sched.c 6 ../../egcs-19990208/gcc/reload.c 6 ../../egcs-19990208/gcc/protoize.c 6 ../../egcs-19990208/gcc/optabs.c 6 ../../egcs-19990208/gcc/loop.c 6 ../../egcs-19990208/gcc/expr.c 6 ../../../egcs-19990208/gcc/cp/lex.c 5 ../../egcs-19990208/gcc/reg-stack.c 5 ../../egcs-19990208/gcc/collect2.c 5 ../../../egcs-19990208/gcc/java/verify.c 4 cexp.y 4 ../../egcs-19990208/gcc/system.h 4 ../../egcs-19990208/gcc/intl.h 4 ../../egcs-19990208/gcc/expmed.c 4 ../../egcs-19990208/gcc/dbxout.c 4 ../../../egcs-19990208/gcc/java/../tree.h 4 ../../../../egcs-19990208/libg++/src/Fix16.cc 3 insn-emit.c 3 gcj.c 3 g77.c 3 g++.c 3 ../../egcs-19990208/gcc/stmt.c 3 ../../egcs-19990208/gcc/rtl.c 3 ../../egcs-19990208/gcc/regmove.c 3 ../../egcs-19990208/gcc/regclass.c 3 ../../egcs-19990208/gcc/local-alloc.c 3 ../../egcs-19990208/gcc/genopinit.c 3 ../../egcs-19990208/gcc/gcc.c 3 ../../egcs-19990208/gcc/config/i386/i386.c 3 ../../../egcs-19990208/gcc/java/lex.h 2 insn-recog.c 2 insn-output.c 2 ../../egcs-19990208/gcc/gcov.c 2 ../../egcs-19990208/gcc/function.c 2 ../../egcs-19990208/gcc/flow.c 2 ../../egcs-19990208/gcc/c-decl.c 1 splay-tree.c 1 cxxmain.c 1 cplus-dem.c 1 choose-temp.c 1 ./parse-scan.y 1 ../../egcs-19990208/gcc/tree.c 1 ../../egcs-19990208/gcc/tlink.c 1 ../../egcs-19990208/gcc/stupid.c 1 ../../egcs-19990208/gcc/reorg.c 1 ../../egcs-19990208/gcc/print-rtl.c 1 ../../egcs-19990208/gcc/java/jvspec.c 1 ../../egcs-19990208/gcc/hash.c 1 ../../egcs-19990208/gcc/graph.c 1 ../../egcs-19990208/gcc/genattrtab.c 1 ../../egcs-19990208/gcc/f/g77spec.c 1 ../../egcs-19990208/gcc/explow.c 1 ../../egcs-19990208/gcc/except.c 1 ../../egcs-19990208/gcc/crtstuff.c 1 ../../egcs-19990208/gcc/calls.c 1 ../../../egcs-19990208/gcc/java/typeck.c 1 ../../../egcs-19990208/gcc/java/jvgenmain.c 1 ../../../egcs-19990208/gcc/java/jcf-io.c 1 ../../../egcs-19990208/gcc/java/decl.c 1 ../../../egcs-19990208/gcc/java/constants.c Number of warning types: 136 `???' might be used uninitialized in this function 72 unused parameter `???' 52 implicit declaration of function `???' 40 comparison between signed and unsigned 33 variable `???' might be clobbered by `longjmp' or `vfork' 22 unused variable `???' 22 statement with no effect 16 missing initializer 16 (near initialization for `???') 14 ??? format, ??? arg (arg ???) 8 this is the location of the previous definition 8 initialization from incompatible pointer type 8 `???' redefined 6 `???' declared `static' but never defined 5 argument `???' might be clobbered by `longjmp' or `vfork' 4 integer overflow in expression 3 control reaches end of non-void function 2 zero-length format string 1 value computed is not used 1 suggest explicit braces to avoid ambiguous `else' 1 passing arg ??? of `???' from incompatible pointer type 1 passing arg ??? of `???' discards qualifiers from pointer target type 1 label `???' defined but not used 1 `???' within comment 1 `???' defined but not used