This is the mail archive of the egcs-testresults@egcs.cygnus.com mailing list for the EGCS project. See the EGCS home page for more information.
Compiler version: egcs-2.93.04 19990205 (gcc2 ss-980929 experimental) Platform: i386-pc-solaris2.7 Sources: - egcs from CVS last updated at 1999/02/06 09:41:01 +0100 - libg++-2.8.1.2a-19990116 (not yet available) Patches: - None. Environment: - autoconf-2.13 - automake-1.4 - GNU binutils 2.9.1 + Ian Lance Taylor's patch to gas/ehopt.c + my patch to make GNU ld work on i386-pc-solaris2.7 - dejagnu-19981026 + look_for_dir_with_trigger patch - gperf-2.7 + gperf-2.7-19981006.pat Remarks: Only gcc/java/jcf-write.c needed an additional "-fno-unroll-all-loops" to be compiled successfully! Otherwise a clean build. configure flags: --with-gcc-version-trigger=/home/manfred/work/GNU/egcs-19990206/gcc/version.c --host=i386-pc-solaris2.7 --srcdir=../egcs-19990206 --prefix=/tools/gnu --with-gnu-as --with-gnu-ld --enable-shared --enable-version-specific-runtime-libs --with-local-prefix=/tools/gnu --disable-nls --verbose --norecursion BOOT_CC: gcc version egcs-2.91.60 19981201 (egcs-1.1.1 release) BOOT_CFLAGS: -O9 -funroll-all-loops -g -march=i386 -mcpu=i386 -fomit-frame-pointer -W -Wall CFLAGS: -O9 -march=pentium -mcpu=pentium -fomit-frame-pointer -g CXXFLAGS: -O9 -march=pentium -mcpu=pentium -fomit-frame-pointer -g Native configuration is i386-pc-solaris2.7 === libio tests === Running target unix === libio Summary === # of expected passes 40 === libstdc++ tests === Running target unix FAIL: tlist.cc compilation FAIL: tlist.cc -O compilation FAIL: tmap.cc compilation FAIL: tmap.cc -O compilation FAIL: tvector.cc compilation FAIL: tvector.cc -O compilation === libstdc++ Summary === # of expected passes 12 # of unexpected failures 6 # of expected failures 12 === libg++ tests === Running target unix === libg++ Summary === # of expected passes 72 === gcc tests === Running target unix FAIL: gcc.c-torture/execute/930603-1.c execution, -O0 FAIL: gcc.c-torture/execute/930603-1.c execution, -O1 FAIL: gcc.c-torture/execute/930603-1.c execution, -O2 FAIL: gcc.c-torture/execute/930603-1.c execution, -O2 -g FAIL: gcc.c-torture/execute/930603-1.c execution, -Os FAIL: gcc.c-torture/execute/990119-1.c execution, -O0 FAIL: gcc.c-torture/execute/990119-1.c execution, -O1 FAIL: gcc.c-torture/execute/990119-1.c execution, -O2 FAIL: gcc.c-torture/execute/990119-1.c execution, -O2 -fomit-frame-pointer -finline-functions FAIL: gcc.c-torture/execute/990119-1.c execution, -O2 -g FAIL: gcc.c-torture/execute/990119-1.c execution, -Os FAIL: gcc.c-torture/execute/990130-1.c compilation, -O0 FAIL: gcc.c-torture/execute/990130-1.c compilation, -O1 FAIL: gcc.c-torture/execute/990130-1.c compilation, -O2 FAIL: gcc.c-torture/execute/990130-1.c compilation, -O2 -fomit-frame-pointer -finline-functions FAIL: gcc.c-torture/execute/990130-1.c compilation, -O2 -g FAIL: gcc.c-torture/execute/990130-1.c compilation, -Os FAIL: gcc.c-torture/execute/loop-2f.c execution, -O2 FAIL: gcc.c-torture/execute/loop-2f.c execution, -O2 -fomit-frame-pointer -finline-functions FAIL: gcc.c-torture/execute/loop-2f.c execution, -O2 -fomit-frame-pointer -finline-functions -funroll-loops FAIL: gcc.c-torture/execute/loop-2f.c execution, -O2 -fomit-frame-pointer -finline-functions -funroll-all-loops FAIL: gcc.c-torture/execute/loop-2f.c execution, -O2 -g FAIL: gcc.c-torture/execute/loop-2f.c execution, -Os FAIL: gcc.c-torture/execute/loop-2g.c execution, -O2 FAIL: gcc.c-torture/execute/loop-2g.c execution, -O2 -fomit-frame-pointer -finline-functions FAIL: gcc.c-torture/execute/loop-2g.c execution, -O2 -fomit-frame-pointer -finline-functions -funroll-loops FAIL: gcc.c-torture/execute/loop-2g.c execution, -O2 -fomit-frame-pointer -finline-functions -funroll-all-loops FAIL: gcc.c-torture/execute/loop-2g.c execution, -O2 -g FAIL: gcc.c-torture/execute/loop-2g.c execution, -Os FAIL: gcc.c-torture/execute/ieee/980619-1.c execution, -O1 FAIL: gcc.c-torture/execute/ieee/980619-1.c execution, -O2 FAIL: gcc.c-torture/execute/ieee/980619-1.c execution, -O2 -fomit-frame-pointer -finline-functions FAIL: gcc.c-torture/execute/ieee/980619-1.c execution, -O2 -fomit-frame-pointer -finline-functions -funroll-loops FAIL: gcc.c-torture/execute/ieee/980619-1.c execution, -O2 -fomit-frame-pointer -finline-functions -funroll-all-loops FAIL: gcc.c-torture/execute/ieee/980619-1.c execution, -O2 -g FAIL: gcc.c-torture/execute/ieee/980619-1.c execution, -Os FAIL: gcc.c-torture/noncompile/951227-1.c FAIL: gcc.c-torture/special/981006-1.c (test for bogus messages, line 11) FAIL: gcc.c-torture/special/981006-1.c (test for bogus messages, line 12) FAIL: gcc.dg/cpp-if1.c invalid number (test for errors, line 12) FAIL: gcc.dg/cpp-if1.c invalid number (test for errors, line 15) FAIL: gcc.dg/cpp-if1.c invalid number (test for errors, line 18) FAIL: gcc.dg/cpp-if1.c floating point in #if (test for errors, line 21) FAIL: gcc.dg/cpp-if1.c too many suffixes (test for errors, line 24) FAIL: gcc.dg/cpp-if1.c too many suffixes (test for errors, line 27) FAIL: gcc.dg/cpp-if1.c (test for excess errors) FAIL: gcc.misc-tests/m-un-2.c warning regression (test for warnings, line 18) FAIL: gcc.misc-tests/m-un-2.c warning regression (test for warnings, line 23) FAIL: gcc.misc-tests/m-un-2.c (test for excess errors) === gcc Summary === # of expected passes 7925 # of unexpected failures 49 # of expected failures 19 # of untested testcases 6 # of unsupported tests 12 /home/manfred/work/GNU/egcs-19990206-i386-pc-solaris2.7/gcc/xgcc version egcs-2.93.04 19990205 (gcc2 ss-980929 experimental) === g++ tests === Running target unix === g++ Summary === # of expected passes 4837 # of expected failures 89 # of untested testcases 7 /home/manfred/work/GNU/egcs-19990206-i386-pc-solaris2.7/gcc/testsuite/../xgcc version egcs-2.93.04 19990205 (gcc2 ss-980929 experimental) === g77 tests === Running target unix FAIL: g77.f-torture/execute/auto0.f execution, -O2 -fomit-frame-pointer -finline-functions -funroll-loops FAIL: g77.f-torture/execute/auto0.f execution, -O2 -fomit-frame-pointer -finline-functions -funroll-all-loops FAIL: g77.f-torture/execute/auto1.f execution, -O2 -fomit-frame-pointer -finline-functions -funroll-loops FAIL: g77.f-torture/execute/auto1.f execution, -O2 -fomit-frame-pointer -finline-functions -funroll-all-loops === g77 Summary === # of expected passes 468 # of unexpected failures 4 === objc tests === Running target unix FAIL: objc/execute/bf-1.m execution, -O FAIL: objc/execute/bf-10.m execution, -O FAIL: objc/execute/bf-11.m execution, -O FAIL: objc/execute/bf-12.m execution, -O FAIL: objc/execute/bf-13.m execution, -O FAIL: objc/execute/bf-14.m execution, -O FAIL: objc/execute/bf-15.m execution, -O FAIL: objc/execute/bf-16.m execution, -O FAIL: objc/execute/bf-17.m execution, -O FAIL: objc/execute/bf-18.m execution, -O FAIL: objc/execute/bf-19.m execution, -O FAIL: objc/execute/bf-2.m execution, -O FAIL: objc/execute/bf-3.m execution, -O FAIL: objc/execute/bf-4.m execution, -O FAIL: objc/execute/bf-5.m execution, -O FAIL: objc/execute/bf-6.m execution, -O FAIL: objc/execute/bf-7.m execution, -O FAIL: objc/execute/bf-8.m execution, -O FAIL: objc/execute/bf-9.m execution, -O === objc Summary === # of expected passes 19 # of unexpected failures 19 /home/manfred/work/GNU/egcs-19990206-i386-pc-solaris2.7/gcc/xgcc version egcs-2.93.04 19990205 (gcc2 ss-980929 experimental) Counting all warnings, there are 596 warnings in stage3 of this bootstrap. Number of warnings per file: 44 ../../egcs-19990206/gcc/toplev.c 22 ../../../egcs-19990206/gcc/java/lex.c 21 ../../egcs-19990206/gcc/varasm.c 21 ../../egcs-19990206/gcc/config/i386/gmon-sol2.c 20 ../../../egcs-19990206/gcc/java/jcf-parse.c 19 ../../egcs-19990206/gcc/dwarfout.c 16 /usr/include/widec.h 16 /usr/include/wchar.h 16 ../../egcs-19990206/gcc/integrate.c 16 ../../../egcs-19990206/gcc/java/jcf-reader.c 15 ./parse.y 15 ../../egcs-19990206/gcc/objc/objc-act.c 13 ../../egcs-19990206/gcc/dwarf2out.c 13 ../../../egcs-19990206/gcc/java/jcf-write.c 12 ../../egcs-19990206/gcc/cse.c 12 ../../../egcs-19990206/gcc/java/jcf-dump.c 12 ../../../egcs-19990206/gcc/java/javaop.def 11 ../../../egcs-19990206/gcc/java/expr.c 10 ../../egcs-19990206/gcc/reload1.c 10 ../../egcs-19990206/gcc/fold-const.c 9 ../../egcs-19990206/gcc/final.c 8 /usr/include/limits.h 8 /home/manfred/work/GNU/egcs-19990206-i386-pc-solaris2.7/gcc/include/float.h 8 ../../egcs-19990206/gcc/combine.c 8 ../../egcs-19990206/gcc/cccp.c 8 ../../../egcs-19990206/gcc/java/gjavah.c 8 ../../../egcs-19990206/gcc/java/class.c 7 pexecute.c 7 ../../egcs-19990206/gcc/loop.c 7 ../../egcs-19990206/gcc/c-lex.c 6 ../../egcs-19990206/gcc/unroll.c 6 ../../egcs-19990206/gcc/sched.c 6 ../../egcs-19990206/gcc/reload.c 6 ../../egcs-19990206/gcc/optabs.c 6 ../../egcs-19990206/gcc/expr.c 6 ../../egcs-19990206/gcc/collect2.c 6 ../../../egcs-19990206/gcc/cp/lex.c 5 ../../egcs-19990206/gcc/reg-stack.c 5 ../../egcs-19990206/gcc/dbxout.c 5 ../../../egcs-19990206/gcc/java/verify.c 4 gcj.c 4 g77.c 4 g++.c 4 cexp.y 4 ../../egcs-19990206/gcc/system.h 4 ../../egcs-19990206/gcc/rtl.c 4 ../../egcs-19990206/gcc/protoize.c 4 ../../egcs-19990206/gcc/intl.h 4 ../../egcs-19990206/gcc/gcc.c 4 ../../egcs-19990206/gcc/expmed.c 4 ../../egcs-19990206/gcc/config/i386/i386.c 4 ../../../egcs-19990206/librx/rx.c 4 ../../../../egcs-19990206/libg++/src/Fix16.cc 3 insn-emit.c 3 ../../egcs-19990206/gcc/stmt.c 3 ../../egcs-19990206/gcc/regmove.c 3 ../../egcs-19990206/gcc/regclass.c 3 ../../egcs-19990206/gcc/local-alloc.c 3 ../../egcs-19990206/gcc/genopinit.c 3 ../../egcs-19990206/gcc/flow.c 3 ../../egcs-19990206/gcc/fix-header.c 2 insn-recog.c 2 insn-output.c 2 getopt.c 2 ../../egcs-19990206/gcc/print-rtl.c 2 ../../egcs-19990206/gcc/gcov.c 2 ../../egcs-19990206/gcc/function.c 2 ../../egcs-19990206/gcc/except.c 2 ../../egcs-19990206/gcc/cpplib.c 2 ../../egcs-19990206/gcc/cppexp.c 2 ../../egcs-19990206/gcc/c-decl.c 2 ../../../egcs-19990206/gcc/java/parse.h 2 ../../../egcs-19990206/gcc/java/lex.h 2 ../../../egcs-19990206/gcc/java/jcf-io.c 1 splay-tree.c 1 cxxmain.c 1 cplus-dem.c 1 choose-temp.c 1 ./parse-scan.y 1 ../../egcs-19990206/gcc/tree.c 1 ../../egcs-19990206/gcc/tlink.c 1 ../../egcs-19990206/gcc/stupid.c 1 ../../egcs-19990206/gcc/scan-decls.c 1 ../../egcs-19990206/gcc/reorg.c 1 ../../egcs-19990206/gcc/java/jvspec.c 1 ../../egcs-19990206/gcc/hash.c 1 ../../egcs-19990206/gcc/graph.c 1 ../../egcs-19990206/gcc/genrecog.c 1 ../../egcs-19990206/gcc/genpeep.c 1 ../../egcs-19990206/gcc/genoutput.c 1 ../../egcs-19990206/gcc/genemit.c 1 ../../egcs-19990206/gcc/genattrtab.c 1 ../../egcs-19990206/gcc/f/g77spec.c 1 ../../egcs-19990206/gcc/explow.c 1 ../../egcs-19990206/gcc/calls.c 1 ../../../egcs-19990206/gcc/java/typeck.c 1 ../../../egcs-19990206/gcc/java/jvgenmain.c 1 ../../../egcs-19990206/gcc/java/decl.c 1 ../../../egcs-19990206/gcc/java/constants.c Number of warning types: 140 `???' might be used uninitialized in this function 85 implicit declaration of function `???' 76 unused parameter `???' 63 comparison between signed and unsigned 31 variable `???' might be clobbered by `longjmp' or `vfork' 28 this is the location of the previous definition 28 `???' redefined 22 unused variable `???' 22 statement with no effect 20 ??? format, ??? arg (arg ???) 16 missing initializer 16 (near initialization for `???') 8 initialization from incompatible pointer type 6 `return' with no value, in function returning non-void 5 argument `???' might be clobbered by `longjmp' or `vfork' 4 return-type defaults to `int' 4 integer overflow in expression 4 control reaches end of non-void function 4 comparison of distinct pointer types lacks a cast 4 `???' declared `static' but never defined 2 zero-length format string 2 `???' defined but not used 1 value computed is not used 1 type defaults to `int' in declaration of `???' 1 passing arg ??? of `???' from incompatible pointer type 1 passing arg ??? of `???' discards qualifiers from pointer target type 1 label `???' defined but not used 1 `???' within comment