This is the mail archive of the egcs-testresults@egcs.cygnus.com mailing list for the EGCS project. See the EGCS home page for more information.
Native configuration is sparc-unknown-netbsd1.3I === libio tests === Running target unix === libio Summary === # of expected passes 40 === libstdc++ tests === Running target unix === libstdc++ Summary === # of expected passes 30 === gcc tests === Running target unix FAIL: gcc.c-torture/compile/920623-1.c, -O2 FAIL: gcc.c-torture/compile/920623-1.c, -Os FAIL: gcc.c-torture/compile/921206-1.c, -O1 FAIL: gcc.c-torture/compile/921206-1.c, -O2 FAIL: gcc.c-torture/compile/921206-1.c, -O2 -fomit-frame-pointer -finline-functions FAIL: gcc.c-torture/compile/921206-1.c, -O2 -fomit-frame-pointer -finline-functions -funroll-loops FAIL: gcc.c-torture/compile/921206-1.c, -O2 -fomit-frame-pointer -finline-functions -funroll-all-loops FAIL: gcc.c-torture/compile/921206-1.c, -O2 -g FAIL: gcc.c-torture/compile/921206-1.c, -Os FAIL: gcc.c-torture/execute/990119-1.c execution, -O0 FAIL: gcc.c-torture/execute/990119-1.c execution, -O1 FAIL: gcc.c-torture/execute/990119-1.c execution, -O2 FAIL: gcc.c-torture/execute/990119-1.c execution, -O2 -fomit-frame-pointer -finline-functions FAIL: gcc.c-torture/execute/990119-1.c execution, -O2 -g FAIL: gcc.c-torture/execute/990119-1.c execution, -Os FAIL: gcc.c-torture/execute/990128-1.c execution, -O2 FAIL: gcc.c-torture/execute/990128-1.c execution, -O2 -fomit-frame-pointer -finline-functions FAIL: gcc.c-torture/execute/990128-1.c execution, -O2 -fomit-frame-pointer -finline-functions -funroll-loops FAIL: gcc.c-torture/execute/990128-1.c execution, -O2 -fomit-frame-pointer -finline-functions -funroll-all-loops FAIL: gcc.c-torture/execute/990128-1.c execution, -O2 -g FAIL: gcc.c-torture/execute/memcpy-bi.c compilation, -O2 -fomit-frame-pointer -finline-functions FAIL: gcc.c-torture/execute/memcpy-bi.c compilation, -O2 -fomit-frame-pointer -finline-functions -funroll-loops FAIL: gcc.c-torture/execute/memcpy-bi.c compilation, -O2 -fomit-frame-pointer -finline-functions -funroll-all-loops FAIL: gcc.c-torture/execute/memcheck/blkarg.c execution, -O0 FAIL: gcc.c-torture/execute/memcheck/blkarg.c execution, -O1 FAIL: gcc.c-torture/execute/memcheck/blkarg.c execution, -O2 FAIL: gcc.c-torture/execute/memcheck/blkarg.c execution, -O2 -fomit-frame-pointer -finline-functions FAIL: gcc.c-torture/execute/memcheck/blkarg.c execution, -O2 -g FAIL: gcc.c-torture/execute/memcheck/blkarg.c execution, -Os FAIL: gcc.c-torture/noncompile/951227-1.c FAIL: gcc.dg/cpp-if1.c invalid number (test for errors, line 12) FAIL: gcc.dg/cpp-if1.c invalid number (test for errors, line 15) FAIL: gcc.dg/cpp-if1.c invalid number (test for errors, line 18) FAIL: gcc.dg/cpp-if1.c floating point in #if (test for errors, line 21) FAIL: gcc.dg/cpp-if1.c too many suffixes (test for errors, line 24) FAIL: gcc.dg/cpp-if1.c too many suffixes (test for errors, line 27) FAIL: gcc.dg/cpp-if1.c (test for excess errors) FAIL: gcc.misc-tests/m-un-2.c warning regression (test for warnings, line 18) FAIL: gcc.misc-tests/m-un-2.c warning regression (test for warnings, line 23) FAIL: gcc.misc-tests/m-un-2.c (test for excess errors) === gcc Summary === # of expected passes 7926 # of unexpected failures 40 # of expected failures 13 # of untested testcases 3 # of unsupported tests 21 /mnt2/tmp/egcs-19990131.sparc/build/gcc/xgcc version egcs-2.93.04 19990131 (gcc2 ss-980929 experimental) === g++ tests === Running target unix FAIL: g++.law/profile1.C (test for excess errors) FAIL: g++.ns/template6.C (test for excess errors) FAIL: g++.pt/instantiate4.C (test for excess errors) FAIL: g++.robertl/eb83.C caused compiler crash === g++ Summary === # of expected passes 4833 # of unexpected failures 4 # of expected failures 90 # of untested testcases 7 /mnt2/tmp/egcs-19990131.sparc/build/gcc/testsuite/../xgcc version egcs-2.93.04 19990131 (gcc2 ss-980929 experimental) === g77 tests === Running target unix === g77 Summary === # of expected passes 100 # of unresolved testcases 186 === objc tests === Running target unix === objc Summary === # of expected passes 38 /mnt2/tmp/egcs-19990131.sparc/build/gcc/xgcc version egcs-2.93.04 19990131 (gcc2 ss-980929 experimental) Compiler version: egcs-2.93.04 19990131 (gcc2 ss-980929 experimental) Platform: sparc-unknown-netbsd1.3I configure flags: --with-gcc-version-trigger=/mnt2/tmp/egcs-19990131.sparc/egcs-19990131/gcc/version.c --host=sparc-unknown-netbsd1.3I --norecursion