This is the mail archive of the gcc-testresults@gcc.gnu.org mailing list for the GCC project.


Index Nav: [Date Index] [Subject Index] [Author Index] [Thread Index]
Message Nav: [Date Prev] [Date Next] [Thread Prev] [Thread Next]
Other format: [Raw text]

Results for 10.0.0 20190527 (experimental) [trunk revision 271671] (Debian 20190527-1) testsuite on powerpc64le-unknown-linux-gnu


LAST_UPDATED: Mon May 27 21:29:49 UTC 2019 (revision 271671)

		=== acats tests ===

		=== acats Summary ===
# of expected passes		2320
# of unexpected failures	0
Native configuration is powerpc64le-unknown-linux-gnu

		=== g++ tests ===


Running target unix

		=== g++ Summary ===

# of expected passes		134308
# of expected failures		524
# of unsupported tests		6249
/build/gcc-snapshot-EcWoGa/gcc-snapshot-20190527/build/gcc/xg++  version 10.0.0 20190527 (experimental) [trunk revision 271671] (Debian 20190527-1) 

		=== gcc tests ===


Running target unix
XPASS: gcc.dg/Wtrampolines.c standard descriptors (test for warnings, line 29)
FAIL: gcc.dg/sms-1.c scan-rtl-dump-times sms "SMS succeeded" 1
XPASS: gcc.dg/graphite/pr69728.c scan-tree-dump graphite "loop nest optimized"
XPASS: gcc.dg/guality/example.c   -O0  execution test
XPASS: gcc.dg/guality/example.c   -O1  -DPREVENT_OPTIMIZATION  execution test
XPASS: gcc.dg/guality/example.c   -O2  -DPREVENT_OPTIMIZATION  execution test
XPASS: gcc.dg/guality/example.c   -O2 -flto -fno-use-linker-plugin -flto-partition=none  -DPREVENT_OPTIMIZATION execution test
XPASS: gcc.dg/guality/example.c  -Og -DPREVENT_OPTIMIZATION  execution test
XPASS: gcc.dg/guality/guality.c   -O0  execution test
XPASS: gcc.dg/guality/guality.c   -O1  -DPREVENT_OPTIMIZATION  execution test
XPASS: gcc.dg/guality/guality.c   -O2  -DPREVENT_OPTIMIZATION  execution test
XPASS: gcc.dg/guality/guality.c   -O2 -flto -fno-use-linker-plugin -flto-partition=none  -DPREVENT_OPTIMIZATION execution test
XPASS: gcc.dg/guality/guality.c   -O2 -flto -fuse-linker-plugin -fno-fat-lto-objects  -DPREVENT_OPTIMIZATION execution test
XPASS: gcc.dg/guality/guality.c   -O3 -g  -DPREVENT_OPTIMIZATION  execution test
XPASS: gcc.dg/guality/guality.c   -Os  -DPREVENT_OPTIMIZATION  execution test
XPASS: gcc.dg/guality/guality.c  -Og -DPREVENT_OPTIMIZATION  execution test
XPASS: gcc.dg/guality/inline-params.c   -O2  -DPREVENT_OPTIMIZATION  execution test
XPASS: gcc.dg/guality/inline-params.c   -O2 -flto -fno-use-linker-plugin -flto-partition=none  -DPREVENT_OPTIMIZATION execution test
XPASS: gcc.dg/guality/inline-params.c   -O2 -flto -fuse-linker-plugin -fno-fat-lto-objects  -DPREVENT_OPTIMIZATION execution test
XPASS: gcc.dg/guality/inline-params.c   -O3 -g  -DPREVENT_OPTIMIZATION  execution test
XPASS: gcc.dg/guality/inline-params.c   -Os  -DPREVENT_OPTIMIZATION  execution test
FAIL: gcc.dg/guality/pr36728-1.c   -O2 -flto -fuse-linker-plugin -fno-fat-lto-objects  -DPREVENT_OPTIMIZATION line 18 y == 2
FAIL: gcc.dg/guality/pr36728-1.c   -O3 -g  -DPREVENT_OPTIMIZATION  line 18 y == 2
FAIL: gcc.dg/guality/pr36728-2.c   -O2 -flto -fuse-linker-plugin -fno-fat-lto-objects  -DPREVENT_OPTIMIZATION line 16 arg1 == 1
FAIL: gcc.dg/guality/pr36728-2.c   -O2 -flto -fuse-linker-plugin -fno-fat-lto-objects  -DPREVENT_OPTIMIZATION line 16 arg2 == 2
FAIL: gcc.dg/guality/pr36728-2.c   -O2 -flto -fuse-linker-plugin -fno-fat-lto-objects  -DPREVENT_OPTIMIZATION line 16 arg3 == 3
FAIL: gcc.dg/guality/pr36728-2.c   -O2 -flto -fuse-linker-plugin -fno-fat-lto-objects  -DPREVENT_OPTIMIZATION line 16 arg4 == 4
FAIL: gcc.dg/guality/pr36728-2.c   -O2 -flto -fuse-linker-plugin -fno-fat-lto-objects  -DPREVENT_OPTIMIZATION line 16 arg5 == 5
FAIL: gcc.dg/guality/pr36728-2.c   -O2 -flto -fuse-linker-plugin -fno-fat-lto-objects  -DPREVENT_OPTIMIZATION line 16 arg6 == 6
FAIL: gcc.dg/guality/pr36728-2.c   -O2 -flto -fuse-linker-plugin -fno-fat-lto-objects  -DPREVENT_OPTIMIZATION line 16 arg7 == 30
FAIL: gcc.dg/guality/pr36728-2.c   -O2 -flto -fuse-linker-plugin -fno-fat-lto-objects  -DPREVENT_OPTIMIZATION line 18 arg1 == 1
FAIL: gcc.dg/guality/pr36728-2.c   -O2 -flto -fuse-linker-plugin -fno-fat-lto-objects  -DPREVENT_OPTIMIZATION line 18 arg2 == 2
FAIL: gcc.dg/guality/pr36728-2.c   -O2 -flto -fuse-linker-plugin -fno-fat-lto-objects  -DPREVENT_OPTIMIZATION line 18 arg3 == 3
FAIL: gcc.dg/guality/pr36728-2.c   -O2 -flto -fuse-linker-plugin -fno-fat-lto-objects  -DPREVENT_OPTIMIZATION line 18 arg4 == 4
FAIL: gcc.dg/guality/pr36728-2.c   -O2 -flto -fuse-linker-plugin -fno-fat-lto-objects  -DPREVENT_OPTIMIZATION line 18 arg5 == 5
FAIL: gcc.dg/guality/pr36728-2.c   -O2 -flto -fuse-linker-plugin -fno-fat-lto-objects  -DPREVENT_OPTIMIZATION line 18 arg6 == 6
FAIL: gcc.dg/guality/pr36728-2.c   -O2 -flto -fuse-linker-plugin -fno-fat-lto-objects  -DPREVENT_OPTIMIZATION line 18 arg7 == 30
FAIL: gcc.dg/guality/pr36728-2.c   -O3 -g  -DPREVENT_OPTIMIZATION  line 16 arg1 == 1
FAIL: gcc.dg/guality/pr36728-2.c   -O3 -g  -DPREVENT_OPTIMIZATION  line 16 arg2 == 2
FAIL: gcc.dg/guality/pr36728-2.c   -O3 -g  -DPREVENT_OPTIMIZATION  line 16 arg3 == 3
FAIL: gcc.dg/guality/pr36728-2.c   -O3 -g  -DPREVENT_OPTIMIZATION  line 16 arg4 == 4
FAIL: gcc.dg/guality/pr36728-2.c   -O3 -g  -DPREVENT_OPTIMIZATION  line 16 arg5 == 5
FAIL: gcc.dg/guality/pr36728-2.c   -O3 -g  -DPREVENT_OPTIMIZATION  line 16 arg6 == 6
FAIL: gcc.dg/guality/pr36728-2.c   -O3 -g  -DPREVENT_OPTIMIZATION  line 16 arg7 == 30
FAIL: gcc.dg/guality/pr36728-2.c   -O3 -g  -DPREVENT_OPTIMIZATION  line 18 arg1 == 1
FAIL: gcc.dg/guality/pr36728-2.c   -O3 -g  -DPREVENT_OPTIMIZATION  line 18 arg2 == 2
FAIL: gcc.dg/guality/pr36728-2.c   -O3 -g  -DPREVENT_OPTIMIZATION  line 18 arg3 == 3
FAIL: gcc.dg/guality/pr36728-2.c   -O3 -g  -DPREVENT_OPTIMIZATION  line 18 arg4 == 4
FAIL: gcc.dg/guality/pr36728-2.c   -O3 -g  -DPREVENT_OPTIMIZATION  line 18 arg5 == 5
FAIL: gcc.dg/guality/pr36728-2.c   -O3 -g  -DPREVENT_OPTIMIZATION  line 18 arg6 == 6
FAIL: gcc.dg/guality/pr36728-2.c   -O3 -g  -DPREVENT_OPTIMIZATION  line 18 arg7 == 30
XPASS: gcc.dg/guality/pr41353-1.c   -O0  line 28 j == 28 + 37
FAIL: gcc.dg/guality/pr41353-1.c  -Og -DPREVENT_OPTIMIZATION  line 28 i == 37
FAIL: gcc.dg/guality/pr41353-1.c  -Og -DPREVENT_OPTIMIZATION  line 28 i1 == 2 * 37
FAIL: gcc.dg/guality/pr41353-1.c  -Og -DPREVENT_OPTIMIZATION  line 28 i2 == 3 * 37
XPASS: gcc.dg/guality/pr41353-1.c  -Og -DPREVENT_OPTIMIZATION  line 28 j == 28 + 37
FAIL: gcc.dg/guality/pr41616-1.c   -O2  -DPREVENT_OPTIMIZATION  execution test
FAIL: gcc.dg/guality/pr41616-1.c   -O2 -flto -fno-use-linker-plugin -flto-partition=none  -DPREVENT_OPTIMIZATION execution test
FAIL: gcc.dg/guality/pr41616-1.c   -O2 -flto -fuse-linker-plugin -fno-fat-lto-objects  -DPREVENT_OPTIMIZATION execution test
FAIL: gcc.dg/guality/pr41616-1.c   -O3 -g  -DPREVENT_OPTIMIZATION  execution test
FAIL: gcc.dg/guality/pr43051-1.c   -O1  -DPREVENT_OPTIMIZATION  line 35 v == 1
FAIL: gcc.dg/guality/pr43051-1.c   -O1  -DPREVENT_OPTIMIZATION  line 40 v == 1
FAIL: gcc.dg/guality/pr43051-1.c   -O2  -DPREVENT_OPTIMIZATION  line 35 v == 1
FAIL: gcc.dg/guality/pr43051-1.c   -O2  -DPREVENT_OPTIMIZATION  line 40 v == 1
FAIL: gcc.dg/guality/pr43051-1.c   -O2 -flto -fno-use-linker-plugin -flto-partition=none  -DPREVENT_OPTIMIZATION line 35 v == 1
FAIL: gcc.dg/guality/pr43051-1.c   -O2 -flto -fno-use-linker-plugin -flto-partition=none  -DPREVENT_OPTIMIZATION line 40 v == 1
FAIL: gcc.dg/guality/pr43051-1.c   -O2 -flto -fuse-linker-plugin -fno-fat-lto-objects  -DPREVENT_OPTIMIZATION line 35 v == 1
FAIL: gcc.dg/guality/pr43051-1.c   -O2 -flto -fuse-linker-plugin -fno-fat-lto-objects  -DPREVENT_OPTIMIZATION line 40 v == 1
FAIL: gcc.dg/guality/pr43051-1.c   -O3 -fomit-frame-pointer -funroll-loops -fpeel-loops -ftracer -finline-functions  -DPREVENT_OPTIMIZATION  line 35 v == 1
FAIL: gcc.dg/guality/pr43051-1.c   -O3 -fomit-frame-pointer -funroll-loops -fpeel-loops -ftracer -finline-functions  -DPREVENT_OPTIMIZATION  line 40 v == 1
FAIL: gcc.dg/guality/pr43051-1.c   -O3 -g  -DPREVENT_OPTIMIZATION  line 35 v == 1
FAIL: gcc.dg/guality/pr43051-1.c   -O3 -g  -DPREVENT_OPTIMIZATION  line 40 v == 1
FAIL: gcc.dg/guality/pr43051-1.c   -Os  -DPREVENT_OPTIMIZATION  line 35 v == 1
FAIL: gcc.dg/guality/pr43051-1.c   -Os  -DPREVENT_OPTIMIZATION  line 40 v == 1
FAIL: gcc.dg/guality/pr43051-1.c  -Og -DPREVENT_OPTIMIZATION  line 35 v == 1
FAIL: gcc.dg/guality/pr43051-1.c  -Og -DPREVENT_OPTIMIZATION  line 40 v == 1
FAIL: gcc.dg/guality/pr54200.c   -O1  -DPREVENT_OPTIMIZATION  line 20 z == 3
FAIL: gcc.dg/guality/pr54200.c   -O2  -DPREVENT_OPTIMIZATION  line 20 z == 3
FAIL: gcc.dg/guality/pr54200.c   -O2 -flto -fno-use-linker-plugin -flto-partition=none  -DPREVENT_OPTIMIZATION line 20 z == 3
FAIL: gcc.dg/guality/pr54200.c   -O3 -g  -DPREVENT_OPTIMIZATION  line 20 z == 3
FAIL: gcc.dg/guality/pr54200.c   -Os  -DPREVENT_OPTIMIZATION  line 20 z == 3
FAIL: gcc.dg/guality/pr54519-1.c   -O1  -DPREVENT_OPTIMIZATION  line 20 x == 36
FAIL: gcc.dg/guality/pr54519-1.c   -O1  -DPREVENT_OPTIMIZATION  line 20 y == 25
FAIL: gcc.dg/guality/pr54519-1.c   -O1  -DPREVENT_OPTIMIZATION  line 23 x == 98
FAIL: gcc.dg/guality/pr54519-1.c   -O1  -DPREVENT_OPTIMIZATION  line 23 y == 117
FAIL: gcc.dg/guality/pr54519-1.c   -O2  -DPREVENT_OPTIMIZATION  line 20 x == 36
FAIL: gcc.dg/guality/pr54519-1.c   -O2  -DPREVENT_OPTIMIZATION  line 23 x == 98
FAIL: gcc.dg/guality/pr54519-1.c   -O2 -flto -fno-use-linker-plugin -flto-partition=none  -DPREVENT_OPTIMIZATION line 20 x == 36
FAIL: gcc.dg/guality/pr54519-1.c   -O2 -flto -fno-use-linker-plugin -flto-partition=none  -DPREVENT_OPTIMIZATION line 20 y == 25
FAIL: gcc.dg/guality/pr54519-1.c   -O2 -flto -fno-use-linker-plugin -flto-partition=none  -DPREVENT_OPTIMIZATION line 20 z == 6
FAIL: gcc.dg/guality/pr54519-1.c   -O2 -flto -fno-use-linker-plugin -flto-partition=none  -DPREVENT_OPTIMIZATION line 23 x == 98
FAIL: gcc.dg/guality/pr54519-1.c   -O2 -flto -fno-use-linker-plugin -flto-partition=none  -DPREVENT_OPTIMIZATION line 23 y == 117
FAIL: gcc.dg/guality/pr54519-1.c   -O2 -flto -fno-use-linker-plugin -flto-partition=none  -DPREVENT_OPTIMIZATION line 23 z == 8
FAIL: gcc.dg/guality/pr54519-1.c   -O2 -flto -fuse-linker-plugin -fno-fat-lto-objects  -DPREVENT_OPTIMIZATION line 20 y == 25
FAIL: gcc.dg/guality/pr54519-1.c   -O2 -flto -fuse-linker-plugin -fno-fat-lto-objects  -DPREVENT_OPTIMIZATION line 20 z == 6
FAIL: gcc.dg/guality/pr54519-1.c   -O2 -flto -fuse-linker-plugin -fno-fat-lto-objects  -DPREVENT_OPTIMIZATION line 23 y == 117
FAIL: gcc.dg/guality/pr54519-1.c   -O2 -flto -fuse-linker-plugin -fno-fat-lto-objects  -DPREVENT_OPTIMIZATION line 23 z == 8
FAIL: gcc.dg/guality/pr54519-1.c   -Os  -DPREVENT_OPTIMIZATION  line 20 x == 36
FAIL: gcc.dg/guality/pr54519-1.c   -Os  -DPREVENT_OPTIMIZATION  line 23 x == 98
FAIL: gcc.dg/guality/pr54519-1.c  -Og -DPREVENT_OPTIMIZATION  line 20 x == 36
FAIL: gcc.dg/guality/pr54519-1.c  -Og -DPREVENT_OPTIMIZATION  line 20 y == 25
FAIL: gcc.dg/guality/pr54519-1.c  -Og -DPREVENT_OPTIMIZATION  line 23 x == 98
FAIL: gcc.dg/guality/pr54519-1.c  -Og -DPREVENT_OPTIMIZATION  line 23 y == 117
FAIL: gcc.dg/guality/pr54519-2.c   -O1  -DPREVENT_OPTIMIZATION  line 17 x == 6
FAIL: gcc.dg/guality/pr54519-2.c   -O2  -DPREVENT_OPTIMIZATION  line 17 x == 6
FAIL: gcc.dg/guality/pr54519-2.c   -O2 -flto -fno-use-linker-plugin -flto-partition=none  -DPREVENT_OPTIMIZATION line 17 x == 6
FAIL: gcc.dg/guality/pr54519-2.c   -O2 -flto -fno-use-linker-plugin -flto-partition=none  -DPREVENT_OPTIMIZATION line 17 y == 25
FAIL: gcc.dg/guality/pr54519-2.c   -O2 -flto -fuse-linker-plugin -fno-fat-lto-objects  -DPREVENT_OPTIMIZATION line 17 y == 25
FAIL: gcc.dg/guality/pr54519-2.c  -Og -DPREVENT_OPTIMIZATION  line 17 x == 6
FAIL: gcc.dg/guality/pr54519-3.c   -O1  -DPREVENT_OPTIMIZATION  line 20 x == 36
FAIL: gcc.dg/guality/pr54519-3.c   -O1  -DPREVENT_OPTIMIZATION  line 20 y == 25
FAIL: gcc.dg/guality/pr54519-3.c   -O1  -DPREVENT_OPTIMIZATION  line 20 z == 6
FAIL: gcc.dg/guality/pr54519-3.c   -O1  -DPREVENT_OPTIMIZATION  line 23 x == 98
FAIL: gcc.dg/guality/pr54519-3.c   -O1  -DPREVENT_OPTIMIZATION  line 23 y == 117
FAIL: gcc.dg/guality/pr54519-3.c   -O1  -DPREVENT_OPTIMIZATION  line 23 z == 8
FAIL: gcc.dg/guality/pr54519-3.c   -O2  -DPREVENT_OPTIMIZATION  line 20 z == 6
FAIL: gcc.dg/guality/pr54519-3.c   -O2  -DPREVENT_OPTIMIZATION  line 23 z == 8
FAIL: gcc.dg/guality/pr54519-3.c   -O2 -flto -fno-use-linker-plugin -flto-partition=none  -DPREVENT_OPTIMIZATION line 20 y == 25
FAIL: gcc.dg/guality/pr54519-3.c   -O2 -flto -fno-use-linker-plugin -flto-partition=none  -DPREVENT_OPTIMIZATION line 20 z == 6
FAIL: gcc.dg/guality/pr54519-3.c   -O2 -flto -fno-use-linker-plugin -flto-partition=none  -DPREVENT_OPTIMIZATION line 23 y == 117
FAIL: gcc.dg/guality/pr54519-3.c   -O2 -flto -fno-use-linker-plugin -flto-partition=none  -DPREVENT_OPTIMIZATION line 23 z == 8
FAIL: gcc.dg/guality/pr54519-3.c   -O2 -flto -fuse-linker-plugin -fno-fat-lto-objects  -DPREVENT_OPTIMIZATION line 20 y == 25
FAIL: gcc.dg/guality/pr54519-3.c   -O2 -flto -fuse-linker-plugin -fno-fat-lto-objects  -DPREVENT_OPTIMIZATION line 20 z == 6
FAIL: gcc.dg/guality/pr54519-3.c   -O2 -flto -fuse-linker-plugin -fno-fat-lto-objects  -DPREVENT_OPTIMIZATION line 23 y == 117
FAIL: gcc.dg/guality/pr54519-3.c   -O2 -flto -fuse-linker-plugin -fno-fat-lto-objects  -DPREVENT_OPTIMIZATION line 23 z == 8
FAIL: gcc.dg/guality/pr54519-3.c   -O3 -g  -DPREVENT_OPTIMIZATION  line 20 z == 6
FAIL: gcc.dg/guality/pr54519-3.c   -O3 -g  -DPREVENT_OPTIMIZATION  line 23 z == 8
FAIL: gcc.dg/guality/pr54519-3.c   -Os  -DPREVENT_OPTIMIZATION  line 20 z == 6
FAIL: gcc.dg/guality/pr54519-3.c   -Os  -DPREVENT_OPTIMIZATION  line 23 z == 8
FAIL: gcc.dg/guality/pr54519-3.c  -Og -DPREVENT_OPTIMIZATION  line 20 x == 36
FAIL: gcc.dg/guality/pr54519-3.c  -Og -DPREVENT_OPTIMIZATION  line 20 y == 25
FAIL: gcc.dg/guality/pr54519-3.c  -Og -DPREVENT_OPTIMIZATION  line 20 z == 6
FAIL: gcc.dg/guality/pr54519-3.c  -Og -DPREVENT_OPTIMIZATION  line 23 x == 98
FAIL: gcc.dg/guality/pr54519-3.c  -Og -DPREVENT_OPTIMIZATION  line 23 y == 117
FAIL: gcc.dg/guality/pr54519-3.c  -Og -DPREVENT_OPTIMIZATION  line 23 z == 8
FAIL: gcc.dg/guality/pr54519-4.c   -O1  -DPREVENT_OPTIMIZATION  line 17 x == 6
FAIL: gcc.dg/guality/pr54519-4.c   -O1  -DPREVENT_OPTIMIZATION  line 17 y == 25
FAIL: gcc.dg/guality/pr54519-4.c   -O2  -DPREVENT_OPTIMIZATION  line 17 y == 25
FAIL: gcc.dg/guality/pr54519-4.c   -O2 -flto -fno-use-linker-plugin -flto-partition=none  -DPREVENT_OPTIMIZATION line 17 y == 25
FAIL: gcc.dg/guality/pr54519-4.c   -O2 -flto -fuse-linker-plugin -fno-fat-lto-objects  -DPREVENT_OPTIMIZATION line 17 y == 25
FAIL: gcc.dg/guality/pr54519-4.c   -O3 -g  -DPREVENT_OPTIMIZATION  line 17 y == 25
FAIL: gcc.dg/guality/pr54519-4.c   -Os  -DPREVENT_OPTIMIZATION  line 17 y == 25
FAIL: gcc.dg/guality/pr54519-4.c  -Og -DPREVENT_OPTIMIZATION  line 17 x == 6
FAIL: gcc.dg/guality/pr54519-4.c  -Og -DPREVENT_OPTIMIZATION  line 17 y == 25
FAIL: gcc.dg/guality/pr54519-5.c   -O1  -DPREVENT_OPTIMIZATION  line 17 x == 6
FAIL: gcc.dg/guality/pr54519-5.c   -O1  -DPREVENT_OPTIMIZATION  line 17 y == 25
FAIL: gcc.dg/guality/pr54519-5.c   -O2  -DPREVENT_OPTIMIZATION  line 17 x == 6
FAIL: gcc.dg/guality/pr54519-5.c   -O2  -DPREVENT_OPTIMIZATION  line 17 y == 25
FAIL: gcc.dg/guality/pr54519-5.c   -O2 -flto -fno-use-linker-plugin -flto-partition=none  -DPREVENT_OPTIMIZATION line 17 x == 6
FAIL: gcc.dg/guality/pr54519-5.c   -O2 -flto -fno-use-linker-plugin -flto-partition=none  -DPREVENT_OPTIMIZATION line 17 y == 25
FAIL: gcc.dg/guality/pr54519-5.c   -O2 -flto -fuse-linker-plugin -fno-fat-lto-objects  -DPREVENT_OPTIMIZATION line 17 y == 25
FAIL: gcc.dg/guality/pr54519-5.c   -O3 -g  -DPREVENT_OPTIMIZATION  line 17 y == 25
FAIL: gcc.dg/guality/pr54519-5.c   -Os  -DPREVENT_OPTIMIZATION  line 17 y == 25
FAIL: gcc.dg/guality/pr54519-5.c  -Og -DPREVENT_OPTIMIZATION  line 17 x == 6
FAIL: gcc.dg/guality/pr54519-5.c  -Og -DPREVENT_OPTIMIZATION  line 17 y == 25
FAIL: gcc.dg/guality/pr54551.c   -O1  -DPREVENT_OPTIMIZATION  line 18 a == 4
FAIL: gcc.dg/guality/pr54551.c   -O2  -DPREVENT_OPTIMIZATION  line 18 a == 4
FAIL: gcc.dg/guality/pr54551.c   -O2 -flto -fno-use-linker-plugin -flto-partition=none  -DPREVENT_OPTIMIZATION line 18 a == 4
FAIL: gcc.dg/guality/pr54551.c   -O3 -g  -DPREVENT_OPTIMIZATION  line 18 a == 4
FAIL: gcc.dg/guality/pr54551.c   -Os  -DPREVENT_OPTIMIZATION  line 18 a == 4
FAIL: gcc.dg/guality/pr54551.c  -Og -DPREVENT_OPTIMIZATION  line 18 a == 4
FAIL: gcc.dg/guality/pr54693-2.c   -O1  -DPREVENT_OPTIMIZATION  line 21 x == 10 - i
FAIL: gcc.dg/guality/pr54693-2.c   -O1  -DPREVENT_OPTIMIZATION  line 21 y == 20 - 2 * i
FAIL: gcc.dg/guality/pr54693-2.c   -O2  -DPREVENT_OPTIMIZATION  line 21 x == 10 - i
FAIL: gcc.dg/guality/pr54693-2.c   -O2  -DPREVENT_OPTIMIZATION  line 21 y == 20 - 2 * i
FAIL: gcc.dg/guality/pr54693-2.c   -O2 -flto -fno-use-linker-plugin -flto-partition=none  -DPREVENT_OPTIMIZATION line 21 x == 10 - i
FAIL: gcc.dg/guality/pr54693-2.c   -O2 -flto -fno-use-linker-plugin -flto-partition=none  -DPREVENT_OPTIMIZATION line 21 y == 20 - 2 * i
FAIL: gcc.dg/guality/pr54693-2.c   -O2 -flto -fuse-linker-plugin -fno-fat-lto-objects  -DPREVENT_OPTIMIZATION line 21 y == 20 - 2 * i
FAIL: gcc.dg/guality/pr54693-2.c   -O2 -flto -fuse-linker-plugin -fno-fat-lto-objects  -DPREVENT_OPTIMIZATION line 21 z == 30 - 3 * i
FAIL: gcc.dg/guality/pr54693-2.c   -O3 -fomit-frame-pointer -funroll-loops -fpeel-loops -ftracer -finline-functions  -DPREVENT_OPTIMIZATION  line 21 x == 10 - i
FAIL: gcc.dg/guality/pr54693-2.c   -O3 -fomit-frame-pointer -funroll-loops -fpeel-loops -ftracer -finline-functions  -DPREVENT_OPTIMIZATION  line 21 y == 20 - 2 * i
FAIL: gcc.dg/guality/pr54693-2.c   -O3 -g  -DPREVENT_OPTIMIZATION  line 21 x == 10 - i
FAIL: gcc.dg/guality/pr54693-2.c   -O3 -g  -DPREVENT_OPTIMIZATION  line 21 y == 20 - 2 * i
FAIL: gcc.dg/guality/pr54693-2.c   -Os  -DPREVENT_OPTIMIZATION  line 21 y == 20 - 2 * i
FAIL: gcc.dg/guality/pr54693-2.c   -Os  -DPREVENT_OPTIMIZATION  line 21 z == 30 - 3 * i
FAIL: gcc.dg/guality/pr54693.c   -Os  -DPREVENT_OPTIMIZATION  line 22 i == c - 48
XPASS: gcc.dg/guality/pr54970.c   -O0  line 15 a[0] == 1
XPASS: gcc.dg/guality/pr54970.c   -O0  line 20 a[0] == 1
XPASS: gcc.dg/guality/pr54970.c   -O0  line 25 a[0] == 1
XPASS: gcc.dg/guality/pr54970.c   -O0  line 31 a[0] == 4
XPASS: gcc.dg/guality/pr54970.c   -O0  line 36 a[0] == 4
XPASS: gcc.dg/guality/pr54970.c   -O0  line 45 a[0] == 4
XPASS: gcc.dg/guality/pr54970.c   -O0  line 45 p[-2] == 4
XPASS: gcc.dg/guality/pr54970.c   -O0  line 45 q[-1] == 4
FAIL: gcc.dg/guality/pr54970.c  -Og -DPREVENT_OPTIMIZATION  line 15 *p == 3
FAIL: gcc.dg/guality/pr54970.c  -Og -DPREVENT_OPTIMIZATION  line 15 *q == 2
FAIL: gcc.dg/guality/pr54970.c  -Og -DPREVENT_OPTIMIZATION  line 15 a[1] == 2
FAIL: gcc.dg/guality/pr54970.c  -Og -DPREVENT_OPTIMIZATION  line 15 a[2] == 3
FAIL: gcc.dg/guality/pr54970.c  -Og -DPREVENT_OPTIMIZATION  line 20 *p == 13
FAIL: gcc.dg/guality/pr54970.c  -Og -DPREVENT_OPTIMIZATION  line 20 *q == 2
FAIL: gcc.dg/guality/pr54970.c  -Og -DPREVENT_OPTIMIZATION  line 20 a[1] == 2
FAIL: gcc.dg/guality/pr54970.c  -Og -DPREVENT_OPTIMIZATION  line 20 a[2] == 13
FAIL: gcc.dg/guality/pr54970.c  -Og -DPREVENT_OPTIMIZATION  line 25 *p == 13
FAIL: gcc.dg/guality/pr54970.c  -Og -DPREVENT_OPTIMIZATION  line 25 *q == 12
FAIL: gcc.dg/guality/pr54970.c  -Og -DPREVENT_OPTIMIZATION  line 25 a[1] == 12
FAIL: gcc.dg/guality/pr54970.c  -Og -DPREVENT_OPTIMIZATION  line 25 a[2] == 13
FAIL: gcc.dg/guality/pr54970.c  -Og -DPREVENT_OPTIMIZATION  line 31 *p == 6
FAIL: gcc.dg/guality/pr54970.c  -Og -DPREVENT_OPTIMIZATION  line 31 *q == 5
FAIL: gcc.dg/guality/pr54970.c  -Og -DPREVENT_OPTIMIZATION  line 31 a[1] == 5
FAIL: gcc.dg/guality/pr54970.c  -Og -DPREVENT_OPTIMIZATION  line 31 a[2] == 6
FAIL: gcc.dg/guality/pr54970.c  -Og -DPREVENT_OPTIMIZATION  line 36 *p == 26
FAIL: gcc.dg/guality/pr54970.c  -Og -DPREVENT_OPTIMIZATION  line 36 *q == 5
FAIL: gcc.dg/guality/pr54970.c  -Og -DPREVENT_OPTIMIZATION  line 36 a[1] == 5
FAIL: gcc.dg/guality/pr54970.c  -Og -DPREVENT_OPTIMIZATION  line 36 a[2] == 26
FAIL: gcc.dg/guality/pr54970.c  -Og -DPREVENT_OPTIMIZATION  line 45 *p == 26
FAIL: gcc.dg/guality/pr54970.c  -Og -DPREVENT_OPTIMIZATION  line 45 *q == 25
FAIL: gcc.dg/guality/pr54970.c  -Og -DPREVENT_OPTIMIZATION  line 45 a[1] == 25
FAIL: gcc.dg/guality/pr54970.c  -Og -DPREVENT_OPTIMIZATION  line 45 a[2] == 26
FAIL: gcc.dg/guality/pr54970.c  -Og -DPREVENT_OPTIMIZATION  line 45 p[-1] == 25
FAIL: gcc.dg/guality/pr54970.c  -Og -DPREVENT_OPTIMIZATION  line 45 q[1] == 26
FAIL: gcc.dg/guality/pr56154-1.c  -Og -DPREVENT_OPTIMIZATION  line pr56154-1.c:20 x.a == 6
FAIL: gcc.dg/guality/pr59776.c  -Og -DPREVENT_OPTIMIZATION  line pr59776.c:17 s1.f == 5.0
FAIL: gcc.dg/guality/pr59776.c  -Og -DPREVENT_OPTIMIZATION  line pr59776.c:17 s1.g == 6.0
FAIL: gcc.dg/guality/pr59776.c  -Og -DPREVENT_OPTIMIZATION  line pr59776.c:17 s2.f == 0.0
FAIL: gcc.dg/guality/pr59776.c  -Og -DPREVENT_OPTIMIZATION  line pr59776.c:17 s2.g == 6.0
FAIL: gcc.dg/guality/pr59776.c  -Og -DPREVENT_OPTIMIZATION  line pr59776.c:20 s1.f == 5.0
FAIL: gcc.dg/guality/pr59776.c  -Og -DPREVENT_OPTIMIZATION  line pr59776.c:20 s1.g == 6.0
FAIL: gcc.dg/guality/pr59776.c  -Og -DPREVENT_OPTIMIZATION  line pr59776.c:20 s2.f == 5.0
FAIL: gcc.dg/guality/pr59776.c  -Og -DPREVENT_OPTIMIZATION  line pr59776.c:20 s2.g == 6.0
FAIL: gcc.dg/guality/pr68860-1.c   -O2 -flto -fno-use-linker-plugin -flto-partition=none  -DPREVENT_OPTIMIZATION line 14 arg1 == 1
FAIL: gcc.dg/guality/pr68860-1.c   -O2 -flto -fno-use-linker-plugin -flto-partition=none  -DPREVENT_OPTIMIZATION line 14 arg2 == 2
FAIL: gcc.dg/guality/pr68860-1.c   -O2 -flto -fno-use-linker-plugin -flto-partition=none  -DPREVENT_OPTIMIZATION line 14 arg3 == 3
FAIL: gcc.dg/guality/pr68860-1.c   -O2 -flto -fno-use-linker-plugin -flto-partition=none  -DPREVENT_OPTIMIZATION line 14 arg4 == 4
FAIL: gcc.dg/guality/pr68860-1.c   -O2 -flto -fno-use-linker-plugin -flto-partition=none  -DPREVENT_OPTIMIZATION line 14 arg5 == 5
FAIL: gcc.dg/guality/pr68860-1.c   -O2 -flto -fno-use-linker-plugin -flto-partition=none  -DPREVENT_OPTIMIZATION line 14 arg6 == 6
FAIL: gcc.dg/guality/pr68860-1.c   -O2 -flto -fno-use-linker-plugin -flto-partition=none  -DPREVENT_OPTIMIZATION line 16 arg1 == 1
FAIL: gcc.dg/guality/pr68860-1.c   -O2 -flto -fno-use-linker-plugin -flto-partition=none  -DPREVENT_OPTIMIZATION line 16 arg2 == 2
FAIL: gcc.dg/guality/pr68860-1.c   -O2 -flto -fno-use-linker-plugin -flto-partition=none  -DPREVENT_OPTIMIZATION line 16 arg3 == 3
FAIL: gcc.dg/guality/pr68860-1.c   -O2 -flto -fno-use-linker-plugin -flto-partition=none  -DPREVENT_OPTIMIZATION line 16 arg4 == 4
FAIL: gcc.dg/guality/pr68860-1.c   -O2 -flto -fno-use-linker-plugin -flto-partition=none  -DPREVENT_OPTIMIZATION line 16 arg5 == 5
FAIL: gcc.dg/guality/pr68860-1.c   -O2 -flto -fno-use-linker-plugin -flto-partition=none  -DPREVENT_OPTIMIZATION line 16 arg6 == 6
FAIL: gcc.dg/guality/pr68860-1.c   -O2 -flto -fuse-linker-plugin -fno-fat-lto-objects  -DPREVENT_OPTIMIZATION line 14 arg1 == 1
FAIL: gcc.dg/guality/pr68860-1.c   -O2 -flto -fuse-linker-plugin -fno-fat-lto-objects  -DPREVENT_OPTIMIZATION line 14 arg2 == 2
FAIL: gcc.dg/guality/pr68860-1.c   -O2 -flto -fuse-linker-plugin -fno-fat-lto-objects  -DPREVENT_OPTIMIZATION line 14 arg3 == 3
FAIL: gcc.dg/guality/pr68860-1.c   -O2 -flto -fuse-linker-plugin -fno-fat-lto-objects  -DPREVENT_OPTIMIZATION line 14 arg4 == 4
FAIL: gcc.dg/guality/pr68860-1.c   -O2 -flto -fuse-linker-plugin -fno-fat-lto-objects  -DPREVENT_OPTIMIZATION line 14 arg5 == 5
FAIL: gcc.dg/guality/pr68860-1.c   -O2 -flto -fuse-linker-plugin -fno-fat-lto-objects  -DPREVENT_OPTIMIZATION line 14 arg6 == 6
FAIL: gcc.dg/guality/pr68860-1.c   -O2 -flto -fuse-linker-plugin -fno-fat-lto-objects  -DPREVENT_OPTIMIZATION line 16 arg1 == 1
FAIL: gcc.dg/guality/pr68860-1.c   -O2 -flto -fuse-linker-plugin -fno-fat-lto-objects  -DPREVENT_OPTIMIZATION line 16 arg2 == 2
FAIL: gcc.dg/guality/pr68860-1.c   -O2 -flto -fuse-linker-plugin -fno-fat-lto-objects  -DPREVENT_OPTIMIZATION line 16 arg3 == 3
FAIL: gcc.dg/guality/pr68860-1.c   -O2 -flto -fuse-linker-plugin -fno-fat-lto-objects  -DPREVENT_OPTIMIZATION line 16 arg4 == 4
FAIL: gcc.dg/guality/pr68860-1.c   -O2 -flto -fuse-linker-plugin -fno-fat-lto-objects  -DPREVENT_OPTIMIZATION line 16 arg5 == 5
FAIL: gcc.dg/guality/pr68860-1.c   -O2 -flto -fuse-linker-plugin -fno-fat-lto-objects  -DPREVENT_OPTIMIZATION line 16 arg6 == 6
FAIL: gcc.dg/guality/sra-1.c  -Og -DPREVENT_OPTIMIZATION  line 21 a.i == 4
FAIL: gcc.dg/guality/sra-1.c  -Og -DPREVENT_OPTIMIZATION  line 21 a.j == 14
FAIL: gcc.dg/guality/sra-1.c  -Og -DPREVENT_OPTIMIZATION  line 32 a[0] == 4
FAIL: gcc.dg/guality/sra-1.c  -Og -DPREVENT_OPTIMIZATION  line 32 a[1] == 14
FAIL: gcc.dg/guality/sra-1.c  -Og -DPREVENT_OPTIMIZATION  line 43 a.i == 4
FAIL: gcc.dg/guality/sra-1.c  -Og -DPREVENT_OPTIMIZATION  line 43 a.j == 14
FAIL: gcc.dg/guality/vla-1.c   -O1  -DPREVENT_OPTIMIZATION  line 17 sizeof (a) == 6
FAIL: gcc.dg/guality/vla-1.c   -O2  -DPREVENT_OPTIMIZATION  line 17 sizeof (a) == 6
FAIL: gcc.dg/guality/vla-1.c   -O2 -flto -fno-use-linker-plugin -flto-partition=none  -DPREVENT_OPTIMIZATION line 17 sizeof (a) == 6
FAIL: gcc.dg/guality/vla-1.c   -O2 -flto -fuse-linker-plugin -fno-fat-lto-objects  -DPREVENT_OPTIMIZATION line 17 sizeof (a) == 6
FAIL: gcc.dg/guality/vla-1.c   -O3 -g  -DPREVENT_OPTIMIZATION  line 17 sizeof (a) == 6
FAIL: gcc.dg/guality/vla-1.c   -Os  -DPREVENT_OPTIMIZATION  line 17 sizeof (a) == 6
FAIL: gcc.dg/torture/pr52451.c   -O0  execution test
FAIL: gcc.dg/torture/pr52451.c   -O1  execution test
FAIL: gcc.dg/torture/pr52451.c   -O2  execution test
FAIL: gcc.dg/torture/pr52451.c   -O2 -flto -fno-use-linker-plugin -flto-partition=none  execution test
FAIL: gcc.dg/torture/pr52451.c   -O2 -flto -fuse-linker-plugin -fno-fat-lto-objects  execution test
FAIL: gcc.dg/torture/pr52451.c   -O3 -g  execution test
FAIL: gcc.dg/torture/pr52451.c   -Os  execution test
XPASS: gcc.dg/tree-ssa/ssa-dom-cse-2.c scan-tree-dump optimized "return 28;"
XPASS: gcc.target/powerpc/20050603-3.c scan-assembler-not \\\\mrlwinm
XPASS: gcc.target/powerpc/20050603-3.c scan-assembler-times \\\\mrl[wd]imi 1
FAIL: gcc.target/powerpc/fold-vec-extract-longlong.p8.c scan-assembler-times \\\\mmfvsrd\\\\M 6
FAIL: gcc.target/powerpc/fold-vec-extract-longlong.p8.c scan-assembler-times \\\\mmtvsrd\\\\M 3
FAIL: gcc.target/powerpc/fold-vec-extract-longlong.p8.c scan-assembler-times \\\\mrldic\\\\M|\\\\mrlwinm\\\\M 3
FAIL: gcc.target/powerpc/fold-vec-extract-longlong.p8.c scan-assembler-times \\\\mvslo\\\\M 3
FAIL: gcc.target/powerpc/fold-vec-extract-longlong.p8.c scan-assembler-times \\\\mxori\\\\M 3
FAIL: gcc.target/powerpc/rlwimi-2.c scan-assembler-times (?n)^\\\\s+[a-z] 20217
FAIL: gcc.target/powerpc/rlwimi-2.c scan-assembler-times (?n)^\\\\s+rldicl 6728
FAIL: gcc.target/powerpc/rlwimi-2.c scan-assembler-times (?n)^\\\\s+rlwimi 1692
FAIL: gcc.target/powerpc/rlwinm-0.c scan-assembler-times (?n)^\\\\s+[a-z] 9730
FAIL: gcc.target/powerpc/rlwinm-0.c scan-assembler-times (?n)^\\\\s+rldicl 3095
FAIL: gcc.target/powerpc/rlwinm-0.c scan-assembler-times (?n)^\\\\s+rlwinm 3094
FAIL: gcc.target/powerpc/rlwinm-0.c scan-assembler-times (?n)^\\\\s+srdi 12
FAIL: gcc.target/powerpc/rlwinm-1.c scan-assembler-times (?n)^\\\\s+[a-z] 9606
FAIL: gcc.target/powerpc/rlwinm-1.c scan-assembler-times (?n)^\\\\s+rldic 2946
FAIL: gcc.target/powerpc/rlwinm-1.c scan-assembler-times (?n)^\\\\s+rlwinm 622
FAIL: gcc.target/powerpc/rlwinm-1.c scan-assembler-times (?n)^\\\\s+slwi 1
FAIL: gcc.target/powerpc/rlwinm-2.c scan-assembler-times (?n)^\\\\s+[a-z] 9466
FAIL: gcc.target/powerpc/rlwinm-2.c scan-assembler-times (?n)^\\\\s+rldic 2840
FAIL: gcc.target/powerpc/rlwinm-2.c scan-assembler-times (?n)^\\\\s+rlwinm 721
FAIL: gcc.target/powerpc/rlwinm-2.c scan-assembler-times (?n)^\\\\s+srdi 12
FAIL: gcc.target/powerpc/rs6000-fpint.c scan-assembler-not stfiwx
FAIL: gcc.target/powerpc/vec-rlmi-rlnm.c scan-assembler-times xxlor 2

		=== gcc Summary ===

# of expected passes		130757
# of unexpected failures	255
# of unexpected successes	33
# of expected failures		636
# of unsupported tests		2721
/build/gcc-snapshot-EcWoGa/gcc-snapshot-20190527/build/gcc/xgcc  version 10.0.0 20190527 (experimental) [trunk revision 271671] (Debian 20190527-1) 

		=== gdc tests ===


Running target unix
FAIL: gdc.test/compilable/ctfe_math.d   output-exists ctfe_math.o
FAIL: gdc.test/compilable/ctfe_math.d -O2    output-exists ctfe_math.o
FAIL: gdc.test/compilable/ctfe_math.d -O2 -frelease    output-exists ctfe_math.o
FAIL: gdc.test/compilable/ctfe_math.d -O2 -frelease -g    output-exists ctfe_math.o
FAIL: gdc.test/compilable/ctfe_math.d -O2 -g    output-exists ctfe_math.o
FAIL: gdc.test/compilable/ctfe_math.d -frelease    output-exists ctfe_math.o
FAIL: gdc.test/compilable/ctfe_math.d -frelease -g    output-exists ctfe_math.o
FAIL: gdc.test/compilable/ctfe_math.d -g    output-exists ctfe_math.o
FAIL: gdc.test/compilable/test5227.d   output-exists test5227.o

		=== gdc Summary ===

# of expected passes		22436
# of unexpected failures	9
# of unsupported tests		40
/build/gcc-snapshot-EcWoGa/gcc-snapshot-20190527/build/gcc/gdc  version 10.0.0 20190527 (experimental) [trunk revision 271671] (Debian 20190527-1) 

		=== gfortran tests ===


Running target unix
FAIL: gfortran.dg/elemental_subroutine_3.f90   -O1  (test for excess errors)
FAIL: gfortran.dg/elemental_subroutine_3.f90   -O2  (test for excess errors)
FAIL: gfortran.dg/elemental_subroutine_3.f90   -O3 -fomit-frame-pointer -funroll-loops -fpeel-loops -ftracer -finline-functions  (test for excess errors)
FAIL: gfortran.dg/elemental_subroutine_3.f90   -O3 -g  (test for excess errors)
FAIL: gfortran.dg/elemental_subroutine_3.f90   -Os  (test for excess errors)
XPASS: gfortran.dg/large_real_kind_form_io_2.f90   -O0  execution test
XPASS: gfortran.dg/large_real_kind_form_io_2.f90   -O1  execution test
XPASS: gfortran.dg/large_real_kind_form_io_2.f90   -O2  execution test
XPASS: gfortran.dg/large_real_kind_form_io_2.f90   -O3 -fomit-frame-pointer -funroll-loops -fpeel-loops -ftracer -finline-functions  execution test
XPASS: gfortran.dg/large_real_kind_form_io_2.f90   -O3 -g  execution test
XPASS: gfortran.dg/large_real_kind_form_io_2.f90   -Os  execution test
FAIL: gfortran.dg/ieee/large_2.f90   -O0  execution test
FAIL: gfortran.dg/ieee/large_2.f90   -O1  execution test
FAIL: gfortran.dg/ieee/large_2.f90   -O2  execution test
FAIL: gfortran.dg/ieee/large_2.f90   -O3 -fomit-frame-pointer -funroll-loops -fpeel-loops -ftracer -finline-functions  execution test
FAIL: gfortran.dg/ieee/large_2.f90   -O3 -g  execution test
FAIL: gfortran.dg/ieee/large_2.f90   -Os  execution test

		=== gfortran Summary ===

# of expected passes		49969
# of unexpected failures	11
# of unexpected successes	6
# of expected failures		200
# of unsupported tests		110
/build/gcc-snapshot-EcWoGa/gcc-snapshot-20190527/build/gcc/gfortran  version 10.0.0 20190527 (experimental) [trunk revision 271671] (Debian 20190527-1) 

		=== gnat tests ===


Running target unix
FAIL: gnat.dg/unchecked_convert5.adb execution test
FAIL: gnat.dg/unchecked_convert6.adb execution test

		=== gnat Summary ===

# of expected passes		2954
# of unexpected failures	2
# of expected failures		23
# of unsupported tests		19
/build/gcc-snapshot-EcWoGa/gcc-snapshot-20190527/build/gcc/gnatmake version 10.0.0 20190527 (experimental) [trunk revision 271671]

		=== go tests ===


Running target unix
FAIL: go.test/test/ken/cplx2.go execution,  -O2 -g 

		=== go Summary ===

# of expected passes		7357
# of unexpected failures	1
# of expected failures		1
# of untested testcases		7
# of unsupported tests		3
/build/gcc-snapshot-EcWoGa/gcc-snapshot-20190527/build/gcc/gccgo  version 10.0.0 20190527 (experimental) [trunk revision 271671] (Debian 20190527-1) 

		=== obj-c++ tests ===


Running target unix

		=== obj-c++ Summary ===

# of expected passes		1442
# of expected failures		10
# of unsupported tests		77
/build/gcc-snapshot-EcWoGa/gcc-snapshot-20190527/build/gcc/xg++  version 10.0.0 20190527 (experimental) [trunk revision 271671] (Debian 20190527-1) 

		=== objc tests ===


Running target unix

		=== objc Summary ===

# of expected passes		2782
# of unsupported tests		68
/build/gcc-snapshot-EcWoGa/gcc-snapshot-20190527/build/gcc/xgcc  version 10.0.0 20190527 (experimental) [trunk revision 271671] (Debian 20190527-1) 

		=== gotools tests ===


		=== gotools Summary ===
# of expected passes		416
# of untested testcases		192
/build/gcc-snapshot-EcWoGa/gcc-snapshot-20190527/build/./gcc/gccgo version 10.0.0 20190527 (experimental) [trunk revision 271671] (Debian 20190527-1)

		=== libatomic tests ===


Running target unix

		=== libatomic Summary ===

# of expected passes		54
		=== libffi tests ===


Running target unix

		=== libffi Summary ===

# of expected passes		1934
# of unsupported tests		28
		=== libgo tests ===


Running target unix
FAIL: os
FAIL: runtime/pprof

		=== libgo Summary ===

# of expected passes		182
# of unexpected failures	2
/build/gcc-snapshot-EcWoGa/gcc-snapshot-20190527/build/./gcc/gccgo version 10.0.0 20190527 (experimental) [trunk revision 271671] (Debian 20190527-1)

		=== libgomp tests ===


Running target unix
FAIL: libgomp.c/../libgomp.c-c++-common/for-11.c (test for excess errors)
UNRESOLVED: libgomp.c/../libgomp.c-c++-common/for-11.c compilation failed to produce executable
FAIL: libgomp.c/../libgomp.c-c++-common/for-12.c (test for excess errors)
UNRESOLVED: libgomp.c/../libgomp.c-c++-common/for-12.c compilation failed to produce executable
FAIL: libgomp.c/../libgomp.c-c++-common/for-16.c (test for excess errors)
UNRESOLVED: libgomp.c/../libgomp.c-c++-common/for-16.c compilation failed to produce executable
FAIL: libgomp.c/../libgomp.c-c++-common/for-3.c (test for excess errors)
UNRESOLVED: libgomp.c/../libgomp.c-c++-common/for-3.c compilation failed to produce executable
FAIL: libgomp.c/../libgomp.c-c++-common/for-5.c (test for excess errors)
UNRESOLVED: libgomp.c/../libgomp.c-c++-common/for-5.c compilation failed to produce executable
FAIL: libgomp.c/../libgomp.c-c++-common/for-6.c (test for excess errors)
UNRESOLVED: libgomp.c/../libgomp.c-c++-common/for-6.c compilation failed to produce executable
FAIL: libgomp.c/../libgomp.c-c++-common/for-9.c (test for excess errors)
UNRESOLVED: libgomp.c/../libgomp.c-c++-common/for-9.c compilation failed to produce executable
FAIL: libgomp.c/../libgomp.c-c++-common/function-not-offloaded.c (test for excess errors)
FAIL: libgomp.c/../libgomp.c-c++-common/pr66199-2.c (test for excess errors)
UNRESOLVED: libgomp.c/../libgomp.c-c++-common/pr66199-2.c compilation failed to produce executable
FAIL: libgomp.c/../libgomp.c-c++-common/pr66199-4.c (test for excess errors)
UNRESOLVED: libgomp.c/../libgomp.c-c++-common/pr66199-4.c compilation failed to produce executable
FAIL: libgomp.c/../libgomp.c-c++-common/pr66199-5.c (test for excess errors)
UNRESOLVED: libgomp.c/../libgomp.c-c++-common/pr66199-5.c compilation failed to produce executable
FAIL: libgomp.c/../libgomp.c-c++-common/pr66199-6.c (test for excess errors)
UNRESOLVED: libgomp.c/../libgomp.c-c++-common/pr66199-6.c compilation failed to produce executable
FAIL: libgomp.c/../libgomp.c-c++-common/pr66199-7.c (test for excess errors)
UNRESOLVED: libgomp.c/../libgomp.c-c++-common/pr66199-7.c compilation failed to produce executable
FAIL: libgomp.c/../libgomp.c-c++-common/pr66199-8.c (test for excess errors)
UNRESOLVED: libgomp.c/../libgomp.c-c++-common/pr66199-8.c compilation failed to produce executable
FAIL: libgomp.c/../libgomp.c-c++-common/pr66199-9.c (test for excess errors)
UNRESOLVED: libgomp.c/../libgomp.c-c++-common/pr66199-9.c compilation failed to produce executable
FAIL: libgomp.c/../libgomp.c-c++-common/pr83046.c (test for excess errors)
FAIL: libgomp.c/../libgomp.c-c++-common/target-1.c (test for excess errors)
UNRESOLVED: libgomp.c/../libgomp.c-c++-common/target-1.c compilation failed to produce executable
FAIL: libgomp.c/../libgomp.c-c++-common/target-10.c (test for excess errors)
UNRESOLVED: libgomp.c/../libgomp.c-c++-common/target-10.c compilation failed to produce executable
FAIL: libgomp.c/../libgomp.c-c++-common/target-13.c (test for excess errors)
UNRESOLVED: libgomp.c/../libgomp.c-c++-common/target-13.c compilation failed to produce executable
FAIL: libgomp.c/../libgomp.c-c++-common/target-2.c (test for excess errors)
UNRESOLVED: libgomp.c/../libgomp.c-c++-common/target-2.c compilation failed to produce executable
FAIL: libgomp.c/../libgomp.c-c++-common/variable-not-offloaded.c (test for excess errors)
FAIL: libgomp.c/examples-4/array_sections-3.c (test for excess errors)
UNRESOLVED: libgomp.c/examples-4/array_sections-3.c compilation failed to produce executable
FAIL: libgomp.c/examples-4/array_sections-4.c (test for excess errors)
UNRESOLVED: libgomp.c/examples-4/array_sections-4.c compilation failed to produce executable
FAIL: libgomp.c/examples-4/async_target-1.c (test for excess errors)
UNRESOLVED: libgomp.c/examples-4/async_target-1.c compilation failed to produce executable
FAIL: libgomp.c/examples-4/declare_target-1.c (test for excess errors)
UNRESOLVED: libgomp.c/examples-4/declare_target-1.c compilation failed to produce executable
FAIL: libgomp.c/examples-4/declare_target-3.c (test for excess errors)
UNRESOLVED: libgomp.c/examples-4/declare_target-3.c compilation failed to produce executable
FAIL: libgomp.c/examples-4/declare_target-4.c (test for excess errors)
UNRESOLVED: libgomp.c/examples-4/declare_target-4.c compilation failed to produce executable
FAIL: libgomp.c/examples-4/target-1.c (test for excess errors)
UNRESOLVED: libgomp.c/examples-4/target-1.c compilation failed to produce executable
FAIL: libgomp.c/examples-4/target-2.c (test for excess errors)
UNRESOLVED: libgomp.c/examples-4/target-2.c compilation failed to produce executable
FAIL: libgomp.c/examples-4/target-3.c (test for excess errors)
UNRESOLVED: libgomp.c/examples-4/target-3.c compilation failed to produce executable
FAIL: libgomp.c/examples-4/target-4.c (test for excess errors)
UNRESOLVED: libgomp.c/examples-4/target-4.c compilation failed to produce executable
FAIL: libgomp.c/examples-4/target_data-1.c (test for excess errors)
UNRESOLVED: libgomp.c/examples-4/target_data-1.c compilation failed to produce executable
FAIL: libgomp.c/examples-4/target_data-2.c (test for excess errors)
UNRESOLVED: libgomp.c/examples-4/target_data-2.c compilation failed to produce executable
FAIL: libgomp.c/examples-4/target_data-3.c (test for excess errors)
UNRESOLVED: libgomp.c/examples-4/target_data-3.c compilation failed to produce executable
FAIL: libgomp.c/examples-4/target_data-4.c (test for excess errors)
UNRESOLVED: libgomp.c/examples-4/target_data-4.c compilation failed to produce executable
FAIL: libgomp.c/examples-4/target_update-1.c (test for excess errors)
UNRESOLVED: libgomp.c/examples-4/target_update-1.c compilation failed to produce executable
FAIL: libgomp.c/examples-4/target_update-2.c (test for excess errors)
UNRESOLVED: libgomp.c/examples-4/target_update-2.c compilation failed to produce executable
FAIL: libgomp.c/examples-4/teams-2.c (test for excess errors)
UNRESOLVED: libgomp.c/examples-4/teams-2.c compilation failed to produce executable
FAIL: libgomp.c/examples-4/teams-3.c (test for excess errors)
UNRESOLVED: libgomp.c/examples-4/teams-3.c compilation failed to produce executable
FAIL: libgomp.c/examples-4/teams-4.c (test for excess errors)
UNRESOLVED: libgomp.c/examples-4/teams-4.c compilation failed to produce executable
FAIL: libgomp.c/examples-4/teams-5.c (test for excess errors)
UNRESOLVED: libgomp.c/examples-4/teams-5.c compilation failed to produce executable
FAIL: libgomp.c/examples-4/teams-6.c (test for excess errors)
UNRESOLVED: libgomp.c/examples-4/teams-6.c compilation failed to produce executable
FAIL: libgomp.c/pr64734.c (test for excess errors)
UNRESOLVED: libgomp.c/pr64734.c compilation failed to produce executable
FAIL: libgomp.c/pr86660.c (test for excess errors)
UNRESOLVED: libgomp.c/pr86660.c compilation failed to produce executable
FAIL: libgomp.c/switch-conversion-2.c (test for excess errors)
UNRESOLVED: libgomp.c/switch-conversion-2.c compilation failed to produce executable
FAIL: libgomp.c/switch-conversion.c (test for excess errors)
UNRESOLVED: libgomp.c/switch-conversion.c compilation failed to produce executable
FAIL: libgomp.c/target-12.c (test for excess errors)
UNRESOLVED: libgomp.c/target-12.c compilation failed to produce executable
FAIL: libgomp.c/target-14.c (test for excess errors)
UNRESOLVED: libgomp.c/target-14.c compilation failed to produce executable
FAIL: libgomp.c/target-15.c (test for excess errors)
UNRESOLVED: libgomp.c/target-15.c compilation failed to produce executable
FAIL: libgomp.c/target-16.c (test for excess errors)
UNRESOLVED: libgomp.c/target-16.c compilation failed to produce executable
FAIL: libgomp.c/target-17.c (test for excess errors)
UNRESOLVED: libgomp.c/target-17.c compilation failed to produce executable
FAIL: libgomp.c/target-18.c (test for excess errors)
UNRESOLVED: libgomp.c/target-18.c compilation failed to produce executable
FAIL: libgomp.c/target-19.c (test for excess errors)
UNRESOLVED: libgomp.c/target-19.c compilation failed to produce executable
FAIL: libgomp.c/target-21.c (test for excess errors)
UNRESOLVED: libgomp.c/target-21.c compilation failed to produce executable
FAIL: libgomp.c/target-22.c (test for excess errors)
UNRESOLVED: libgomp.c/target-22.c compilation failed to produce executable
FAIL: libgomp.c/target-23.c (test for excess errors)
UNRESOLVED: libgomp.c/target-23.c compilation failed to produce executable
FAIL: libgomp.c/target-24.c (test for excess errors)
UNRESOLVED: libgomp.c/target-24.c compilation failed to produce executable
FAIL: libgomp.c/target-25.c (test for excess errors)
UNRESOLVED: libgomp.c/target-25.c compilation failed to produce executable
FAIL: libgomp.c/target-26.c (test for excess errors)
UNRESOLVED: libgomp.c/target-26.c compilation failed to produce executable
FAIL: libgomp.c/target-27.c (test for excess errors)
UNRESOLVED: libgomp.c/target-27.c compilation failed to produce executable
FAIL: libgomp.c/target-28.c (test for excess errors)
UNRESOLVED: libgomp.c/target-28.c compilation failed to produce executable
FAIL: libgomp.c/target-29.c (test for excess errors)
UNRESOLVED: libgomp.c/target-29.c compilation failed to produce executable
FAIL: libgomp.c/target-3.c (test for excess errors)
UNRESOLVED: libgomp.c/target-3.c compilation failed to produce executable
FAIL: libgomp.c/target-30.c (test for excess errors)
UNRESOLVED: libgomp.c/target-30.c compilation failed to produce executable
FAIL: libgomp.c/target-31.c (test for excess errors)
UNRESOLVED: libgomp.c/target-31.c compilation failed to produce executable
FAIL: libgomp.c/target-32.c (test for excess errors)
UNRESOLVED: libgomp.c/target-32.c compilation failed to produce executable
FAIL: libgomp.c/target-33.c (test for excess errors)
UNRESOLVED: libgomp.c/target-33.c compilation failed to produce executable
FAIL: libgomp.c/target-34.c (test for excess errors)
UNRESOLVED: libgomp.c/target-34.c compilation failed to produce executable
FAIL: libgomp.c/target-35.c (test for excess errors)
UNRESOLVED: libgomp.c/target-35.c compilation failed to produce executable
FAIL: libgomp.c/target-36.c (test for excess errors)
UNRESOLVED: libgomp.c/target-36.c compilation failed to produce executable
FAIL: libgomp.c/target-4.c (test for excess errors)
UNRESOLVED: libgomp.c/target-4.c compilation failed to produce executable
FAIL: libgomp.c/target-5.c (test for excess errors)
UNRESOLVED: libgomp.c/target-5.c compilation failed to produce executable
FAIL: libgomp.c/target-6.c (test for excess errors)
UNRESOLVED: libgomp.c/target-6.c compilation failed to produce executable
FAIL: libgomp.c/target-7.c (test for excess errors)
UNRESOLVED: libgomp.c/target-7.c compilation failed to produce executable
FAIL: libgomp.c/target-8.c (test for excess errors)
UNRESOLVED: libgomp.c/target-8.c compilation failed to produce executable
FAIL: libgomp.c/target-9.c (test for excess errors)
UNRESOLVED: libgomp.c/target-9.c compilation failed to produce executable
FAIL: libgomp.c/target-critical-1.c (test for excess errors)
UNRESOLVED: libgomp.c/target-critical-1.c compilation failed to produce executable
FAIL: libgomp.c/target-link-1.c (test for excess errors)
UNRESOLVED: libgomp.c/target-link-1.c compilation failed to produce executable
FAIL: libgomp.c/target-teams-1.c (test for excess errors)
UNRESOLVED: libgomp.c/target-teams-1.c compilation failed to produce executable
FAIL: libgomp.c/thread-limit-2.c (test for excess errors)
UNRESOLVED: libgomp.c/thread-limit-2.c compilation failed to produce executable
FAIL: libgomp.c/thread-limit-3.c (test for excess errors)
UNRESOLVED: libgomp.c/thread-limit-3.c compilation failed to produce executable
FAIL: libgomp.c++/../libgomp.c-c++-common/for-11.c (test for excess errors)
UNRESOLVED: libgomp.c++/../libgomp.c-c++-common/for-11.c compilation failed to produce executable
FAIL: libgomp.c++/../libgomp.c-c++-common/for-12.c (test for excess errors)
UNRESOLVED: libgomp.c++/../libgomp.c-c++-common/for-12.c compilation failed to produce executable
FAIL: libgomp.c++/../libgomp.c-c++-common/for-16.c (test for excess errors)
UNRESOLVED: libgomp.c++/../libgomp.c-c++-common/for-16.c compilation failed to produce executable
FAIL: libgomp.c++/../libgomp.c-c++-common/for-3.c (test for excess errors)
UNRESOLVED: libgomp.c++/../libgomp.c-c++-common/for-3.c compilation failed to produce executable
FAIL: libgomp.c++/../libgomp.c-c++-common/for-5.c (test for excess errors)
UNRESOLVED: libgomp.c++/../libgomp.c-c++-common/for-5.c compilation failed to produce executable
FAIL: libgomp.c++/../libgomp.c-c++-common/for-6.c (test for excess errors)
UNRESOLVED: libgomp.c++/../libgomp.c-c++-common/for-6.c compilation failed to produce executable
FAIL: libgomp.c++/../libgomp.c-c++-common/for-9.c (test for excess errors)
UNRESOLVED: libgomp.c++/../libgomp.c-c++-common/for-9.c compilation failed to produce executable
FAIL: libgomp.c++/../libgomp.c-c++-common/function-not-offloaded.c (test for excess errors)
FAIL: libgomp.c++/../libgomp.c-c++-common/pr66199-2.c (test for excess errors)
UNRESOLVED: libgomp.c++/../libgomp.c-c++-common/pr66199-2.c compilation failed to produce executable
FAIL: libgomp.c++/../libgomp.c-c++-common/pr66199-4.c (test for excess errors)
UNRESOLVED: libgomp.c++/../libgomp.c-c++-common/pr66199-4.c compilation failed to produce executable
FAIL: libgomp.c++/../libgomp.c-c++-common/pr66199-5.c (test for excess errors)
UNRESOLVED: libgomp.c++/../libgomp.c-c++-common/pr66199-5.c compilation failed to produce executable
FAIL: libgomp.c++/../libgomp.c-c++-common/pr66199-6.c (test for excess errors)
UNRESOLVED: libgomp.c++/../libgomp.c-c++-common/pr66199-6.c compilation failed to produce executable
FAIL: libgomp.c++/../libgomp.c-c++-common/pr66199-7.c (test for excess errors)
UNRESOLVED: libgomp.c++/../libgomp.c-c++-common/pr66199-7.c compilation failed to produce executable
FAIL: libgomp.c++/../libgomp.c-c++-common/pr66199-8.c (test for excess errors)
UNRESOLVED: libgomp.c++/../libgomp.c-c++-common/pr66199-8.c compilation failed to produce executable
FAIL: libgomp.c++/../libgomp.c-c++-common/pr66199-9.c (test for excess errors)
UNRESOLVED: libgomp.c++/../libgomp.c-c++-common/pr66199-9.c compilation failed to produce executable
FAIL: libgomp.c++/../libgomp.c-c++-common/pr83046.c (test for excess errors)
FAIL: libgomp.c++/../libgomp.c-c++-common/target-1.c (test for excess errors)
UNRESOLVED: libgomp.c++/../libgomp.c-c++-common/target-1.c compilation failed to produce executable
FAIL: libgomp.c++/../libgomp.c-c++-common/target-10.c (test for excess errors)
UNRESOLVED: libgomp.c++/../libgomp.c-c++-common/target-10.c compilation failed to produce executable
FAIL: libgomp.c++/../libgomp.c-c++-common/target-13.c (test for excess errors)
UNRESOLVED: libgomp.c++/../libgomp.c-c++-common/target-13.c compilation failed to produce executable
FAIL: libgomp.c++/../libgomp.c-c++-common/target-2.c (test for excess errors)
UNRESOLVED: libgomp.c++/../libgomp.c-c++-common/target-2.c compilation failed to produce executable
FAIL: libgomp.c++/../libgomp.c-c++-common/variable-not-offloaded.c (test for excess errors)
FAIL: libgomp.c++/examples-4/target_data-5.C (test for excess errors)
UNRESOLVED: libgomp.c++/examples-4/target_data-5.C compilation failed to produce executable
FAIL: libgomp.c++/for-15.C (test for excess errors)
UNRESOLVED: libgomp.c++/for-15.C compilation failed to produce executable
FAIL: libgomp.c++/for-24.C (test for excess errors)
UNRESOLVED: libgomp.c++/for-24.C compilation failed to produce executable
FAIL: libgomp.c++/pr63248.C (test for excess errors)
UNRESOLVED: libgomp.c++/pr63248.C compilation failed to produce executable
FAIL: libgomp.c++/pr69555-2.C (test for excess errors)
UNRESOLVED: libgomp.c++/pr69555-2.C compilation failed to produce executable
FAIL: libgomp.c++/target-10.C (test for excess errors)
UNRESOLVED: libgomp.c++/target-10.C compilation failed to produce executable
FAIL: libgomp.c++/target-11.C (test for excess errors)
UNRESOLVED: libgomp.c++/target-11.C compilation failed to produce executable
FAIL: libgomp.c++/target-12.C (test for excess errors)
UNRESOLVED: libgomp.c++/target-12.C compilation failed to produce executable
FAIL: libgomp.c++/target-13.C (test for excess errors)
UNRESOLVED: libgomp.c++/target-13.C compilation failed to produce executable
FAIL: libgomp.c++/target-14.C (test for excess errors)
UNRESOLVED: libgomp.c++/target-14.C compilation failed to produce executable
FAIL: libgomp.c++/target-15.C (test for excess errors)
UNRESOLVED: libgomp.c++/target-15.C compilation failed to produce executable
FAIL: libgomp.c++/target-16.C (test for excess errors)
UNRESOLVED: libgomp.c++/target-16.C compilation failed to produce executable
FAIL: libgomp.c++/target-17.C (test for excess errors)
UNRESOLVED: libgomp.c++/target-17.C compilation failed to produce executable
FAIL: libgomp.c++/target-18.C (test for excess errors)
UNRESOLVED: libgomp.c++/target-18.C compilation failed to produce executable
FAIL: libgomp.c++/target-19.C (test for excess errors)
UNRESOLVED: libgomp.c++/target-19.C compilation failed to produce executable
FAIL: libgomp.c++/target-2.C (test for excess errors)
UNRESOLVED: libgomp.c++/target-2.C compilation failed to produce executable
FAIL: libgomp.c++/target-20.C (test for excess errors)
UNRESOLVED: libgomp.c++/target-20.C compilation failed to produce executable
FAIL: libgomp.c++/target-21.C (test for excess errors)
UNRESOLVED: libgomp.c++/target-21.C compilation failed to produce executable
FAIL: libgomp.c++/target-6.C (test for excess errors)
UNRESOLVED: libgomp.c++/target-6.C compilation failed to produce executable
FAIL: libgomp.c++/target-7.C (test for excess errors)
UNRESOLVED: libgomp.c++/target-7.C compilation failed to produce executable
FAIL: libgomp.c++/target-8.C (test for excess errors)
UNRESOLVED: libgomp.c++/target-8.C compilation failed to produce executable
FAIL: libgomp.c++/target-9.C (test for excess errors)
UNRESOLVED: libgomp.c++/target-9.C compilation failed to produce executable
FAIL: libgomp.fortran/declare-target-1.f90   -O0  (test for excess errors)
UNRESOLVED: libgomp.fortran/declare-target-1.f90   -O0  compilation failed to produce executable
FAIL: libgomp.fortran/declare-target-1.f90   -O1  (test for excess errors)
UNRESOLVED: libgomp.fortran/declare-target-1.f90   -O1  compilation failed to produce executable
FAIL: libgomp.fortran/declare-target-1.f90   -O2  (test for excess errors)
UNRESOLVED: libgomp.fortran/declare-target-1.f90   -O2  compilation failed to produce executable
FAIL: libgomp.fortran/declare-target-1.f90   -O3 -fomit-frame-pointer -funroll-loops -fpeel-loops -ftracer -finline-functions  (test for excess errors)
UNRESOLVED: libgomp.fortran/declare-target-1.f90   -O3 -fomit-frame-pointer -funroll-loops -fpeel-loops -ftracer -finline-functions  compilation failed to produce executable
FAIL: libgomp.fortran/declare-target-1.f90   -O3 -g  (test for excess errors)
UNRESOLVED: libgomp.fortran/declare-target-1.f90   -O3 -g  compilation failed to produce executable
FAIL: libgomp.fortran/declare-target-1.f90   -Os  (test for excess errors)
UNRESOLVED: libgomp.fortran/declare-target-1.f90   -Os  compilation failed to produce executable
FAIL: libgomp.fortran/examples-4/array_sections-3.f90   -O0  (test for excess errors)
UNRESOLVED: libgomp.fortran/examples-4/array_sections-3.f90   -O0  compilation failed to produce executable
FAIL: libgomp.fortran/examples-4/array_sections-3.f90   -O1  (test for excess errors)
UNRESOLVED: libgomp.fortran/examples-4/array_sections-3.f90   -O1  compilation failed to produce executable
FAIL: libgomp.fortran/examples-4/array_sections-3.f90   -O2  (test for excess errors)
UNRESOLVED: libgomp.fortran/examples-4/array_sections-3.f90   -O2  compilation failed to produce executable
FAIL: libgomp.fortran/examples-4/array_sections-3.f90   -O3 -fomit-frame-pointer -funroll-loops -fpeel-loops -ftracer -finline-functions  (test for excess errors)
UNRESOLVED: libgomp.fortran/examples-4/array_sections-3.f90   -O3 -fomit-frame-pointer -funroll-loops -fpeel-loops -ftracer -finline-functions  compilation failed to produce executable
FAIL: libgomp.fortran/examples-4/array_sections-3.f90   -O3 -g  (test for excess errors)
UNRESOLVED: libgomp.fortran/examples-4/array_sections-3.f90   -O3 -g  compilation failed to produce executable
FAIL: libgomp.fortran/examples-4/array_sections-3.f90   -Os  (test for excess errors)
UNRESOLVED: libgomp.fortran/examples-4/array_sections-3.f90   -Os  compilation failed to produce executable
FAIL: libgomp.fortran/examples-4/array_sections-4.f90   -O0  (test for excess errors)
UNRESOLVED: libgomp.fortran/examples-4/array_sections-4.f90   -O0  compilation failed to produce executable
FAIL: libgomp.fortran/examples-4/array_sections-4.f90   -O1  (test for excess errors)
UNRESOLVED: libgomp.fortran/examples-4/array_sections-4.f90   -O1  compilation failed to produce executable
FAIL: libgomp.fortran/examples-4/array_sections-4.f90   -O2  (test for excess errors)
UNRESOLVED: libgomp.fortran/examples-4/array_sections-4.f90   -O2  compilation failed to produce executable
FAIL: libgomp.fortran/examples-4/array_sections-4.f90   -O3 -fomit-frame-pointer -funroll-loops -fpeel-loops -ftracer -finline-functions  (test for excess errors)
UNRESOLVED: libgomp.fortran/examples-4/array_sections-4.f90   -O3 -fomit-frame-pointer -funroll-loops -fpeel-loops -ftracer -finline-functions  compilation failed to produce executable
FAIL: libgomp.fortran/examples-4/array_sections-4.f90   -O3 -g  (test for excess errors)
UNRESOLVED: libgomp.fortran/examples-4/array_sections-4.f90   -O3 -g  compilation failed to produce executable
FAIL: libgomp.fortran/examples-4/array_sections-4.f90   -Os  (test for excess errors)
UNRESOLVED: libgomp.fortran/examples-4/array_sections-4.f90   -Os  compilation failed to produce executable
FAIL: libgomp.fortran/examples-4/async_target-1.f90   -O0  (test for excess errors)
UNRESOLVED: libgomp.fortran/examples-4/async_target-1.f90   -O0  compilation failed to produce executable
FAIL: libgomp.fortran/examples-4/async_target-1.f90   -O1  (test for excess errors)
UNRESOLVED: libgomp.fortran/examples-4/async_target-1.f90   -O1  compilation failed to produce executable
FAIL: libgomp.fortran/examples-4/async_target-1.f90   -O2  (test for excess errors)
UNRESOLVED: libgomp.fortran/examples-4/async_target-1.f90   -O2  compilation failed to produce executable
FAIL: libgomp.fortran/examples-4/async_target-1.f90   -O3 -fomit-frame-pointer -funroll-loops -fpeel-loops -ftracer -finline-functions  (test for excess errors)
UNRESOLVED: libgomp.fortran/examples-4/async_target-1.f90   -O3 -fomit-frame-pointer -funroll-loops -fpeel-loops -ftracer -finline-functions  compilation failed to produce executable
FAIL: libgomp.fortran/examples-4/async_target-1.f90   -O3 -g  (test for excess errors)
UNRESOLVED: libgomp.fortran/examples-4/async_target-1.f90   -O3 -g  compilation failed to produce executable
FAIL: libgomp.fortran/examples-4/async_target-1.f90   -Os  (test for excess errors)
UNRESOLVED: libgomp.fortran/examples-4/async_target-1.f90   -Os  compilation failed to produce executable
FAIL: libgomp.fortran/examples-4/declare_target-1.f90   -O0  (test for excess errors)
UNRESOLVED: libgomp.fortran/examples-4/declare_target-1.f90   -O0  compilation failed to produce executable
FAIL: libgomp.fortran/examples-4/declare_target-1.f90   -O1  (test for excess errors)
UNRESOLVED: libgomp.fortran/examples-4/declare_target-1.f90   -O1  compilation failed to produce executable
FAIL: libgomp.fortran/examples-4/declare_target-1.f90   -O2  (test for excess errors)
UNRESOLVED: libgomp.fortran/examples-4/declare_target-1.f90   -O2  compilation failed to produce executable
FAIL: libgomp.fortran/examples-4/declare_target-1.f90   -O3 -fomit-frame-pointer -funroll-loops -fpeel-loops -ftracer -finline-functions  (test for excess errors)
UNRESOLVED: libgomp.fortran/examples-4/declare_target-1.f90   -O3 -fomit-frame-pointer -funroll-loops -fpeel-loops -ftracer -finline-functions  compilation failed to produce executable
FAIL: libgomp.fortran/examples-4/declare_target-1.f90   -O3 -g  (test for excess errors)
UNRESOLVED: libgomp.fortran/examples-4/declare_target-1.f90   -O3 -g  compilation failed to produce executable
FAIL: libgomp.fortran/examples-4/declare_target-1.f90   -Os  (test for excess errors)
UNRESOLVED: libgomp.fortran/examples-4/declare_target-1.f90   -Os  compilation failed to produce executable
FAIL: libgomp.fortran/examples-4/declare_target-2.f90   -O0  (test for excess errors)
UNRESOLVED: libgomp.fortran/examples-4/declare_target-2.f90   -O0  compilation failed to produce executable
FAIL: libgomp.fortran/examples-4/declare_target-2.f90   -O1  (test for excess errors)
UNRESOLVED: libgomp.fortran/examples-4/declare_target-2.f90   -O1  compilation failed to produce executable
FAIL: libgomp.fortran/examples-4/declare_target-2.f90   -O2  (test for excess errors)
UNRESOLVED: libgomp.fortran/examples-4/declare_target-2.f90   -O2  compilation failed to produce executable
FAIL: libgomp.fortran/examples-4/declare_target-2.f90   -O3 -fomit-frame-pointer -funroll-loops -fpeel-loops -ftracer -finline-functions  (test for excess errors)
UNRESOLVED: libgomp.fortran/examples-4/declare_target-2.f90   -O3 -fomit-frame-pointer -funroll-loops -fpeel-loops -ftracer -finline-functions  compilation failed to produce executable
FAIL: libgomp.fortran/examples-4/declare_target-2.f90   -O3 -g  (test for excess errors)
UNRESOLVED: libgomp.fortran/examples-4/declare_target-2.f90   -O3 -g  compilation failed to produce executable
FAIL: libgomp.fortran/examples-4/declare_target-2.f90   -Os  (test for excess errors)
UNRESOLVED: libgomp.fortran/examples-4/declare_target-2.f90   -Os  compilation failed to produce executable
FAIL: libgomp.fortran/examples-4/declare_target-3.f90   -O0  (test for excess errors)
UNRESOLVED: libgomp.fortran/examples-4/declare_target-3.f90   -O0  compilation failed to produce executable
FAIL: libgomp.fortran/examples-4/declare_target-3.f90   -O1  (test for excess errors)
UNRESOLVED: libgomp.fortran/examples-4/declare_target-3.f90   -O1  compilation failed to produce executable
FAIL: libgomp.fortran/examples-4/declare_target-3.f90   -O2  (test for excess errors)
UNRESOLVED: libgomp.fortran/examples-4/declare_target-3.f90   -O2  compilation failed to produce executable
FAIL: libgomp.fortran/examples-4/declare_target-3.f90   -O3 -fomit-frame-pointer -funroll-loops -fpeel-loops -ftracer -finline-functions  (test for excess errors)
UNRESOLVED: libgomp.fortran/examples-4/declare_target-3.f90   -O3 -fomit-frame-pointer -funroll-loops -fpeel-loops -ftracer -finline-functions  compilation failed to produce executable
FAIL: libgomp.fortran/examples-4/declare_target-3.f90   -O3 -g  (test for excess errors)
UNRESOLVED: libgomp.fortran/examples-4/declare_target-3.f90   -O3 -g  compilation failed to produce executable
FAIL: libgomp.fortran/examples-4/declare_target-3.f90   -Os  (test for excess errors)
UNRESOLVED: libgomp.fortran/examples-4/declare_target-3.f90   -Os  compilation failed to produce executable
FAIL: libgomp.fortran/examples-4/declare_target-4.f90   -O0  (test for excess errors)
UNRESOLVED: libgomp.fortran/examples-4/declare_target-4.f90   -O0  compilation failed to produce executable
FAIL: libgomp.fortran/examples-4/declare_target-4.f90   -O1  (test for excess errors)
UNRESOLVED: libgomp.fortran/examples-4/declare_target-4.f90   -O1  compilation failed to produce executable
FAIL: libgomp.fortran/examples-4/declare_target-4.f90   -O2  (test for excess errors)
UNRESOLVED: libgomp.fortran/examples-4/declare_target-4.f90   -O2  compilation failed to produce executable
FAIL: libgomp.fortran/examples-4/declare_target-4.f90   -O3 -fomit-frame-pointer -funroll-loops -fpeel-loops -ftracer -finline-functions  (test for excess errors)
UNRESOLVED: libgomp.fortran/examples-4/declare_target-4.f90   -O3 -fomit-frame-pointer -funroll-loops -fpeel-loops -ftracer -finline-functions  compilation failed to produce executable
FAIL: libgomp.fortran/examples-4/declare_target-4.f90   -O3 -g  (test for excess errors)
UNRESOLVED: libgomp.fortran/examples-4/declare_target-4.f90   -O3 -g  compilation failed to produce executable
FAIL: libgomp.fortran/examples-4/declare_target-4.f90   -Os  (test for excess errors)
UNRESOLVED: libgomp.fortran/examples-4/declare_target-4.f90   -Os  compilation failed to produce executable
FAIL: libgomp.fortran/examples-4/target-1.f90   -O0  (test for excess errors)
UNRESOLVED: libgomp.fortran/examples-4/target-1.f90   -O0  compilation failed to produce executable
FAIL: libgomp.fortran/examples-4/target-1.f90   -O1  (test for excess errors)
UNRESOLVED: libgomp.fortran/examples-4/target-1.f90   -O1  compilation failed to produce executable
FAIL: libgomp.fortran/examples-4/target-1.f90   -O2  (test for excess errors)
UNRESOLVED: libgomp.fortran/examples-4/target-1.f90   -O2  compilation failed to produce executable
FAIL: libgomp.fortran/examples-4/target-1.f90   -O3 -fomit-frame-pointer -funroll-loops -fpeel-loops -ftracer -finline-functions  (test for excess errors)
UNRESOLVED: libgomp.fortran/examples-4/target-1.f90   -O3 -fomit-frame-pointer -funroll-loops -fpeel-loops -ftracer -finline-functions  compilation failed to produce executable
FAIL: libgomp.fortran/examples-4/target-1.f90   -O3 -g  (test for excess errors)
UNRESOLVED: libgomp.fortran/examples-4/target-1.f90   -O3 -g  compilation failed to produce executable
FAIL: libgomp.fortran/examples-4/target-1.f90   -Os  (test for excess errors)
UNRESOLVED: libgomp.fortran/examples-4/target-1.f90   -Os  compilation failed to produce executable
FAIL: libgomp.fortran/examples-4/target-2.f90   -O0  (test for excess errors)
UNRESOLVED: libgomp.fortran/examples-4/target-2.f90   -O0  compilation failed to produce executable
FAIL: libgomp.fortran/examples-4/target-2.f90   -O1  (test for excess errors)
UNRESOLVED: libgomp.fortran/examples-4/target-2.f90   -O1  compilation failed to produce executable
FAIL: libgomp.fortran/examples-4/target-2.f90   -O2  (test for excess errors)
UNRESOLVED: libgomp.fortran/examples-4/target-2.f90   -O2  compilation failed to produce executable
FAIL: libgomp.fortran/examples-4/target-2.f90   -O3 -fomit-frame-pointer -funroll-loops -fpeel-loops -ftracer -finline-functions  (test for excess errors)
UNRESOLVED: libgomp.fortran/examples-4/target-2.f90   -O3 -fomit-frame-pointer -funroll-loops -fpeel-loops -ftracer -finline-functions  compilation failed to produce executable
FAIL: libgomp.fortran/examples-4/target-2.f90   -O3 -g  (test for excess errors)
UNRESOLVED: libgomp.fortran/examples-4/target-2.f90   -O3 -g  compilation failed to produce executable
FAIL: libgomp.fortran/examples-4/target-2.f90   -Os  (test for excess errors)
UNRESOLVED: libgomp.fortran/examples-4/target-2.f90   -Os  compilation failed to produce executable
FAIL: libgomp.fortran/examples-4/target-3.f90   -O0  (test for excess errors)
UNRESOLVED: libgomp.fortran/examples-4/target-3.f90   -O0  compilation failed to produce executable
FAIL: libgomp.fortran/examples-4/target-3.f90   -O1  (test for excess errors)
UNRESOLVED: libgomp.fortran/examples-4/target-3.f90   -O1  compilation failed to produce executable
FAIL: libgomp.fortran/examples-4/target-3.f90   -O2  (test for excess errors)
UNRESOLVED: libgomp.fortran/examples-4/target-3.f90   -O2  compilation failed to produce executable
FAIL: libgomp.fortran/examples-4/target-3.f90   -O3 -fomit-frame-pointer -funroll-loops -fpeel-loops -ftracer -finline-functions  (test for excess errors)
UNRESOLVED: libgomp.fortran/examples-4/target-3.f90   -O3 -fomit-frame-pointer -funroll-loops -fpeel-loops -ftracer -finline-functions  compilation failed to produce executable
FAIL: libgomp.fortran/examples-4/target-3.f90   -O3 -g  (test for excess errors)
UNRESOLVED: libgomp.fortran/examples-4/target-3.f90   -O3 -g  compilation failed to produce executable
FAIL: libgomp.fortran/examples-4/target-3.f90   -Os  (test for excess errors)
UNRESOLVED: libgomp.fortran/examples-4/target-3.f90   -Os  compilation failed to produce executable
FAIL: libgomp.fortran/examples-4/target-4.f90   -O0  (test for excess errors)
UNRESOLVED: libgomp.fortran/examples-4/target-4.f90   -O0  compilation failed to produce executable
FAIL: libgomp.fortran/examples-4/target-4.f90   -O1  (test for excess errors)
UNRESOLVED: libgomp.fortran/examples-4/target-4.f90   -O1  compilation failed to produce executable
FAIL: libgomp.fortran/examples-4/target-4.f90   -O2  (test for excess errors)
UNRESOLVED: libgomp.fortran/examples-4/target-4.f90   -O2  compilation failed to produce executable
FAIL: libgomp.fortran/examples-4/target-4.f90   -O3 -fomit-frame-pointer -funroll-loops -fpeel-loops -ftracer -finline-functions  (test for excess errors)
UNRESOLVED: libgomp.fortran/examples-4/target-4.f90   -O3 -fomit-frame-pointer -funroll-loops -fpeel-loops -ftracer -finline-functions  compilation failed to produce executable
FAIL: libgomp.fortran/examples-4/target-4.f90   -O3 -g  (test for excess errors)
UNRESOLVED: libgomp.fortran/examples-4/target-4.f90   -O3 -g  compilation failed to produce executable
FAIL: libgomp.fortran/examples-4/target-4.f90   -Os  (test for excess errors)
UNRESOLVED: libgomp.fortran/examples-4/target-4.f90   -Os  compilation failed to produce executable
FAIL: libgomp.fortran/examples-4/target_data-1.f90   -O0  (test for excess errors)
UNRESOLVED: libgomp.fortran/examples-4/target_data-1.f90   -O0  compilation failed to produce executable
FAIL: libgomp.fortran/examples-4/target_data-1.f90   -O1  (test for excess errors)
UNRESOLVED: libgomp.fortran/examples-4/target_data-1.f90   -O1  compilation failed to produce executable
FAIL: libgomp.fortran/examples-4/target_data-1.f90   -O2  (test for excess errors)
UNRESOLVED: libgomp.fortran/examples-4/target_data-1.f90   -O2  compilation failed to produce executable
FAIL: libgomp.fortran/examples-4/target_data-1.f90   -O3 -fomit-frame-pointer -funroll-loops -fpeel-loops -ftracer -finline-functions  (test for excess errors)
UNRESOLVED: libgomp.fortran/examples-4/target_data-1.f90   -O3 -fomit-frame-pointer -funroll-loops -fpeel-loops -ftracer -finline-functions  compilation failed to produce executable
FAIL: libgomp.fortran/examples-4/target_data-1.f90   -O3 -g  (test for excess errors)
UNRESOLVED: libgomp.fortran/examples-4/target_data-1.f90   -O3 -g  compilation failed to produce executable
FAIL: libgomp.fortran/examples-4/target_data-1.f90   -Os  (test for excess errors)
UNRESOLVED: libgomp.fortran/examples-4/target_data-1.f90   -Os  compilation failed to produce executable
FAIL: libgomp.fortran/examples-4/target_data-2.f90   -O0  (test for excess errors)
UNRESOLVED: libgomp.fortran/examples-4/target_data-2.f90   -O0  compilation failed to produce executable
FAIL: libgomp.fortran/examples-4/target_data-2.f90   -O1  (test for excess errors)
UNRESOLVED: libgomp.fortran/examples-4/target_data-2.f90   -O1  compilation failed to produce executable
FAIL: libgomp.fortran/examples-4/target_data-2.f90   -O2  (test for excess errors)
UNRESOLVED: libgomp.fortran/examples-4/target_data-2.f90   -O2  compilation failed to produce executable
FAIL: libgomp.fortran/examples-4/target_data-2.f90   -O3 -fomit-frame-pointer -funroll-loops -fpeel-loops -ftracer -finline-functions  (test for excess errors)
UNRESOLVED: libgomp.fortran/examples-4/target_data-2.f90   -O3 -fomit-frame-pointer -funroll-loops -fpeel-loops -ftracer -finline-functions  compilation failed to produce executable
FAIL: libgomp.fortran/examples-4/target_data-2.f90   -O3 -g  (test for excess errors)
UNRESOLVED: libgomp.fortran/examples-4/target_data-2.f90   -O3 -g  compilation failed to produce executable
FAIL: libgomp.fortran/examples-4/target_data-2.f90   -Os  (test for excess errors)
UNRESOLVED: libgomp.fortran/examples-4/target_data-2.f90   -Os  compilation failed to produce executable
FAIL: libgomp.fortran/examples-4/target_data-3.f90   -O0  (test for excess errors)
UNRESOLVED: libgomp.fortran/examples-4/target_data-3.f90   -O0  compilation failed to produce executable
FAIL: libgomp.fortran/examples-4/target_data-3.f90   -O1  (test for excess errors)
UNRESOLVED: libgomp.fortran/examples-4/target_data-3.f90   -O1  compilation failed to produce executable
FAIL: libgomp.fortran/examples-4/target_data-3.f90   -O2  (test for excess errors)
UNRESOLVED: libgomp.fortran/examples-4/target_data-3.f90   -O2  compilation failed to produce executable
FAIL: libgomp.fortran/examples-4/target_data-3.f90   -O3 -fomit-frame-pointer -funroll-loops -fpeel-loops -ftracer -finline-functions  (test for excess errors)
UNRESOLVED: libgomp.fortran/examples-4/target_data-3.f90   -O3 -fomit-frame-pointer -funroll-loops -fpeel-loops -ftracer -finline-functions  compilation failed to produce executable
FAIL: libgomp.fortran/examples-4/target_data-3.f90   -O3 -g  (test for excess errors)
UNRESOLVED: libgomp.fortran/examples-4/target_data-3.f90   -O3 -g  compilation failed to produce executable
FAIL: libgomp.fortran/examples-4/target_data-3.f90   -Os  (test for excess errors)
UNRESOLVED: libgomp.fortran/examples-4/target_data-3.f90   -Os  compilation failed to produce executable
FAIL: libgomp.fortran/examples-4/target_data-4.f90   -O0  (test for excess errors)
UNRESOLVED: libgomp.fortran/examples-4/target_data-4.f90   -O0  compilation failed to produce executable
FAIL: libgomp.fortran/examples-4/target_data-4.f90   -O1  (test for excess errors)
UNRESOLVED: libgomp.fortran/examples-4/target_data-4.f90   -O1  compilation failed to produce executable
FAIL: libgomp.fortran/examples-4/target_data-4.f90   -O2  (test for excess errors)
UNRESOLVED: libgomp.fortran/examples-4/target_data-4.f90   -O2  compilation failed to produce executable
FAIL: libgomp.fortran/examples-4/target_data-4.f90   -O3 -fomit-frame-pointer -funroll-loops -fpeel-loops -ftracer -finline-functions  (test for excess errors)
UNRESOLVED: libgomp.fortran/examples-4/target_data-4.f90   -O3 -fomit-frame-pointer -funroll-loops -fpeel-loops -ftracer -finline-functions  compilation failed to produce executable
FAIL: libgomp.fortran/examples-4/target_data-4.f90   -O3 -g  (test for excess errors)
UNRESOLVED: libgomp.fortran/examples-4/target_data-4.f90   -O3 -g  compilation failed to produce executable
FAIL: libgomp.fortran/examples-4/target_data-4.f90   -Os  (test for excess errors)
UNRESOLVED: libgomp.fortran/examples-4/target_data-4.f90   -Os  compilation failed to produce executable
FAIL: libgomp.fortran/examples-4/target_data-5.f90   -O0  (test for excess errors)
UNRESOLVED: libgomp.fortran/examples-4/target_data-5.f90   -O0  compilation failed to produce executable
FAIL: libgomp.fortran/examples-4/target_data-5.f90   -O1  (test for excess errors)
UNRESOLVED: libgomp.fortran/examples-4/target_data-5.f90   -O1  compilation failed to produce executable
FAIL: libgomp.fortran/examples-4/target_data-5.f90   -O2  (test for excess errors)
UNRESOLVED: libgomp.fortran/examples-4/target_data-5.f90   -O2  compilation failed to produce executable
FAIL: libgomp.fortran/examples-4/target_data-5.f90   -O3 -fomit-frame-pointer -funroll-loops -fpeel-loops -ftracer -finline-functions  (test for excess errors)
UNRESOLVED: libgomp.fortran/examples-4/target_data-5.f90   -O3 -fomit-frame-pointer -funroll-loops -fpeel-loops -ftracer -finline-functions  compilation failed to produce executable
FAIL: libgomp.fortran/examples-4/target_data-5.f90   -O3 -g  (test for excess errors)
UNRESOLVED: libgomp.fortran/examples-4/target_data-5.f90   -O3 -g  compilation failed to produce executable
FAIL: libgomp.fortran/examples-4/target_data-5.f90   -Os  (test for excess errors)
UNRESOLVED: libgomp.fortran/examples-4/target_data-5.f90   -Os  compilation failed to produce executable
FAIL: libgomp.fortran/examples-4/target_update-1.f90   -O0  (test for excess errors)
UNRESOLVED: libgomp.fortran/examples-4/target_update-1.f90   -O0  compilation failed to produce executable
FAIL: libgomp.fortran/examples-4/target_update-1.f90   -O1  (test for excess errors)
UNRESOLVED: libgomp.fortran/examples-4/target_update-1.f90   -O1  compilation failed to produce executable
FAIL: libgomp.fortran/examples-4/target_update-1.f90   -O2  (test for excess errors)
UNRESOLVED: libgomp.fortran/examples-4/target_update-1.f90   -O2  compilation failed to produce executable
FAIL: libgomp.fortran/examples-4/target_update-1.f90   -O3 -fomit-frame-pointer -funroll-loops -fpeel-loops -ftracer -finline-functions  (test for excess errors)
UNRESOLVED: libgomp.fortran/examples-4/target_update-1.f90   -O3 -fomit-frame-pointer -funroll-loops -fpeel-loops -ftracer -finline-functions  compilation failed to produce executable
FAIL: libgomp.fortran/examples-4/target_update-1.f90   -O3 -g  (test for excess errors)
UNRESOLVED: libgomp.fortran/examples-4/target_update-1.f90   -O3 -g  compilation failed to produce executable
FAIL: libgomp.fortran/examples-4/target_update-1.f90   -Os  (test for excess errors)
UNRESOLVED: libgomp.fortran/examples-4/target_update-1.f90   -Os  compilation failed to produce executable
FAIL: libgomp.fortran/examples-4/target_update-2.f90   -O0  (test for excess errors)
UNRESOLVED: libgomp.fortran/examples-4/target_update-2.f90   -O0  compilation failed to produce executable
FAIL: libgomp.fortran/examples-4/target_update-2.f90   -O1  (test for excess errors)
UNRESOLVED: libgomp.fortran/examples-4/target_update-2.f90   -O1  compilation failed to produce executable
FAIL: libgomp.fortran/examples-4/target_update-2.f90   -O2  (test for excess errors)
UNRESOLVED: libgomp.fortran/examples-4/target_update-2.f90   -O2  compilation failed to produce executable
FAIL: libgomp.fortran/examples-4/target_update-2.f90   -O3 -fomit-frame-pointer -funroll-loops -fpeel-loops -ftracer -finline-functions  (test for excess errors)
UNRESOLVED: libgomp.fortran/examples-4/target_update-2.f90   -O3 -fomit-frame-pointer -funroll-loops -fpeel-loops -ftracer -finline-functions  compilation failed to produce executable
FAIL: libgomp.fortran/examples-4/target_update-2.f90   -O3 -g  (test for excess errors)
UNRESOLVED: libgomp.fortran/examples-4/target_update-2.f90   -O3 -g  compilation failed to produce executable
FAIL: libgomp.fortran/examples-4/target_update-2.f90   -Os  (test for excess errors)
UNRESOLVED: libgomp.fortran/examples-4/target_update-2.f90   -Os  compilation failed to produce executable
FAIL: libgomp.fortran/examples-4/teams-2.f90   -O0  (test for excess errors)
UNRESOLVED: libgomp.fortran/examples-4/teams-2.f90   -O0  compilation failed to produce executable
FAIL: libgomp.fortran/examples-4/teams-2.f90   -O1  (test for excess errors)
UNRESOLVED: libgomp.fortran/examples-4/teams-2.f90   -O1  compilation failed to produce executable
FAIL: libgomp.fortran/examples-4/teams-2.f90   -O2  (test for excess errors)
UNRESOLVED: libgomp.fortran/examples-4/teams-2.f90   -O2  compilation failed to produce executable
FAIL: libgomp.fortran/examples-4/teams-2.f90   -O3 -fomit-frame-pointer -funroll-loops -fpeel-loops -ftracer -finline-functions  (test for excess errors)
UNRESOLVED: libgomp.fortran/examples-4/teams-2.f90   -O3 -fomit-frame-pointer -funroll-loops -fpeel-loops -ftracer -finline-functions  compilation failed to produce executable
FAIL: libgomp.fortran/examples-4/teams-2.f90   -O3 -g  (test for excess errors)
UNRESOLVED: libgomp.fortran/examples-4/teams-2.f90   -O3 -g  compilation failed to produce executable
FAIL: libgomp.fortran/examples-4/teams-2.f90   -Os  (test for excess errors)
UNRESOLVED: libgomp.fortran/examples-4/teams-2.f90   -Os  compilation failed to produce executable
FAIL: libgomp.fortran/examples-4/teams-3.f90   -O0  (test for excess errors)
UNRESOLVED: libgomp.fortran/examples-4/teams-3.f90   -O0  compilation failed to produce executable
FAIL: libgomp.fortran/examples-4/teams-3.f90   -O1  (test for excess errors)
UNRESOLVED: libgomp.fortran/examples-4/teams-3.f90   -O1  compilation failed to produce executable
FAIL: libgomp.fortran/examples-4/teams-3.f90   -O2  (test for excess errors)
UNRESOLVED: libgomp.fortran/examples-4/teams-3.f90   -O2  compilation failed to produce executable
FAIL: libgomp.fortran/examples-4/teams-3.f90   -O3 -fomit-frame-pointer -funroll-loops -fpeel-loops -ftracer -finline-functions  (test for excess errors)
UNRESOLVED: libgomp.fortran/examples-4/teams-3.f90   -O3 -fomit-frame-pointer -funroll-loops -fpeel-loops -ftracer -finline-functions  compilation failed to produce executable
FAIL: libgomp.fortran/examples-4/teams-3.f90   -O3 -g  (test for excess errors)
UNRESOLVED: libgomp.fortran/examples-4/teams-3.f90   -O3 -g  compilation failed to produce executable
FAIL: libgomp.fortran/examples-4/teams-3.f90   -Os  (test for excess errors)
UNRESOLVED: libgomp.fortran/examples-4/teams-3.f90   -Os  compilation failed to produce executable
FAIL: libgomp.fortran/examples-4/teams-4.f90   -O0  (test for excess errors)
UNRESOLVED: libgomp.fortran/examples-4/teams-4.f90   -O0  compilation failed to produce executable
FAIL: libgomp.fortran/examples-4/teams-4.f90   -O1  (test for excess errors)
UNRESOLVED: libgomp.fortran/examples-4/teams-4.f90   -O1  compilation failed to produce executable
FAIL: libgomp.fortran/examples-4/teams-4.f90   -O2  (test for excess errors)
UNRESOLVED: libgomp.fortran/examples-4/teams-4.f90   -O2  compilation failed to produce executable
FAIL: libgomp.fortran/examples-4/teams-4.f90   -O3 -fomit-frame-pointer -funroll-loops -fpeel-loops -ftracer -finline-functions  (test for excess errors)
UNRESOLVED: libgomp.fortran/examples-4/teams-4.f90   -O3 -fomit-frame-pointer -funroll-loops -fpeel-loops -ftracer -finline-functions  compilation failed to produce executable
FAIL: libgomp.fortran/examples-4/teams-4.f90   -O3 -g  (test for excess errors)
UNRESOLVED: libgomp.fortran/examples-4/teams-4.f90   -O3 -g  compilation failed to produce executable
FAIL: libgomp.fortran/examples-4/teams-4.f90   -Os  (test for excess errors)
UNRESOLVED: libgomp.fortran/examples-4/teams-4.f90   -Os  compilation failed to produce executable
FAIL: libgomp.fortran/examples-4/teams-5.f90   -O0  (test for excess errors)
UNRESOLVED: libgomp.fortran/examples-4/teams-5.f90   -O0  compilation failed to produce executable
FAIL: libgomp.fortran/examples-4/teams-5.f90   -O1  (test for excess errors)
UNRESOLVED: libgomp.fortran/examples-4/teams-5.f90   -O1  compilation failed to produce executable
FAIL: libgomp.fortran/examples-4/teams-5.f90   -O2  (test for excess errors)
UNRESOLVED: libgomp.fortran/examples-4/teams-5.f90   -O2  compilation failed to produce executable
FAIL: libgomp.fortran/examples-4/teams-5.f90   -O3 -fomit-frame-pointer -funroll-loops -fpeel-loops -ftracer -finline-functions  (test for excess errors)
UNRESOLVED: libgomp.fortran/examples-4/teams-5.f90   -O3 -fomit-frame-pointer -funroll-loops -fpeel-loops -ftracer -finline-functions  compilation failed to produce executable
FAIL: libgomp.fortran/examples-4/teams-5.f90   -O3 -g  (test for excess errors)
UNRESOLVED: libgomp.fortran/examples-4/teams-5.f90   -O3 -g  compilation failed to produce executable
FAIL: libgomp.fortran/examples-4/teams-5.f90   -Os  (test for excess errors)
UNRESOLVED: libgomp.fortran/examples-4/teams-5.f90   -Os  compilation failed to produce executable
FAIL: libgomp.fortran/examples-4/teams-6.f90   -O0  (test for excess errors)
UNRESOLVED: libgomp.fortran/examples-4/teams-6.f90   -O0  compilation failed to produce executable
FAIL: libgomp.fortran/examples-4/teams-6.f90   -O1  (test for excess errors)
UNRESOLVED: libgomp.fortran/examples-4/teams-6.f90   -O1  compilation failed to produce executable
FAIL: libgomp.fortran/examples-4/teams-6.f90   -O2  (test for excess errors)
UNRESOLVED: libgomp.fortran/examples-4/teams-6.f90   -O2  compilation failed to produce executable
FAIL: libgomp.fortran/examples-4/teams-6.f90   -O3 -fomit-frame-pointer -funroll-loops -fpeel-loops -ftracer -finline-functions  (test for excess errors)
UNRESOLVED: libgomp.fortran/examples-4/teams-6.f90   -O3 -fomit-frame-pointer -funroll-loops -fpeel-loops -ftracer -finline-functions  compilation failed to produce executable
FAIL: libgomp.fortran/examples-4/teams-6.f90   -O3 -g  (test for excess errors)
UNRESOLVED: libgomp.fortran/examples-4/teams-6.f90   -O3 -g  compilation failed to produce executable
FAIL: libgomp.fortran/examples-4/teams-6.f90   -Os  (test for excess errors)
UNRESOLVED: libgomp.fortran/examples-4/teams-6.f90   -Os  compilation failed to produce executable
FAIL: libgomp.fortran/nestedfn5.f90   -O0  (test for excess errors)
UNRESOLVED: libgomp.fortran/nestedfn5.f90   -O0  compilation failed to produce executable
FAIL: libgomp.fortran/nestedfn5.f90   -O1  (test for excess errors)
UNRESOLVED: libgomp.fortran/nestedfn5.f90   -O1  compilation failed to produce executable
FAIL: libgomp.fortran/nestedfn5.f90   -O2  (test for excess errors)
UNRESOLVED: libgomp.fortran/nestedfn5.f90   -O2  compilation failed to produce executable
FAIL: libgomp.fortran/nestedfn5.f90   -O3 -fomit-frame-pointer -funroll-loops -fpeel-loops -ftracer -finline-functions  (test for excess errors)
UNRESOLVED: libgomp.fortran/nestedfn5.f90   -O3 -fomit-frame-pointer -funroll-loops -fpeel-loops -ftracer -finline-functions  compilation failed to produce executable
FAIL: libgomp.fortran/nestedfn5.f90   -O3 -g  (test for excess errors)
UNRESOLVED: libgomp.fortran/nestedfn5.f90   -O3 -g  compilation failed to produce executable
FAIL: libgomp.fortran/nestedfn5.f90   -Os  (test for excess errors)
UNRESOLVED: libgomp.fortran/nestedfn5.f90   -Os  compilation failed to produce executable
FAIL: libgomp.fortran/pr66199-2.f90   -O0  (test for excess errors)
UNRESOLVED: libgomp.fortran/pr66199-2.f90   -O0  compilation failed to produce executable
FAIL: libgomp.fortran/pr66199-2.f90   -O1  (test for excess errors)
UNRESOLVED: libgomp.fortran/pr66199-2.f90   -O1  compilation failed to produce executable
FAIL: libgomp.fortran/pr66199-2.f90   -O2  (test for excess errors)
UNRESOLVED: libgomp.fortran/pr66199-2.f90   -O2  compilation failed to produce executable
FAIL: libgomp.fortran/pr66199-2.f90   -O3 -fomit-frame-pointer -funroll-loops -fpeel-loops -ftracer -finline-functions  (test for excess errors)
UNRESOLVED: libgomp.fortran/pr66199-2.f90   -O3 -fomit-frame-pointer -funroll-loops -fpeel-loops -ftracer -finline-functions  compilation failed to produce executable
FAIL: libgomp.fortran/pr66199-2.f90   -O3 -g  (test for excess errors)
UNRESOLVED: libgomp.fortran/pr66199-2.f90   -O3 -g  compilation failed to produce executable
FAIL: libgomp.fortran/pr66199-2.f90   -Os  (test for excess errors)
UNRESOLVED: libgomp.fortran/pr66199-2.f90   -Os  compilation failed to produce executable
FAIL: libgomp.fortran/target1.f90   -O0  (test for excess errors)
UNRESOLVED: libgomp.fortran/target1.f90   -O0  compilation failed to produce executable
FAIL: libgomp.fortran/target1.f90   -O1  (test for excess errors)
UNRESOLVED: libgomp.fortran/target1.f90   -O1  compilation failed to produce executable
FAIL: libgomp.fortran/target1.f90   -O2  (test for excess errors)
UNRESOLVED: libgomp.fortran/target1.f90   -O2  compilation failed to produce executable
FAIL: libgomp.fortran/target1.f90   -O3 -fomit-frame-pointer -funroll-loops -fpeel-loops -ftracer -finline-functions  (test for excess errors)
UNRESOLVED: libgomp.fortran/target1.f90   -O3 -fomit-frame-pointer -funroll-loops -fpeel-loops -ftracer -finline-functions  compilation failed to produce executable
FAIL: libgomp.fortran/target1.f90   -O3 -g  (test for excess errors)
UNRESOLVED: libgomp.fortran/target1.f90   -O3 -g  compilation failed to produce executable
FAIL: libgomp.fortran/target1.f90   -Os  (test for excess errors)
UNRESOLVED: libgomp.fortran/target1.f90   -Os  compilation failed to produce executable
FAIL: libgomp.fortran/target2.f90   -O0  (test for excess errors)
UNRESOLVED: libgomp.fortran/target2.f90   -O0  compilation failed to produce executable
FAIL: libgomp.fortran/target2.f90   -O1  (test for excess errors)
UNRESOLVED: libgomp.fortran/target2.f90   -O1  compilation failed to produce executable
FAIL: libgomp.fortran/target2.f90   -O2  (test for excess errors)
UNRESOLVED: libgomp.fortran/target2.f90   -O2  compilation failed to produce executable
FAIL: libgomp.fortran/target2.f90   -O3 -fomit-frame-pointer -funroll-loops -fpeel-loops -ftracer -finline-functions  (test for excess errors)
UNRESOLVED: libgomp.fortran/target2.f90   -O3 -fomit-frame-pointer -funroll-loops -fpeel-loops -ftracer -finline-functions  compilation failed to produce executable
FAIL: libgomp.fortran/target2.f90   -O3 -g  (test for excess errors)
UNRESOLVED: libgomp.fortran/target2.f90   -O3 -g  compilation failed to produce executable
FAIL: libgomp.fortran/target2.f90   -Os  (test for excess errors)
UNRESOLVED: libgomp.fortran/target2.f90   -Os  compilation failed to produce executable
FAIL: libgomp.fortran/target3.f90   -O0  (test for excess errors)
UNRESOLVED: libgomp.fortran/target3.f90   -O0  compilation failed to produce executable
FAIL: libgomp.fortran/target3.f90   -O1  (test for excess errors)
UNRESOLVED: libgomp.fortran/target3.f90   -O1  compilation failed to produce executable
FAIL: libgomp.fortran/target3.f90   -O2  (test for excess errors)
UNRESOLVED: libgomp.fortran/target3.f90   -O2  compilation failed to produce executable
FAIL: libgomp.fortran/target3.f90   -O3 -fomit-frame-pointer -funroll-loops -fpeel-loops -ftracer -finline-functions  (test for excess errors)
UNRESOLVED: libgomp.fortran/target3.f90   -O3 -fomit-frame-pointer -funroll-loops -fpeel-loops -ftracer -finline-functions  compilation failed to produce executable
FAIL: libgomp.fortran/target3.f90   -O3 -g  (test for excess errors)
UNRESOLVED: libgomp.fortran/target3.f90   -O3 -g  compilation failed to produce executable
FAIL: libgomp.fortran/target3.f90   -Os  (test for excess errors)
UNRESOLVED: libgomp.fortran/target3.f90   -Os  compilation failed to produce executable
FAIL: libgomp.fortran/target4.f90   -O0  (test for excess errors)
UNRESOLVED: libgomp.fortran/target4.f90   -O0  compilation failed to produce executable
FAIL: libgomp.fortran/target4.f90   -O1  (test for excess errors)
UNRESOLVED: libgomp.fortran/target4.f90   -O1  compilation failed to produce executable
FAIL: libgomp.fortran/target4.f90   -O2  (test for excess errors)
UNRESOLVED: libgomp.fortran/target4.f90   -O2  compilation failed to produce executable
FAIL: libgomp.fortran/target4.f90   -O3 -fomit-frame-pointer -funroll-loops -fpeel-loops -ftracer -finline-functions  (test for excess errors)
UNRESOLVED: libgomp.fortran/target4.f90   -O3 -fomit-frame-pointer -funroll-loops -fpeel-loops -ftracer -finline-functions  compilation failed to produce executable
FAIL: libgomp.fortran/target4.f90   -O3 -g  (test for excess errors)
UNRESOLVED: libgomp.fortran/target4.f90   -O3 -g  compilation failed to produce executable
FAIL: libgomp.fortran/target4.f90   -Os  (test for excess errors)
UNRESOLVED: libgomp.fortran/target4.f90   -Os  compilation failed to produce executable
FAIL: libgomp.fortran/target6.f90   -O0  (test for excess errors)
UNRESOLVED: libgomp.fortran/target6.f90   -O0  compilation failed to produce executable
FAIL: libgomp.fortran/target6.f90   -O1  (test for excess errors)
UNRESOLVED: libgomp.fortran/target6.f90   -O1  compilation failed to produce executable
FAIL: libgomp.fortran/target6.f90   -O2  (test for excess errors)
UNRESOLVED: libgomp.fortran/target6.f90   -O2  compilation failed to produce executable
FAIL: libgomp.fortran/target6.f90   -O3 -fomit-frame-pointer -funroll-loops -fpeel-loops -ftracer -finline-functions  (test for excess errors)
UNRESOLVED: libgomp.fortran/target6.f90   -O3 -fomit-frame-pointer -funroll-loops -fpeel-loops -ftracer -finline-functions  compilation failed to produce executable
FAIL: libgomp.fortran/target6.f90   -O3 -g  (test for excess errors)
UNRESOLVED: libgomp.fortran/target6.f90   -O3 -g  compilation failed to produce executable
FAIL: libgomp.fortran/target6.f90   -Os  (test for excess errors)
UNRESOLVED: libgomp.fortran/target6.f90   -Os  compilation failed to produce executable
FAIL: libgomp.fortran/target7.f90   -O0  (test for excess errors)
UNRESOLVED: libgomp.fortran/target7.f90   -O0  compilation failed to produce executable
FAIL: libgomp.fortran/target7.f90   -O1  (test for excess errors)
UNRESOLVED: libgomp.fortran/target7.f90   -O1  compilation failed to produce executable
FAIL: libgomp.fortran/target7.f90   -O2  (test for excess errors)
UNRESOLVED: libgomp.fortran/target7.f90   -O2  compilation failed to produce executable
FAIL: libgomp.fortran/target7.f90   -O3 -fomit-frame-pointer -funroll-loops -fpeel-loops -ftracer -finline-functions  (test for excess errors)
UNRESOLVED: libgomp.fortran/target7.f90   -O3 -fomit-frame-pointer -funroll-loops -fpeel-loops -ftracer -finline-functions  compilation failed to produce executable
FAIL: libgomp.fortran/target7.f90   -O3 -g  (test for excess errors)
UNRESOLVED: libgomp.fortran/target7.f90   -O3 -g  compilation failed to produce executable
FAIL: libgomp.fortran/target7.f90   -Os  (test for excess errors)
UNRESOLVED: libgomp.fortran/target7.f90   -Os  compilation failed to produce executable
FAIL: libgomp.fortran/target8.f90   -O0  (test for excess errors)
UNRESOLVED: libgomp.fortran/target8.f90   -O0  compilation failed to produce executable
FAIL: libgomp.fortran/target8.f90   -O1  (test for excess errors)
UNRESOLVED: libgomp.fortran/target8.f90   -O1  compilation failed to produce executable
FAIL: libgomp.fortran/target8.f90   -O2  (test for excess errors)
UNRESOLVED: libgomp.fortran/target8.f90   -O2  compilation failed to produce executable
FAIL: libgomp.fortran/target8.f90   -O3 -fomit-frame-pointer -funroll-loops -fpeel-loops -ftracer -finline-functions  (test for excess errors)
UNRESOLVED: libgomp.fortran/target8.f90   -O3 -fomit-frame-pointer -funroll-loops -fpeel-loops -ftracer -finline-functions  compilation failed to produce executable
FAIL: libgomp.fortran/target8.f90   -O3 -g  (test for excess errors)
UNRESOLVED: libgomp.fortran/target8.f90   -O3 -g  compilation failed to produce executable
FAIL: libgomp.fortran/target8.f90   -Os  (test for excess errors)
UNRESOLVED: libgomp.fortran/target8.f90   -Os  compilation failed to produce executable

		=== libgomp Summary ===

# of expected passes		5747
# of unexpected failures	322
# of expected failures		4
# of unresolved testcases	316
# of untested testcases		3
# of unsupported tests		422
		=== libitm tests ===


Running target unix

		=== libitm Summary ===

# of expected passes		42
# of expected failures		3
# of unsupported tests		1
		=== libstdc++ tests ===


Running target unix
FAIL: libstdc++-prettyprinters/80276.cc whatis p4
FAIL: libstdc++-prettyprinters/80276.cc whatis p4

		=== libstdc++ Summary ===

# of expected passes		13692
# of unexpected failures	2
# of expected failures		78
# of unsupported tests		327

Compiler version: 10.0.0 20190527 (experimental) [trunk revision 271671] (Debian 20190527-1) 
Platform: powerpc64le-unknown-linux-gnu
configure flags: -v --with-pkgversion='Debian 20190527-1' --with-bugurl=file:///usr/share/doc/gcc-snapshot/README.Bugs --enable-languages=c,ada,c++,go,d,fortran,objc,obj-c++ --prefix=/usr/lib/gcc-snapshot --with-gcc-major-version-only --program-prefix= --enable-shared --enable-linker-build-id --disable-nls --enable-clocale=gnu --enable-libstdcxx-debug --enable-libstdcxx-time=yes --with-default-libstdcxx-abi=new --enable-gnu-unique-object --enable-plugin --with-system-zlib --disable-libphobos --enable-objc-gc=auto --enable-secureplt --with-cpu=power8 --enable-targets=powerpcle-linux --disable-multilib --enable-multiarch --disable-werror --with-long-double-128 --enable-offload-targets=nvptx-none --enable-checking=yes --build=powerpc64le-linux-gnu --host=powerpc64le-linux-gnu --target=powerpc64le-linux-gnu --with-build-config=bootstrap-lto-lean --enable-link-mutex
BOOT_CFLAGS=


Build Dependencies:
Desired=Unknown/Install/Remove/Purge/Hold
| Status=Not/Inst/Conf-files/Unpacked/halF-conf/Half-inst/trig-aWait/Trig-pend
|/ Err?=(none)/Reinst-required (Status,Err: uppercase=bad)
||/ Name                           Version        Architecture Description
+++-==============================-==============-============-===============================================================================
ii  binutils                       2.31.1-16      ppc64el      GNU assembler, linker and binary utilities
ii  binutils-common:ppc64el        2.31.1-16      ppc64el      Common files for the GNU assembler, linker and binary utilities
ii  binutils-powerpc64le-linux-gnu 2.31.1-16      ppc64el      GNU binary utilities, for powerpc64le-linux-gnu target
ii  g++-8                          8.3.0-7        ppc64el      GNU C++ compiler
ii  libc6:ppc64el                  2.28-10        ppc64el      GNU C Library: Shared libraries
ii  libgmp-dev:ppc64el             2:6.1.2+dfsg-4 ppc64el      Multiprecision arithmetic library developers tools
ii  libisl-dev:ppc64el             0.20-2         ppc64el      manipulating sets and relations of integer points bounded by linear constraints
ii  libmpc-dev:ppc64el             1.1.0-1        ppc64el      multiple precision complex floating-point library development package
ii  libmpfr-dev:ppc64el            4.0.2-1        ppc64el      multiple precision floating-point computation developers tools


sys-auxv-header:
  Check for the sys/auxv.h header file.

gdc-dynamic-link-phobos:
  Dynamically link the phobos library.

ia64-disable-selective-scheduling:

arm-multilib-defaults:
  Set MULTILIB_DEFAULTS for ARM multilib builds

gcc-ice-dump:
  For ICEs, dump the preprocessed source file to stderr
  when in a distro build environment.

gcc-ice-apport:
  Report an ICE to apport (if apport is available
  and the environment variable GCC_NOAPPORT is not set)

skip-bootstrap-multilib:
  Skip non-default multilib and libstdc++-v3 debug builds in bootstrap builds

libffi-ro-eh_frame_sect:
  PR libffi/47248, force a read only eh frame section.

libffi-mips:
  Backport Mips go closure support, taken from libffi issue #197.

gcc-multiarch:
  - Remaining multiarch patches, not yet submitted upstream.
  - Add MULTIARCH_DIRNAME definitions for multilib configurations,
  which are used for the non-multilib builds.

config-ml:
  - Disable some biarch libraries for biarch builds.
  - Fix multilib builds on kernels which don't support all multilibs.

gcc-multilib-multiarch:
  Don't auto-detect multilib osdirnames.

libgomp-kfreebsd-testsuite:
  Disable lock-2.c test on kfreebsd-*

go-testsuite:
  Skip Go testcase on AArch64 which hangs on the buildds.

ada-changes-in-autogen-output:

Counting all warnings,
there are 0 warnings in stage3 of this bootstrap.

Number of warnings per file:

Number of warning types:


Index Nav: [Date Index] [Subject Index] [Author Index] [Thread Index]
Message Nav: [Date Prev] [Date Next] [Thread Prev] [Thread Next]