This is the mail archive of the gcc-testresults@gcc.gnu.org mailing list for the GCC project.


Index Nav: [Date Index] [Subject Index] [Author Index] [Thread Index]
Message Nav: [Date Prev] [Date Next] [Thread Prev] [Thread Next]
Other format: [Raw text]

Results for 9.1.1 20190524 [gcc-9-branch revision 271614] (GCC) testsuite on hppa64-hp-hpux11.11


Native configuration is hppa64-hp-hpux11.11

		=== g++ tests ===


Running target unix
WARNING: program timed out.
FAIL: g++.dg/lto/pr86523-1 cp_lto_pr86523-1_0.o-cp_lto_pr86523-1_0.o link,  -O2 -fPIC -flto -g -shared 
FAIL: g++.dg/lto/pr86523-2 cp_lto_pr86523-2_0.o-cp_lto_pr86523-2_0.o link,  -O2 -fPIC -flto -g -shared 
FAIL: g++.dg/lto/pr86523-3 cp_lto_pr86523-3_0.o-cp_lto_pr86523-3_0.o link,  -fPIC -flto -g -shared 
FAIL: g++.dg/lto/pr86585 cp_lto_pr86585_0.o-cp_lto_pr86585_1.o link,  -flto -g -nostdlib -shared -fPIC 
FAIL: g++.dg/lto/pr89335 cp_lto_pr89335_0.o assemble, -O2 -flto -Wsuggest-final-methods
FAIL: g++.dg/torture/pr81812.C   -O0  (test for excess errors)
FAIL: g++.dg/torture/pr81812.C   -O1  (test for excess errors)
FAIL: g++.dg/torture/pr81812.C   -O2  (test for excess errors)
FAIL: g++.dg/torture/pr81812.C   -O3 -g  (test for excess errors)
FAIL: g++.dg/torture/pr81812.C   -Os  (test for excess errors)
FAIL: g++.dg/torture/pr81812.C   -O2 -flto -flto-partition=none  (test for excess errors)
FAIL: g++.dg/torture/pr81812.C   -O2 -flto  (test for excess errors)

		=== g++ Summary ===

# of expected passes		119545
# of unexpected failures	12
# of expected failures		511
# of unsupported tests		6346
/mnt/gnu/gcc/objdir-test/gcc/testsuite/g++/../../xg++  version 9.1.1 20190524 [gcc-9-branch revision 271614] (GCC) 

		=== gcc tests ===


Running target unix
FAIL: gcc.c-torture/execute/pr64242.c   -O2  execution test
FAIL: gcc.c-torture/execute/pr64242.c   -O3 -g  execution test
FAIL: gcc.c-torture/execute/pr64242.c   -Os  execution test
FAIL: gcc.c-torture/execute/pr64242.c   -O2 -flto -flto-partition=none  execution test
FAIL: gcc.c-torture/execute/pr64242.c   -O2 -flto  execution test
FAIL: gcc.dg/atomic/c11-atomic-exec-5.c   -O0  execution test
FAIL: gcc.dg/atomic/c11-atomic-exec-5.c   -O1  execution test
FAIL: gcc.dg/atomic/c11-atomic-exec-5.c   -O2  execution test
FAIL: gcc.dg/atomic/c11-atomic-exec-5.c   -O3 -fomit-frame-pointer -funroll-loops -fpeel-loops -ftracer -finline-functions  execution test
FAIL: gcc.dg/atomic/c11-atomic-exec-5.c   -O3 -g  execution test
FAIL: gcc.dg/atomic/c11-atomic-exec-5.c   -Os  execution test
FAIL: gcc.dg/atomic/c11-atomic-exec-5.c   -O2 -flto -flto-partition=none  execution test
FAIL: gcc.dg/atomic/c11-atomic-exec-5.c   -O2 -flto  execution test
FAIL: gcc.dg/attr-vector_size.c (internal compiler error)
FAIL: gcc.dg/attr-vector_size.c LP64 (test for errors, line 33)
FAIL: gcc.dg/attr-vector_size.c LP64 (test for errors, line 60)
FAIL: gcc.dg/attr-vector_size.c (test for excess errors)
XPASS: gcc.dg/sibcall-3.c execution test
XPASS: gcc.dg/sibcall-4.c execution test
FAIL: gcc.dg/graphite/scop-19.c scan-tree-dump-times graphite "number of SCoPs: 0" 1
WARNING: program timed out.
FAIL: gcc.dg/ipa/ipa-icf-38.c scan-ltrans-tree-dump-not optimized "Function bar"
FAIL: gcc.dg/lto/20081201-2 c_lto_20081201-2_0.o-c_lto_20081201-2_1.o execute -O3 -flto -flto-partition=1to1
FAIL: gcc.dg/lto/pr48622 c_lto_pr48622_0.o-c_lto_pr48622_0.o link, -O -flto -finline-small-functions -fno-early-inlining
FAIL: gcc.dg/lto/pr64415 c_lto_pr64415_0.o-c_lto_pr64415_1.o link,  -O -flto -fpic 
FAIL: gcc.dg/plugin/must-tail-call-1.c -fplugin=./must_tail_call_plugin.so (test for excess errors)
XPASS: gcc.dg/torture/pr47917.c   -O1  execution test
XPASS: gcc.dg/torture/pr47917.c   -O2  execution test
XPASS: gcc.dg/torture/pr47917.c   -O3 -g  execution test
XPASS: gcc.dg/torture/pr47917.c   -Os  execution test
XPASS: gcc.dg/torture/pr47917.c   -O2 -flto -flto-partition=none  execution test
XPASS: gcc.dg/torture/pr47917.c   -O2 -flto  execution test
FAIL: gcc.dg/tree-ssa/builtin-sprintf.c execution test
FAIL: gcc.dg/tree-ssa/pr84512.c scan-tree-dump optimized "return 285;"
FAIL: gcc.dg/tree-ssa/sra-17.c scan-tree-dump-times esra "Removing load: a = \\\\*.?L.?C.?.?.?0;" 1
FAIL: gcc.dg/tree-ssa/sra-17.c scan-tree-dump-times esra "SR\\\\.[0-9_]+ = \\\\*.?L.?C.?.?.?0\\\\[" 4
FAIL: gcc.dg/tree-ssa/sra-18.c scan-tree-dump-times esra "Removing load: a = \\\\*.?L.?C.?.?.?0;" 1
FAIL: gcc.dg/tree-ssa/sra-18.c scan-tree-dump-times esra "SR\\\\.[0-9_]+ = \\\\*.?L.?C.?.?.?0\\\\.b\\\\[0\\\\]\\\\.f\\\\[0\\\\]\\\\.x" 1
FAIL: gcc.dg/tree-ssa/sra-18.c scan-tree-dump-times esra "SR\\\\.[0-9_]+ = \\\\*.?L.?C.?.?.?0\\\\.b\\\\[0\\\\]\\\\.f\\\\[1\\\\]\\\\.x" 1
FAIL: gcc.dg/tree-ssa/sra-18.c scan-tree-dump-times esra "SR\\\\.[0-9_]+ = \\\\*.?L.?C.?.?.?0\\\\.b\\\\[1\\\\]\\\\.f\\\\[0\\\\]\\\\.x" 1
FAIL: gcc.dg/tree-ssa/sra-18.c scan-tree-dump-times esra "SR\\\\.[0-9_]+ = \\\\*.?L.?C.?.?.?0\\\\.b\\\\[1\\\\]\\\\.f\\\\[1\\\\]\\\\.x" 1

		=== gcc Summary ===

# of expected passes		102350
# of unexpected failures	32
# of unexpected successes	8
# of expected failures		431
# of unsupported tests		2545
/mnt/gnu/gcc/objdir-test/gcc/xgcc  version 9.1.1 20190524 [gcc-9-branch revision 271614] (GCC) 

		=== gfortran tests ===


Running target unix
FAIL: gfortran.dg/elemental_subroutine_3.f90   -O1  (test for excess errors)
FAIL: gfortran.dg/elemental_subroutine_3.f90   -O2  (test for excess errors)
FAIL: gfortran.dg/elemental_subroutine_3.f90   -O3 -fomit-frame-pointer -funroll-loops -fpeel-loops -ftracer -finline-functions  (test for excess errors)
FAIL: gfortran.dg/elemental_subroutine_3.f90   -O3 -g  (test for excess errors)
FAIL: gfortran.dg/elemental_subroutine_3.f90   -Os  (test for excess errors)
FAIL: gfortran.dg/unlimited_polymorphic_30.f03   -O0  execution test
FAIL: gfortran.dg/unlimited_polymorphic_30.f03   -O1  execution test
FAIL: gfortran.dg/unlimited_polymorphic_30.f03   -O2  execution test
FAIL: gfortran.dg/unlimited_polymorphic_30.f03   -O3 -fomit-frame-pointer -funroll-loops -fpeel-loops -ftracer -finline-functions  execution test
FAIL: gfortran.dg/unlimited_polymorphic_30.f03   -O3 -g  execution test
FAIL: gfortran.dg/unlimited_polymorphic_30.f03   -Os  execution test

		=== gfortran Summary ===

# of expected passes		48511
# of unexpected failures	11
# of expected failures		200
# of unsupported tests		414
/mnt/gnu/gcc/objdir-test/gcc/testsuite/gfortran/../../gfortran  version 9.1.1 20190524 [gcc-9-branch revision 271614] (GCC) 

		=== obj-c++ tests ===


Running target unix

		=== obj-c++ Summary ===

# of expected passes		1458
# of expected failures		10
# of unsupported tests		77
/mnt/gnu/gcc/objdir-test/gcc/testsuite/obj-c++/../../xg++  version 9.1.1 20190524 [gcc-9-branch revision 271614] (GCC) 

		=== objc tests ===


Running target unix

		=== objc Summary ===

# of expected passes		2801
# of unsupported tests		69
/mnt/gnu/gcc/objdir-test/gcc/xgcc  version 9.1.1 20190524 [gcc-9-branch revision 271614] (GCC) 

		=== libatomic tests ===


Running target unix

		=== libatomic Summary ===

# of expected passes		44
# of unsupported tests		5
		=== libgomp tests ===


Running target unix
WARNING: program timed out.
FAIL: libgomp.fortran/alloc-comp-3.f90   -O0  (test for excess errors)
UNRESOLVED: libgomp.fortran/alloc-comp-3.f90   -O0  compilation failed to produce executable
WARNING: program timed out.
FAIL: libgomp.fortran/alloc-comp-3.f90   -O2  (test for excess errors)
UNRESOLVED: libgomp.fortran/alloc-comp-3.f90   -O2  compilation failed to produce executable

		=== libgomp Summary ===

# of expected passes		6327
# of unexpected failures	2
# of expected failures		4
# of unresolved testcases	2
# of unsupported tests		433
		=== libstdc++ tests ===


Running target unix
FAIL: 17_intro/headers/c++1998/charset.cc (test for excess errors)
FAIL: 17_intro/headers/c++2011/charset.cc (test for excess errors)
FAIL: 17_intro/headers/c++2014/charset.cc (test for excess errors)
FAIL: 17_intro/headers/c++2017/charset.cc (test for excess errors)
FAIL: 17_intro/headers/c++2020/charset.cc (test for excess errors)
FAIL: experimental/memory_resource/resource_adaptor.cc execution test

		=== libstdc++ Summary ===

# of expected passes		11381
# of unexpected failures	6
# of expected failures		77
# of unsupported tests		979

Compiler version: 9.1.1 20190524 [gcc-9-branch revision 271614] (GCC) 
Platform: hppa64-hp-hpux11.11
configure flags:Test Run By dave on Sat May 25 23:29:01 2019


Index Nav: [Date Index] [Subject Index] [Author Index] [Thread Index]
Message Nav: [Date Prev] [Date Next] [Thread Prev] [Thread Next]