This is the mail archive of the
gcc-testresults@gcc.gnu.org
mailing list for the GCC project.
Results for 10.0.0 20190524 (experimental) [trunk revision 271592] (GCC) testsuite on sparc-sun-solaris2.11
- From: Rainer Orth <ro at CeBiTec dot Uni-Bielefeld dot DE>
- To: gcc-testresults at gcc dot gnu dot org
- Date: Fri, 24 May 2019 18:13:32 +0200 (MEST)
- Subject: Results for 10.0.0 20190524 (experimental) [trunk revision 271592] (GCC) testsuite on sparc-sun-solaris2.11
LAST_UPDATED: Fri May 24 08:42:04 UTC 2019 (revision 271592)
=== acats tests ===
=== acats Summary ===
# of expected passes 2320
# of unexpected failures 0
Native configuration is sparc-sun-solaris2.11
=== g++ tests ===
Running target unix
FAIL: g++.dg/asan/default-options-1.C -O0 execution test
FAIL: g++.dg/asan/default-options-1.C -O1 execution test
FAIL: g++.dg/asan/default-options-1.C -O2 execution test
FAIL: g++.dg/asan/default-options-1.C -O2 -flto execution test
FAIL: g++.dg/asan/default-options-1.C -O2 -flto -flto-partition=none execution test
FAIL: g++.dg/asan/default-options-1.C -O3 -g execution test
FAIL: g++.dg/asan/default-options-1.C -Os execution test
FAIL: g++.dg/gcov/pr16855-priority.C -std=gnu++14 gcov: 1 failures in line counts, 0 in branch percentages, 0 in return percentages, 0 in intermediate format
FAIL: g++.dg/gcov/pr16855-priority.C -std=gnu++14 line 22: is #####:should be 1
FAIL: g++.dg/gcov/pr16855-priority.C -std=gnu++17 gcov: 1 failures in line counts, 0 in branch percentages, 0 in return percentages, 0 in intermediate format
FAIL: g++.dg/gcov/pr16855-priority.C -std=gnu++17 line 22: is #####:should be 1
FAIL: g++.dg/gcov/pr16855-priority.C -std=gnu++98 gcov: 1 failures in line counts, 0 in branch percentages, 0 in return percentages, 0 in intermediate format
FAIL: g++.dg/gcov/pr16855-priority.C -std=gnu++98 line 22: is #####:should be 1
FAIL: g++.dg/gcov/pr16855.C -std=gnu++14 gcov: 1 failures in line counts, 0 in branch percentages, 0 in return percentages, 0 in intermediate format
FAIL: g++.dg/gcov/pr16855.C -std=gnu++14 line 21: is #####:should be 1
FAIL: g++.dg/gcov/pr16855.C -std=gnu++17 gcov: 1 failures in line counts, 0 in branch percentages, 0 in return percentages, 0 in intermediate format
FAIL: g++.dg/gcov/pr16855.C -std=gnu++17 line 21: is #####:should be 1
FAIL: g++.dg/gcov/pr16855.C -std=gnu++98 gcov: 1 failures in line counts, 0 in branch percentages, 0 in return percentages, 0 in intermediate format
FAIL: g++.dg/gcov/pr16855.C -std=gnu++98 line 21: is #####:should be 1
FAIL: g++.dg/lto/pr89335 cp_lto_pr89335_0.o assemble, -O2 -flto -Wsuggest-final-methods
=== g++ Summary for unix ===
# of expected passes 129301
# of unexpected failures 20
# of expected failures 511
# of unsupported tests 6593
Running target unix/-m64
FAIL: g++.dg/gcov/pr16855-priority.C -std=gnu++14 gcov: 1 failures in line counts, 0 in branch percentages, 0 in return percentages, 0 in intermediate format
FAIL: g++.dg/gcov/pr16855-priority.C -std=gnu++14 line 22: is #####:should be 1
FAIL: g++.dg/gcov/pr16855-priority.C -std=gnu++17 gcov: 1 failures in line counts, 0 in branch percentages, 0 in return percentages, 0 in intermediate format
FAIL: g++.dg/gcov/pr16855-priority.C -std=gnu++17 line 22: is #####:should be 1
FAIL: g++.dg/gcov/pr16855-priority.C -std=gnu++98 gcov: 1 failures in line counts, 0 in branch percentages, 0 in return percentages, 0 in intermediate format
FAIL: g++.dg/gcov/pr16855-priority.C -std=gnu++98 line 22: is #####:should be 1
FAIL: g++.dg/gcov/pr16855.C -std=gnu++14 gcov: 1 failures in line counts, 0 in branch percentages, 0 in return percentages, 0 in intermediate format
FAIL: g++.dg/gcov/pr16855.C -std=gnu++14 line 21: is #####:should be 1
FAIL: g++.dg/gcov/pr16855.C -std=gnu++17 gcov: 1 failures in line counts, 0 in branch percentages, 0 in return percentages, 0 in intermediate format
FAIL: g++.dg/gcov/pr16855.C -std=gnu++17 line 21: is #####:should be 1
FAIL: g++.dg/gcov/pr16855.C -std=gnu++98 gcov: 1 failures in line counts, 0 in branch percentages, 0 in return percentages, 0 in intermediate format
FAIL: g++.dg/gcov/pr16855.C -std=gnu++98 line 21: is #####:should be 1
FAIL: g++.dg/lto/pr89335 cp_lto_pr89335_0.o assemble, -O2 -flto -Wsuggest-final-methods
=== g++ Summary for unix/-m64 ===
# of expected passes 129445
# of unexpected failures 13
# of expected failures 514
# of unsupported tests 6313
=== g++ Summary ===
# of expected passes 258746
# of unexpected failures 33
# of expected failures 1025
# of unsupported tests 12906
/var/gcc/regression/trunk/11.5-gcc-gas/build/gcc/xg++ version 10.0.0 20190524 (experimental) [trunk revision 271592] (GCC)
=== gcc tests ===
Running target unix
FAIL: gcc.c-torture/execute/pr64242.c -O2 execution test
FAIL: gcc.c-torture/execute/pr64242.c -O2 -flto execution test
FAIL: gcc.c-torture/execute/pr64242.c -O2 -flto -flto-partition=none execution test
FAIL: gcc.c-torture/execute/pr64242.c -O3 -g execution test
FAIL: gcc.c-torture/execute/pr64242.c -Os execution test
UNRESOLVED: gcc.dg/cdce1.c scan-assembler jmp pow
UNRESOLVED: gcc.dg/cdce2.c scan-assembler jmp log
FAIL: gcc.dg/pr53265.c (test for excess errors)
FAIL: gcc.dg/pr84877.c execution test
FAIL: gcc.dg/ipa/ipa-icf-38.c scan-ltrans-tree-dump-not optimized "Function bar"
FAIL: gcc.dg/simulate-thread/atomic-other-int.c -O2 -g thread simulation test
FAIL: gcc.dg/simulate-thread/atomic-other-int.c -O3 -g thread simulation test
FAIL: gcc.dg/simulate-thread/speculative-store-4.c -O0 -g thread simulation test
FAIL: gcc.dg/simulate-thread/speculative-store-4.c -O2 -g thread simulation test
FAIL: gcc.dg/simulate-thread/speculative-store-4.c -O3 -g thread simulation test
FAIL: gcc.dg/simulate-thread/speculative-store.c -O0 -g thread simulation test
XPASS: gcc.dg/vect/bb-slp-div-1.c -flto -ffat-lto-objects scan-tree-dump slp2 "basic block vectorized"
XPASS: gcc.dg/vect/bb-slp-div-1.c scan-tree-dump slp2 "basic block vectorized"
FAIL: compiler driver --help=params --help=optimizers option(s): "maximum number of" present in output
=== gcc Summary for unix ===
# of expected passes 114726
# of unexpected failures 15
# of unexpected successes 2
# of expected failures 602
# of unresolved testcases 2
# of unsupported tests 3447
Running target unix/-m64
FAIL: gcc.c-torture/execute/pr64242.c -O2 execution test
FAIL: gcc.c-torture/execute/pr64242.c -O2 -flto execution test
FAIL: gcc.c-torture/execute/pr64242.c -O2 -flto -flto-partition=none execution test
FAIL: gcc.c-torture/execute/pr64242.c -O3 -g execution test
FAIL: gcc.c-torture/execute/pr64242.c -Os execution test
UNRESOLVED: gcc.dg/cdce1.c scan-assembler jmp pow
UNRESOLVED: gcc.dg/cdce2.c scan-assembler jmp log
FAIL: gcc.dg/pr53265.c (test for excess errors)
FAIL: gcc.dg/ipa/ipa-icf-38.c scan-ltrans-tree-dump-not optimized "Function bar"
XPASS: gcc.dg/vect/bb-slp-div-1.c -flto -ffat-lto-objects scan-tree-dump slp2 "basic block vectorized"
XPASS: gcc.dg/vect/bb-slp-div-1.c scan-tree-dump slp2 "basic block vectorized"
FAIL: compiler driver --help=params --help=optimizers option(s): "maximum number of" present in output
=== gcc Summary for unix/-m64 ===
# of expected passes 114257
# of unexpected failures 8
# of unexpected successes 2
# of expected failures 596
# of unresolved testcases 2
# of unsupported tests 2858
=== gcc Summary ===
# of expected passes 228983
# of unexpected failures 23
# of unexpected successes 4
# of expected failures 1198
# of unresolved testcases 4
# of unsupported tests 6305
/var/gcc/regression/trunk/11.5-gcc-gas/build/gcc/xgcc version 10.0.0 20190524 (experimental) [trunk revision 271592] (GCC)
=== gdc tests ===
Running target unix
FAIL: gdc.test/runnable/link15017.d (internal compiler error)
FAIL: gdc.test/runnable/link15017.d -O2 (internal compiler error)
FAIL: gdc.test/runnable/link15017.d -O2 -frelease (internal compiler error)
FAIL: gdc.test/runnable/link15017.d -O2 -frelease -g (internal compiler error)
FAIL: gdc.test/runnable/link15017.d -O2 -g (internal compiler error)
FAIL: gdc.test/runnable/link15017.d -frelease (internal compiler error)
FAIL: gdc.test/runnable/link15017.d -frelease -g (internal compiler error)
FAIL: gdc.test/runnable/link15017.d -g (internal compiler error)
FAIL: gdc.test/runnable/mars1.d -O2 (internal compiler error)
FAIL: gdc.test/runnable/mars1.d -O2 -finline-functions (internal compiler error)
FAIL: gdc.test/runnable/sdtor.d (internal compiler error)
FAIL: gdc.test/runnable/sdtor.d -O2 (internal compiler error)
FAIL: gdc.test/runnable/sdtor.d -O2 -finline-functions (internal compiler error)
FAIL: gdc.test/runnable/sdtor.d -O2 -finline-functions -frelease (internal compiler error)
FAIL: gdc.test/runnable/sdtor.d -O2 -finline-functions -frelease -funittest (internal compiler error)
FAIL: gdc.test/runnable/sdtor.d -O2 -finline-functions -frelease -funittest -g (internal compiler error)
FAIL: gdc.test/runnable/sdtor.d -O2 -finline-functions -frelease -g (internal compiler error)
FAIL: gdc.test/runnable/sdtor.d -O2 -finline-functions -funittest (internal compiler error)
FAIL: gdc.test/runnable/sdtor.d -O2 -finline-functions -funittest -g (internal compiler error)
FAIL: gdc.test/runnable/sdtor.d -O2 -finline-functions -g (internal compiler error)
FAIL: gdc.test/runnable/sdtor.d -O2 -frelease (internal compiler error)
FAIL: gdc.test/runnable/sdtor.d -O2 -frelease -funittest (internal compiler error)
FAIL: gdc.test/runnable/sdtor.d -O2 -frelease -funittest -g (internal compiler error)
FAIL: gdc.test/runnable/sdtor.d -O2 -frelease -g (internal compiler error)
FAIL: gdc.test/runnable/sdtor.d -O2 -funittest (internal compiler error)
FAIL: gdc.test/runnable/sdtor.d -O2 -funittest -g (internal compiler error)
FAIL: gdc.test/runnable/sdtor.d -O2 -g (internal compiler error)
FAIL: gdc.test/runnable/sdtor.d -finline-functions (internal compiler error)
FAIL: gdc.test/runnable/sdtor.d -finline-functions -frelease (internal compiler error)
FAIL: gdc.test/runnable/sdtor.d -finline-functions -frelease -funittest (internal compiler error)
FAIL: gdc.test/runnable/sdtor.d -finline-functions -frelease -funittest -g (internal compiler error)
FAIL: gdc.test/runnable/sdtor.d -finline-functions -frelease -g (internal compiler error)
FAIL: gdc.test/runnable/sdtor.d -finline-functions -funittest (internal compiler error)
FAIL: gdc.test/runnable/sdtor.d -finline-functions -funittest -g (internal compiler error)
FAIL: gdc.test/runnable/sdtor.d -finline-functions -g (internal compiler error)
FAIL: gdc.test/runnable/sdtor.d -frelease (internal compiler error)
FAIL: gdc.test/runnable/sdtor.d -frelease -funittest (internal compiler error)
FAIL: gdc.test/runnable/sdtor.d -frelease -funittest -g (internal compiler error)
FAIL: gdc.test/runnable/sdtor.d -frelease -g (internal compiler error)
FAIL: gdc.test/runnable/sdtor.d -funittest (internal compiler error)
FAIL: gdc.test/runnable/sdtor.d -funittest -g (internal compiler error)
FAIL: gdc.test/runnable/sdtor.d -g (internal compiler error)
FAIL: gdc.test/runnable/testaa.d (internal compiler error)
FAIL: gdc.test/runnable/testaa.d -fPIC (internal compiler error)
=== gdc Summary for unix ===
# of expected passes 22445
# of unexpected failures 44
# of unsupported tests 40
Running target unix/-m64
FAIL: gdc.test/runnable/link15017.d (internal compiler error)
FAIL: gdc.test/runnable/link15017.d -O2 (internal compiler error)
FAIL: gdc.test/runnable/link15017.d -O2 -frelease (internal compiler error)
FAIL: gdc.test/runnable/link15017.d -O2 -frelease -g (internal compiler error)
FAIL: gdc.test/runnable/link15017.d -O2 -g (internal compiler error)
FAIL: gdc.test/runnable/link15017.d -frelease (internal compiler error)
FAIL: gdc.test/runnable/link15017.d -frelease -g (internal compiler error)
FAIL: gdc.test/runnable/link15017.d -g (internal compiler error)
FAIL: gdc.test/runnable/sdtor.d (internal compiler error)
FAIL: gdc.test/runnable/sdtor.d -O2 (internal compiler error)
FAIL: gdc.test/runnable/sdtor.d -O2 -finline-functions (internal compiler error)
FAIL: gdc.test/runnable/sdtor.d -O2 -finline-functions -frelease (internal compiler error)
FAIL: gdc.test/runnable/sdtor.d -O2 -finline-functions -frelease -funittest (internal compiler error)
FAIL: gdc.test/runnable/sdtor.d -O2 -finline-functions -frelease -funittest -g (internal compiler error)
FAIL: gdc.test/runnable/sdtor.d -O2 -finline-functions -frelease -g (internal compiler error)
FAIL: gdc.test/runnable/sdtor.d -O2 -finline-functions -funittest (internal compiler error)
FAIL: gdc.test/runnable/sdtor.d -O2 -finline-functions -funittest -g (internal compiler error)
FAIL: gdc.test/runnable/sdtor.d -O2 -finline-functions -g (internal compiler error)
FAIL: gdc.test/runnable/sdtor.d -O2 -frelease (internal compiler error)
FAIL: gdc.test/runnable/sdtor.d -O2 -frelease -funittest (internal compiler error)
FAIL: gdc.test/runnable/sdtor.d -O2 -frelease -funittest -g (internal compiler error)
FAIL: gdc.test/runnable/sdtor.d -O2 -frelease -g (internal compiler error)
FAIL: gdc.test/runnable/sdtor.d -O2 -funittest (internal compiler error)
FAIL: gdc.test/runnable/sdtor.d -O2 -funittest -g (internal compiler error)
FAIL: gdc.test/runnable/sdtor.d -O2 -g (internal compiler error)
FAIL: gdc.test/runnable/sdtor.d -finline-functions (internal compiler error)
FAIL: gdc.test/runnable/sdtor.d -finline-functions -frelease (internal compiler error)
FAIL: gdc.test/runnable/sdtor.d -finline-functions -frelease -funittest (internal compiler error)
FAIL: gdc.test/runnable/sdtor.d -finline-functions -frelease -funittest -g (internal compiler error)
FAIL: gdc.test/runnable/sdtor.d -finline-functions -frelease -g (internal compiler error)
FAIL: gdc.test/runnable/sdtor.d -finline-functions -funittest (internal compiler error)
FAIL: gdc.test/runnable/sdtor.d -finline-functions -funittest -g (internal compiler error)
FAIL: gdc.test/runnable/sdtor.d -finline-functions -g (internal compiler error)
FAIL: gdc.test/runnable/sdtor.d -frelease (internal compiler error)
FAIL: gdc.test/runnable/sdtor.d -frelease -funittest (internal compiler error)
FAIL: gdc.test/runnable/sdtor.d -frelease -funittest -g (internal compiler error)
FAIL: gdc.test/runnable/sdtor.d -frelease -g (internal compiler error)
FAIL: gdc.test/runnable/sdtor.d -funittest (internal compiler error)
FAIL: gdc.test/runnable/sdtor.d -funittest -g (internal compiler error)
FAIL: gdc.test/runnable/sdtor.d -g (internal compiler error)
FAIL: gdc.test/runnable/testaa.d (internal compiler error)
FAIL: gdc.test/runnable/testaa.d -fPIC (internal compiler error)
=== gdc Summary for unix/-m64 ===
# of expected passes 22445
# of unexpected failures 42
# of unsupported tests 40
=== gdc Summary ===
# of expected passes 44890
# of unexpected failures 86
# of unsupported tests 80
/var/gcc/regression/trunk/11.5-gcc-gas/build/gcc/gdc version 10.0.0 20190524 (experimental) [trunk revision 271592] (GCC)
=== gfortran tests ===
Running target unix
FAIL: gfortran.dg/elemental_subroutine_3.f90 -O1 (test for excess errors)
FAIL: gfortran.dg/elemental_subroutine_3.f90 -O2 (test for excess errors)
FAIL: gfortran.dg/elemental_subroutine_3.f90 -O3 -fomit-frame-pointer -funroll-loops -fpeel-loops -ftracer -finline-functions (test for excess errors)
FAIL: gfortran.dg/elemental_subroutine_3.f90 -O3 -g (test for excess errors)
FAIL: gfortran.dg/elemental_subroutine_3.f90 -Os (test for excess errors)
=== gfortran Summary for unix ===
# of expected passes 49606
# of unexpected failures 5
# of expected failures 188
# of unsupported tests 275
Running target unix/-m64
FAIL: gfortran.dg/elemental_subroutine_3.f90 -O1 (test for excess errors)
FAIL: gfortran.dg/elemental_subroutine_3.f90 -O2 (test for excess errors)
FAIL: gfortran.dg/elemental_subroutine_3.f90 -O3 -fomit-frame-pointer -funroll-loops -fpeel-loops -ftracer -finline-functions (test for excess errors)
FAIL: gfortran.dg/elemental_subroutine_3.f90 -O3 -g (test for excess errors)
FAIL: gfortran.dg/elemental_subroutine_3.f90 -Os (test for excess errors)
=== gfortran Summary for unix/-m64 ===
# of expected passes 49865
# of unexpected failures 5
# of expected failures 188
# of unsupported tests 148
=== gfortran Summary ===
# of expected passes 99471
# of unexpected failures 10
# of expected failures 376
# of unsupported tests 423
/var/gcc/regression/trunk/11.5-gcc-gas/build/gcc/gfortran version 10.0.0 20190524 (experimental) [trunk revision 271592] (GCC)
=== gnat tests ===
Running target unix
=== gnat Summary for unix ===
# of expected passes 2931
# of expected failures 23
# of unsupported tests 28
Running target unix/-m64
=== gnat Summary for unix/-m64 ===
# of expected passes 2931
# of expected failures 23
# of unsupported tests 28
=== gnat Summary ===
# of expected passes 5862
# of expected failures 46
# of unsupported tests 56
/var/gcc/regression/trunk/11.5-gcc-gas/build/gcc/gnatmake version 10.0.0 20190524 (experimental) [trunk revision 271592]
=== go tests ===
Running target unix
FAIL: ./index0-out.go execution, -O0 -g -fno-var-tracking-assignments
=== go Summary for unix ===
# of expected passes 7469
# of unexpected failures 1
# of expected failures 1
# of untested testcases 11
# of unsupported tests 3
Running target unix/-m64
FAIL: ./index0-out.go execution, -O0 -g -fno-var-tracking-assignments
WARNING: go.test/test/cmplxdivide.go program timed out.
FAIL: go.test/test/cmplxdivide.go
=== go Summary for unix/-m64 ===
# of expected passes 7348
# of unexpected failures 2
# of expected failures 1
# of untested testcases 11
# of unsupported tests 3
=== go Summary ===
# of expected passes 14817
# of unexpected failures 3
# of expected failures 2
# of untested testcases 22
# of unsupported tests 6
=== obj-c++ tests ===
Running target unix
=== obj-c++ Summary for unix ===
# of expected passes 1450
# of expected failures 2
# of unsupported tests 77
Running target unix/-m64
=== obj-c++ Summary for unix/-m64 ===
# of expected passes 1442
# of expected failures 10
# of unsupported tests 77
=== obj-c++ Summary ===
# of expected passes 2892
# of expected failures 12
# of unsupported tests 154
/var/gcc/regression/trunk/11.5-gcc-gas/build/gcc/xg++ version 10.0.0 20190524 (experimental) [trunk revision 271592] (GCC)
=== objc tests ===
Running target unix
=== objc Summary for unix ===
# of expected passes 2782
# of unsupported tests 68
Running target unix/-m64
=== objc Summary for unix/-m64 ===
# of expected passes 2782
# of unsupported tests 68
=== objc Summary ===
# of expected passes 5564
# of unsupported tests 136
/var/gcc/regression/trunk/11.5-gcc-gas/build/gcc/xgcc version 10.0.0 20190524 (experimental) [trunk revision 271592] (GCC)
=== gotools tests ===
FAIL: go test cmd/go
FAIL: TestCgoSignalDeadlock
FAIL: TestCrashHandler
FAIL: TestGccgoCrashTracebackNodebug
FAIL: TestSelectStackAdjust
FAIL: go test runtime
FAIL: go test misc/cgo/test
FAIL: TestCompileWithoutShared
FAIL: TestEarlySignalHandler
FAIL: TestOsSignal
FAIL: TestSigaltstack
FAIL: TestSignalForwarding
FAIL: TestSignalForwardingExternal
FAIL: go test misc/cgo/testcarchive
FAIL: TestVet
FAIL: go test cmd/vet
=== gotools Summary ===
# of expected passes 73
# of unexpected failures 16
# of untested testcases 55
/var/gcc/regression/trunk/11.5-gcc-gas/build/./gcc/gccgo version 10.0.0 20190524 (experimental) [trunk revision 271592] (GCC)
=== libatomic tests ===
Running target unix
=== libatomic Summary for unix ===
# of expected passes 44
# of unsupported tests 5
Running target unix/-m64
=== libatomic Summary for unix/-m64 ===
# of expected passes 54
=== libatomic Summary ===
# of expected passes 98
# of unsupported tests 5
=== libffi tests ===
Running target unix
=== libffi Summary for unix ===
# of expected passes 2214
Running target unix/-m64
=== libffi Summary for unix/-m64 ===
# of expected passes 2214
=== libffi Summary ===
# of expected passes 4428
=== libgo tests ===
Running target unix
FAIL: cmd/go/internal/par
FAIL: go/build
FAIL: internal/x/crypto/cryptobyte
FAIL: net
FAIL: net/http
FAIL: runtime
FAIL: runtime/pprof
=== libgo Summary for unix ===
# of expected passes 178
# of unexpected failures 7
Running target unix/-m64
FAIL: go/build
FAIL: net
FAIL: net/http
FAIL: os/signal
FAIL: runtime
FAIL: runtime/pprof
=== libgo Summary for unix/-m64 ===
# of expected passes 179
# of unexpected failures 6
=== libgo Summary ===
# of expected passes 357
# of unexpected failures 13
/var/gcc/regression/trunk/11.5-gcc-gas/build/./gcc/gccgo version 10.0.0 20190524 (experimental) [trunk revision 271592] (GCC)
=== libgomp tests ===
Running target unix
=== libgomp Summary for unix ===
# of expected passes 6373
# of expected failures 4
# of unsupported tests 424
Running target unix/-m64
=== libgomp Summary for unix/-m64 ===
# of expected passes 6373
# of expected failures 4
# of unsupported tests 424
=== libgomp Summary ===
# of expected passes 12746
# of expected failures 8
# of unsupported tests 848
=== libitm tests ===
Running target unix
=== libitm Summary for unix ===
# of expected passes 42
# of expected failures 3
# of unsupported tests 1
Running target unix/-m64
=== libitm Summary for unix/-m64 ===
# of expected passes 42
# of expected failures 3
# of unsupported tests 1
=== libitm Summary ===
# of expected passes 84
# of expected failures 6
# of unsupported tests 2
=== libstdc++ tests ===
Running target unix
FAIL: 20_util/shared_ptr/cons/alias-rval.cc execution test
=== libstdc++ Summary for unix ===
# of expected passes 12012
# of unexpected failures 1
# of expected failures 78
# of unsupported tests 712
Running target unix/-m64
FAIL: 20_util/shared_ptr/cons/alias-rval.cc execution test
=== libstdc++ Summary for unix/-m64 ===
# of expected passes 12012
# of unexpected failures 1
# of expected failures 78
# of unsupported tests 712
=== libstdc++ Summary ===
# of expected passes 24024
# of unexpected failures 2
# of expected failures 156
# of unsupported tests 1424
Compiler version: 10.0.0 20190524 (experimental) [trunk revision 271592] (GCC)
Platform: sparc-sun-solaris2.11
configure flags: --prefix=/vol/gcc --target=sparc-sun-solaris2.11 --enable-objc-gc --with-target-bdw-gc-include=/vol/gcc/include --with-target-bdw-gc-lib=/vol/gcc/lib,sparcv9=/vol/gcc/lib/sparcv9 --with-as=/vol/gcc/bin/gas-2.32 --with-gnu-as --with-gmp-include=/vol/gcc/include --with-gmp-lib=/vol/gcc/lib --with-mpfr-include=/vol/gcc/include --with-mpfr-lib=/vol/gcc/lib --with-mpc-include=/vol/gcc/include --with-mpc-lib=/vol/gcc/lib --enable-languages=all,ada,obj-c++,go --with-isl-include=/vol/gcc/include --with-isl-lib=/vol/gcc/lib --build=sparc-sun-solaris2.11 --host=sparc-sun-solaris2.11
BOOT_CFLAGS=-g -O2