This is the mail archive of the gcc-testresults@gcc.gnu.org mailing list for the GCC project.


Index Nav: [Date Index] [Subject Index] [Author Index] [Thread Index]
Message Nav: [Date Prev] [Date Next] [Thread Prev] [Thread Next]
Other format: [Raw text]

Results for 10.0.0 20190524 (experimental) [trunk revision 271592] (GCC) testsuite on i386-pc-solaris2.11


LAST_UPDATED: Fri May 24 08:42:04 UTC 2019 (revision 271592)

		=== acats tests ===

		=== acats Summary ===
# of expected passes		2320
# of unexpected failures	0
Native configuration is i386-pc-solaris2.11

		=== g++ tests ===


Running target unix
FAIL: c-c++-common/asan/swapcontext-test-1.c   -O0  execution test
FAIL: c-c++-common/asan/swapcontext-test-1.c   -O1  execution test
FAIL: c-c++-common/asan/swapcontext-test-1.c   -O2  execution test
FAIL: c-c++-common/asan/swapcontext-test-1.c   -O2 -flto  execution test
FAIL: c-c++-common/asan/swapcontext-test-1.c   -O2 -flto -flto-partition=none  execution test
FAIL: c-c++-common/asan/swapcontext-test-1.c   -O3 -fomit-frame-pointer -funroll-loops -fpeel-loops -ftracer -finline-functions  execution test
FAIL: c-c++-common/asan/swapcontext-test-1.c   -O3 -g  execution test
FAIL: c-c++-common/asan/swapcontext-test-1.c   -Os  execution test
FAIL: g++.dg/lto/pr89335 cp_lto_pr89335_0.o assemble, -O2 -flto -Wsuggest-final-methods

		=== g++ Summary for unix ===

# of expected passes		130880
# of unexpected failures	9
# of expected failures		529
# of unsupported tests		6160

Running target unix/-m64
FAIL: g++.dg/pr80481.C  -std=gnu++14  scan-assembler-not vmovaps
FAIL: g++.dg/pr80481.C  -std=gnu++17  scan-assembler-not vmovaps
FAIL: g++.dg/pr80481.C  -std=gnu++98  scan-assembler-not vmovaps
FAIL: g++.dg/lto/pr89335 cp_lto_pr89335_0.o assemble, -O2 -flto -Wsuggest-final-methods

		=== g++ Summary for unix/-m64 ===

# of expected passes		130640
# of unexpected failures	4
# of expected failures		532
# of unsupported tests		6099

		=== g++ Summary ===

# of expected passes		261520
# of unexpected failures	13
# of expected failures		1061
# of unsupported tests		12259
/var/gcc/regression/trunk/11.3-gcc-gas/build/gcc/xg++  version 10.0.0 20190524 (experimental) [trunk revision 271592] (GCC) 

		=== gcc tests ===


Running target unix
FAIL: c-c++-common/asan/swapcontext-test-1.c   -O0  execution test
FAIL: c-c++-common/asan/swapcontext-test-1.c   -O1  execution test
FAIL: c-c++-common/asan/swapcontext-test-1.c   -O2  execution test
FAIL: c-c++-common/asan/swapcontext-test-1.c   -O2 -flto  execution test
FAIL: c-c++-common/asan/swapcontext-test-1.c   -O2 -flto -flto-partition=none  execution test
FAIL: c-c++-common/asan/swapcontext-test-1.c   -O3 -fomit-frame-pointer -funroll-loops -fpeel-loops -ftracer -finline-functions  execution test
FAIL: c-c++-common/asan/swapcontext-test-1.c   -O3 -g  execution test
FAIL: c-c++-common/asan/swapcontext-test-1.c   -Os  execution test
UNRESOLVED: gcc.dg/cdce1.c scan-assembler jmp pow
UNRESOLVED: gcc.dg/cdce2.c scan-assembler jmp log
FAIL: gcc.dg/pr53265.c (test for excess errors)
FAIL: gcc.dg/visibility-22.c execution test
FAIL: gcc.dg/ipa/ipa-icf-38.c scan-ltrans-tree-dump-not optimized "Function bar"
FAIL: gcc.dg/torture/pr60092.c   -O0  execution test
FAIL: compiler driver --help=params --help=optimizers option(s): "maximum number of" present in output
FAIL: gcc.target/i386/pr57193.c scan-assembler-times movdqa 2
FAIL: gcc.target/i386/pr81563.c scan-assembler-times movl[\\\\t ]*-4\\\\(%ebp\\\\),[\\\\t ]*%edi 1
FAIL: gcc.target/i386/pr81563.c scan-assembler-times movl[\\\\t ]*-8\\\\(%ebp\\\\),[\\\\t ]*%esi 1

		=== gcc Summary for unix ===

# of expected passes		135869
# of unexpected failures	16
# of expected failures		541
# of unresolved testcases	2
# of unsupported tests		2898

Running target unix/-m64
UNRESOLVED: gcc.dg/cdce1.c scan-assembler jmp pow
UNRESOLVED: gcc.dg/cdce2.c scan-assembler jmp log
FAIL: gcc.dg/pr53265.c (test for excess errors)
FAIL: gcc.dg/visibility-22.c execution test
FAIL: gcc.dg/ipa/ipa-icf-38.c scan-ltrans-tree-dump-not optimized "Function bar"
FAIL: gcc.dg/torture/pr60092.c   -O0  execution test
FAIL: compiler driver --help=params --help=optimizers option(s): "maximum number of" present in output
FAIL: gcc.target/i386/pr57193.c scan-assembler-times movdqa 2

		=== gcc Summary for unix/-m64 ===

# of expected passes		136236
# of unexpected failures	6
# of expected failures		535
# of unresolved testcases	2
# of unsupported tests		2403

		=== gcc Summary ===

# of expected passes		272105
# of unexpected failures	22
# of expected failures		1076
# of unresolved testcases	4
# of unsupported tests		5301
/var/gcc/regression/trunk/11.3-gcc-gas/build/gcc/xgcc  version 10.0.0 20190524 (experimental) [trunk revision 271592] (GCC) 

		=== gdc tests ===


Running target unix
FAIL: gdc.test/runnable/link15017.d   (internal compiler error)
UNRESOLVED: gdc.test/runnable/link15017.d   compilation failed to produce executable
FAIL: gdc.test/runnable/link15017.d -O2   (internal compiler error)
UNRESOLVED: gdc.test/runnable/link15017.d -O2   compilation failed to produce executable
FAIL: gdc.test/runnable/link15017.d -O2 -frelease   (internal compiler error)
UNRESOLVED: gdc.test/runnable/link15017.d -O2 -frelease   compilation failed to produce executable
FAIL: gdc.test/runnable/link15017.d -O2 -frelease -g   (internal compiler error)
UNRESOLVED: gdc.test/runnable/link15017.d -O2 -frelease -g   compilation failed to produce executable
FAIL: gdc.test/runnable/link15017.d -O2 -frelease -g -shared-libphobos   (internal compiler error)
UNRESOLVED: gdc.test/runnable/link15017.d -O2 -frelease -g -shared-libphobos   compilation failed to produce executable
FAIL: gdc.test/runnable/link15017.d -O2 -frelease -shared-libphobos   (internal compiler error)
UNRESOLVED: gdc.test/runnable/link15017.d -O2 -frelease -shared-libphobos   compilation failed to produce executable
FAIL: gdc.test/runnable/link15017.d -O2 -g   (internal compiler error)
UNRESOLVED: gdc.test/runnable/link15017.d -O2 -g   compilation failed to produce executable
FAIL: gdc.test/runnable/link15017.d -O2 -g -shared-libphobos   (internal compiler error)
UNRESOLVED: gdc.test/runnable/link15017.d -O2 -g -shared-libphobos   compilation failed to produce executable
FAIL: gdc.test/runnable/link15017.d -O2 -shared-libphobos   (internal compiler error)
UNRESOLVED: gdc.test/runnable/link15017.d -O2 -shared-libphobos   compilation failed to produce executable
FAIL: gdc.test/runnable/link15017.d -frelease   (internal compiler error)
UNRESOLVED: gdc.test/runnable/link15017.d -frelease   compilation failed to produce executable
FAIL: gdc.test/runnable/link15017.d -frelease -g   (internal compiler error)
UNRESOLVED: gdc.test/runnable/link15017.d -frelease -g   compilation failed to produce executable
FAIL: gdc.test/runnable/link15017.d -frelease -g -shared-libphobos   (internal compiler error)
UNRESOLVED: gdc.test/runnable/link15017.d -frelease -g -shared-libphobos   compilation failed to produce executable
FAIL: gdc.test/runnable/link15017.d -frelease -shared-libphobos   (internal compiler error)
UNRESOLVED: gdc.test/runnable/link15017.d -frelease -shared-libphobos   compilation failed to produce executable
FAIL: gdc.test/runnable/link15017.d -g   (internal compiler error)
UNRESOLVED: gdc.test/runnable/link15017.d -g   compilation failed to produce executable
FAIL: gdc.test/runnable/link15017.d -g -shared-libphobos   (internal compiler error)
UNRESOLVED: gdc.test/runnable/link15017.d -g -shared-libphobos   compilation failed to produce executable
FAIL: gdc.test/runnable/link15017.d -shared-libphobos   (internal compiler error)
UNRESOLVED: gdc.test/runnable/link15017.d -shared-libphobos   compilation failed to produce executable
FAIL: gdc.test/runnable/mars1.d -O2   (internal compiler error)
UNRESOLVED: gdc.test/runnable/mars1.d -O2   compilation failed to produce executable
FAIL: gdc.test/runnable/mars1.d -O2 -finline-functions   (internal compiler error)
UNRESOLVED: gdc.test/runnable/mars1.d -O2 -finline-functions   compilation failed to produce executable
FAIL: gdc.test/runnable/mars1.d -O2 -finline-functions -shared-libphobos   (internal compiler error)
UNRESOLVED: gdc.test/runnable/mars1.d -O2 -finline-functions -shared-libphobos   compilation failed to produce executable
FAIL: gdc.test/runnable/mars1.d -O2 -shared-libphobos   (internal compiler error)
UNRESOLVED: gdc.test/runnable/mars1.d -O2 -shared-libphobos   compilation failed to produce executable
FAIL: gdc.test/runnable/sdtor.d   (internal compiler error)
UNRESOLVED: gdc.test/runnable/sdtor.d   compilation failed to produce executable
FAIL: gdc.test/runnable/sdtor.d -O2   (internal compiler error)
UNRESOLVED: gdc.test/runnable/sdtor.d -O2   compilation failed to produce executable
FAIL: gdc.test/runnable/sdtor.d -O2 -finline-functions   (internal compiler error)
UNRESOLVED: gdc.test/runnable/sdtor.d -O2 -finline-functions   compilation failed to produce executable
FAIL: gdc.test/runnable/sdtor.d -O2 -finline-functions -frelease   (internal compiler error)
UNRESOLVED: gdc.test/runnable/sdtor.d -O2 -finline-functions -frelease   compilation failed to produce executable
FAIL: gdc.test/runnable/sdtor.d -O2 -finline-functions -frelease -funittest   (internal compiler error)
UNRESOLVED: gdc.test/runnable/sdtor.d -O2 -finline-functions -frelease -funittest   compilation failed to produce executable
FAIL: gdc.test/runnable/sdtor.d -O2 -finline-functions -frelease -funittest -g   (internal compiler error)
UNRESOLVED: gdc.test/runnable/sdtor.d -O2 -finline-functions -frelease -funittest -g   compilation failed to produce executable
FAIL: gdc.test/runnable/sdtor.d -O2 -finline-functions -frelease -funittest -g -shared-libphobos   (internal compiler error)
UNRESOLVED: gdc.test/runnable/sdtor.d -O2 -finline-functions -frelease -funittest -g -shared-libphobos   compilation failed to produce executable
FAIL: gdc.test/runnable/sdtor.d -O2 -finline-functions -frelease -funittest -shared-libphobos   (internal compiler error)
UNRESOLVED: gdc.test/runnable/sdtor.d -O2 -finline-functions -frelease -funittest -shared-libphobos   compilation failed to produce executable
FAIL: gdc.test/runnable/sdtor.d -O2 -finline-functions -frelease -g   (internal compiler error)
UNRESOLVED: gdc.test/runnable/sdtor.d -O2 -finline-functions -frelease -g   compilation failed to produce executable
FAIL: gdc.test/runnable/sdtor.d -O2 -finline-functions -frelease -g -shared-libphobos   (internal compiler error)
UNRESOLVED: gdc.test/runnable/sdtor.d -O2 -finline-functions -frelease -g -shared-libphobos   compilation failed to produce executable
FAIL: gdc.test/runnable/sdtor.d -O2 -finline-functions -frelease -shared-libphobos   (internal compiler error)
UNRESOLVED: gdc.test/runnable/sdtor.d -O2 -finline-functions -frelease -shared-libphobos   compilation failed to produce executable
FAIL: gdc.test/runnable/sdtor.d -O2 -finline-functions -funittest   (internal compiler error)
UNRESOLVED: gdc.test/runnable/sdtor.d -O2 -finline-functions -funittest   compilation failed to produce executable
FAIL: gdc.test/runnable/sdtor.d -O2 -finline-functions -funittest -g   (internal compiler error)
UNRESOLVED: gdc.test/runnable/sdtor.d -O2 -finline-functions -funittest -g   compilation failed to produce executable
FAIL: gdc.test/runnable/sdtor.d -O2 -finline-functions -funittest -g -shared-libphobos   (internal compiler error)
UNRESOLVED: gdc.test/runnable/sdtor.d -O2 -finline-functions -funittest -g -shared-libphobos   compilation failed to produce executable
FAIL: gdc.test/runnable/sdtor.d -O2 -finline-functions -funittest -shared-libphobos   (internal compiler error)
UNRESOLVED: gdc.test/runnable/sdtor.d -O2 -finline-functions -funittest -shared-libphobos   compilation failed to produce executable
FAIL: gdc.test/runnable/sdtor.d -O2 -finline-functions -g   (internal compiler error)
UNRESOLVED: gdc.test/runnable/sdtor.d -O2 -finline-functions -g   compilation failed to produce executable
FAIL: gdc.test/runnable/sdtor.d -O2 -finline-functions -g -shared-libphobos   (internal compiler error)
UNRESOLVED: gdc.test/runnable/sdtor.d -O2 -finline-functions -g -shared-libphobos   compilation failed to produce executable
FAIL: gdc.test/runnable/sdtor.d -O2 -finline-functions -shared-libphobos   (internal compiler error)
UNRESOLVED: gdc.test/runnable/sdtor.d -O2 -finline-functions -shared-libphobos   compilation failed to produce executable
FAIL: gdc.test/runnable/sdtor.d -O2 -frelease   (internal compiler error)
UNRESOLVED: gdc.test/runnable/sdtor.d -O2 -frelease   compilation failed to produce executable
FAIL: gdc.test/runnable/sdtor.d -O2 -frelease -funittest   (internal compiler error)
UNRESOLVED: gdc.test/runnable/sdtor.d -O2 -frelease -funittest   compilation failed to produce executable
FAIL: gdc.test/runnable/sdtor.d -O2 -frelease -funittest -g   (internal compiler error)
UNRESOLVED: gdc.test/runnable/sdtor.d -O2 -frelease -funittest -g   compilation failed to produce executable
FAIL: gdc.test/runnable/sdtor.d -O2 -frelease -funittest -g -shared-libphobos   (internal compiler error)
UNRESOLVED: gdc.test/runnable/sdtor.d -O2 -frelease -funittest -g -shared-libphobos   compilation failed to produce executable
FAIL: gdc.test/runnable/sdtor.d -O2 -frelease -funittest -shared-libphobos   (internal compiler error)
UNRESOLVED: gdc.test/runnable/sdtor.d -O2 -frelease -funittest -shared-libphobos   compilation failed to produce executable
FAIL: gdc.test/runnable/sdtor.d -O2 -frelease -g   (internal compiler error)
UNRESOLVED: gdc.test/runnable/sdtor.d -O2 -frelease -g   compilation failed to produce executable
FAIL: gdc.test/runnable/sdtor.d -O2 -frelease -g -shared-libphobos   (internal compiler error)
UNRESOLVED: gdc.test/runnable/sdtor.d -O2 -frelease -g -shared-libphobos   compilation failed to produce executable
FAIL: gdc.test/runnable/sdtor.d -O2 -frelease -shared-libphobos   (internal compiler error)
UNRESOLVED: gdc.test/runnable/sdtor.d -O2 -frelease -shared-libphobos   compilation failed to produce executable
FAIL: gdc.test/runnable/sdtor.d -O2 -funittest   (internal compiler error)
UNRESOLVED: gdc.test/runnable/sdtor.d -O2 -funittest   compilation failed to produce executable
FAIL: gdc.test/runnable/sdtor.d -O2 -funittest -g   (internal compiler error)
UNRESOLVED: gdc.test/runnable/sdtor.d -O2 -funittest -g   compilation failed to produce executable
FAIL: gdc.test/runnable/sdtor.d -O2 -funittest -g -shared-libphobos   (internal compiler error)
UNRESOLVED: gdc.test/runnable/sdtor.d -O2 -funittest -g -shared-libphobos   compilation failed to produce executable
FAIL: gdc.test/runnable/sdtor.d -O2 -funittest -shared-libphobos   (internal compiler error)
UNRESOLVED: gdc.test/runnable/sdtor.d -O2 -funittest -shared-libphobos   compilation failed to produce executable
FAIL: gdc.test/runnable/sdtor.d -O2 -g   (internal compiler error)
UNRESOLVED: gdc.test/runnable/sdtor.d -O2 -g   compilation failed to produce executable
FAIL: gdc.test/runnable/sdtor.d -O2 -g -shared-libphobos   (internal compiler error)
UNRESOLVED: gdc.test/runnable/sdtor.d -O2 -g -shared-libphobos   compilation failed to produce executable
FAIL: gdc.test/runnable/sdtor.d -O2 -shared-libphobos   (internal compiler error)
UNRESOLVED: gdc.test/runnable/sdtor.d -O2 -shared-libphobos   compilation failed to produce executable
FAIL: gdc.test/runnable/sdtor.d -finline-functions   (internal compiler error)
UNRESOLVED: gdc.test/runnable/sdtor.d -finline-functions   compilation failed to produce executable
FAIL: gdc.test/runnable/sdtor.d -finline-functions -frelease   (internal compiler error)
UNRESOLVED: gdc.test/runnable/sdtor.d -finline-functions -frelease   compilation failed to produce executable
FAIL: gdc.test/runnable/sdtor.d -finline-functions -frelease -funittest   (internal compiler error)
UNRESOLVED: gdc.test/runnable/sdtor.d -finline-functions -frelease -funittest   compilation failed to produce executable
FAIL: gdc.test/runnable/sdtor.d -finline-functions -frelease -funittest -g   (internal compiler error)
UNRESOLVED: gdc.test/runnable/sdtor.d -finline-functions -frelease -funittest -g   compilation failed to produce executable
FAIL: gdc.test/runnable/sdtor.d -finline-functions -frelease -funittest -g -shared-libphobos   (internal compiler error)
UNRESOLVED: gdc.test/runnable/sdtor.d -finline-functions -frelease -funittest -g -shared-libphobos   compilation failed to produce executable
FAIL: gdc.test/runnable/sdtor.d -finline-functions -frelease -funittest -shared-libphobos   (internal compiler error)
UNRESOLVED: gdc.test/runnable/sdtor.d -finline-functions -frelease -funittest -shared-libphobos   compilation failed to produce executable
FAIL: gdc.test/runnable/sdtor.d -finline-functions -frelease -g   (internal compiler error)
UNRESOLVED: gdc.test/runnable/sdtor.d -finline-functions -frelease -g   compilation failed to produce executable
FAIL: gdc.test/runnable/sdtor.d -finline-functions -frelease -g -shared-libphobos   (internal compiler error)
UNRESOLVED: gdc.test/runnable/sdtor.d -finline-functions -frelease -g -shared-libphobos   compilation failed to produce executable
FAIL: gdc.test/runnable/sdtor.d -finline-functions -frelease -shared-libphobos   (internal compiler error)
UNRESOLVED: gdc.test/runnable/sdtor.d -finline-functions -frelease -shared-libphobos   compilation failed to produce executable
FAIL: gdc.test/runnable/sdtor.d -finline-functions -funittest   (internal compiler error)
UNRESOLVED: gdc.test/runnable/sdtor.d -finline-functions -funittest   compilation failed to produce executable
FAIL: gdc.test/runnable/sdtor.d -finline-functions -funittest -g   (internal compiler error)
UNRESOLVED: gdc.test/runnable/sdtor.d -finline-functions -funittest -g   compilation failed to produce executable
FAIL: gdc.test/runnable/sdtor.d -finline-functions -funittest -g -shared-libphobos   (internal compiler error)
UNRESOLVED: gdc.test/runnable/sdtor.d -finline-functions -funittest -g -shared-libphobos   compilation failed to produce executable
FAIL: gdc.test/runnable/sdtor.d -finline-functions -funittest -shared-libphobos   (internal compiler error)
UNRESOLVED: gdc.test/runnable/sdtor.d -finline-functions -funittest -shared-libphobos   compilation failed to produce executable
FAIL: gdc.test/runnable/sdtor.d -finline-functions -g   (internal compiler error)
UNRESOLVED: gdc.test/runnable/sdtor.d -finline-functions -g   compilation failed to produce executable
FAIL: gdc.test/runnable/sdtor.d -finline-functions -g -shared-libphobos   (internal compiler error)
UNRESOLVED: gdc.test/runnable/sdtor.d -finline-functions -g -shared-libphobos   compilation failed to produce executable
FAIL: gdc.test/runnable/sdtor.d -finline-functions -shared-libphobos   (internal compiler error)
UNRESOLVED: gdc.test/runnable/sdtor.d -finline-functions -shared-libphobos   compilation failed to produce executable
FAIL: gdc.test/runnable/sdtor.d -frelease   (internal compiler error)
UNRESOLVED: gdc.test/runnable/sdtor.d -frelease   compilation failed to produce executable
FAIL: gdc.test/runnable/sdtor.d -frelease -funittest   (internal compiler error)
UNRESOLVED: gdc.test/runnable/sdtor.d -frelease -funittest   compilation failed to produce executable
FAIL: gdc.test/runnable/sdtor.d -frelease -funittest -g   (internal compiler error)
UNRESOLVED: gdc.test/runnable/sdtor.d -frelease -funittest -g   compilation failed to produce executable
FAIL: gdc.test/runnable/sdtor.d -frelease -funittest -g -shared-libphobos   (internal compiler error)
UNRESOLVED: gdc.test/runnable/sdtor.d -frelease -funittest -g -shared-libphobos   compilation failed to produce executable
FAIL: gdc.test/runnable/sdtor.d -frelease -funittest -shared-libphobos   (internal compiler error)
UNRESOLVED: gdc.test/runnable/sdtor.d -frelease -funittest -shared-libphobos   compilation failed to produce executable
FAIL: gdc.test/runnable/sdtor.d -frelease -g   (internal compiler error)
UNRESOLVED: gdc.test/runnable/sdtor.d -frelease -g   compilation failed to produce executable
FAIL: gdc.test/runnable/sdtor.d -frelease -g -shared-libphobos   (internal compiler error)
UNRESOLVED: gdc.test/runnable/sdtor.d -frelease -g -shared-libphobos   compilation failed to produce executable
FAIL: gdc.test/runnable/sdtor.d -frelease -shared-libphobos   (internal compiler error)
UNRESOLVED: gdc.test/runnable/sdtor.d -frelease -shared-libphobos   compilation failed to produce executable
FAIL: gdc.test/runnable/sdtor.d -funittest   (internal compiler error)
UNRESOLVED: gdc.test/runnable/sdtor.d -funittest   compilation failed to produce executable
FAIL: gdc.test/runnable/sdtor.d -funittest -g   (internal compiler error)
UNRESOLVED: gdc.test/runnable/sdtor.d -funittest -g   compilation failed to produce executable
FAIL: gdc.test/runnable/sdtor.d -funittest -g -shared-libphobos   (internal compiler error)
UNRESOLVED: gdc.test/runnable/sdtor.d -funittest -g -shared-libphobos   compilation failed to produce executable
FAIL: gdc.test/runnable/sdtor.d -funittest -shared-libphobos   (internal compiler error)
UNRESOLVED: gdc.test/runnable/sdtor.d -funittest -shared-libphobos   compilation failed to produce executable
FAIL: gdc.test/runnable/sdtor.d -g   (internal compiler error)
UNRESOLVED: gdc.test/runnable/sdtor.d -g   compilation failed to produce executable
FAIL: gdc.test/runnable/sdtor.d -g -shared-libphobos   (internal compiler error)
UNRESOLVED: gdc.test/runnable/sdtor.d -g -shared-libphobos   compilation failed to produce executable
FAIL: gdc.test/runnable/sdtor.d -shared-libphobos   (internal compiler error)
UNRESOLVED: gdc.test/runnable/sdtor.d -shared-libphobos   compilation failed to produce executable
FAIL: gdc.test/runnable/testaa.d   (internal compiler error)
UNRESOLVED: gdc.test/runnable/testaa.d   compilation failed to produce executable
FAIL: gdc.test/runnable/testaa.d -fPIC   (internal compiler error)
UNRESOLVED: gdc.test/runnable/testaa.d -fPIC   compilation failed to produce executable
FAIL: gdc.test/runnable/testaa.d -fPIC -shared-libphobos   (internal compiler error)
UNRESOLVED: gdc.test/runnable/testaa.d -fPIC -shared-libphobos   compilation failed to produce executable
FAIL: gdc.test/runnable/testaa.d -shared-libphobos   (internal compiler error)
UNRESOLVED: gdc.test/runnable/testaa.d -shared-libphobos   compilation failed to produce executable

		=== gdc Summary for unix ===

# of expected passes		29338
# of unexpected failures	88
# of unresolved testcases	88

Running target unix/-m64
FAIL: gdc.test/runnable/link15017.d   (internal compiler error)
UNRESOLVED: gdc.test/runnable/link15017.d   compilation failed to produce executable
FAIL: gdc.test/runnable/link15017.d -O2   (internal compiler error)
UNRESOLVED: gdc.test/runnable/link15017.d -O2   compilation failed to produce executable
FAIL: gdc.test/runnable/link15017.d -O2 -frelease   (internal compiler error)
UNRESOLVED: gdc.test/runnable/link15017.d -O2 -frelease   compilation failed to produce executable
FAIL: gdc.test/runnable/link15017.d -O2 -frelease -g   (internal compiler error)
UNRESOLVED: gdc.test/runnable/link15017.d -O2 -frelease -g   compilation failed to produce executable
FAIL: gdc.test/runnable/link15017.d -O2 -frelease -g -shared-libphobos   (internal compiler error)
UNRESOLVED: gdc.test/runnable/link15017.d -O2 -frelease -g -shared-libphobos   compilation failed to produce executable
FAIL: gdc.test/runnable/link15017.d -O2 -frelease -shared-libphobos   (internal compiler error)
UNRESOLVED: gdc.test/runnable/link15017.d -O2 -frelease -shared-libphobos   compilation failed to produce executable
FAIL: gdc.test/runnable/link15017.d -O2 -g   (internal compiler error)
UNRESOLVED: gdc.test/runnable/link15017.d -O2 -g   compilation failed to produce executable
FAIL: gdc.test/runnable/link15017.d -O2 -g -shared-libphobos   (internal compiler error)
UNRESOLVED: gdc.test/runnable/link15017.d -O2 -g -shared-libphobos   compilation failed to produce executable
FAIL: gdc.test/runnable/link15017.d -O2 -shared-libphobos   (internal compiler error)
UNRESOLVED: gdc.test/runnable/link15017.d -O2 -shared-libphobos   compilation failed to produce executable
FAIL: gdc.test/runnable/link15017.d -frelease   (internal compiler error)
UNRESOLVED: gdc.test/runnable/link15017.d -frelease   compilation failed to produce executable
FAIL: gdc.test/runnable/link15017.d -frelease -g   (internal compiler error)
UNRESOLVED: gdc.test/runnable/link15017.d -frelease -g   compilation failed to produce executable
FAIL: gdc.test/runnable/link15017.d -frelease -g -shared-libphobos   (internal compiler error)
UNRESOLVED: gdc.test/runnable/link15017.d -frelease -g -shared-libphobos   compilation failed to produce executable
FAIL: gdc.test/runnable/link15017.d -frelease -shared-libphobos   (internal compiler error)
UNRESOLVED: gdc.test/runnable/link15017.d -frelease -shared-libphobos   compilation failed to produce executable
FAIL: gdc.test/runnable/link15017.d -g   (internal compiler error)
UNRESOLVED: gdc.test/runnable/link15017.d -g   compilation failed to produce executable
FAIL: gdc.test/runnable/link15017.d -g -shared-libphobos   (internal compiler error)
UNRESOLVED: gdc.test/runnable/link15017.d -g -shared-libphobos   compilation failed to produce executable
FAIL: gdc.test/runnable/link15017.d -shared-libphobos   (internal compiler error)
UNRESOLVED: gdc.test/runnable/link15017.d -shared-libphobos   compilation failed to produce executable
FAIL: gdc.test/runnable/sdtor.d   (internal compiler error)
UNRESOLVED: gdc.test/runnable/sdtor.d   compilation failed to produce executable
FAIL: gdc.test/runnable/sdtor.d -O2   (internal compiler error)
UNRESOLVED: gdc.test/runnable/sdtor.d -O2   compilation failed to produce executable
FAIL: gdc.test/runnable/sdtor.d -O2 -finline-functions   (internal compiler error)
UNRESOLVED: gdc.test/runnable/sdtor.d -O2 -finline-functions   compilation failed to produce executable
FAIL: gdc.test/runnable/sdtor.d -O2 -finline-functions -frelease   (internal compiler error)
UNRESOLVED: gdc.test/runnable/sdtor.d -O2 -finline-functions -frelease   compilation failed to produce executable
FAIL: gdc.test/runnable/sdtor.d -O2 -finline-functions -frelease -funittest   (internal compiler error)
UNRESOLVED: gdc.test/runnable/sdtor.d -O2 -finline-functions -frelease -funittest   compilation failed to produce executable
FAIL: gdc.test/runnable/sdtor.d -O2 -finline-functions -frelease -funittest -g   (internal compiler error)
UNRESOLVED: gdc.test/runnable/sdtor.d -O2 -finline-functions -frelease -funittest -g   compilation failed to produce executable
FAIL: gdc.test/runnable/sdtor.d -O2 -finline-functions -frelease -funittest -g -shared-libphobos   (internal compiler error)
UNRESOLVED: gdc.test/runnable/sdtor.d -O2 -finline-functions -frelease -funittest -g -shared-libphobos   compilation failed to produce executable
FAIL: gdc.test/runnable/sdtor.d -O2 -finline-functions -frelease -funittest -shared-libphobos   (internal compiler error)
UNRESOLVED: gdc.test/runnable/sdtor.d -O2 -finline-functions -frelease -funittest -shared-libphobos   compilation failed to produce executable
FAIL: gdc.test/runnable/sdtor.d -O2 -finline-functions -frelease -g   (internal compiler error)
UNRESOLVED: gdc.test/runnable/sdtor.d -O2 -finline-functions -frelease -g   compilation failed to produce executable
FAIL: gdc.test/runnable/sdtor.d -O2 -finline-functions -frelease -g -shared-libphobos   (internal compiler error)
UNRESOLVED: gdc.test/runnable/sdtor.d -O2 -finline-functions -frelease -g -shared-libphobos   compilation failed to produce executable
FAIL: gdc.test/runnable/sdtor.d -O2 -finline-functions -frelease -shared-libphobos   (internal compiler error)
UNRESOLVED: gdc.test/runnable/sdtor.d -O2 -finline-functions -frelease -shared-libphobos   compilation failed to produce executable
FAIL: gdc.test/runnable/sdtor.d -O2 -finline-functions -funittest   (internal compiler error)
UNRESOLVED: gdc.test/runnable/sdtor.d -O2 -finline-functions -funittest   compilation failed to produce executable
FAIL: gdc.test/runnable/sdtor.d -O2 -finline-functions -funittest -g   (internal compiler error)
UNRESOLVED: gdc.test/runnable/sdtor.d -O2 -finline-functions -funittest -g   compilation failed to produce executable
FAIL: gdc.test/runnable/sdtor.d -O2 -finline-functions -funittest -g -shared-libphobos   (internal compiler error)
UNRESOLVED: gdc.test/runnable/sdtor.d -O2 -finline-functions -funittest -g -shared-libphobos   compilation failed to produce executable
FAIL: gdc.test/runnable/sdtor.d -O2 -finline-functions -funittest -shared-libphobos   (internal compiler error)
UNRESOLVED: gdc.test/runnable/sdtor.d -O2 -finline-functions -funittest -shared-libphobos   compilation failed to produce executable
FAIL: gdc.test/runnable/sdtor.d -O2 -finline-functions -g   (internal compiler error)
UNRESOLVED: gdc.test/runnable/sdtor.d -O2 -finline-functions -g   compilation failed to produce executable
FAIL: gdc.test/runnable/sdtor.d -O2 -finline-functions -g -shared-libphobos   (internal compiler error)
UNRESOLVED: gdc.test/runnable/sdtor.d -O2 -finline-functions -g -shared-libphobos   compilation failed to produce executable
FAIL: gdc.test/runnable/sdtor.d -O2 -finline-functions -shared-libphobos   (internal compiler error)
UNRESOLVED: gdc.test/runnable/sdtor.d -O2 -finline-functions -shared-libphobos   compilation failed to produce executable
FAIL: gdc.test/runnable/sdtor.d -O2 -frelease   (internal compiler error)
UNRESOLVED: gdc.test/runnable/sdtor.d -O2 -frelease   compilation failed to produce executable
FAIL: gdc.test/runnable/sdtor.d -O2 -frelease -funittest   (internal compiler error)
UNRESOLVED: gdc.test/runnable/sdtor.d -O2 -frelease -funittest   compilation failed to produce executable
FAIL: gdc.test/runnable/sdtor.d -O2 -frelease -funittest -g   (internal compiler error)
UNRESOLVED: gdc.test/runnable/sdtor.d -O2 -frelease -funittest -g   compilation failed to produce executable
FAIL: gdc.test/runnable/sdtor.d -O2 -frelease -funittest -g -shared-libphobos   (internal compiler error)
UNRESOLVED: gdc.test/runnable/sdtor.d -O2 -frelease -funittest -g -shared-libphobos   compilation failed to produce executable
FAIL: gdc.test/runnable/sdtor.d -O2 -frelease -funittest -shared-libphobos   (internal compiler error)
UNRESOLVED: gdc.test/runnable/sdtor.d -O2 -frelease -funittest -shared-libphobos   compilation failed to produce executable
FAIL: gdc.test/runnable/sdtor.d -O2 -frelease -g   (internal compiler error)
UNRESOLVED: gdc.test/runnable/sdtor.d -O2 -frelease -g   compilation failed to produce executable
FAIL: gdc.test/runnable/sdtor.d -O2 -frelease -g -shared-libphobos   (internal compiler error)
UNRESOLVED: gdc.test/runnable/sdtor.d -O2 -frelease -g -shared-libphobos   compilation failed to produce executable
FAIL: gdc.test/runnable/sdtor.d -O2 -frelease -shared-libphobos   (internal compiler error)
UNRESOLVED: gdc.test/runnable/sdtor.d -O2 -frelease -shared-libphobos   compilation failed to produce executable
FAIL: gdc.test/runnable/sdtor.d -O2 -funittest   (internal compiler error)
UNRESOLVED: gdc.test/runnable/sdtor.d -O2 -funittest   compilation failed to produce executable
FAIL: gdc.test/runnable/sdtor.d -O2 -funittest -g   (internal compiler error)
UNRESOLVED: gdc.test/runnable/sdtor.d -O2 -funittest -g   compilation failed to produce executable
FAIL: gdc.test/runnable/sdtor.d -O2 -funittest -g -shared-libphobos   (internal compiler error)
UNRESOLVED: gdc.test/runnable/sdtor.d -O2 -funittest -g -shared-libphobos   compilation failed to produce executable
FAIL: gdc.test/runnable/sdtor.d -O2 -funittest -shared-libphobos   (internal compiler error)
UNRESOLVED: gdc.test/runnable/sdtor.d -O2 -funittest -shared-libphobos   compilation failed to produce executable
FAIL: gdc.test/runnable/sdtor.d -O2 -g   (internal compiler error)
UNRESOLVED: gdc.test/runnable/sdtor.d -O2 -g   compilation failed to produce executable
FAIL: gdc.test/runnable/sdtor.d -O2 -g -shared-libphobos   (internal compiler error)
UNRESOLVED: gdc.test/runnable/sdtor.d -O2 -g -shared-libphobos   compilation failed to produce executable
FAIL: gdc.test/runnable/sdtor.d -O2 -shared-libphobos   (internal compiler error)
UNRESOLVED: gdc.test/runnable/sdtor.d -O2 -shared-libphobos   compilation failed to produce executable
FAIL: gdc.test/runnable/sdtor.d -finline-functions   (internal compiler error)
UNRESOLVED: gdc.test/runnable/sdtor.d -finline-functions   compilation failed to produce executable
FAIL: gdc.test/runnable/sdtor.d -finline-functions -frelease   (internal compiler error)
UNRESOLVED: gdc.test/runnable/sdtor.d -finline-functions -frelease   compilation failed to produce executable
FAIL: gdc.test/runnable/sdtor.d -finline-functions -frelease -funittest   (internal compiler error)
UNRESOLVED: gdc.test/runnable/sdtor.d -finline-functions -frelease -funittest   compilation failed to produce executable
FAIL: gdc.test/runnable/sdtor.d -finline-functions -frelease -funittest -g   (internal compiler error)
UNRESOLVED: gdc.test/runnable/sdtor.d -finline-functions -frelease -funittest -g   compilation failed to produce executable
FAIL: gdc.test/runnable/sdtor.d -finline-functions -frelease -funittest -g -shared-libphobos   (internal compiler error)
UNRESOLVED: gdc.test/runnable/sdtor.d -finline-functions -frelease -funittest -g -shared-libphobos   compilation failed to produce executable
FAIL: gdc.test/runnable/sdtor.d -finline-functions -frelease -funittest -shared-libphobos   (internal compiler error)
UNRESOLVED: gdc.test/runnable/sdtor.d -finline-functions -frelease -funittest -shared-libphobos   compilation failed to produce executable
FAIL: gdc.test/runnable/sdtor.d -finline-functions -frelease -g   (internal compiler error)
UNRESOLVED: gdc.test/runnable/sdtor.d -finline-functions -frelease -g   compilation failed to produce executable
FAIL: gdc.test/runnable/sdtor.d -finline-functions -frelease -g -shared-libphobos   (internal compiler error)
UNRESOLVED: gdc.test/runnable/sdtor.d -finline-functions -frelease -g -shared-libphobos   compilation failed to produce executable
FAIL: gdc.test/runnable/sdtor.d -finline-functions -frelease -shared-libphobos   (internal compiler error)
UNRESOLVED: gdc.test/runnable/sdtor.d -finline-functions -frelease -shared-libphobos   compilation failed to produce executable
FAIL: gdc.test/runnable/sdtor.d -finline-functions -funittest   (internal compiler error)
UNRESOLVED: gdc.test/runnable/sdtor.d -finline-functions -funittest   compilation failed to produce executable
FAIL: gdc.test/runnable/sdtor.d -finline-functions -funittest -g   (internal compiler error)
UNRESOLVED: gdc.test/runnable/sdtor.d -finline-functions -funittest -g   compilation failed to produce executable
FAIL: gdc.test/runnable/sdtor.d -finline-functions -funittest -g -shared-libphobos   (internal compiler error)
UNRESOLVED: gdc.test/runnable/sdtor.d -finline-functions -funittest -g -shared-libphobos   compilation failed to produce executable
FAIL: gdc.test/runnable/sdtor.d -finline-functions -funittest -shared-libphobos   (internal compiler error)
UNRESOLVED: gdc.test/runnable/sdtor.d -finline-functions -funittest -shared-libphobos   compilation failed to produce executable
FAIL: gdc.test/runnable/sdtor.d -finline-functions -g   (internal compiler error)
UNRESOLVED: gdc.test/runnable/sdtor.d -finline-functions -g   compilation failed to produce executable
FAIL: gdc.test/runnable/sdtor.d -finline-functions -g -shared-libphobos   (internal compiler error)
UNRESOLVED: gdc.test/runnable/sdtor.d -finline-functions -g -shared-libphobos   compilation failed to produce executable
FAIL: gdc.test/runnable/sdtor.d -finline-functions -shared-libphobos   (internal compiler error)
UNRESOLVED: gdc.test/runnable/sdtor.d -finline-functions -shared-libphobos   compilation failed to produce executable
FAIL: gdc.test/runnable/sdtor.d -frelease   (internal compiler error)
UNRESOLVED: gdc.test/runnable/sdtor.d -frelease   compilation failed to produce executable
FAIL: gdc.test/runnable/sdtor.d -frelease -funittest   (internal compiler error)
UNRESOLVED: gdc.test/runnable/sdtor.d -frelease -funittest   compilation failed to produce executable
FAIL: gdc.test/runnable/sdtor.d -frelease -funittest -g   (internal compiler error)
UNRESOLVED: gdc.test/runnable/sdtor.d -frelease -funittest -g   compilation failed to produce executable
FAIL: gdc.test/runnable/sdtor.d -frelease -funittest -g -shared-libphobos   (internal compiler error)
UNRESOLVED: gdc.test/runnable/sdtor.d -frelease -funittest -g -shared-libphobos   compilation failed to produce executable
FAIL: gdc.test/runnable/sdtor.d -frelease -funittest -shared-libphobos   (internal compiler error)
UNRESOLVED: gdc.test/runnable/sdtor.d -frelease -funittest -shared-libphobos   compilation failed to produce executable
FAIL: gdc.test/runnable/sdtor.d -frelease -g   (internal compiler error)
UNRESOLVED: gdc.test/runnable/sdtor.d -frelease -g   compilation failed to produce executable
FAIL: gdc.test/runnable/sdtor.d -frelease -g -shared-libphobos   (internal compiler error)
UNRESOLVED: gdc.test/runnable/sdtor.d -frelease -g -shared-libphobos   compilation failed to produce executable
FAIL: gdc.test/runnable/sdtor.d -frelease -shared-libphobos   (internal compiler error)
UNRESOLVED: gdc.test/runnable/sdtor.d -frelease -shared-libphobos   compilation failed to produce executable
FAIL: gdc.test/runnable/sdtor.d -funittest   (internal compiler error)
UNRESOLVED: gdc.test/runnable/sdtor.d -funittest   compilation failed to produce executable
FAIL: gdc.test/runnable/sdtor.d -funittest -g   (internal compiler error)
UNRESOLVED: gdc.test/runnable/sdtor.d -funittest -g   compilation failed to produce executable
FAIL: gdc.test/runnable/sdtor.d -funittest -g -shared-libphobos   (internal compiler error)
UNRESOLVED: gdc.test/runnable/sdtor.d -funittest -g -shared-libphobos   compilation failed to produce executable
FAIL: gdc.test/runnable/sdtor.d -funittest -shared-libphobos   (internal compiler error)
UNRESOLVED: gdc.test/runnable/sdtor.d -funittest -shared-libphobos   compilation failed to produce executable
FAIL: gdc.test/runnable/sdtor.d -g   (internal compiler error)
UNRESOLVED: gdc.test/runnable/sdtor.d -g   compilation failed to produce executable
FAIL: gdc.test/runnable/sdtor.d -g -shared-libphobos   (internal compiler error)
UNRESOLVED: gdc.test/runnable/sdtor.d -g -shared-libphobos   compilation failed to produce executable
FAIL: gdc.test/runnable/sdtor.d -shared-libphobos   (internal compiler error)
UNRESOLVED: gdc.test/runnable/sdtor.d -shared-libphobos   compilation failed to produce executable
FAIL: gdc.test/runnable/testaa.d   (internal compiler error)
UNRESOLVED: gdc.test/runnable/testaa.d   compilation failed to produce executable
FAIL: gdc.test/runnable/testaa.d -fPIC   (internal compiler error)
UNRESOLVED: gdc.test/runnable/testaa.d -fPIC   compilation failed to produce executable
FAIL: gdc.test/runnable/testaa.d -fPIC -shared-libphobos   (internal compiler error)
UNRESOLVED: gdc.test/runnable/testaa.d -fPIC -shared-libphobos   compilation failed to produce executable
FAIL: gdc.test/runnable/testaa.d -shared-libphobos   (internal compiler error)
UNRESOLVED: gdc.test/runnable/testaa.d -shared-libphobos   compilation failed to produce executable

		=== gdc Summary for unix/-m64 ===

# of expected passes		29342
# of unexpected failures	84
# of unresolved testcases	84

		=== gdc Summary ===

# of expected passes		58680
# of unexpected failures	172
# of unresolved testcases	172
/var/gcc/regression/trunk/11.3-gcc-gas/build/gcc/gdc  version 10.0.0 20190524 (experimental) [trunk revision 271592] (GCC) 

		=== gfortran tests ===


Running target unix

		=== gfortran Summary for unix ===

# of expected passes		49755
# of expected failures		188
# of unsupported tests		205

Running target unix/-m64

		=== gfortran Summary for unix/-m64 ===

# of expected passes		49984
# of expected failures		188
# of unsupported tests		96

		=== gfortran Summary ===

# of expected passes		99739
# of expected failures		376
# of unsupported tests		301
/var/gcc/regression/trunk/11.3-gcc-gas/build/gcc/gfortran  version 10.0.0 20190524 (experimental) [trunk revision 271592] (GCC) 

		=== gnat tests ===


Running target unix

		=== gnat Summary for unix ===

# of expected passes		2970
# of expected failures		23
# of unsupported tests		8

Running target unix/-m64

		=== gnat Summary for unix/-m64 ===

# of expected passes		2970
# of expected failures		23
# of unsupported tests		8

		=== gnat Summary ===

# of expected passes		5940
# of expected failures		46
# of unsupported tests		16
/var/gcc/regression/trunk/11.3-gcc-gas/build/gcc/gnatmake version 10.0.0 20190524 (experimental) [trunk revision 271592]

		=== go tests ===


Running target unix
FAIL: ./index0-out.go execution,  -O0 -g -fno-var-tracking-assignments 

		=== go Summary for unix ===

# of expected passes		7472
# of unexpected failures	1
# of expected failures		1
# of untested testcases		10
# of unsupported tests		2

Running target unix/-m64
FAIL: ./index0-out.go execution,  -O0 -g -fno-var-tracking-assignments 
FAIL: go.test/test/chan/powser2.go execution,  -O2 -g 
FAIL: go.test/test/gc2.go execution,  -O2 -g 

		=== go Summary for unix/-m64 ===

# of expected passes		7351
# of unexpected failures	3
# of expected failures		1
# of untested testcases		10
# of unsupported tests		1

		=== go Summary ===

# of expected passes		14823
# of unexpected failures	4
# of expected failures		2
# of untested testcases		20
# of unsupported tests		3
		=== obj-c++ tests ===


Running target unix

		=== obj-c++ Summary for unix ===

# of expected passes		1450
# of expected failures		2
# of unsupported tests		77

Running target unix/-m64

		=== obj-c++ Summary for unix/-m64 ===

# of expected passes		1442
# of expected failures		10
# of unsupported tests		77

		=== obj-c++ Summary ===

# of expected passes		2892
# of expected failures		12
# of unsupported tests		154
/var/gcc/regression/trunk/11.3-gcc-gas/build/gcc/xg++  version 10.0.0 20190524 (experimental) [trunk revision 271592] (GCC) 

		=== objc tests ===


Running target unix

		=== objc Summary for unix ===

# of expected passes		2776
# of expected failures		6
# of unsupported tests		68

Running target unix/-m64

		=== objc Summary for unix/-m64 ===

# of expected passes		2776
# of expected failures		6
# of unsupported tests		68

		=== objc Summary ===

# of expected passes		5552
# of expected failures		12
# of unsupported tests		136
/var/gcc/regression/trunk/11.3-gcc-gas/build/gcc/xgcc  version 10.0.0 20190524 (experimental) [trunk revision 271592] (GCC) 

		=== gotools tests ===

FAIL: TestScript
FAIL: go test cmd/go
FAIL: TestAbort
FAIL: TestCgoSignalDeadlock
FAIL: TestCrashHandler
FAIL: TestSelectStackAdjust
FAIL: go test runtime
FAIL: go test misc/cgo/test
FAIL: TestEarlySignalHandler
FAIL: TestOsSignal
FAIL: TestPIE
FAIL: TestSigaltstack
FAIL: go test misc/cgo/testcarchive

		=== gotools Summary ===
# of expected passes		323
# of unexpected failures	13
# of untested testcases		182
/var/gcc/regression/trunk/11.3-gcc-gas/build/./gcc/gccgo version 10.0.0 20190524 (experimental) [trunk revision 271592] (GCC)

		=== libatomic tests ===


Running target unix

		=== libatomic Summary for unix ===

# of expected passes		44
# of unsupported tests		5

Running target unix/-m64

		=== libatomic Summary for unix/-m64 ===

# of expected passes		54

		=== libatomic Summary ===

# of expected passes		98
# of unsupported tests		5
		=== libffi tests ===


Running target unix

		=== libffi Summary for unix ===

# of expected passes		2799

Running target unix/-m64

		=== libffi Summary for unix/-m64 ===

# of expected passes		2214

		=== libffi Summary ===

# of expected passes		5013
		=== libgo tests ===


Running target unix
FAIL: go/build
FAIL: runtime
FAIL: runtime/pprof

		=== libgo Summary for unix ===

# of expected passes		182
# of unexpected failures	3

Running target unix/-m64
FAIL: bufio
FAIL: bytes
FAIL: cmd/go/internal/cache
FAIL: cmd/internal/buildid
FAIL: compress/bzip2
FAIL: compress/flate
FAIL: crypto/ecdsa
FAIL: crypto/elliptic
FAIL: crypto/tls
FAIL: crypto/x509
FAIL: database/sql
FAIL: go/build
FAIL: go/printer
FAIL: image/jpeg
FAIL: math
FAIL: math/big
FAIL: mime/quotedprintable
FAIL: net/http
FAIL: net/http/httputil
FAIL: os
FAIL: os/exec
FAIL: os/signal
FAIL: reflect
FAIL: runtime/pprof
FAIL: runtime/trace
FAIL: time
FAIL: unicode/utf8

		=== libgo Summary for unix/-m64 ===

# of expected passes		158
# of unexpected failures	27

		=== libgo Summary ===

# of expected passes		340
# of unexpected failures	30
/var/gcc/regression/trunk/11.3-gcc-gas/build/./gcc/gccgo version 10.0.0 20190524 (experimental) [trunk revision 271592] (GCC)

		=== libgomp tests ===


Running target unix

		=== libgomp Summary for unix ===

# of expected passes		6495
# of expected failures		4
# of unsupported tests		363

Running target unix/-m64

		=== libgomp Summary for unix/-m64 ===

# of expected passes		6495
# of expected failures		4
# of unsupported tests		363

		=== libgomp Summary ===

# of expected passes		12990
# of expected failures		8
# of unsupported tests		726
		=== libitm tests ===


Running target unix

		=== libitm Summary for unix ===

# of expected passes		42
# of expected failures		3
# of unsupported tests		1

Running target unix/-m64

		=== libitm Summary for unix/-m64 ===

# of expected passes		42
# of expected failures		3
# of unsupported tests		1

		=== libitm Summary ===

# of expected passes		84
# of expected failures		6
# of unsupported tests		2
		=== libphobos tests ===


Running target unix
FAIL: libphobos.druntime_shared/core/time.d execution test
FAIL: libphobos.druntime_shared/rt/lifetime.d (test for excess errors)
UNRESOLVED: libphobos.druntime_shared/rt/lifetime.d compilation failed to produce executable
FAIL: libphobos.phobos_shared/std/datetime/systime.d execution test
FAIL: libphobos.phobos_shared/std/datetime/timezone.d execution test
FAIL: libphobos.phobos_shared/std/experimental/logger/filelogger.d execution test
FAIL: libphobos.phobos_shared/std/file.d execution test
FAIL: libphobos.phobos_shared/std/format.d execution test
FAIL: libphobos.phobos_shared/std/math.d execution test
FAIL: libphobos.phobos_shared/std/parallelism.d execution test
FAIL: libphobos.phobos_shared/std/uni.d (test for excess errors)
UNRESOLVED: libphobos.phobos_shared/std/uni.d compilation failed to produce executable
FAIL: libphobos.shared/finalize.d -shared-libphobos -ldl execution test
FAIL: libphobos.shared/linkD.c lib.so -ldl -pthread execution test
FAIL: libphobos.shared/load.d -shared-libphobos -ldl execution test
FAIL: libphobos.shared/load_13414.d -shared-libphobos -ldl execution test
FAIL: libphobos.shared/load_linkdep.d -shared-libphobos -ldl execution test

		=== libphobos Summary for unix ===

# of expected passes		407
# of unexpected failures	15
# of unresolved testcases	2

Running target unix/-m64
FAIL: libphobos.druntime_shared/core/time.d execution test
FAIL: libphobos.druntime_shared/rt/lifetime.d (test for excess errors)
UNRESOLVED: libphobos.druntime_shared/rt/lifetime.d compilation failed to produce executable
FAIL: libphobos.phobos_shared/std/datetime/systime.d execution test
FAIL: libphobos.phobos_shared/std/datetime/timezone.d execution test
FAIL: libphobos.phobos_shared/std/experimental/logger/filelogger.d execution test
FAIL: libphobos.phobos_shared/std/format.d execution test
FAIL: libphobos.phobos_shared/std/math.d execution test
FAIL: libphobos.phobos_shared/std/parallelism.d execution test
FAIL: libphobos.phobos_shared/std/uni.d (test for excess errors)
UNRESOLVED: libphobos.phobos_shared/std/uni.d compilation failed to produce executable
FAIL: libphobos.shared/finalize.d -shared-libphobos -ldl execution test
FAIL: libphobos.shared/linkD.c lib.so -ldl -pthread execution test
FAIL: libphobos.shared/load.d -shared-libphobos -ldl execution test
FAIL: libphobos.shared/load_13414.d -shared-libphobos -ldl execution test
FAIL: libphobos.shared/load_linkdep.d -shared-libphobos -ldl execution test

		=== libphobos Summary for unix/-m64 ===

# of expected passes		408
# of unexpected failures	14
# of unresolved testcases	2

		=== libphobos Summary ===

# of expected passes		815
# of unexpected failures	29
# of unresolved testcases	4
		=== libstdc++ tests ===


Running target unix
FAIL: 20_util/shared_ptr/cons/alias-rval.cc execution test
FAIL: experimental/net/internet/resolver/ops/lookup.cc execution test

		=== libstdc++ Summary for unix ===

# of expected passes		12029
# of unexpected failures	2
# of expected failures		79
# of unsupported tests		703

Running target unix/-m64
FAIL: 20_util/shared_ptr/cons/alias-rval.cc execution test
FAIL: experimental/net/internet/resolver/ops/lookup.cc execution test

		=== libstdc++ Summary for unix/-m64 ===

# of expected passes		12022
# of unexpected failures	2
# of expected failures		78
# of unsupported tests		707

		=== libstdc++ Summary ===

# of expected passes		24051
# of unexpected failures	4
# of expected failures		157
# of unsupported tests		1410

Compiler version: 10.0.0 20190524 (experimental) [trunk revision 271592] (GCC) 
Platform: i386-pc-solaris2.11
configure flags: --prefix=/vol/gcc --target=i386-pc-solaris2.11 --enable-objc-gc --with-target-bdw-gc-include=/vol/gcc/include --with-target-bdw-gc-lib=/vol/gcc/lib,amd64=/vol/gcc/lib/amd64 --with-as=/vol/gcc/bin/gas-2.32 --with-gnu-as --with-gmp-include=/vol/gcc/include --with-gmp-lib=/vol/gcc/lib --with-mpfr-include=/vol/gcc/include --with-mpfr-lib=/vol/gcc/lib --with-mpc-include=/vol/gcc/include --with-mpc-lib=/vol/gcc/lib --enable-languages=all,ada,obj-c++,go --with-isl-include=/vol/gcc/include --with-isl-lib=/vol/gcc/lib --build=i386-pc-solaris2.11 --host=i386-pc-solaris2.11
BOOT_CFLAGS=-g -O2


Index Nav: [Date Index] [Subject Index] [Author Index] [Thread Index]
Message Nav: [Date Prev] [Date Next] [Thread Prev] [Thread Next]