This is the mail archive of the
gcc-testresults@gcc.gnu.org
mailing list for the GCC project.
Results for 9.1.1 20190517 [gcc-9-branch revision 271314] (GCC) testsuite on sparc-sun-solaris2.11
- From: Rainer Orth <ro at CeBiTec dot Uni-Bielefeld dot DE>
- To: gcc-testresults at gcc dot gnu dot org
- Date: Sat, 18 May 2019 07:42:01 +0200 (MEST)
- Subject: Results for 9.1.1 20190517 [gcc-9-branch revision 271314] (GCC) testsuite on sparc-sun-solaris2.11
LAST_UPDATED: Fri May 17 08:48:08 UTC 2019 (revision 271314)
=== acats tests ===
FAIL: cd1009a
FAIL: cd1009i
FAIL: cd1c03a
FAIL: cd2a21a
FAIL: cd2a21c
FAIL: cd2a21e
FAIL: cd2a22j
FAIL: cd2a23a
FAIL: cd2a23e
FAIL: cd2a24a
FAIL: cd2a31a
FAIL: cd2a31c
FAIL: cd2a32a
=== acats Summary ===
# of expected passes 2307
# of unexpected failures 13
Native configuration is sparc-sun-solaris2.11
=== g++ tests ===
Running target unix
FAIL: g++.dg/asan/default-options-1.C -O0 execution test
FAIL: g++.dg/asan/default-options-1.C -O1 execution test
FAIL: g++.dg/asan/default-options-1.C -O2 execution test
FAIL: g++.dg/asan/default-options-1.C -O2 -flto execution test
FAIL: g++.dg/asan/default-options-1.C -O2 -flto -flto-partition=none execution test
FAIL: g++.dg/asan/default-options-1.C -O3 -g execution test
FAIL: g++.dg/asan/default-options-1.C -Os execution test
FAIL: g++.dg/asan/pr85774.C -Os execution test
FAIL: g++.dg/asan/use-after-scope-1.C -O2 -flto (test for excess errors)
FAIL: g++.dg/gcov/pr16855-priority.C -std=gnu++14 gcov: 1 failures in line counts, 0 in branch percentages, 0 in return percentages, 0 in intermediate format
FAIL: g++.dg/gcov/pr16855-priority.C -std=gnu++14 line 22: is #####:should be 1
FAIL: g++.dg/gcov/pr16855-priority.C -std=gnu++17 gcov: 1 failures in line counts, 0 in branch percentages, 0 in return percentages, 0 in intermediate format
FAIL: g++.dg/gcov/pr16855-priority.C -std=gnu++17 line 22: is #####:should be 1
FAIL: g++.dg/gcov/pr16855-priority.C -std=gnu++98 gcov: 1 failures in line counts, 0 in branch percentages, 0 in return percentages, 0 in intermediate format
FAIL: g++.dg/gcov/pr16855-priority.C -std=gnu++98 line 22: is #####:should be 1
FAIL: g++.dg/gcov/pr16855.C -std=gnu++14 gcov: 1 failures in line counts, 0 in branch percentages, 0 in return percentages, 0 in intermediate format
FAIL: g++.dg/gcov/pr16855.C -std=gnu++14 line 21: is #####:should be 1
FAIL: g++.dg/gcov/pr16855.C -std=gnu++17 gcov: 1 failures in line counts, 0 in branch percentages, 0 in return percentages, 0 in intermediate format
FAIL: g++.dg/gcov/pr16855.C -std=gnu++17 line 21: is #####:should be 1
FAIL: g++.dg/gcov/pr16855.C -std=gnu++98 gcov: 1 failures in line counts, 0 in branch percentages, 0 in return percentages, 0 in intermediate format
FAIL: g++.dg/gcov/pr16855.C -std=gnu++98 line 21: is #####:should be 1
FAIL: g++.dg/lto/pr89335 cp_lto_pr89335_0.o assemble, -O2 -flto -Wsuggest-final-methods
=== g++ Summary for unix ===
# of expected passes 128392
# of unexpected failures 22
# of expected failures 511
# of unsupported tests 6556
Running target unix/-m64
FAIL: g++.dg/gcov/pr16855-priority.C -std=gnu++14 gcov: 1 failures in line counts, 0 in branch percentages, 0 in return percentages, 0 in intermediate format
FAIL: g++.dg/gcov/pr16855-priority.C -std=gnu++14 line 22: is #####:should be 1
FAIL: g++.dg/gcov/pr16855-priority.C -std=gnu++17 gcov: 1 failures in line counts, 0 in branch percentages, 0 in return percentages, 0 in intermediate format
FAIL: g++.dg/gcov/pr16855-priority.C -std=gnu++17 line 22: is #####:should be 1
FAIL: g++.dg/gcov/pr16855-priority.C -std=gnu++98 gcov: 1 failures in line counts, 0 in branch percentages, 0 in return percentages, 0 in intermediate format
FAIL: g++.dg/gcov/pr16855-priority.C -std=gnu++98 line 22: is #####:should be 1
FAIL: g++.dg/gcov/pr16855.C -std=gnu++14 gcov: 1 failures in line counts, 0 in branch percentages, 0 in return percentages, 0 in intermediate format
FAIL: g++.dg/gcov/pr16855.C -std=gnu++14 line 21: is #####:should be 1
FAIL: g++.dg/gcov/pr16855.C -std=gnu++17 gcov: 1 failures in line counts, 0 in branch percentages, 0 in return percentages, 0 in intermediate format
FAIL: g++.dg/gcov/pr16855.C -std=gnu++17 line 21: is #####:should be 1
FAIL: g++.dg/gcov/pr16855.C -std=gnu++98 gcov: 1 failures in line counts, 0 in branch percentages, 0 in return percentages, 0 in intermediate format
FAIL: g++.dg/gcov/pr16855.C -std=gnu++98 line 21: is #####:should be 1
FAIL: g++.dg/lto/pr89335 cp_lto_pr89335_0.o assemble, -O2 -flto -Wsuggest-final-methods
=== g++ Summary for unix/-m64 ===
# of expected passes 128552
# of unexpected failures 13
# of expected failures 514
# of unsupported tests 6276
=== g++ Summary ===
# of expected passes 256944
# of unexpected failures 35
# of expected failures 1025
# of unsupported tests 12832
/var/gcc/regression/gcc-9-branch/11-gcc-gas/build/gcc/xg++ version 9.1.1 20190517 [gcc-9-branch revision 271314] (GCC)
=== gcc tests ===
Running target unix
FAIL: gcc.c-torture/compile/20000629-1.c -O1 (test for excess errors)
FAIL: gcc.c-torture/execute/pr64242.c -O2 execution test
FAIL: gcc.c-torture/execute/pr64242.c -O2 -flto execution test
FAIL: gcc.c-torture/execute/pr64242.c -O2 -flto -flto-partition=none execution test
FAIL: gcc.c-torture/execute/pr64242.c -O3 -g execution test
FAIL: gcc.c-torture/execute/pr64242.c -Os execution test
FAIL: gcc.dg/ipa/ipa-icf-38.c scan-ltrans-tree-dump-not optimized "Function bar"
FAIL: gcc.dg/simulate-thread/atomic-other-int.c -O2 -g thread simulation test
FAIL: gcc.dg/simulate-thread/atomic-other-int.c -O3 -g thread simulation test
FAIL: gcc.dg/simulate-thread/speculative-store-4.c -O0 -g thread simulation test
FAIL: gcc.dg/simulate-thread/speculative-store-4.c -O2 -g thread simulation test
FAIL: gcc.dg/simulate-thread/speculative-store-4.c -O3 -g thread simulation test
FAIL: gcc.dg/simulate-thread/speculative-store.c -O0 -g thread simulation test
XPASS: gcc.dg/vect/bb-slp-div-1.c -flto -ffat-lto-objects scan-tree-dump slp2 "basic block vectorized"
XPASS: gcc.dg/vect/bb-slp-div-1.c scan-tree-dump slp2 "basic block vectorized"
=== gcc Summary for unix ===
# of expected passes 114296
# of unexpected failures 13
# of unexpected successes 2
# of expected failures 602
# of unsupported tests 3435
Running target unix/-m64
FAIL: gcc.c-torture/execute/pr64242.c -O2 execution test
FAIL: gcc.c-torture/execute/pr64242.c -O2 -flto execution test
FAIL: gcc.c-torture/execute/pr64242.c -O2 -flto -flto-partition=none execution test
FAIL: gcc.c-torture/execute/pr64242.c -O3 -g execution test
FAIL: gcc.c-torture/execute/pr64242.c -Os execution test
FAIL: gcc.dg/ipa/ipa-icf-38.c scan-ltrans-tree-dump-not optimized "Function bar"
XPASS: gcc.dg/vect/bb-slp-div-1.c -flto -ffat-lto-objects scan-tree-dump slp2 "basic block vectorized"
XPASS: gcc.dg/vect/bb-slp-div-1.c scan-tree-dump slp2 "basic block vectorized"
=== gcc Summary for unix/-m64 ===
# of expected passes 113827
# of unexpected failures 6
# of unexpected successes 2
# of expected failures 596
# of unsupported tests 2846
=== gcc Summary ===
# of expected passes 228123
# of unexpected failures 19
# of unexpected successes 4
# of expected failures 1198
# of unsupported tests 6281
/var/gcc/regression/gcc-9-branch/11-gcc-gas/build/gcc/xgcc version 9.1.1 20190517 [gcc-9-branch revision 271314] (GCC)
=== gdc tests ===
Running target unix
=== gdc Summary for unix ===
# of expected passes 22445
# of unsupported tests 40
Running target unix/-m64
=== gdc Summary for unix/-m64 ===
# of expected passes 22445
# of unsupported tests 40
=== gdc Summary ===
# of expected passes 44890
# of unsupported tests 80
/var/gcc/regression/gcc-9-branch/11-gcc-gas/build/gcc/gdc version 9.1.1 20190517 [gcc-9-branch revision 271314] (GCC)
=== gfortran tests ===
Running target unix
FAIL: gfortran.dg/elemental_subroutine_3.f90 -O1 (test for excess errors)
FAIL: gfortran.dg/elemental_subroutine_3.f90 -O2 (test for excess errors)
FAIL: gfortran.dg/elemental_subroutine_3.f90 -O3 -fomit-frame-pointer -funroll-loops -fpeel-loops -ftracer -finline-functions (test for excess errors)
FAIL: gfortran.dg/elemental_subroutine_3.f90 -O3 -g (test for excess errors)
FAIL: gfortran.dg/elemental_subroutine_3.f90 -Os (test for excess errors)
=== gfortran Summary for unix ===
# of expected passes 49791
# of unexpected failures 5
# of expected failures 188
# of unsupported tests 275
Running target unix/-m64
FAIL: gfortran.dg/elemental_subroutine_3.f90 -O1 (test for excess errors)
FAIL: gfortran.dg/elemental_subroutine_3.f90 -O2 (test for excess errors)
FAIL: gfortran.dg/elemental_subroutine_3.f90 -O3 -fomit-frame-pointer -funroll-loops -fpeel-loops -ftracer -finline-functions (test for excess errors)
FAIL: gfortran.dg/elemental_subroutine_3.f90 -O3 -g (test for excess errors)
FAIL: gfortran.dg/elemental_subroutine_3.f90 -Os (test for excess errors)
=== gfortran Summary for unix/-m64 ===
# of expected passes 50050
# of unexpected failures 5
# of expected failures 188
# of unsupported tests 148
=== gfortran Summary ===
# of expected passes 99841
# of unexpected failures 10
# of expected failures 376
# of unsupported tests 423
/var/gcc/regression/gcc-9-branch/11-gcc-gas/build/gcc/gfortran version 9.1.1 20190517 [gcc-9-branch revision 271314] (GCC)
=== gnat tests ===
Running target unix
FAIL: gnat.dg/addr_slice.adb (test for excess errors)
FAIL: gnat.dg/aggr16.adb (test for excess errors)
=== gnat Summary for unix ===
# of expected passes 2928
# of unexpected failures 2
# of expected failures 23
# of unsupported tests 28
Running target unix/-m64
=== gnat Summary for unix/-m64 ===
# of expected passes 2930
# of expected failures 23
# of unsupported tests 28
=== gnat Summary ===
# of expected passes 5858
# of unexpected failures 2
# of expected failures 46
# of unsupported tests 56
/var/gcc/regression/gcc-9-branch/11-gcc-gas/build/gcc/gnatmake version 9.1.1 20190517 [gcc-9-branch revision 271314]
=== go tests ===
Running target unix
FAIL: ./index0-out.go execution, -O0 -g -fno-var-tracking-assignments
=== go Summary for unix ===
# of expected passes 7457
# of unexpected failures 1
# of expected failures 1
# of untested testcases 11
# of unsupported tests 3
Running target unix/-m64
FAIL: ./index0-out.go execution, -O0 -g -fno-var-tracking-assignments
=== go Summary for unix/-m64 ===
# of expected passes 7337
# of unexpected failures 1
# of expected failures 1
# of untested testcases 11
# of unsupported tests 3
=== go Summary ===
# of expected passes 14794
# of unexpected failures 2
# of expected failures 2
# of untested testcases 22
# of unsupported tests 6
=== obj-c++ tests ===
Running target unix
=== obj-c++ Summary for unix ===
# of expected passes 1466
# of expected failures 2
# of unsupported tests 77
Running target unix/-m64
=== obj-c++ Summary for unix/-m64 ===
# of expected passes 1458
# of expected failures 10
# of unsupported tests 77
=== obj-c++ Summary ===
# of expected passes 2924
# of expected failures 12
# of unsupported tests 154
/var/gcc/regression/gcc-9-branch/11-gcc-gas/build/gcc/xg++ version 9.1.1 20190517 [gcc-9-branch revision 271314] (GCC)
=== objc tests ===
Running target unix
=== objc Summary for unix ===
# of expected passes 2803
# of unsupported tests 68
Running target unix/-m64
=== objc Summary for unix/-m64 ===
# of expected passes 2803
# of unsupported tests 68
=== objc Summary ===
# of expected passes 5606
# of unsupported tests 136
/var/gcc/regression/gcc-9-branch/11-gcc-gas/build/gcc/xgcc version 9.1.1 20190517 [gcc-9-branch revision 271314] (GCC)
=== libatomic tests ===
Running target unix
=== libatomic Summary for unix ===
# of expected passes 44
# of unsupported tests 5
Running target unix/-m64
=== libatomic Summary for unix/-m64 ===
# of expected passes 54
=== libatomic Summary ===
# of expected passes 98
# of unsupported tests 5
=== libffi tests ===
Running target unix
FAIL: libffi.call/cls_19byte.c -W -Wall -Wno-psabi -O0 (test for excess errors)
UNRESOLVED: libffi.call/cls_19byte.c -W -Wall -Wno-psabi -O0 compilation failed to produce executable
=== libffi Summary for unix ===
# of expected passes 2211
# of unexpected failures 1
# of unresolved testcases 1
Running target unix/-m64
=== libffi Summary for unix/-m64 ===
# of expected passes 2214
=== libffi Summary ===
# of expected passes 4425
# of unexpected failures 1
# of unresolved testcases 1
=== libgo tests ===
Running target unix
FAIL: archive/tar
FAIL: go/build
FAIL: internal/x/crypto/cryptobyte
FAIL: os/signal
FAIL: runtime
=== libgo Summary for unix ===
# of expected passes 180
# of unexpected failures 5
Running target unix/-m64
FAIL: go/build
FAIL: runtime
=== libgo Summary for unix/-m64 ===
# of expected passes 183
# of unexpected failures 2
=== libgo Summary ===
# of expected passes 363
# of unexpected failures 7
/var/gcc/regression/gcc-9-branch/11-gcc-gas/build/./gcc/gccgo version 9.1.1 20190517 [gcc-9-branch revision 271314] (GCC)
=== libgomp tests ===
Running target unix
FAIL: libgomp.c/loop-5.c (test for excess errors)
UNRESOLVED: libgomp.c/loop-5.c compilation failed to produce executable
=== libgomp Summary for unix ===
# of expected passes 6347
# of unexpected failures 1
# of expected failures 4
# of unresolved testcases 1
# of unsupported tests 424
Running target unix/-m64
=== libgomp Summary for unix/-m64 ===
# of expected passes 6349
# of expected failures 4
# of unsupported tests 424
=== libgomp Summary ===
# of expected passes 12696
# of unexpected failures 1
# of expected failures 8
# of unresolved testcases 1
# of unsupported tests 848
=== libitm tests ===
Running target unix
=== libitm Summary for unix ===
# of expected passes 42
# of expected failures 3
# of unsupported tests 1
Running target unix/-m64
FAIL: libitm.c++/libstdc++-safeexc.C (test for excess errors)
UNRESOLVED: libitm.c++/libstdc++-safeexc.C compilation failed to produce executable
=== libitm Summary for unix/-m64 ===
# of expected passes 40
# of unexpected failures 1
# of expected failures 3
# of unresolved testcases 1
# of unsupported tests 1
=== libitm Summary ===
# of expected passes 82
# of unexpected failures 1
# of expected failures 6
# of unresolved testcases 1
# of unsupported tests 2
=== libstdc++ tests ===
Running target unix
FAIL: 23_containers/deque/cons/assign/1.cc execution test
FAIL: 23_containers/deque/debug/invalidation/2.cc execution test
FAIL: 23_containers/deque/modifiers/erase/1.cc (test for excess errors)
UNRESOLVED: 23_containers/deque/modifiers/erase/1.cc compilation failed to produce executable
FAIL: 23_containers/deque/modifiers/erase/2.cc execution test
FAIL: 23_containers/deque/requirements/explicit_instantiation/1_c++0x.cc (test for excess errors)
FAIL: 23_containers/forward_list/allocator/ext_ptr.cc (test for excess errors)
UNRESOLVED: 23_containers/forward_list/allocator/ext_ptr.cc compilation failed to produce executable
FAIL: 23_containers/forward_list/allocator/minimal.cc execution test
FAIL: 23_containers/forward_list/cons/10.cc execution test
FAIL: 23_containers/forward_list/cons/9.cc (test for excess errors)
UNRESOLVED: 23_containers/forward_list/cons/9.cc compilation failed to produce executable
FAIL: 23_containers/forward_list/debug/splice_after.cc (test for excess errors)
UNRESOLVED: 23_containers/forward_list/debug/splice_after.cc compilation failed to produce executable
FAIL: 23_containers/forward_list/requirements/explicit_instantiation/4.cc (test for excess errors)
FAIL: 23_containers/headers/map/synopsis.cc (test for excess errors)
ERROR: could not compile testsuite_abi.cc
ERROR: could not compile testsuite_abi.cc
ERROR: could not compile testsuite_abi.cc
ERROR: could not compile testsuite_abi.cc
ERROR: could not compile testsuite_abi.cc
ERROR: could not compile testsuite_abi.cc
ERROR: could not compile testsuite_abi.cc
ERROR: tcl error sourcing /vol/gcc/src/hg/gcc-9-branch/local/libstdc++-v3/testsuite/libstdc++-dg/conformance.exp.
ERROR: tcl error sourcing /vol/gcc/src/hg/gcc-9-branch/local/libstdc++-v3/testsuite/libstdc++-dg/conformance.exp.
ERROR: tcl error sourcing /vol/gcc/src/hg/gcc-9-branch/local/libstdc++-v3/testsuite/libstdc++-dg/conformance.exp.
ERROR: tcl error sourcing /vol/gcc/src/hg/gcc-9-branch/local/libstdc++-v3/testsuite/libstdc++-dg/conformance.exp.
ERROR: tcl error sourcing /vol/gcc/src/hg/gcc-9-branch/local/libstdc++-v3/testsuite/libstdc++-dg/conformance.exp.
ERROR: tcl error sourcing /vol/gcc/src/hg/gcc-9-branch/local/libstdc++-v3/testsuite/libstdc++-dg/conformance.exp.
ERROR: tcl error sourcing /vol/gcc/src/hg/gcc-9-branch/local/libstdc++-v3/testsuite/libstdc++-dg/conformance.exp.
=== libstdc++ Summary for unix ===
# of expected passes 7336
# of unexpected failures 12
# of expected failures 39
# of unresolved testcases 4
# of unsupported tests 428
Running target unix/-m64
FAIL: 23_containers/deque/allocator/ext_ptr.cc (test for excess errors)
UNRESOLVED: 23_containers/deque/allocator/ext_ptr.cc compilation failed to produce executable
FAIL: 23_containers/deque/modifiers/moveable.cc execution test
FAIL: 23_containers/forward_list/modifiers/4.cc (test for excess errors)
UNRESOLVED: 23_containers/forward_list/modifiers/4.cc compilation failed to produce executable
FAIL: 23_containers/forward_list/operations/4.cc (test for excess errors)
UNRESOLVED: 23_containers/forward_list/operations/4.cc compilation failed to produce executable
FAIL: 23_containers/forward_list/operations/6.cc (test for excess errors)
UNRESOLVED: 23_containers/forward_list/operations/6.cc compilation failed to produce executable
FAIL: 23_containers/forward_list/requirements/do_the_right_thing.cc (test for excess errors)
FAIL: 23_containers/list/14340.cc (test for excess errors)
=== libstdc++ Summary for unix/-m64 ===
# of expected passes 16574
# of unexpected failures 7
# of expected failures 113
# of unresolved testcases 4
# of unsupported tests 1006
=== libstdc++ Summary ===
# of expected passes 23910
# of unexpected failures 19
# of expected failures 152
# of unresolved testcases 8
# of unsupported tests 1434
Compiler version: 9.1.1 20190517 [gcc-9-branch revision 271314] (GCC)
Platform: sparc-sun-solaris2.11
configure flags: --prefix=/vol/gcc --target=sparc-sun-solaris2.11 --enable-objc-gc --with-target-bdw-gc-include=/vol/gcc/include --with-target-bdw-gc-lib=/vol/gcc/lib,sparcv9=/vol/gcc/lib/sparcv9 --with-as=/vol/gcc/bin/gas-2.32 --with-gnu-as --with-gmp-include=/vol/gcc/include --with-gmp-lib=/vol/gcc/lib --with-mpfr-include=/vol/gcc/include --with-mpfr-lib=/vol/gcc/lib --with-mpc-include=/vol/gcc/include --with-mpc-lib=/vol/gcc/lib --enable-languages=all,ada,obj-c++,go --with-isl-include=/vol/gcc/include --with-isl-lib=/vol/gcc/lib --build=sparc-sun-solaris2.11 --host=sparc-sun-solaris2.11
BOOT_CFLAGS=-g -O2