This is the mail archive of the gcc-testresults@gcc.gnu.org mailing list for the GCC project.


Index Nav: [Date Index] [Subject Index] [Author Index] [Thread Index]
Message Nav: [Date Prev] [Date Next] [Thread Prev] [Thread Next]
Other format: [Raw text]

esults for 10.0.0 20190516 (experimental) [trunk revision 271282] (GCC) testsuite on i686-apple-darwin9


(bootstrap compiler GCC5.4)

LAST_UPDATED: Thu May 16 08:36:23 UTC 2019 (revision 271282)

		=== acats tests ===

		=== acats Summary ===
# of expected passes		2320
# of unexpected failures	0
Native configuration is i686-apple-darwin9

		=== g++ tests ===


Running target unix/-m32
FAIL: g++.dg/cpp0x/alignas4.C  -std=c++14  scan-assembler align 4
FAIL: g++.dg/cpp0x/alignas4.C  -std=c++17  scan-assembler align 4
FAIL: g++.dg/cpp0x/pr84497.C  -std=c++14  scan-assembler .weak[ \\t]*_ZTH11derived_obj
FAIL: g++.dg/cpp0x/pr84497.C  -std=c++14  scan-assembler .weak[ \\t]*_ZTH13container_obj
FAIL: g++.dg/cpp0x/pr84497.C  -std=c++14  scan-assembler .weak[ \\t]*_ZTH8base_obj
FAIL: g++.dg/cpp0x/pr84497.C  -std=c++17  scan-assembler .weak[ \\t]*_ZTH11derived_obj
FAIL: g++.dg/cpp0x/pr84497.C  -std=c++17  scan-assembler .weak[ \\t]*_ZTH13container_obj
FAIL: g++.dg/cpp0x/pr84497.C  -std=c++17  scan-assembler .weak[ \\t]*_ZTH8base_obj
FAIL: g++.dg/ext/pr84828.C  -std=gnu++14 (internal compiler error)
FAIL: g++.dg/ext/pr84828.C  -std=gnu++14 (test for excess errors)
FAIL: g++.dg/ext/pr84828.C  -std=gnu++17 (internal compiler error)
FAIL: g++.dg/ext/pr84828.C  -std=gnu++17 (test for excess errors)
FAIL: g++.dg/ext/pr84828.C  -std=gnu++98 (internal compiler error)
FAIL: g++.dg/ext/pr84828.C  -std=gnu++98 (test for excess errors)
XPASS: g++.dg/ext/sync-4.C  -std=gnu++14 execution test
XPASS: g++.dg/ext/sync-4.C  -std=gnu++17 execution test
XPASS: g++.dg/ext/sync-4.C  -std=gnu++98 execution test
FAIL: g++.dg/ipa/pr67056.C   scan-ipa-dump cp "Speculative outer type:struct CompositeClass"
FAIL: g++.dg/pr71694.C  -std=gnu++14  scan-assembler-not movl
FAIL: g++.dg/pr71694.C  -std=gnu++17  scan-assembler-not movl
FAIL: g++.dg/pr71694.C  -std=gnu++98  scan-assembler-not movl
FAIL: g++.dg/pr80481.C  -std=gnu++14  scan-assembler-not vmovaps
FAIL: g++.dg/pr80481.C  -std=gnu++17  scan-assembler-not vmovaps
FAIL: g++.dg/pr80481.C  -std=gnu++98  scan-assembler-not vmovaps
FAIL: g++.dg/gcov/pr16855.C  -std=gnu++14  gcov: 2 failures in line counts, 0 in branch percentages, 0 in return percentages, 0 in intermediate format
FAIL: g++.dg/gcov/pr16855.C  -std=gnu++14  line 21: is #####:should be 1
FAIL: g++.dg/gcov/pr16855.C  -std=gnu++14  line 45: is #####:should be 1
FAIL: g++.dg/gcov/pr16855.C  -std=gnu++17  gcov: 2 failures in line counts, 0 in branch percentages, 0 in return percentages, 0 in intermediate format
FAIL: g++.dg/gcov/pr16855.C  -std=gnu++17  line 21: is #####:should be 1
FAIL: g++.dg/gcov/pr16855.C  -std=gnu++17  line 45: is #####:should be 1
FAIL: g++.dg/gcov/pr16855.C  -std=gnu++98  gcov: 2 failures in line counts, 0 in branch percentages, 0 in return percentages, 0 in intermediate format
FAIL: g++.dg/gcov/pr16855.C  -std=gnu++98  line 21: is #####:should be 1
FAIL: g++.dg/gcov/pr16855.C  -std=gnu++98  line 45: is #####:should be 1
FAIL: g++.dg/gomp/pr88182.C  -std=gnu++14 (test for excess errors)
WARNING: g++.dg/gomp/pr88182.C  -std=gnu++14 compilation failed to produce executable
FAIL: g++.dg/gomp/pr88182.C  -std=gnu++17 (test for excess errors)
WARNING: g++.dg/gomp/pr88182.C  -std=gnu++17 compilation failed to produce executable
FAIL: g++.dg/gomp/pr88182.C  -std=gnu++98 (test for excess errors)
WARNING: g++.dg/gomp/pr88182.C  -std=gnu++98 compilation failed to produce executable
FAIL: g++.dg/lto/pr65276 cp_lto_pr65276_0.o-cp_lto_pr65276_1.o link, -flto -O0 -std=c++11
FAIL: g++.dg/lto/pr87906 cp_lto_pr87906_0.o-cp_lto_pr87906_1.o link,  -O -fPIC -flto 
FAIL: g++.dg/lto/pr89335 cp_lto_pr89335_0.o assemble, -O2 -flto -Wsuggest-final-methods
FAIL: g++.dg/simulate-thread/atomics-1.C   -O0 -g  thread simulation test
FAIL: g++.dg/tls/thread_local-order2.C  -std=c++14 execution test
FAIL: g++.dg/tls/thread_local-order2.C  -std=c++17 execution test
FAIL: g++.old-deja/g++.benjamin/tem04.C  -std=c++17  (test for errors, line 175)
FAIL: g++.old-deja/g++.benjamin/tem04.C  -std=c++17  (test for warnings, line 173)

		=== g++ Summary for unix/-m32 ===

# of expected passes		123045
# of unexpected failures	41
# of unexpected successes	3
# of expected failures		525
# of unsupported tests		5790

Running target unix/-m64
FAIL: g++.dg/cpp0x/pr84497.C  -std=c++14  scan-assembler .weak[ \\t]*_ZTH11derived_obj
FAIL: g++.dg/cpp0x/pr84497.C  -std=c++14  scan-assembler .weak[ \\t]*_ZTH13container_obj
FAIL: g++.dg/cpp0x/pr84497.C  -std=c++14  scan-assembler .weak[ \\t]*_ZTH8base_obj
FAIL: g++.dg/cpp0x/pr84497.C  -std=c++17  scan-assembler .weak[ \\t]*_ZTH11derived_obj
FAIL: g++.dg/cpp0x/pr84497.C  -std=c++17  scan-assembler .weak[ \\t]*_ZTH13container_obj
FAIL: g++.dg/cpp0x/pr84497.C  -std=c++17  scan-assembler .weak[ \\t]*_ZTH8base_obj
FAIL: g++.dg/eh/weak1.C  -std=gnu++14 execution test
FAIL: g++.dg/eh/weak1.C  -std=gnu++17 execution test
FAIL: g++.dg/eh/weak1.C  -std=gnu++98 execution test
XPASS: g++.dg/ext/sync-4.C  -std=gnu++14 execution test
XPASS: g++.dg/ext/sync-4.C  -std=gnu++17 execution test
XPASS: g++.dg/ext/sync-4.C  -std=gnu++98 execution test
FAIL: g++.dg/ipa/pr67056.C   scan-ipa-dump cp "Speculative outer type:struct CompositeClass"
FAIL: g++.dg/pr80481.C  -std=gnu++14  scan-assembler-not vmovaps
FAIL: g++.dg/pr80481.C  -std=gnu++17  scan-assembler-not vmovaps
FAIL: g++.dg/pr80481.C  -std=gnu++98  scan-assembler-not vmovaps
FAIL: g++.dg/gcov/pr16855.C  -std=gnu++14  gcov: 2 failures in line counts, 0 in branch percentages, 0 in return percentages, 0 in intermediate format
FAIL: g++.dg/gcov/pr16855.C  -std=gnu++14  line 21: is #####:should be 1
FAIL: g++.dg/gcov/pr16855.C  -std=gnu++14  line 45: is #####:should be 1
FAIL: g++.dg/gcov/pr16855.C  -std=gnu++17  gcov: 2 failures in line counts, 0 in branch percentages, 0 in return percentages, 0 in intermediate format
FAIL: g++.dg/gcov/pr16855.C  -std=gnu++17  line 21: is #####:should be 1
FAIL: g++.dg/gcov/pr16855.C  -std=gnu++17  line 45: is #####:should be 1
FAIL: g++.dg/gcov/pr16855.C  -std=gnu++98  gcov: 2 failures in line counts, 0 in branch percentages, 0 in return percentages, 0 in intermediate format
FAIL: g++.dg/gcov/pr16855.C  -std=gnu++98  line 21: is #####:should be 1
FAIL: g++.dg/gcov/pr16855.C  -std=gnu++98  line 45: is #####:should be 1
FAIL: g++.dg/gomp/pr88182.C  -std=gnu++14 (test for excess errors)
WARNING: g++.dg/gomp/pr88182.C  -std=gnu++14 compilation failed to produce executable
FAIL: g++.dg/gomp/pr88182.C  -std=gnu++17 (test for excess errors)
WARNING: g++.dg/gomp/pr88182.C  -std=gnu++17 compilation failed to produce executable
FAIL: g++.dg/gomp/pr88182.C  -std=gnu++98 (test for excess errors)
WARNING: g++.dg/gomp/pr88182.C  -std=gnu++98 compilation failed to produce executable
FAIL: g++.dg/lto/pr65276 cp_lto_pr65276_0.o-cp_lto_pr65276_1.o link, -flto -O0 -std=c++11
FAIL: g++.dg/lto/pr87906 cp_lto_pr87906_0.o-cp_lto_pr87906_1.o link,  -O -fPIC -flto 
FAIL: g++.dg/lto/pr89335 cp_lto_pr89335_0.o assemble, -O2 -flto -Wsuggest-final-methods
FAIL: g++.dg/simulate-thread/atomics-1.C   -O0 -g  thread simulation test
FAIL: g++.dg/tls/thread_local-order2.C  -std=c++14 execution test
FAIL: g++.dg/tls/thread_local-order2.C  -std=c++17 execution test

		=== g++ Summary for unix/-m64 ===

# of expected passes		124566
# of unexpected failures	31
# of unexpected successes	3
# of expected failures		528
# of unsupported tests		5973

		=== g++ Summary ===

# of expected passes		247611
# of unexpected failures	72
# of unexpected successes	6
# of expected failures		1053
# of unsupported tests		11763
/Volumes/Work/10-5-leo/gcc-trunk/gcc/testsuite/g++/../../xg++  version 10.0.0 20190516 (experimental) [trunk revision 271282] (GCC) 

		=== gcc tests ===


Running target unix/-m32
FAIL: gcc.dg/atomic/c11-atomic-exec-5.c   -O0  execution test
FAIL: gcc.dg/atomic/c11-atomic-exec-5.c   -O1  execution test
WARNING: standard_wait: program timed out
WARNING: standard_wait: program timed out
FAIL: gcc.dg/debug/dwarf2/inline4.c scan-assembler DW_TAG_inlined_subroutine[^\\\\(]*\\\\([^\\\\)]*\\\\)[^\\\\(]*\\\\(DIE \\\\(0x[0-9a-f]*\\\\) DW_TAG_formal_parameter[^\\\\(]*\\\\(DIE \\\\(0x[0-9a-f]*\\\\) DW_TAG_variable
FAIL: gcc.dg/debug/dwarf2/inline5.c scan-assembler-not \\\\(DIE \\\\(0x([0-9a-f]*)\\\\) DW_TAG_lexical_block\\\\)[^#/!@;\\\\|]*[#/!@;\\\\|]+ +[^(].*DW_TAG_lexical_block\\\\)[^#/!@;\\\\|x]*x\\\\1[^#/!@;\\\\|]*[#/!@;\\\\|] +DW_AT_abstract_origin
FAIL: c-c++-common/wdate-time.c  -Wc++-compat  (test for excess errors)
FAIL: gcc.dg/attr-copy-6.c (test for excess errors)
UNRESOLVED: gcc.dg/cdce1.c scan-assembler jmp pow
UNRESOLVED: gcc.dg/cdce2.c scan-assembler jmp log
FAIL: gcc.dg/darwin-weakimport-3.c scan-assembler-not coalesced
ERROR: gcc.dg/fixits-pr84852-1.c: bad option "-812156810": must be -exact, -glob, -regexp, or -- for " dg-warning 15 "incompatible implicit declaration of built-in function 'strlen'" "" { target *-*-* } -812156810 "
UNRESOLVED: gcc.dg/fixits-pr84852-1.c: bad option "-812156810": must be -exact, -glob, -regexp, or -- for " dg-warning 15 "incompatible implicit declaration of built-in function 'strlen'" "" { target *-*-* } -812156810 "
ERROR: gcc.dg/fixits-pr84852-2.c: bad option "-812156810": must be -exact, -glob, -regexp, or -- for " dg-warning 15 "incompatible implicit declaration of built-in function 'strlen'" "" { target *-*-* } -812156810 "
UNRESOLVED: gcc.dg/fixits-pr84852-2.c: bad option "-812156810": must be -exact, -glob, -regexp, or -- for " dg-warning 15 "incompatible implicit declaration of built-in function 'strlen'" "" { target *-*-* } -812156810 "
FAIL: gcc.dg/pie-7.c (test for excess errors)
WARNING: gcc.dg/pie-7.c compilation failed to produce executable
FAIL: gcc.dg/pr57438-2.c scan-assembler nop\\\\nLFE.*
FAIL: gcc.dg/pr61861.c (test for excess errors)
ERROR: gcc.dg/pr89410-1.c: bad option "-1": must be -exact, -glob, -regexp, or -- for " dg-warning 8 "msg" "" { target *-*-* } -1 "
UNRESOLVED: gcc.dg/pr89410-1.c: bad option "-1": must be -exact, -glob, -regexp, or -- for " dg-warning 8 "msg" "" { target *-*-* } -1 "
ERROR: gcc.dg/pr89410-2.c: bad option "-1": must be -exact, -glob, -regexp, or -- for " dg-warning 12 "msg" "" { target *-*-* } -1 "
UNRESOLVED: gcc.dg/pr89410-2.c: bad option "-1": must be -exact, -glob, -regexp, or -- for " dg-warning 12 "msg" "" { target *-*-* } -1 "
FAIL: gcc.dg/stack-layout-dynamic-1.c (test for excess errors)
UNRESOLVED: gcc.dg/stack-layout-dynamic-1.c scan-assembler-not cfi_def_cfa_register
FAIL: gcc.dg/uninit-19.c  (test for warnings, line 24)
FAIL: gcc.dg/uninit-19.c (test for excess errors)
FAIL: gcc.dg/ipa/ipa-icf-38.c scan-ltrans-tree-dump-not optimized "Function bar"
FAIL: gcc.dg/simulate-thread/strict-align-global.c   -O3 -g  thread simulation test
FAIL: gcc.dg/torture/builtin-self.c   -O0   scan-assembler-not \\tcall
FAIL: gcc.dg/tree-ssa/vector-6.c scan-tree-dump-times ccp1 "Now a gimple register: v" 4
XPASS: gcc.dg/vect/vect-reduc-in-order-1.c -flto -ffat-lto-objects execution test
XPASS: gcc.dg/vect/vect-reduc-in-order-1.c execution test
XPASS: gcc.dg/vect/vect-reduc-in-order-2.c -flto -ffat-lto-objects execution test
XPASS: gcc.dg/vect/vect-reduc-in-order-2.c execution test
XPASS: gcc.dg/vect/vect-reduc-in-order-3.c -flto -ffat-lto-objects execution test
XPASS: gcc.dg/vect/vect-reduc-in-order-3.c execution test
XPASS: gcc.dg/vect/vect-reduc-in-order-4.c -flto -ffat-lto-objects execution test
XPASS: gcc.dg/vect/vect-reduc-in-order-4.c execution test
FAIL: compiler driver --help=params --help=optimizers option(s): "maximum number of" present in output
FAIL: gcc.target/i386/align-limit.c scan-assembler .p2align 6,,1
FAIL: gcc.target/i386/attr-aligned-2.c scan-assembler .align 4\\n\\t.globl\\tf4
FAIL: gcc.target/i386/falign-functions-2.c (test for excess errors)
UNRESOLVED: gcc.target/i386/falign-functions-2.c scan-assembler-times .p2align 5 1
UNRESOLVED: gcc.target/i386/falign-functions-2.c scan-assembler-times .p2align 6,,7 2
UNRESOLVED: gcc.target/i386/falign-functions-2.c scan-assembler-times .p2align 7,,87 1
UNRESOLVED: gcc.target/i386/falign-functions-2.c scan-assembler-times .p2align 7,,99 1
FAIL: gcc.target/i386/falign-functions-3.c scan-assembler .align 4\\n\\t.globl\\tf4
FAIL: gcc.target/i386/falign-functions-3.c scan-assembler .align 64\\n\\t.globl\\tf64
FAIL: gcc.target/i386/falign-functions-3.c scan-assembler .p2align 5\\n\\t.globl\\tf32
FAIL: gcc.target/i386/falign-functions.c scan-assembler .p2align 6,,7
FAIL: gcc.target/i386/fentryname1.c (test for excess errors)
UNRESOLVED: gcc.target/i386/fentryname1.c scan-assembler call.*bar
UNRESOLVED: gcc.target/i386/fentryname1.c scan-assembler call.*foo
FAIL: gcc.target/i386/fentryname2.c (test for excess errors)
UNRESOLVED: gcc.target/i386/fentryname2.c scan-assembler section.*bar
UNRESOLVED: gcc.target/i386/fentryname2.c scan-assembler section.*foo
FAIL: gcc.target/i386/fentryname3.c (test for excess errors)
UNRESOLVED: gcc.target/i386/fentryname3.c scan-assembler 0x0f, 0x1f, 0x44, 0x00, 0x00
UNRESOLVED: gcc.target/i386/fentryname3.c scan-assembler section.*__entry_loc
UNRESOLVED: gcc.target/i386/fentryname3.c scan-assembler-not __fentry__
XPASS: gcc.target/i386/fuse-caller-save-rec.c scan-assembler-not pop
XPASS: gcc.target/i386/fuse-caller-save-rec.c scan-assembler-not push
XPASS: gcc.target/i386/fuse-caller-save-rec.c scan-assembler-times addl\\t%[re]?dx, %[re]?ax 1
XPASS: gcc.target/i386/fuse-caller-save-xmm.c scan-assembler-times addpd\\t%xmm1, %xmm0 1
FAIL: gcc.target/i386/fuse-caller-save-xmm.c scan-assembler-times addpd\\t\\\\.?LC0.*, %xmm0 1
XPASS: gcc.target/i386/fuse-caller-save.c scan-assembler-not pop
XPASS: gcc.target/i386/fuse-caller-save.c scan-assembler-not push
XPASS: gcc.target/i386/fuse-caller-save.c scan-assembler-times addl\\t%[re]?d[ix], %[re]?ax 1
FAIL: gcc.target/i386/iinline-attr-2.c scan-assembler p2align
FAIL: gcc.target/i386/memcpy-strategy-3.c scan-assembler-times memcpy 2
FAIL: gcc.target/i386/memset-strategy-1.c scan-assembler-times memset 2
FAIL: gcc.target/i386/pconfig-1.c scan-assembler-times pconfig 5
FAIL: gcc.target/i386/pr15184-1.c scan-assembler-times movb[ \\\\t]+%al 4
FAIL: gcc.target/i386/pr15184-2.c scan-assembler-times movb[ \\\\t]+%al 2
FAIL: gcc.target/i386/pr22076.c scan-assembler-times movq 3
FAIL: gcc.target/i386/pr24414.c (test for excess errors)
WARNING: gcc.target/i386/pr24414.c compilation failed to produce executable
FAIL: gcc.target/i386/pr32219-1.c scan-assembler movl[ \\t]xxx@GOTOFF\\\\(%[^,]*\\\\), %eax
FAIL: gcc.target/i386/pr32219-2.c scan-assembler movl[ \\t]xxx@GOT\\\\(%[^,]*\\\\), %
FAIL: gcc.target/i386/pr32219-3.c scan-assembler movl[ \\t]xxx@GOTOFF\\\\(%[^,]*\\\\), %eax
FAIL: gcc.target/i386/pr32219-4.c scan-assembler movl[ \\t]xxx@GOT\\\\(%[^,]*\\\\), %
FAIL: gcc.target/i386/pr32219-5.c scan-assembler movl[ \\t]xxx@GOTOFF\\\\(%[^,]*\\\\), %eax
FAIL: gcc.target/i386/pr32219-6.c scan-assembler movl[ \\t]xxx@GOT\\\\(%[^,]*\\\\), %
FAIL: gcc.target/i386/pr32219-7.c scan-assembler movl[ \\t]xxx@GOTOFF\\\\(%[^,]*\\\\), %eax
FAIL: gcc.target/i386/pr32219-8.c scan-assembler movl[ \\t]xxx@GOT\\\\(%[^,]*\\\\), %
FAIL: gcc.target/i386/pr39013-1.c scan-assembler bar@PLT
FAIL: gcc.target/i386/pr39013-1.c scan-assembler foo@PLT
FAIL: gcc.target/i386/pr39013-2.c scan-assembler bar@PLT
FAIL: gcc.target/i386/pr39013-2.c scan-assembler foo@PLT
FAIL: gcc.target/i386/pr57193.c scan-assembler-times movdqa 2
FAIL: gcc.target/i386/pr59874-3.c scan-assembler popcntw
FAIL: gcc.target/i386/pr64317.c scan-assembler addl[ \\\\t]+[\$]_GLOBAL_OFFSET_TABLE_, %ebx
FAIL: gcc.target/i386/pr64317.c scan-assembler movl[ \\\\t]+c@GOTOFF[(]%ebx[)]
FAIL: gcc.target/i386/pr64317.c scan-assembler-not movl[ \\\\t]+[0-9]+[(]%esp[)], %ebx
FAIL: gcc.target/i386/pr66334.c scan-assembler movl[ \\\\t].+, %ebx
FAIL: gcc.target/i386/pr66819-3.c scan-assembler-not call
FAIL: gcc.target/i386/pr66819-4.c scan-assembler-not call
FAIL: gcc.target/i386/pr67985-2.c scan-assembler call[ \\t]__mulsf3
FAIL: gcc.target/i386/pr70738-7.c scan-assembler call[ \\t]__mulsf3
FAIL: gcc.target/i386/pr71245-1.c scan-assembler-not (fistp|fild)
FAIL: gcc.target/i386/pr71245-2.c scan-assembler-not movlps
FAIL: gcc.target/i386/pr77881.c scan-assembler jne[ \\t].L
FAIL: gcc.target/i386/pr77881.c scan-assembler js[ \\t].L
FAIL: gcc.target/i386/pr78035.c scan-assembler-times cmp 2
FAIL: gcc.target/i386/pr80569.c (test for excess errors)
FAIL: gcc.target/i386/pr81563.c scan-assembler-times movl[\\\\t ]*-4\\\\(%ebp\\\\),[\\\\t ]*%edi 1
FAIL: gcc.target/i386/pr81563.c scan-assembler-times movl[\\\\t ]*-8\\\\(%ebp\\\\),[\\\\t ]*%esi 1
FAIL: gcc.target/i386/pr81736-5.c scan-assembler-not %[re]bp
FAIL: gcc.target/i386/pr82659-3.c (test for excess errors)
UNRESOLVED: gcc.target/i386/pr82659-3.c scan-assembler-times \\\\mendbr 2
FAIL: gcc.target/i386/pr84278.c scan-assembler-not \\\\(%.sp\\\\)
FAIL: gcc.target/i386/pr85667-6.c scan-assembler-times flds[^\\n\\r]* 1
FAIL: gcc.target/i386/pr88414.c (internal compiler error)
FAIL: gcc.target/i386/pr88414.c (test for excess errors)
FAIL: gcc.target/i386/pr88414.c 1 blank line(s) in output
FAIL: gcc.target/i386/pr89261.c (test for excess errors)
UNRESOLVED: gcc.target/i386/pr89261.c scan-assembler .align[ \\t]+268435456
FAIL: gcc.target/i386/ptwrite2.c scan-assembler ptwrite[^\\n\\r]+r
FAIL: gcc.target/i386/stack-prot-sym.c scan-assembler gs:my_guard
FAIL: gcc.target/i386/wbinvd-1.c scan-assembler-times wbinvd 2
FAIL: gcc.target/i386/wbnoinvd-1.c scan-assembler-times wbnoinvd 2

		=== gcc Summary for unix/-m32 ===

# of expected passes		124741
# of unexpected failures	79
# of unexpected successes	15
# of expected failures		522
# of unresolved testcases	20
# of unsupported tests		4685

Running target unix/-m64
FAIL: gcc.dg/atomic/c11-atomic-exec-5.c   -O0  execution test
FAIL: gcc.dg/atomic/c11-atomic-exec-5.c   -O1  execution test
FAIL: gcc.dg/atomic/c11-atomic-exec-5.c   -O2  execution test
FAIL: gcc.dg/atomic/c11-atomic-exec-5.c   -O2 -flto  execution test
FAIL: gcc.dg/atomic/c11-atomic-exec-5.c   -O2 -flto -flto-partition=none  execution test
FAIL: gcc.dg/atomic/c11-atomic-exec-5.c   -O3 -fomit-frame-pointer -funroll-loops -fpeel-loops -ftracer -finline-functions  execution test
FAIL: gcc.dg/atomic/c11-atomic-exec-5.c   -O3 -g  execution test
FAIL: gcc.dg/atomic/c11-atomic-exec-5.c   -Os  execution test
FAIL: gcc.dg/debug/dwarf2/inline4.c scan-assembler DW_TAG_inlined_subroutine[^\\\\(]*\\\\([^\\\\)]*\\\\)[^\\\\(]*\\\\(DIE \\\\(0x[0-9a-f]*\\\\) DW_TAG_formal_parameter[^\\\\(]*\\\\(DIE \\\\(0x[0-9a-f]*\\\\) DW_TAG_variable
FAIL: gcc.dg/debug/dwarf2/inline5.c scan-assembler-not \\\\(DIE \\\\(0x([0-9a-f]*)\\\\) DW_TAG_lexical_block\\\\)[^#/!@;\\\\|]*[#/!@;\\\\|]+ +[^(].*DW_TAG_lexical_block\\\\)[^#/!@;\\\\|x]*x\\\\1[^#/!@;\\\\|]*[#/!@;\\\\|] +DW_AT_abstract_origin
FAIL: gcc.dg/attr-copy-6.c (test for excess errors)
FAIL: gcc.dg/attr-weakref-1.c execution test
UNRESOLVED: gcc.dg/cdce1.c scan-assembler jmp pow
UNRESOLVED: gcc.dg/cdce2.c scan-assembler jmp log
ERROR: gcc.dg/fixits-pr84852-1.c: bad option "-812156810": must be -exact, -glob, -regexp, or -- for " dg-warning 15 "incompatible implicit declaration of built-in function 'strlen'" "" { target *-*-* } -812156810 "
UNRESOLVED: gcc.dg/fixits-pr84852-1.c: bad option "-812156810": must be -exact, -glob, -regexp, or -- for " dg-warning 15 "incompatible implicit declaration of built-in function 'strlen'" "" { target *-*-* } -812156810 "
ERROR: gcc.dg/fixits-pr84852-2.c: bad option "-812156810": must be -exact, -glob, -regexp, or -- for " dg-warning 15 "incompatible implicit declaration of built-in function 'strlen'" "" { target *-*-* } -812156810 "
UNRESOLVED: gcc.dg/fixits-pr84852-2.c: bad option "-812156810": must be -exact, -glob, -regexp, or -- for " dg-warning 15 "incompatible implicit declaration of built-in function 'strlen'" "" { target *-*-* } -812156810 "
FAIL: gcc.dg/pie-7.c (test for excess errors)
WARNING: gcc.dg/pie-7.c compilation failed to produce executable
FAIL: gcc.dg/pr57438-2.c scan-assembler nop\\\\nLFE.*
FAIL: gcc.dg/pr61861.c (test for excess errors)
ERROR: gcc.dg/pr89410-1.c: bad option "-1": must be -exact, -glob, -regexp, or -- for " dg-warning 8 "msg" "" { target *-*-* } -1 "
UNRESOLVED: gcc.dg/pr89410-1.c: bad option "-1": must be -exact, -glob, -regexp, or -- for " dg-warning 8 "msg" "" { target *-*-* } -1 "
ERROR: gcc.dg/pr89410-2.c: bad option "-1": must be -exact, -glob, -regexp, or -- for " dg-warning 12 "msg" "" { target *-*-* } -1 "
UNRESOLVED: gcc.dg/pr89410-2.c: bad option "-1": must be -exact, -glob, -regexp, or -- for " dg-warning 12 "msg" "" { target *-*-* } -1 "
FAIL: gcc.dg/stack-layout-dynamic-1.c (test for excess errors)
UNRESOLVED: gcc.dg/stack-layout-dynamic-1.c scan-assembler-not cfi_def_cfa_register
FAIL: gcc.dg/uninit-19.c  (test for warnings, line 24)
FAIL: gcc.dg/uninit-19.c (test for excess errors)
FAIL: gcc.dg/ipa/ipa-icf-38.c scan-ltrans-tree-dump-not optimized "Function bar"
FAIL: gcc.dg/rtl/x86_64/final.c (internal compiler error)
FAIL: gcc.dg/rtl/x86_64/final.c (test for excess errors)
UNRESOLVED: gcc.dg/rtl/x86_64/final.c scan-assembler .cfi_endproc
UNRESOLVED: gcc.dg/rtl/x86_64/final.c scan-assembler .cfi_startproc
UNRESOLVED: gcc.dg/rtl/x86_64/final.c scan-assembler ret
UNRESOLVED: gcc.dg/rtl/x86_64/final.c scan-assembler test_1:
FAIL: gcc.dg/tree-ssa/vector-6.c scan-tree-dump-times ccp1 "Now a gimple register: v" 4
FAIL: compiler driver --help=params --help=optimizers option(s): "maximum number of" present in output
FAIL: gcc.target/i386/align-limit.c scan-assembler .p2align 6,,1
FAIL: gcc.target/i386/attr-aligned-2.c scan-assembler .align 4\\n\\t.globl\\tf4
FAIL: gcc.target/i386/falign-functions-2.c (test for excess errors)
UNRESOLVED: gcc.target/i386/falign-functions-2.c scan-assembler-times .p2align 5 1
UNRESOLVED: gcc.target/i386/falign-functions-2.c scan-assembler-times .p2align 6,,7 2
UNRESOLVED: gcc.target/i386/falign-functions-2.c scan-assembler-times .p2align 7,,87 1
UNRESOLVED: gcc.target/i386/falign-functions-2.c scan-assembler-times .p2align 7,,99 1
FAIL: gcc.target/i386/falign-functions-3.c scan-assembler .align 4\\n\\t.globl\\tf4
FAIL: gcc.target/i386/falign-functions-3.c scan-assembler .align 64\\n\\t.globl\\tf64
FAIL: gcc.target/i386/falign-functions-3.c scan-assembler .p2align 5\\n\\t.globl\\tf32
FAIL: gcc.target/i386/falign-functions.c scan-assembler .p2align 6,,7
FAIL: gcc.target/i386/fentryname1.c scan-assembler call.*bar
FAIL: gcc.target/i386/fentryname1.c scan-assembler call.*foo
FAIL: gcc.target/i386/fentryname2.c scan-assembler section.*bar
FAIL: gcc.target/i386/fentryname2.c scan-assembler section.*foo
FAIL: gcc.target/i386/fentryname3.c scan-assembler 0x0f, 0x1f, 0x44, 0x00, 0x00
FAIL: gcc.target/i386/fentryname3.c scan-assembler section.*__entry_loc
FAIL: gcc.target/i386/fuse-caller-save-xmm.c scan-assembler-times addpd\\t\\\\.?LC0.*, %xmm0 1
FAIL: gcc.target/i386/iinline-attr-2.c scan-assembler p2align
FAIL: gcc.target/i386/memcpy-strategy-3.c scan-assembler-times memcpy 2
FAIL: gcc.target/i386/memset-strategy-1.c scan-assembler-times memset 2
FAIL: gcc.target/i386/pconfig-1.c scan-assembler-times pconfig 5
FAIL: gcc.target/i386/pr18041-1.c scan-assembler-times or 1
FAIL: gcc.target/i386/pr18041-2.c scan-assembler-times or 1
FAIL: gcc.target/i386/pr22076.c scan-assembler-times movq 3
FAIL: gcc.target/i386/pr24414.c (test for excess errors)
WARNING: gcc.target/i386/pr24414.c compilation failed to produce executable
FAIL: gcc.target/i386/pr32219-1.c scan-assembler movl[ \\t]xxx\\\\(%rip\\\\), %eax
FAIL: gcc.target/i386/pr32219-3.c scan-assembler movl[ \\t]xxx\\\\(%rip\\\\), %eax
FAIL: gcc.target/i386/pr32219-3.c scan-assembler-not xxx@GOTPCREL
FAIL: gcc.target/i386/pr32219-5.c scan-assembler movl[ \\t]xxx\\\\(%rip\\\\), %eax
FAIL: gcc.target/i386/pr32219-6.c scan-assembler xxx@GOTPCREL
FAIL: gcc.target/i386/pr32219-7.c scan-assembler movl[ \\t]xxx\\\\(%rip\\\\), %eax
FAIL: gcc.target/i386/pr32219-7.c scan-assembler-not xxx@GOTPCREL
FAIL: gcc.target/i386/pr39013-1.c scan-assembler bar@PLT
FAIL: gcc.target/i386/pr39013-1.c scan-assembler foo@PLT
FAIL: gcc.target/i386/pr39013-2.c scan-assembler bar@PLT
FAIL: gcc.target/i386/pr39013-2.c scan-assembler foo@PLT
FAIL: gcc.target/i386/pr49866.c (test for excess errors)
FAIL: gcc.target/i386/pr57193.c scan-assembler-times movdqa 2
FAIL: gcc.target/i386/pr59874-3.c scan-assembler popcntw
FAIL: gcc.target/i386/pr61599-1.c (test for excess errors)
WARNING: gcc.target/i386/pr61599-1.c compilation failed to produce executable
FAIL: gcc.target/i386/pr63538.c scan-assembler movabs
FAIL: gcc.target/i386/pr77881.c scan-assembler jne[ \\t].L
FAIL: gcc.target/i386/pr77881.c scan-assembler js[ \\t].L
FAIL: gcc.target/i386/pr78035.c scan-assembler-times cmp 2
FAIL: gcc.target/i386/pr80569.c (test for excess errors)
FAIL: gcc.target/i386/pr82659-3.c (test for excess errors)
UNRESOLVED: gcc.target/i386/pr82659-3.c scan-assembler-times \\\\mendbr 2
FAIL: gcc.target/i386/pr82662.c scan-assembler-times \\\\mset 12
FAIL: gcc.target/i386/pr86257.c scan-assembler data16[ \\t]*leaq
FAIL: gcc.target/i386/pr89261.c (test for excess errors)
UNRESOLVED: gcc.target/i386/pr89261.c scan-assembler .align[ \\t]+268435456
FAIL: gcc.target/i386/stack-prot-sym.c scan-assembler gs:my_guard
FAIL: gcc.target/i386/wbinvd-1.c scan-assembler-times wbinvd 2
FAIL: gcc.target/i386/wbnoinvd-1.c scan-assembler-times wbnoinvd 2

		=== gcc Summary for unix/-m64 ===

# of expected passes		126575
# of unexpected failures	72
# of expected failures		524
# of unresolved testcases	17
# of unsupported tests		4503

		=== gcc Summary ===

# of expected passes		251316
# of unexpected failures	151
# of unexpected successes	15
# of expected failures		1046
# of unresolved testcases	37
# of unsupported tests		9188
/Volumes/Work/10-5-leo/gcc-trunk/gcc/xgcc  version 10.0.0 20190516 (experimental) [trunk revision 271282] (GCC) 

		=== gfortran tests ===


Running target unix/-m32

		=== gfortran Summary for unix/-m32 ===

# of expected passes		49809
# of expected failures		184
# of unsupported tests		204

Running target unix/-m64

		=== gfortran Summary for unix/-m64 ===

# of expected passes		50040
# of expected failures		184
# of unsupported tests		93

		=== gfortran Summary ===

# of expected passes		99849
# of expected failures		368
# of unsupported tests		297
/Volumes/Work/10-5-leo/gcc-trunk/gcc/testsuite/gfortran/../../gfortran  version 10.0.0 20190516 (experimental) [trunk revision 271282] (GCC) 

		=== gnat tests ===


Running target unix/-m32

		=== gnat Summary for unix/-m32 ===

# of expected passes		2964
# of expected failures		23
# of unsupported tests		10

Running target unix/-m64

		=== gnat Summary for unix/-m64 ===

# of expected passes		2964
# of expected failures		23
# of unsupported tests		10

		=== gnat Summary ===

# of expected passes		5928
# of expected failures		46
# of unsupported tests		20
/Volumes/Work/10-5-leo/gcc-trunk/gcc/gnatmake version 10.0.0 20190516 (experimental) [trunk revision 271282]

		=== obj-c++ tests ===


Running target unix/-m32
FAIL: obj-c++.dg/stubify-1.mm -fnext-runtime (test for excess errors)
FAIL: obj-c++.dg/stubify-2.mm -fnext-runtime (test for excess errors)
FAIL: obj-c++.dg/stubify-2.mm -fnext-runtime  scan-rtl-dump-not jump "symbol_ref.*"objc_msgSend""
FAIL: obj-c++.dg/try-catch-1.mm -fnext-runtime (test for excess errors)
FAIL: obj-c++.dg/try-catch-3.mm -fnext-runtime (test for excess errors)

		=== obj-c++ Summary for unix/-m32 ===

# of expected passes		3126
# of unexpected failures	5
# of expected failures		2
# of unsupported tests		62

Running target unix/-m64
FAIL: obj-c++.dg/bitfield-2.mm -fnext-runtime execution test
FAIL: obj-c++.dg/property/synthesize-10.mm -fnext-runtime execution test
		=== objc tests ===


Running target unix/-m32
FAIL: objc.dg/ivar-scope-4.m -fnext-runtime execution test

		=== objc Summary for unix/-m32 ===

# of expected passes		5669
# of unexpected failures	1
# of expected failures		6
# of unsupported tests		79

Running target unix/-m64
FAIL: objc.dg/ivar-scope-4.m -fnext-runtime execution test

		=== objc Summary for unix/-m64 ===

# of expected passes		5623
# of unexpected failures	1
# of expected failures		12
# of unsupported tests		85

		=== objc Summary ===

# of expected passes		11292
# of unexpected failures	2
# of expected failures		18
# of unsupported tests		164
/Volumes/Work/10-5-leo/gcc-trunk/gcc/xgcc  version 10.0.0 20190516 (experimental) [trunk revision 271282] (GCC) 

		=== libatomic tests ===


Running target unix/-m32

		=== libatomic Summary for unix/-m32 ===

# of expected passes		44
# of unsupported tests		5

Running target unix/-m64

		=== libatomic Summary for unix/-m64 ===

# of expected passes		54

		=== libatomic Summary ===

# of expected passes		98
# of unsupported tests		5
		=== libgomp tests ===


Running target unix/-m32
WARNING: standard_wait: program timed out
FAIL: libgomp.c++/task-reduction-10.C execution test
WARNING: standard_wait: program timed out
FAIL: libgomp.c++/task-reduction-8.C execution test

		=== libgomp Summary for unix/-m32 ===

# of expected passes		6304
# of unexpected failures	2
# of expected failures		2
# of unsupported tests		423

Running target unix/-m64
WARNING: standard_wait: program timed out
FAIL: libgomp.c++/task-reduction-10.C execution test
WARNING: standard_wait: program timed out
FAIL: libgomp.c++/task-reduction-8.C execution test

		=== libgomp Summary for unix/-m64 ===

# of expected passes		6304
# of unexpected failures	2
# of expected failures		2
# of unsupported tests		423

		=== libgomp Summary ===

# of expected passes		12608
# of unexpected failures	4
# of expected failures		4
# of unsupported tests		846
		=== libitm tests ===


Running target unix/-m32

		=== libitm Summary for unix/-m32 ===

# of expected passes		40
# of expected failures		3
# of unsupported tests		2

Running target unix/-m64

		=== libitm Summary for unix/-m64 ===

# of expected passes		40
# of expected failures		3
# of unsupported tests		2

		=== libitm Summary ===

# of expected passes		80
# of expected failures		6
# of unsupported tests		4
		=== libstdc++ tests ===


Running target unix
FAIL: 17_intro/names.cc (test for excess errors)
FAIL: 23_containers/vector/cons/55977.cc (test for excess errors)
FAIL: 30_threads/condition_variable/54185.cc execution test
FAIL: experimental/net/internet/resolver/ops/reverse.cc execution test
FAIL: ext/mt_allocator/deallocate_global_thread-1.cc execution test
WARNING: standard_wait: program timed out
FAIL: tr1/5_numerical_facilities/special_functions/07_conf_hyperg/compile_cxx17.cc (test for excess errors)
FAIL: tr1/5_numerical_facilities/special_functions/22_sph_legendre/pr86655.cc (test for excess errors)
WARNING: tr1/5_numerical_facilities/special_functions/22_sph_legendre/pr86655.cc compilation failed to produce executable

		=== libstdc++ Summary for unix ===

# of expected passes		4319
# of unexpected failures	7
# of expected failures		30
# of unsupported tests		295

Running target unix/-m32
FAIL: 17_intro/names.cc (test for excess errors)
FAIL: 23_containers/deque/cons/55977.cc (test for excess errors)
FAIL: 23_containers/vector/cons/55977.cc (test for excess errors)
FAIL: 27_io/basic_filebuf/open/char/2.cc execution test
FAIL: 30_threads/condition_variable/54185.cc execution test
FAIL: experimental/iterator/requirements.cc (test for excess errors)
FAIL: experimental/net/internet/resolver/ops/reverse.cc execution test
FAIL: ext/mt_allocator/deallocate_global_thread-1.cc execution test
FAIL: ext/mt_allocator/deallocate_global_thread-3.cc execution test
FAIL: ext/stdio_filebuf/char/10063-2.cc execution test
FAIL: ext/stdio_filebuf/char/81751.cc execution test
WARNING: standard_wait: program timed out
FAIL: tr1/5_numerical_facilities/special_functions/02_assoc_legendre/pr86655.cc (test for excess errors)
WARNING: tr1/5_numerical_facilities/special_functions/02_assoc_legendre/pr86655.cc compilation failed to produce executable
FAIL: tr1/5_numerical_facilities/special_functions/07_conf_hyperg/compile_cxx17.cc (test for excess errors)
FAIL: tr1/5_numerical_facilities/special_functions/17_hyperg/compile_cxx17.cc (test for excess errors)
FAIL: tr1/5_numerical_facilities/special_functions/22_sph_legendre/pr86655.cc (test for excess errors)
WARNING: tr1/5_numerical_facilities/special_functions/22_sph_legendre/pr86655.cc compilation failed to produce executable
FAIL: tr1/8_c_compatibility/cmath/pow_cmath.cc (test for excess errors)

		=== libstdc++ Summary for unix/-m32 ===

# of expected passes		11909
# of unexpected failures	16
# of expected failures		77
# of unsupported tests		749

Running target unix/-m64
FAIL: 17_intro/names.cc (test for excess errors)
FAIL: 23_containers/deque/cons/55977.cc (test for excess errors)
FAIL: 23_containers/vector/cons/55977.cc (test for excess errors)
FAIL: 27_io/basic_filebuf/open/char/2.cc execution test
FAIL: 27_io/filesystem/operations/last_write_time.cc execution test
FAIL: 30_threads/condition_variable/54185.cc execution test
FAIL: experimental/filesystem/operations/last_write_time.cc execution test
FAIL: experimental/iterator/requirements.cc (test for excess errors)
FAIL: experimental/net/internet/resolver/ops/reverse.cc execution test
FAIL: ext/mt_allocator/deallocate_global_thread-1.cc execution test
FAIL: ext/mt_allocator/deallocate_global_thread-3.cc execution test
FAIL: ext/stdio_filebuf/char/10063-2.cc execution test
FAIL: ext/stdio_filebuf/char/81751.cc execution test
WARNING: standard_wait: program timed out
FAIL: tr1/5_numerical_facilities/special_functions/02_assoc_legendre/pr86655.cc (test for excess errors)
WARNING: tr1/5_numerical_facilities/special_functions/02_assoc_legendre/pr86655.cc compilation failed to produce executable
FAIL: tr1/5_numerical_facilities/special_functions/07_conf_hyperg/compile_cxx17.cc (test for excess errors)
FAIL: tr1/5_numerical_facilities/special_functions/17_hyperg/compile_cxx17.cc (test for excess errors)
FAIL: tr1/5_numerical_facilities/special_functions/22_sph_legendre/pr86655.cc (test for excess errors)
WARNING: tr1/5_numerical_facilities/special_functions/22_sph_legendre/pr86655.cc compilation failed to produce executable
FAIL: tr1/8_c_compatibility/cmath/pow_cmath.cc (test for excess errors)

		=== libstdc++ Summary for unix/-m64 ===

# of expected passes		11905
# of unexpected failures	18
# of expected failures		77
# of unsupported tests		750

		=== libstdc++ Summary ===

# of expected passes		28133
# of unexpected failures	41
# of expected failures		184
# of unsupported tests		1794

Compiler version: 10.0.0 20190516 (experimental) [trunk revision 271282] (GCC) 
Platform: i686-apple-darwin9
configure flags: --prefix=/opt/iains/i686-apple-darwin9/gcc-10-0-0 --target=i686-apple-darwin9 --host=i686-apple-darwin9 --build=i686-apple-darwin9 --disable-nls --disable-libstdcxx-pch --enable-version-specific-runtime-libs --enable-languages=all --with-ld=/usr/bin/ld --with-as=/usr/bin/as


Index Nav: [Date Index] [Subject Index] [Author Index] [Thread Index]
Message Nav: [Date Prev] [Date Next] [Thread Prev] [Thread Next]