This is the mail archive of the
gcc-testresults@gcc.gnu.org
mailing list for the GCC project.
Results for 10.0.0 20190515 (experimental) (GCC) testsuite on powerpc-apple-darwin9 (271212)
- From: Iain Sandoe <iains dot gcc at gmail dot com>
- To: gcc-testresults at gcc dot gnu dot org
- Date: Fri, 17 May 2019 20:58:17 +0100
- Subject: Results for 10.0.0 20190515 (experimental) (GCC) testsuite on powerpc-apple-darwin9 (271212)
=== acats tests ===
FAIL: c52103x
FAIL: c52104x
FAIL: c52104y
FAIL: cb1010c
=== acats Summary ===
# of expected passes 2316
# of unexpected failures 4
Native configuration is powerpc-apple-darwin9
=== g++ tests ===
Running target unix/-m32
FAIL: g++.dg/cpp0x/pr84497.C -std=c++14 scan-assembler .weak[ \\t]*_ZTH11derived_obj
FAIL: g++.dg/cpp0x/pr84497.C -std=c++14 scan-assembler .weak[ \\t]*_ZTH13container_obj
FAIL: g++.dg/cpp0x/pr84497.C -std=c++14 scan-assembler .weak[ \\t]*_ZTH8base_obj
FAIL: g++.dg/cpp0x/pr84497.C -std=c++17 scan-assembler .weak[ \\t]*_ZTH11derived_obj
FAIL: g++.dg/cpp0x/pr84497.C -std=c++17 scan-assembler .weak[ \\t]*_ZTH13container_obj
FAIL: g++.dg/cpp0x/pr84497.C -std=c++17 scan-assembler .weak[ \\t]*_ZTH8base_obj
FAIL: g++.dg/ext/alignof2.C -std=c++14 execution test
FAIL: g++.dg/ext/alignof2.C -std=c++17 execution test
FAIL: g++.dg/ext/alignof2.C -std=c++98 execution test
FAIL: g++.dg/ipa/pr67056.C scan-ipa-dump cp "Speculative outer type:struct CompositeClass"
FAIL: g++.dg/gcov/pr16855.C -std=gnu++14 gcov: 2 failures in line counts, 0 in branch percentages, 0 in return percentages, 0 in intermediate format
FAIL: g++.dg/gcov/pr16855.C -std=gnu++14 line 21: is #####:should be 1
FAIL: g++.dg/gcov/pr16855.C -std=gnu++14 line 45: is #####:should be 1
FAIL: g++.dg/gcov/pr16855.C -std=gnu++17 gcov: 2 failures in line counts, 0 in branch percentages, 0 in return percentages, 0 in intermediate format
FAIL: g++.dg/gcov/pr16855.C -std=gnu++17 line 21: is #####:should be 1
FAIL: g++.dg/gcov/pr16855.C -std=gnu++17 line 45: is #####:should be 1
FAIL: g++.dg/gcov/pr16855.C -std=gnu++98 gcov: 2 failures in line counts, 0 in branch percentages, 0 in return percentages, 0 in intermediate format
FAIL: g++.dg/gcov/pr16855.C -std=gnu++98 line 21: is #####:should be 1
FAIL: g++.dg/gcov/pr16855.C -std=gnu++98 line 45: is #####:should be 1
FAIL: g++.dg/lto/pr65276 cp_lto_pr65276_0.o-cp_lto_pr65276_1.o link, -flto -O0 -std=c++11
FAIL: g++.dg/lto/pr87906 cp_lto_pr87906_0.o-cp_lto_pr87906_1.o link, -O -fPIC -flto
FAIL: g++.dg/lto/pr89335 cp_lto_pr89335_0.o assemble, -O2 -flto -Wsuggest-final-methods
FAIL: g++.dg/tls/thread_local-order2.C -std=c++14 execution test
FAIL: g++.dg/tls/thread_local-order2.C -std=c++17 execution test
=== g++ Summary for unix/-m32 ===
# of expected passes 121693
# of unexpected failures 24
# of expected failures 522
# of unsupported tests 6110
Running target unix/-m64
FAIL: g++.dg/cpp0x/pr84497.C -std=c++14 scan-assembler .weak[ \\t]*_ZTH11derived_obj
FAIL: g++.dg/cpp0x/pr84497.C -std=c++14 scan-assembler .weak[ \\t]*_ZTH13container_obj
FAIL: g++.dg/cpp0x/pr84497.C -std=c++14 scan-assembler .weak[ \\t]*_ZTH8base_obj
FAIL: g++.dg/cpp0x/pr84497.C -std=c++17 scan-assembler .weak[ \\t]*_ZTH11derived_obj
FAIL: g++.dg/cpp0x/pr84497.C -std=c++17 scan-assembler .weak[ \\t]*_ZTH13container_obj
FAIL: g++.dg/cpp0x/pr84497.C -std=c++17 scan-assembler .weak[ \\t]*_ZTH8base_obj
XPASS: g++.dg/ext/sync-4.C -std=gnu++14 execution test
XPASS: g++.dg/ext/sync-4.C -std=gnu++17 execution test
XPASS: g++.dg/ext/sync-4.C -std=gnu++98 execution test
FAIL: g++.dg/ext/undef-bool-1.C -std=gnu++14 (test for excess errors)
FAIL: g++.dg/ext/undef-bool-1.C -std=gnu++17 (test for excess errors)
FAIL: g++.dg/ext/undef-bool-1.C -std=gnu++98 (test for excess errors)
FAIL: g++.dg/ipa/pr67056.C scan-ipa-dump cp "Speculative outer type:struct CompositeClass"
FAIL: g++.dg/gcov/pr16855.C -std=gnu++14 gcov: 2 failures in line counts, 0 in branch percentages, 0 in return percentages, 0 in intermediate format
FAIL: g++.dg/gcov/pr16855.C -std=gnu++14 line 21: is #####:should be 1
FAIL: g++.dg/gcov/pr16855.C -std=gnu++14 line 45: is #####:should be 1
FAIL: g++.dg/gcov/pr16855.C -std=gnu++17 gcov: 2 failures in line counts, 0 in branch percentages, 0 in return percentages, 0 in intermediate format
FAIL: g++.dg/gcov/pr16855.C -std=gnu++17 line 21: is #####:should be 1
FAIL: g++.dg/gcov/pr16855.C -std=gnu++17 line 45: is #####:should be 1
FAIL: g++.dg/gcov/pr16855.C -std=gnu++98 gcov: 2 failures in line counts, 0 in branch percentages, 0 in return percentages, 0 in intermediate format
FAIL: g++.dg/gcov/pr16855.C -std=gnu++98 line 21: is #####:should be 1
FAIL: g++.dg/gcov/pr16855.C -std=gnu++98 line 45: is #####:should be 1
FAIL: g++.dg/lto/pr65276 cp_lto_pr65276_0.o-cp_lto_pr65276_1.o link, -flto -O0 -std=c++11
FAIL: g++.dg/lto/pr87906 cp_lto_pr87906_0.o-cp_lto_pr87906_1.o link, -O -fPIC -flto
FAIL: g++.dg/lto/pr89335 cp_lto_pr89335_0.o assemble, -O2 -flto -Wsuggest-final-methods
FAIL: g++.dg/tls/thread_local-order2.C -std=c++14 execution test
FAIL: g++.dg/tls/thread_local-order2.C -std=c++17 execution test
FAIL: g++.dg/torture/pr45843.C -O3 -g (test for excess errors)
UNRESOLVED: g++.dg/torture/pr45843.C -O3 -g compilation failed to produce executable
FAIL: g++.dg/torture/pr71874.C -Os execution test
FAIL: g++.dg/torture/pr85496.C -O1 (internal compiler error)
FAIL: g++.dg/torture/pr85496.C -O1 (test for excess errors)
FAIL: g++.dg/torture/pr85496.C -O2 (internal compiler error)
FAIL: g++.dg/torture/pr85496.C -O2 (test for excess errors)
FAIL: g++.dg/torture/pr85496.C -O2 -flto (internal compiler error)
FAIL: g++.dg/torture/pr85496.C -O2 -flto (test for excess errors)
FAIL: g++.dg/torture/pr85496.C -O2 -flto -flto-partition=none (internal compiler error)
FAIL: g++.dg/torture/pr85496.C -O2 -flto -flto-partition=none (test for excess errors)
FAIL: g++.dg/torture/pr85496.C -O3 -g (internal compiler error)
FAIL: g++.dg/torture/pr85496.C -O3 -g (test for excess errors)
FAIL: g++.dg/torture/pr85496.C -Os (internal compiler error)
FAIL: g++.dg/torture/pr85496.C -Os (test for excess errors)
=== g++ Summary for unix/-m64 ===
# of expected passes 123624
# of unexpected failures 38
# of unexpected successes 3
# of expected failures 525
# of unresolved testcases 1
# of unsupported tests 6061
=== g++ Summary ===
# of expected passes 245317
# of unexpected failures 62
# of unexpected successes 3
# of expected failures 1047
# of unresolved testcases 1
# of unsupported tests 12171
/Volumes/scratch/10-5-leo/powerpc-trunk/gcc/testsuite/g++/../../xg++ version 10.0.0 20190515 (experimental) (GCC)
=== gcc tests ===
Running target unix/-m32
FAIL: gcc.c-torture/execute/20141107-1.c -O0 execution test
FAIL: gcc.c-torture/execute/20141107-1.c -O1 (internal compiler error)
FAIL: gcc.c-torture/execute/20141107-1.c -O1 (test for excess errors)
UNRESOLVED: gcc.c-torture/execute/20141107-1.c -O1 compilation failed to produce executable
FAIL: gcc.c-torture/execute/20141107-1.c -O2 (internal compiler error)
FAIL: gcc.c-torture/execute/20141107-1.c -O2 (test for excess errors)
UNRESOLVED: gcc.c-torture/execute/20141107-1.c -O2 compilation failed to produce executable
FAIL: gcc.c-torture/execute/20141107-1.c -O2 -flto (internal compiler error)
FAIL: gcc.c-torture/execute/20141107-1.c -O2 -flto (test for excess errors)
UNRESOLVED: gcc.c-torture/execute/20141107-1.c -O2 -flto compilation failed to produce executable
FAIL: gcc.c-torture/execute/20141107-1.c -O2 -flto -flto-partition=none (internal compiler error)
FAIL: gcc.c-torture/execute/20141107-1.c -O2 -flto -flto-partition=none (test for excess errors)
UNRESOLVED: gcc.c-torture/execute/20141107-1.c -O2 -flto -flto-partition=none compilation failed to produce executable
FAIL: gcc.c-torture/execute/20141107-1.c -O3 -g (internal compiler error)
FAIL: gcc.c-torture/execute/20141107-1.c -O3 -g (test for excess errors)
UNRESOLVED: gcc.c-torture/execute/20141107-1.c -O3 -g compilation failed to produce executable
FAIL: gcc.c-torture/execute/20141107-1.c -Os (internal compiler error)
FAIL: gcc.c-torture/execute/20141107-1.c -Os (test for excess errors)
UNRESOLVED: gcc.c-torture/execute/20141107-1.c -Os compilation failed to produce executable
FAIL: gcc.dg/cpp/_Pragma3.c (test for excess errors)
FAIL: gcc.dg/debug/dwarf2/inline4.c scan-assembler DW_TAG_inlined_subroutine[^\\\\(]*\\\\([^\\\\)]*\\\\)[^\\\\(]*\\\\(DIE \\\\(0x[0-9a-f]*\\\\) DW_TAG_formal_parameter[^\\\\(]*\\\\(DIE \\\\(0x[0-9a-f]*\\\\) DW_TAG_variable
FAIL: gcc.dg/debug/dwarf2/inline5.c scan-assembler-not \\\\(DIE \\\\(0x([0-9a-f]*)\\\\) DW_TAG_lexical_block\\\\)[^#/!@;\\\\|]*[#/!@;\\\\|]+ +[^(].*DW_TAG_lexical_block\\\\)[^#/!@;\\\\|x]*x\\\\1[^#/!@;\\\\|]*[#/!@;\\\\|] +DW_AT_abstract_origin
FAIL: gcc.dg/debug/dwarf2/inline5.c scan-assembler-times DW_TAG_lexical_block\\\\)[^#/!@;\\\\|]*[#/!@;\\\\|]+ +[^#/!@\\\\|]*\\\\(DIE \\\\(0x[0-9a-f]*\\\\) DW_TAG_variable 1
FAIL: gcc.dg/debug/dwarf2/pr53948.c scan-assembler .loc 1 8 [0-9]|[#/!][ \\t]+line 8
FAIL: gcc.dg/atomic-flag.c execution test
FAIL: gcc.dg/attr-copy-6.c (test for excess errors)
FAIL: gcc.dg/builtin-apply4.c execution test
FAIL: gcc.dg/gimplefe-28.c (internal compiler error)
FAIL: gcc.dg/gimplefe-28.c (test for excess errors)
FAIL: gcc.dg/pow-sqrt-synth-1.c scan-tree-dump-times sincos "synthesizing" 7
FAIL: gcc.dg/pr56228.c (test for excess errors)
FAIL: gcc.dg/pr56837.c scan-tree-dump-times optimized "memset ..b, 1, 1024.;" 1
FAIL: gcc.dg/pr57438-2.c scan-assembler nop\\\\nLFE.*
FAIL: gcc.dg/pr89313.c (test for excess errors)
FAIL: gcc.dg/sinatan-1.c execution test
FAIL: gcc.dg/sms-1.c scan-rtl-dump-times sms "SMS succeeded" 1
FAIL: gcc.dg/store_merging_9.c scan-tree-dump-times store-merging "Merging successful" 2
FAIL: gcc.dg/uninit-19.c (test for warnings, line 24)
FAIL: gcc.dg/uninit-19.c (test for excess errors)
XPASS: gcc.dg/graphite/pr69728.c scan-tree-dump graphite "loop nest optimized"
FAIL: gcc.dg/graphite/scop-19.c scan-tree-dump-times graphite "number of SCoPs: 0" 1
FAIL: gcc.dg/ipa/ipa-icf-38.c scan-ltrans-tree-dump-not optimized "Function bar"
FAIL: gcc.dg/torture/pr52451.c -O0 execution test
FAIL: gcc.dg/torture/pr52451.c -O1 execution test
FAIL: gcc.dg/torture/pr52451.c -O2 execution test
FAIL: gcc.dg/torture/pr52451.c -O2 -flto execution test
FAIL: gcc.dg/torture/pr52451.c -O2 -flto -flto-partition=none execution test
FAIL: gcc.dg/torture/pr52451.c -O3 -g execution test
FAIL: gcc.dg/torture/pr52451.c -Os execution test
FAIL: gcc.dg/torture/stackalign/builtin-apply-4.c -O0 execution test
FAIL: gcc.dg/torture/stackalign/builtin-apply-4.c -O0 -fpic execution test
FAIL: gcc.dg/torture/stackalign/builtin-apply-4.c -O1 execution test
FAIL: gcc.dg/torture/stackalign/builtin-apply-4.c -O1 -fpic execution test
FAIL: gcc.dg/torture/stackalign/builtin-apply-4.c -O2 execution test
FAIL: gcc.dg/torture/stackalign/builtin-apply-4.c -O2 -flto execution test
FAIL: gcc.dg/torture/stackalign/builtin-apply-4.c -O2 -flto -flto-partition=none execution test
FAIL: gcc.dg/torture/stackalign/builtin-apply-4.c -O2 -flto -flto-partition=none -fpic execution test
FAIL: gcc.dg/torture/stackalign/builtin-apply-4.c -O2 -flto -fpic execution test
FAIL: gcc.dg/torture/stackalign/builtin-apply-4.c -O2 -fpic execution test
FAIL: gcc.dg/torture/stackalign/builtin-apply-4.c -O3 -g execution test
FAIL: gcc.dg/torture/stackalign/builtin-apply-4.c -O3 -g -fpic execution test
FAIL: gcc.dg/torture/stackalign/builtin-apply-4.c -Os execution test
FAIL: gcc.dg/torture/stackalign/builtin-apply-4.c -Os -fpic execution test
FAIL: gcc.dg/tree-ssa/pr90478.c (test for excess errors)
FAIL: gcc.dg/tree-ssa/sra-17.c scan-tree-dump-times esra "Removing load: a = \\\\*.?L.?C.?.?.?0;" 1
FAIL: gcc.dg/tree-ssa/sra-17.c scan-tree-dump-times esra "SR\\\\.[0-9_]+ = \\\\*.?L.?C.?.?.?0\\\\[" 4
FAIL: gcc.dg/tree-ssa/sra-18.c scan-tree-dump-times esra "Removing load: a = \\\\*.?L.?C.?.?.?0;" 1
FAIL: gcc.dg/tree-ssa/sra-18.c scan-tree-dump-times esra "SR\\\\.[0-9_]+ = \\\\*.?L.?C.?.?.?0\\\\.b\\\\[0\\\\]\\\\.f\\\\[0\\\\]\\\\.x" 1
FAIL: gcc.dg/tree-ssa/sra-18.c scan-tree-dump-times esra "SR\\\\.[0-9_]+ = \\\\*.?L.?C.?.?.?0\\\\.b\\\\[0\\\\]\\\\.f\\\\[1\\\\]\\\\.x" 1
FAIL: gcc.dg/tree-ssa/sra-18.c scan-tree-dump-times esra "SR\\\\.[0-9_]+ = \\\\*.?L.?C.?.?.?0\\\\.b\\\\[1\\\\]\\\\.f\\\\[0\\\\]\\\\.x" 1
FAIL: gcc.dg/tree-ssa/sra-18.c scan-tree-dump-times esra "SR\\\\.[0-9_]+ = \\\\*.?L.?C.?.?.?0\\\\.b\\\\[1\\\\]\\\\.f\\\\[1\\\\]\\\\.x" 1
FAIL: gcc.dg/tree-ssa/vector-6.c scan-tree-dump-times ccp1 "Now a gimple register: v" 4
FAIL: gcc.dg/vect/costmodel/ppc/costmodel-bb-slp-9a-pr63175.c scan-assembler-not \\tlwz?u?x?
FAIL: gcc.dg/vect/costmodel/ppc/costmodel-bb-slp-9a-pr63175.c scan-assembler-not \\tstwu?x?
FAIL: gcc.dg/vect/bb-slp-over-widen-2.c -flto -ffat-lto-objects scan-tree-dump-times slp2 "basic block vectorized" 2
FAIL: gcc.dg/vect/bb-slp-over-widen-2.c scan-tree-dump-times slp2 "basic block vectorized" 2
FAIL: gcc.dg/vect/no-tree-sra-bb-slp-pr50730.c scan-tree-dump-times slp2 "basic block vectorized" 1
FAIL: gcc.dg/vect/no-vfa-vect-depend-2.c scan-tree-dump-times vect "vectorized 1 loops" 1
FAIL: gcc.dg/vect/no-vfa-vect-depend-3.c scan-tree-dump-times vect "vectorized 1 loops" 4
FAIL: gcc.dg/vect/pr46032.c -flto -ffat-lto-objects scan-tree-dump-times vect "vectorized 1 loop" 1
FAIL: gcc.dg/vect/pr46032.c scan-tree-dump-times vect "vectorized 1 loop" 1
FAIL: gcc.dg/vect/pr85586.c -flto -ffat-lto-objects scan-tree-dump-times vect "LOOP VECTORIZED" 1
FAIL: gcc.dg/vect/pr85586.c scan-tree-dump-times vect "LOOP VECTORIZED" 1
FAIL: gcc.dg/vect/section-anchors-vect-69.c scan-tree-dump-times vect "vectorized 4 loops" 1
FAIL: gcc.dg/vect/slp-43.c -flto -ffat-lto-objects scan-tree-dump-times vect "vectorized 1 loops" 2
FAIL: gcc.dg/vect/slp-43.c scan-tree-dump-times vect "vectorized 1 loops" 2
FAIL: gcc.dg/vect/slp-perm-12.c -flto -ffat-lto-objects scan-tree-dump-times vect "vectorizing stmts using SLP" 1
FAIL: gcc.dg/vect/slp-perm-12.c scan-tree-dump-times vect "vectorizing stmts using SLP" 1
FAIL: gcc.dg/vect/vect-31.c -flto -ffat-lto-objects scan-tree-dump-times vect "vectorized 4 loops" 1
FAIL: gcc.dg/vect/vect-31.c scan-tree-dump-times vect "vectorized 4 loops" 1
FAIL: gcc.dg/vect/vect-44.c -flto -ffat-lto-objects scan-tree-dump-times vect "Vectorizing an unaligned access" 3
FAIL: gcc.dg/vect/vect-44.c scan-tree-dump-times vect "Vectorizing an unaligned access" 3
FAIL: gcc.dg/vect/vect-50.c -flto -ffat-lto-objects scan-tree-dump-times vect "Vectorizing an unaligned access" 3
FAIL: gcc.dg/vect/vect-50.c scan-tree-dump-times vect "Vectorizing an unaligned access" 3
FAIL: gcc.dg/vect/vect-93.c -flto -ffat-lto-objects scan-tree-dump-times vect "vectorized 2 loops" 2
FAIL: gcc.dg/vect/vect-93.c scan-tree-dump-times vect "vectorized 2 loops" 2
FAIL: gcc.dg/vect/vect-over-widen-17.c -flto -ffat-lto-objects scan-tree-dump-not vect "vector[^\\\\n]*char"
FAIL: gcc.dg/vect/vect-over-widen-17.c scan-tree-dump-not vect "vector[^\\\\n]*char"
FAIL: gcc.dg/vect/vect-strided-a-u8-i2-gap.c -flto -ffat-lto-objects scan-tree-dump-times vect "vectorized 1 loops" 1
FAIL: gcc.dg/vect/vect-strided-a-u8-i2-gap.c scan-tree-dump-times vect "vectorized 1 loops" 1
FAIL: compiler driver --help=params --help=optimizers option(s): "maximum number of" present in output
FAIL: gcc.target/powerpc/builtins-1.c scan-assembler-times \\\\mbl \\\\.?__divdi3\\\\M 2
FAIL: gcc.target/powerpc/builtins-1.c scan-assembler-times \\\\mbl \\\\.?__udivdi3\\\\M 2
FAIL: gcc.target/powerpc/builtins-2.c (test for excess errors)
UNRESOLVED: gcc.target/powerpc/builtins-2.c compilation failed to produce executable
FAIL: gcc.target/powerpc/darwin-bool-1.c (test for excess errors)
UNRESOLVED: gcc.target/powerpc/darwin-bool-1.c compilation failed to produce executable
FAIL: gcc.target/powerpc/darwin-ehreturn-1.c scan-assembler bl save_world
UNRESOLVED: gcc.target/powerpc/dfmode_off.c object-size text == 320
UNRESOLVED: gcc.target/powerpc/dimode_off.c object-size text <= 640
FAIL: gcc.target/powerpc/pr17381.c scan-assembler-times fmr 1
FAIL: gcc.target/powerpc/pr64205.c (test for excess errors)
FAIL: gcc.target/powerpc/pr71785.c scan-assembler-not \\\\mb\\\\M
FAIL: gcc.target/powerpc/pr79909.c (test for excess errors)
FAIL: gcc.target/powerpc/pr80125.c (test for excess errors)
FAIL: gcc.target/powerpc/pr80210-2.c (test for excess errors)
FAIL: gcc.target/powerpc/pr80210.c (test for excess errors)
FAIL: gcc.target/powerpc/safe-indirect-jump-1.c scan-assembler crset 2
FAIL: gcc.target/powerpc/safe-indirect-jump-7.c scan-assembler beqctrl-
FAIL: gcc.target/powerpc/safe-indirect-jump-7.c scan-assembler crset 2
FAIL: gcc.target/powerpc/shrink-wrap-separate-0.c scan-assembler #before\\\\M.*\\\\mmflr\\\\M
FAIL: gcc.target/powerpc/shrink-wrap-separate-1.c scan-assembler \\\\mmflr\\\\M.*\\\\mbl\\\\M.*\\\\mmflr\\\\M.*\\\\mbl\\\\M
FAIL: gcc.target/powerpc/spec-barr-1.c scan-assembler ori 31,31,0
FAIL: gcc.target/powerpc/test_fpscr_rn_builtin.c execution test
FAIL: gcc.target/powerpc/test_mffsl.c execution test
UNRESOLVED: gcc.target/powerpc/tfmode_off.c object-size text == 544
=== gcc Summary for unix/-m32 ===
# of expected passes 112492
# of unexpected failures 114
# of unexpected successes 1
# of expected failures 533
# of unresolved testcases 11
# of unsupported tests 4037
Running target unix/-m64
FAIL: gcc.c-torture/execute/builtins/memcpy-chk.c execution, -Os
FAIL: gcc.c-torture/execute/builtins/memmove-chk.c execution, -Os
FAIL: gcc.c-torture/execute/builtins/memops-asm.c execution, -O1
FAIL: gcc.c-torture/execute/builtins/memops-asm.c execution, -O2
FAIL: gcc.c-torture/execute/builtins/memops-asm.c execution, -O3 -g
FAIL: gcc.c-torture/execute/builtins/memops-asm.c execution, -Og -g
FAIL: gcc.c-torture/execute/builtins/memops-asm.c execution, -Os
FAIL: gcc.c-torture/execute/builtins/mempcpy-2.c execution, -Os
FAIL: gcc.c-torture/execute/builtins/mempcpy-chk.c execution, -Os
FAIL: gcc.c-torture/execute/20040709-3.c -O1 (test for excess errors)
UNRESOLVED: gcc.c-torture/execute/20040709-3.c -O1 compilation failed to produce executable
FAIL: gcc.c-torture/execute/20040709-3.c -O2 (test for excess errors)
UNRESOLVED: gcc.c-torture/execute/20040709-3.c -O2 compilation failed to produce executable
FAIL: gcc.c-torture/execute/20040709-3.c -O2 -flto execution test
FAIL: gcc.c-torture/execute/20040709-3.c -O2 -flto -flto-partition=none execution test
FAIL: gcc.c-torture/execute/20040709-3.c -O3 -g (test for excess errors)
UNRESOLVED: gcc.c-torture/execute/20040709-3.c -O3 -g compilation failed to produce executable
FAIL: gcc.c-torture/execute/20050502-2.c -Os execution test
FAIL: gcc.c-torture/execute/pr51933.c -Os execution test
FAIL: gcc.c-torture/execute/strlen-5.c -Os execution test
FAIL: gcc.c-torture/execute/struct-ret-1.c -O2 -flto (test for excess errors)
UNRESOLVED: gcc.c-torture/execute/struct-ret-1.c -O2 -flto compilation failed to produce executable
FAIL: gcc.c-torture/execute/struct-ret-1.c -O2 -flto -flto-partition=none (test for excess errors)
UNRESOLVED: gcc.c-torture/execute/struct-ret-1.c -O2 -flto -flto-partition=none compilation failed to produce executable
FAIL: gcc.dg/cpp/_Pragma3.c (test for excess errors)
FAIL: gcc.dg/debug/dwarf2/inline4.c scan-assembler DW_TAG_inlined_subroutine[^\\\\(]*\\\\([^\\\\)]*\\\\)[^\\\\(]*\\\\(DIE \\\\(0x[0-9a-f]*\\\\) DW_TAG_formal_parameter[^\\\\(]*\\\\(DIE \\\\(0x[0-9a-f]*\\\\) DW_TAG_variable
FAIL: gcc.dg/debug/dwarf2/inline5.c scan-assembler-not \\\\(DIE \\\\(0x([0-9a-f]*)\\\\) DW_TAG_lexical_block\\\\)[^#/!@;\\\\|]*[#/!@;\\\\|]+ +[^(].*DW_TAG_lexical_block\\\\)[^#/!@;\\\\|x]*x\\\\1[^#/!@;\\\\|]*[#/!@;\\\\|] +DW_AT_abstract_origin
FAIL: gcc.dg/debug/dwarf2/inline5.c scan-assembler-times DW_TAG_lexical_block\\\\)[^#/!@;\\\\|]*[#/!@;\\\\|]+ +[^#/!@\\\\|]*\\\\(DIE \\\\(0x[0-9a-f]*\\\\) DW_TAG_variable 1
FAIL: gcc.dg/debug/dwarf2/pr53948.c scan-assembler .loc 1 8 [0-9]|[#/!][ \\t]+line 8
XPASS: gcc.dg/Wtrampolines.c standard descriptors (test for warnings, line 29)
FAIL: gcc.dg/array-init-2.c execution test
FAIL: gcc.dg/attr-copy-6.c (test for excess errors)
FAIL: gcc.dg/darwin-segaddr.c execution test
FAIL: gcc.dg/gimplefe-28.c (internal compiler error)
FAIL: gcc.dg/gimplefe-28.c (test for excess errors)
FAIL: gcc.dg/pow-sqrt-synth-1.c scan-tree-dump-times sincos "synthesizing" 7
FAIL: gcc.dg/pr56228.c (test for excess errors)
FAIL: gcc.dg/pr57438-2.c scan-assembler nop\\\\nLFE.*
FAIL: gcc.dg/pr89313.c (test for excess errors)
FAIL: gcc.dg/sinatan-1.c execution test
FAIL: gcc.dg/uninit-19.c (test for warnings, line 24)
FAIL: gcc.dg/uninit-19.c (test for excess errors)
XPASS: gcc.dg/graphite/pr69728.c scan-tree-dump graphite "loop nest optimized"
FAIL: gcc.dg/graphite/scop-19.c scan-tree-dump-times graphite "number of SCoPs: 0" 1
FAIL: gcc.dg/ipa/ipa-icf-38.c scan-ltrans-tree-dump-not optimized "Function bar"
FAIL: gcc.dg/torture/pr52451.c -O0 execution test
FAIL: gcc.dg/torture/pr52451.c -O1 execution test
FAIL: gcc.dg/torture/pr52451.c -O2 execution test
FAIL: gcc.dg/torture/pr52451.c -O2 -flto execution test
FAIL: gcc.dg/torture/pr52451.c -O2 -flto -flto-partition=none execution test
FAIL: gcc.dg/torture/pr52451.c -O3 -g execution test
FAIL: gcc.dg/torture/pr52451.c -Os execution test
XPASS: gcc.dg/tree-ssa/cunroll-15.c scan-tree-dump optimized "return 1;"
FAIL: gcc.dg/tree-ssa/sra-17.c scan-tree-dump-times esra "Removing load: a = \\\\*.?L.?C.?.?.?0;" 1
FAIL: gcc.dg/tree-ssa/sra-17.c scan-tree-dump-times esra "SR\\\\.[0-9_]+ = \\\\*.?L.?C.?.?.?0\\\\[" 4
FAIL: gcc.dg/tree-ssa/sra-18.c scan-tree-dump-times esra "Removing load: a = \\\\*.?L.?C.?.?.?0;" 1
FAIL: gcc.dg/tree-ssa/sra-18.c scan-tree-dump-times esra "SR\\\\.[0-9_]+ = \\\\*.?L.?C.?.?.?0\\\\.b\\\\[0\\\\]\\\\.f\\\\[0\\\\]\\\\.x" 1
FAIL: gcc.dg/tree-ssa/sra-18.c scan-tree-dump-times esra "SR\\\\.[0-9_]+ = \\\\*.?L.?C.?.?.?0\\\\.b\\\\[0\\\\]\\\\.f\\\\[1\\\\]\\\\.x" 1
FAIL: gcc.dg/tree-ssa/sra-18.c scan-tree-dump-times esra "SR\\\\.[0-9_]+ = \\\\*.?L.?C.?.?.?0\\\\.b\\\\[1\\\\]\\\\.f\\\\[0\\\\]\\\\.x" 1
FAIL: gcc.dg/tree-ssa/sra-18.c scan-tree-dump-times esra "SR\\\\.[0-9_]+ = \\\\*.?L.?C.?.?.?0\\\\.b\\\\[1\\\\]\\\\.f\\\\[1\\\\]\\\\.x" 1
XPASS: gcc.dg/tree-ssa/ssa-dom-cse-2.c scan-tree-dump optimized "return 28;"
FAIL: gcc.dg/tree-ssa/vector-6.c scan-tree-dump-times ccp1 "Now a gimple register: v" 4
FAIL: gcc.dg/vect/costmodel/ppc/costmodel-bb-slp-9a-pr63175.c scan-assembler-not \\tlwz?u?x?
FAIL: gcc.dg/vect/costmodel/ppc/costmodel-bb-slp-9a-pr63175.c scan-assembler-not \\tstwu?x?
FAIL: gcc.dg/vect/costmodel/ppc/costmodel-pr37194.c scan-tree-dump-times vect "vectorization not profitable" 1
FAIL: gcc.dg/vect/costmodel/ppc/costmodel-pr37194.c scan-tree-dump-times vect "vectorized 1 loops" 1
FAIL: gcc.dg/vect/costmodel/ppc/costmodel-vect-33.c scan-tree-dump-times vect "vectorization not profitable" 1
FAIL: gcc.dg/vect/bb-slp-over-widen-2.c -flto -ffat-lto-objects scan-tree-dump-times slp2 "basic block vectorized" 2
FAIL: gcc.dg/vect/bb-slp-over-widen-2.c scan-tree-dump-times slp2 "basic block vectorized" 2
FAIL: gcc.dg/vect/no-tree-sra-bb-slp-pr50730.c scan-tree-dump-times slp2 "basic block vectorized" 1
FAIL: gcc.dg/vect/no-vfa-vect-depend-2.c scan-tree-dump-times vect "vectorized 1 loops" 1
FAIL: gcc.dg/vect/no-vfa-vect-depend-3.c scan-tree-dump-times vect "vectorized 1 loops" 4
FAIL: gcc.dg/vect/pr46032.c -flto -ffat-lto-objects scan-tree-dump-times vect "vectorized 1 loop" 1
FAIL: gcc.dg/vect/pr46032.c scan-tree-dump-times vect "vectorized 1 loop" 1
FAIL: gcc.dg/vect/pr65947-13.c -flto -ffat-lto-objects scan-tree-dump-times vect "LOOP VECTORIZED" 2
FAIL: gcc.dg/vect/pr65947-13.c -flto -ffat-lto-objects scan-tree-dump-times vect "condition expression based on integer induction." 4
FAIL: gcc.dg/vect/pr65947-13.c scan-tree-dump-times vect "LOOP VECTORIZED" 2
FAIL: gcc.dg/vect/pr65947-13.c scan-tree-dump-times vect "condition expression based on integer induction." 4
FAIL: gcc.dg/vect/pr85586.c -flto -ffat-lto-objects scan-tree-dump-times vect "LOOP VECTORIZED" 1
FAIL: gcc.dg/vect/pr85586.c scan-tree-dump-times vect "LOOP VECTORIZED" 1
FAIL: gcc.dg/vect/section-anchors-vect-69.c scan-tree-dump-times vect "Alignment of access forced using versioning" 4
FAIL: gcc.dg/vect/section-anchors-vect-69.c scan-tree-dump-times vect "vectorized 4 loops" 1
FAIL: gcc.dg/vect/slp-43.c -flto -ffat-lto-objects scan-tree-dump-times vect "vectorized 1 loops" 2
FAIL: gcc.dg/vect/slp-43.c scan-tree-dump-times vect "vectorized 1 loops" 2
FAIL: gcc.dg/vect/slp-perm-12.c -flto -ffat-lto-objects scan-tree-dump-times vect "vectorizing stmts using SLP" 1
FAIL: gcc.dg/vect/slp-perm-12.c scan-tree-dump-times vect "vectorizing stmts using SLP" 1
FAIL: gcc.dg/vect/vect-31.c -flto -ffat-lto-objects scan-tree-dump-times vect "vectorized 4 loops" 1
FAIL: gcc.dg/vect/vect-31.c scan-tree-dump-times vect "vectorized 4 loops" 1
XPASS: gcc.dg/vect/vect-44.c -flto -ffat-lto-objects scan-tree-dump-times vect "Alignment of access forced using peeling" 0
FAIL: gcc.dg/vect/vect-44.c -flto -ffat-lto-objects scan-tree-dump-times vect "Vectorizing an unaligned access" 3
XPASS: gcc.dg/vect/vect-44.c scan-tree-dump-times vect "Alignment of access forced using peeling" 0
FAIL: gcc.dg/vect/vect-44.c scan-tree-dump-times vect "Vectorizing an unaligned access" 3
XPASS: gcc.dg/vect/vect-50.c -flto -ffat-lto-objects scan-tree-dump-times vect "Alignment of access forced using peeling" 0
FAIL: gcc.dg/vect/vect-50.c -flto -ffat-lto-objects scan-tree-dump-times vect "Vectorizing an unaligned access" 3
XPASS: gcc.dg/vect/vect-50.c scan-tree-dump-times vect "Alignment of access forced using peeling" 0
FAIL: gcc.dg/vect/vect-50.c scan-tree-dump-times vect "Vectorizing an unaligned access" 3
FAIL: gcc.dg/vect/vect-93.c -flto -ffat-lto-objects scan-tree-dump-times vect "vectorized 2 loops" 2
FAIL: gcc.dg/vect/vect-93.c scan-tree-dump-times vect "vectorized 2 loops" 2
FAIL: gcc.dg/vect/vect-over-widen-17.c -flto -ffat-lto-objects scan-tree-dump-not vect "vector[^\\\\n]*char"
FAIL: gcc.dg/vect/vect-over-widen-17.c scan-tree-dump-not vect "vector[^\\\\n]*char"
FAIL: gcc.dg/vect/vect-strided-a-u8-i2-gap.c -flto -ffat-lto-objects scan-tree-dump-times vect "vectorized 1 loops" 1
FAIL: gcc.dg/vect/vect-strided-a-u8-i2-gap.c scan-tree-dump-times vect "vectorized 1 loops" 1
FAIL: compiler driver --help=params --help=optimizers option(s): "maximum number of" present in output
FAIL: gcc.target/powerpc/20050603-3.c scan-assembler-not \\\\mrldic
FAIL: gcc.target/powerpc/bmi2-bzhi64-1a.c (test for excess errors)
UNRESOLVED: gcc.target/powerpc/bmi2-bzhi64-1a.c scan-assembler-not sld
UNRESOLVED: gcc.target/powerpc/bmi2-bzhi64-1a.c scan-assembler-not srd
UNRESOLVED: gcc.target/powerpc/bmi2-bzhi64-1a.c scan-assembler-times rldicl 6
FAIL: gcc.target/powerpc/builtins-2.c (test for excess errors)
UNRESOLVED: gcc.target/powerpc/builtins-2.c compilation failed to produce executable
UNRESOLVED: gcc.target/powerpc/dfmode_off.c object-size text == 320
UNRESOLVED: gcc.target/powerpc/dimode_off.c object-size text == 440
FAIL: gcc.target/powerpc/pr17381.c scan-assembler-times fmr 1
FAIL: gcc.target/powerpc/pr71785.c scan-assembler-not \\\\mb\\\\M
FAIL: gcc.target/powerpc/pr79909.c (test for excess errors)
FAIL: gcc.target/powerpc/pr80125.c (test for excess errors)
FAIL: gcc.target/powerpc/pr80210-2.c (test for excess errors)
FAIL: gcc.target/powerpc/pr80210.c (test for excess errors)
FAIL: gcc.target/powerpc/r2_shrink-wrap.c scan-rtl-dump-times pro_and_epilogue "Performing shrink-wrapping" 1
FAIL: gcc.target/powerpc/rlwimi-2.c scan-assembler-times (?n)^\\\\s+[a-z] 20217
FAIL: gcc.target/powerpc/rlwimi-2.c scan-assembler-times (?n)^\\\\s+rldicl 6728
FAIL: gcc.target/powerpc/rlwimi-2.c scan-assembler-times (?n)^\\\\s+rlwimi 1692
FAIL: gcc.target/powerpc/rlwinm-0.c scan-assembler-times (?n)^\\\\s+[a-z] 9730
FAIL: gcc.target/powerpc/rlwinm-0.c scan-assembler-times (?n)^\\\\s+rldicl 3095
FAIL: gcc.target/powerpc/rlwinm-0.c scan-assembler-times (?n)^\\\\s+rlwinm 3094
FAIL: gcc.target/powerpc/rlwinm-0.c scan-assembler-times (?n)^\\\\s+srdi 12
FAIL: gcc.target/powerpc/rlwinm-1.c scan-assembler-times (?n)^\\\\s+[a-z] 9606
FAIL: gcc.target/powerpc/rlwinm-1.c scan-assembler-times (?n)^\\\\s+rldic 2946
FAIL: gcc.target/powerpc/rlwinm-1.c scan-assembler-times (?n)^\\\\s+rlwinm 622
FAIL: gcc.target/powerpc/rlwinm-1.c scan-assembler-times (?n)^\\\\s+slwi 1
FAIL: gcc.target/powerpc/rlwinm-2.c scan-assembler-times (?n)^\\\\s+[a-z] 9466
FAIL: gcc.target/powerpc/rlwinm-2.c scan-assembler-times (?n)^\\\\s+rldic 2840
FAIL: gcc.target/powerpc/rlwinm-2.c scan-assembler-times (?n)^\\\\s+rlwinm 721
FAIL: gcc.target/powerpc/rlwinm-2.c scan-assembler-times (?n)^\\\\s+srdi 12
FAIL: gcc.target/powerpc/safe-indirect-jump-1.c scan-assembler beqctrl-
FAIL: gcc.target/powerpc/safe-indirect-jump-1.c scan-assembler crset 2
FAIL: gcc.target/powerpc/safe-indirect-jump-7.c scan-assembler beqctrl-
FAIL: gcc.target/powerpc/safe-indirect-jump-7.c scan-assembler crset 2
FAIL: gcc.target/powerpc/shrink-wrap-separate-0.c scan-assembler #before\\\\M.*\\\\mmflr\\\\M
FAIL: gcc.target/powerpc/shrink-wrap-separate-1.c scan-assembler \\\\mmflr\\\\M.*\\\\mbl\\\\M.*\\\\mmflr\\\\M.*\\\\mbl\\\\M
FAIL: gcc.target/powerpc/spec-barr-1.c scan-assembler ori 31,31,0
FAIL: gcc.target/powerpc/test_fpscr_rn_builtin.c execution test
FAIL: gcc.target/powerpc/test_mffsl.c execution test
UNRESOLVED: gcc.target/powerpc/tfmode_off.c object-size text == 544
UNRESOLVED: gcc.target/powerpc/timode_off.c object-size text <= 700
FAIL: gcc.target/powerpc/undef-bool-2.c (test for errors, line 12)
FAIL: gcc.target/powerpc/undef-bool-2.c (test for excess errors)
=== gcc Summary for unix/-m64 ===
# of expected passes 113638
# of unexpected failures 126
# of unexpected successes 8
# of expected failures 547
# of unresolved testcases 13
# of unsupported tests 3798
=== gcc Summary ===
# of expected passes 226130
# of unexpected failures 240
# of unexpected successes 9
# of expected failures 1080
# of unresolved testcases 24
# of unsupported tests 7835
/Volumes/scratch/10-5-leo/powerpc-trunk/gcc/xgcc version 10.0.0 20190515 (experimental) (GCC)
=== gfortran tests ===
Running target unix/-m32
FAIL: gfortran.dg/elemental_subroutine_3.f90 -O1 (test for excess errors)
FAIL: gfortran.dg/elemental_subroutine_3.f90 -O2 (test for excess errors)
FAIL: gfortran.dg/elemental_subroutine_3.f90 -O3 -fomit-frame-pointer -funroll-loops -fpeel-loops -ftracer -finline-functions (test for excess errors)
FAIL: gfortran.dg/elemental_subroutine_3.f90 -O3 -g (test for excess errors)
FAIL: gfortran.dg/elemental_subroutine_3.f90 -Os (test for excess errors)
FAIL: gfortran.dg/erf_3.F90 -O0 execution test
FAIL: gfortran.dg/erf_3.F90 -O1 execution test
FAIL: gfortran.dg/erf_3.F90 -O2 execution test
FAIL: gfortran.dg/erf_3.F90 -O3 -fomit-frame-pointer -funroll-loops -fpeel-loops -ftracer -finline-functions execution test
FAIL: gfortran.dg/erf_3.F90 -O3 -g execution test
FAIL: gfortran.dg/erf_3.F90 -Os execution test
FAIL: gfortran.dg/large_real_kind_2.F90 -O0 execution test
FAIL: gfortran.dg/large_real_kind_3.F90 -O0 execution test
XPASS: gfortran.dg/namelist_utf8.f90 -O0 execution test
XPASS: gfortran.dg/namelist_utf8.f90 -O1 execution test
XPASS: gfortran.dg/namelist_utf8.f90 -O2 execution test
XPASS: gfortran.dg/namelist_utf8.f90 -O3 -fomit-frame-pointer -funroll-loops -fpeel-loops -ftracer -finline-functions execution test
XPASS: gfortran.dg/namelist_utf8.f90 -O3 -g execution test
XPASS: gfortran.dg/namelist_utf8.f90 -Os execution test
FAIL: gfortran.dg/norm2_3.f90 -O0 execution test
FAIL: gfortran.dg/norm2_3.f90 -O1 execution test
FAIL: gfortran.dg/norm2_3.f90 -O2 execution test
FAIL: gfortran.dg/norm2_3.f90 -O3 -fomit-frame-pointer -funroll-loops -fpeel-loops -ftracer -finline-functions execution test
FAIL: gfortran.dg/norm2_3.f90 -O3 -g execution test
FAIL: gfortran.dg/norm2_3.f90 -Os execution test
FAIL: gfortran.dg/quad_2.f90 -O0 execution test
FAIL: gfortran.dg/quad_2.f90 -O1 execution test
FAIL: gfortran.dg/quad_2.f90 -O2 execution test
FAIL: gfortran.dg/quad_2.f90 -O3 -fomit-frame-pointer -funroll-loops -fpeel-loops -ftracer -finline-functions execution test
FAIL: gfortran.dg/quad_2.f90 -O3 -g execution test
FAIL: gfortran.dg/quad_2.f90 -Os execution test
FAIL: gfortran.dg/vect/pr48329.f90 -O scan-tree-dump-times vect "vectorized 1 loops" 1
FAIL: gfortran.dg/vect/pr62283-2.f -O scan-tree-dump slp2 "basic block vectorized"
=== gfortran Summary for unix/-m32 ===
# of expected passes 49565
# of unexpected failures 27
# of unexpected successes 6
# of expected failures 212
# of unsupported tests 257
Running target unix/-m64
FAIL: gfortran.dg/alloc_comp_assign_13.f08 -Os execution test
FAIL: gfortran.dg/alloc_comp_assign_14.f08 -Os execution test
FAIL: gfortran.dg/allocatable_function_5.f90 -Os execution test
FAIL: gfortran.dg/allocate_with_source_5.f90 -Os execution test
FAIL: gfortran.dg/argument_checking_1.f90 -Os execution test
FAIL: gfortran.dg/arrayio_14.f90 -Os execution test
FAIL: gfortran.dg/arrayio_2.f90 -Os execution test
FAIL: gfortran.dg/associate_23.f90 -Os execution test
FAIL: gfortran.dg/associate_34.f90 -Os execution test
FAIL: gfortran.dg/backslash_3.f -Os execution test
FAIL: gfortran.dg/char_result_5.f90 -Os execution test
FAIL: gfortran.dg/deallocate_alloc_opt_3.f90 -Os execution test
FAIL: gfortran.dg/dec_type_print_2.f03 -Os execution test
FAIL: gfortran.dg/deferred_character_10.f90 -Os execution test
FAIL: gfortran.dg/deferred_character_26.f90 -Os execution test
FAIL: gfortran.dg/deferred_character_7.f90 -Os execution test
FAIL: gfortran.dg/deferred_type_component_1.f90 -Os execution test
FAIL: gfortran.dg/dependency_52.f90 -Os execution test
FAIL: gfortran.dg/elemental_subroutine_3.f90 -O1 (test for excess errors)
FAIL: gfortran.dg/elemental_subroutine_3.f90 -O2 (test for excess errors)
FAIL: gfortran.dg/elemental_subroutine_3.f90 -O3 -fomit-frame-pointer -funroll-loops -fpeel-loops -ftracer -finline-functions (test for excess errors)
FAIL: gfortran.dg/elemental_subroutine_3.f90 -O3 -g (test for excess errors)
FAIL: gfortran.dg/elemental_subroutine_3.f90 -Os (test for excess errors)
FAIL: gfortran.dg/erf_3.F90 -O0 execution test
FAIL: gfortran.dg/erf_3.F90 -O1 execution test
FAIL: gfortran.dg/erf_3.F90 -O2 execution test
FAIL: gfortran.dg/erf_3.F90 -O3 -fomit-frame-pointer -funroll-loops -fpeel-loops -ftracer -finline-functions execution test
FAIL: gfortran.dg/erf_3.F90 -O3 -g execution test
FAIL: gfortran.dg/erf_3.F90 -Os execution test
FAIL: gfortran.dg/extends_1.f03 -Os execution test
FAIL: gfortran.dg/fmt_cache_2.f -Os execution test
FAIL: gfortran.dg/fmt_error_10.f -Os execution test
FAIL: gfortran.dg/fmt_error_9.f -Os execution test
FAIL: gfortran.dg/fmt_t_3.f90 -Os execution test
FAIL: gfortran.dg/int_range_io_1.f90 -Os execution test
FAIL: gfortran.dg/intrinsic_pack_1.f90 -O1 execution test
FAIL: gfortran.dg/intrinsic_pack_1.f90 -O2 execution test
FAIL: gfortran.dg/intrinsic_pack_1.f90 -Os execution test
FAIL: gfortran.dg/intrinsic_unpack_1.f90 -O1 execution test
FAIL: gfortran.dg/intrinsic_unpack_1.f90 -O2 execution test
FAIL: gfortran.dg/intrinsic_unpack_1.f90 -O3 -fomit-frame-pointer -funroll-loops -fpeel-loops -ftracer -finline-functions execution test
FAIL: gfortran.dg/intrinsic_unpack_1.f90 -O3 -g execution test
FAIL: gfortran.dg/intrinsic_unpack_1.f90 -Os execution test
FAIL: gfortran.dg/large_real_kind_2.F90 -O0 execution test
FAIL: gfortran.dg/large_real_kind_3.F90 -O0 execution test
FAIL: gfortran.dg/namelist_12.f -Os execution test
FAIL: gfortran.dg/namelist_19.f90 -Os execution test
FAIL: gfortran.dg/namelist_40.f90 -Os output pattern test
FAIL: gfortran.dg/namelist_61.f90 -Os execution test
XPASS: gfortran.dg/namelist_utf8.f90 -O0 execution test
XPASS: gfortran.dg/namelist_utf8.f90 -O1 execution test
XPASS: gfortran.dg/namelist_utf8.f90 -O2 execution test
XPASS: gfortran.dg/namelist_utf8.f90 -O3 -fomit-frame-pointer -funroll-loops -fpeel-loops -ftracer -finline-functions execution test
XPASS: gfortran.dg/namelist_utf8.f90 -O3 -g execution test
XPASS: gfortran.dg/namelist_utf8.f90 -Os execution test
FAIL: gfortran.dg/nan_3.f90 -Os execution test
FAIL: gfortran.dg/nan_6.f90 -Os execution test
FAIL: gfortran.dg/norm2_3.f90 -O0 execution test
FAIL: gfortran.dg/norm2_3.f90 -O1 execution test
FAIL: gfortran.dg/norm2_3.f90 -O2 execution test
FAIL: gfortran.dg/norm2_3.f90 -O3 -fomit-frame-pointer -funroll-loops -fpeel-loops -ftracer -finline-functions execution test
FAIL: gfortran.dg/norm2_3.f90 -O3 -g execution test
FAIL: gfortran.dg/norm2_3.f90 -Os execution test
FAIL: gfortran.dg/pdt_1.f03 -Os execution test
FAIL: gfortran.dg/pr19155.f -Os execution test
FAIL: gfortran.dg/quad_2.f90 -O0 execution test
FAIL: gfortran.dg/quad_2.f90 -O1 execution test
FAIL: gfortran.dg/quad_2.f90 -O2 execution test
FAIL: gfortran.dg/quad_2.f90 -O3 -fomit-frame-pointer -funroll-loops -fpeel-loops -ftracer -finline-functions execution test
FAIL: gfortran.dg/quad_2.f90 -O3 -g execution test
FAIL: gfortran.dg/quad_2.f90 -Os execution test
FAIL: gfortran.dg/realloc_on_assign_4.f03 -Os execution test
FAIL: gfortran.dg/round_4.f90 -Os execution test
FAIL: gfortran.dg/structure_constructor_1.f03 -Os execution test
FAIL: gfortran.dg/submodule_1.f08 -Os execution test
FAIL: gfortran.dg/value_7.f03 -Os execution test
FAIL: gfortran.dg/vect/pr48329.f90 -O scan-tree-dump-times vect "vectorized 1 loops" 1
FAIL: gfortran.dg/vect/pr62283-2.f -O scan-tree-dump slp2 "basic block vectorized"
FAIL: gfortran.fortran-torture/execute/adjustr.f90 execution, -Os
FAIL: gfortran.fortran-torture/execute/entry_2.f90 execution, -Os
FAIL: gfortran.fortran-torture/execute/entry_5.f90 execution, -Os
FAIL: gfortran.fortran-torture/execute/save_1.f90 execution, -Os
FAIL: gfortran.fortran-torture/execute/strlen.f90 execution, -Os
=== gfortran Summary for unix/-m64 ===
# of expected passes 49777
# of unexpected failures 77
# of unexpected successes 6
# of expected failures 212
# of unsupported tests 130
=== gfortran Summary ===
# of expected passes 99342
# of unexpected failures 104
# of unexpected successes 12
# of expected failures 424
# of unsupported tests 387
/Volumes/scratch/10-5-leo/powerpc-trunk/gcc/testsuite/gfortran/../../gfortran version 10.0.0 20190515 (experimental) (GCC)
=== gnat tests ===
Running target unix/-m32
FAIL: gnat.dg/opt49.adb (test for excess errors)
UNRESOLVED: gnat.dg/opt49.adb compilation failed to produce executable
FAIL: gnat.dg/stack_check2.adb (test for excess errors)
UNRESOLVED: gnat.dg/stack_check2.adb compilation failed to produce executable
=== gnat Summary for unix/-m32 ===
# of expected passes 2928
# of unexpected failures 2
# of expected failures 23
# of unresolved testcases 2
# of unsupported tests 26
Running target unix/-m64
FAIL: gnat.dg/opt49.adb (test for excess errors)
UNRESOLVED: gnat.dg/opt49.adb compilation failed to produce executable
FAIL: gnat.dg/stack_check2.adb (test for excess errors)
UNRESOLVED: gnat.dg/stack_check2.adb compilation failed to produce executable
=== gnat Summary for unix/-m64 ===
# of expected passes 2928
# of unexpected failures 2
# of expected failures 23
# of unresolved testcases 2
# of unsupported tests 26
=== gnat Summary ===
# of expected passes 5856
# of unexpected failures 4
# of expected failures 46
# of unresolved testcases 4
# of unsupported tests 52
/Volumes/scratch/10-5-leo/powerpc-trunk/gcc/gnatmake version 10.0.0 20190515 (experimental)
=== obj-c++ tests ===
Running target unix/-m32
FAIL: obj-c++.dg/stubify-1.mm -fnext-runtime (test for excess errors)
FAIL: obj-c++.dg/stubify-2.mm -fnext-runtime (test for excess errors)
FAIL: obj-c++.dg/try-catch-1.mm -fnext-runtime (test for excess errors)
FAIL: obj-c++.dg/try-catch-3.mm -fnext-runtime (test for excess errors)
=== obj-c++ Summary for unix/-m32 ===
# of expected passes 3127
# of unexpected failures 4
# of expected failures 2
# of unsupported tests 62
Running target unix/-m64
FAIL: obj-c++.dg/bitfield-2.mm -fnext-runtime execution test
FAIL: obj-c++.dg/property/synthesize-10.mm -fnext-runtime execution test
=== obj-c++ Summary for unix/-m64 ===
# of expected passes 3079
# of unexpected failures 2
# of expected failures 19
# of unsupported tests 67
=== obj-c++ Summary ===
# of expected passes 6206
# of unexpected failures 6
# of expected failures 21
# of unsupported tests 129
/Volumes/scratch/10-5-leo/powerpc-trunk/gcc/testsuite/obj-c++/../../xg++ version 10.0.0 20190515 (experimental) (GCC)
=== objc tests ===
Running target unix/-m32
FAIL: objc.dg/fix-and-continue-1.m -fgnu-runtime execution test
FAIL: objc.dg/ivar-scope-4.m -fnext-runtime execution test
FAIL: objc.dg-struct-layout-encoding-1/t001_main.m execution test
FAIL: objc.dg-struct-layout-encoding-1/t002_main.m execution test
FAIL: objc.dg-struct-layout-encoding-1/t003_main.m execution test
FAIL: objc.dg-struct-layout-encoding-1/t004_main.m execution test
FAIL: objc.dg-struct-layout-encoding-1/t005_main.m execution test
FAIL: objc.dg-struct-layout-encoding-1/t006_main.m execution test
FAIL: objc.dg-struct-layout-encoding-1/t007_main.m execution test
FAIL: objc.dg-struct-layout-encoding-1/t008_main.m execution test
FAIL: objc.dg-struct-layout-encoding-1/t009_main.m execution test
FAIL: objc.dg-struct-layout-encoding-1/t010_main.m execution test
FAIL: objc.dg-struct-layout-encoding-1/t011_main.m execution test
FAIL: objc.dg-struct-layout-encoding-1/t012_main.m execution test
FAIL: objc.dg-struct-layout-encoding-1/t013_main.m execution test
FAIL: objc.dg-struct-layout-encoding-1/t014_main.m execution test
FAIL: objc.dg-struct-layout-encoding-1/t015_main.m execution test
FAIL: objc.dg-struct-layout-encoding-1/t016_main.m execution test
FAIL: objc.dg-struct-layout-encoding-1/t017_main.m execution test
FAIL: objc.dg-struct-layout-encoding-1/t018_main.m execution test
FAIL: objc.dg-struct-layout-encoding-1/t019_main.m execution test
FAIL: objc.dg-struct-layout-encoding-1/t020_main.m execution test
FAIL: objc.dg-struct-layout-encoding-1/t021_main.m execution test
FAIL: objc.dg-struct-layout-encoding-1/t022_main.m execution test
FAIL: objc.dg-struct-layout-encoding-1/t023_main.m execution test
FAIL: objc.dg-struct-layout-encoding-1/t024_main.m execution test
FAIL: objc.dg-struct-layout-encoding-1/t026_main.m execution test
FAIL: objc.dg-struct-layout-encoding-1/t030_main.m execution test
=== objc Summary for unix/-m32 ===
# of expected passes 5648
# of unexpected failures 28
# of expected failures 4
# of unsupported tests 78
Running target unix/-m64
FAIL: objc.dg/fix-and-continue-1.m -fgnu-runtime execution test
FAIL: objc.dg/ivar-scope-4.m -fnext-runtime execution test
=== objc Summary for unix/-m64 ===
# of expected passes 5630
# of unexpected failures 2
# of expected failures 6
# of unsupported tests 85
=== objc Summary ===
# of expected passes 11278
# of unexpected failures 30
# of expected failures 10
# of unsupported tests 163
/Volumes/scratch/10-5-leo/powerpc-trunk/gcc/xgcc version 10.0.0 20190515 (experimental) (GCC)
=== libatomic tests ===
Running target unix/-m32
=== libatomic Summary for unix/-m32 ===
# of expected passes 44
# of unsupported tests 5
Running target unix/-m64
=== libatomic Summary for unix/-m64 ===
# of expected passes 54
=== libatomic Summary ===
# of expected passes 98
# of unsupported tests 5
=== libgomp tests ===
Running target unix/-m32
FAIL: libgomp.oacc-c/../libgomp.oacc-c-c++-common/atomic_update-1.c -DACC_DEVICE_TYPE_host=1 -DACC_MEM_SHARED=1 -foffload=disable -O2 execution test
FAIL: libgomp.oacc-c++/../libgomp.oacc-c-c++-common/atomic_update-1.c -DACC_DEVICE_TYPE_host=1 -DACC_MEM_SHARED=1 -foffload=disable -O2 execution test
=== libgomp Summary for unix/-m32 ===
# of expected passes 6347
# of unexpected failures 2
# of expected failures 4
# of unsupported tests 424
Running target unix/-m64
WARNING: program timed out.
FAIL: libgomp.c++/task-reduction-10.C execution test
WARNING: program timed out.
FAIL: libgomp.c++/task-reduction-8.C execution test
FAIL: libgomp.fortran/character1.f90 -Os execution test
FAIL: libgomp.fortran/character2.f90 -Os execution test
=== libgomp Summary for unix/-m64 ===
# of expected passes 6345
# of unexpected failures 4
# of expected failures 4
# of unsupported tests 424
=== libgomp Summary ===
# of expected passes 12692
# of unexpected failures 6
# of expected failures 8
# of unsupported tests 848
=== libitm tests ===
Running target unix/-m32
=== libitm Summary for unix/-m32 ===
# of expected passes 40
# of expected failures 3
# of unsupported tests 2
Running target unix/-m64
=== libitm Summary for unix/-m64 ===
# of expected passes 40
# of expected failures 3
# of unsupported tests 2
=== libitm Summary ===
# of expected passes 80
# of expected failures 6
# of unsupported tests 4
=== libstdc++ tests ===
Running target unix/-m32
FAIL: 17_intro/names.cc (test for excess errors)
FAIL: 23_containers/deque/cons/55977.cc (test for excess errors)
FAIL: 23_containers/vector/cons/55977.cc (test for excess errors)
FAIL: 27_io/basic_filebuf/open/char/2.cc execution test
WARNING: 30_threads/condition_variable/54185.cc execution test program timed out.
FAIL: 30_threads/condition_variable/54185.cc execution test
FAIL: experimental/iterator/requirements.cc (test for excess errors)
FAIL: experimental/net/internet/resolver/ops/reverse.cc execution test
FAIL: ext/mt_allocator/deallocate_global_thread-1.cc execution test
FAIL: ext/mt_allocator/deallocate_global_thread-3.cc execution test
FAIL: ext/stdio_filebuf/char/10063-2.cc execution test
FAIL: ext/stdio_filebuf/char/81751.cc execution test
FAIL: tr1/5_numerical_facilities/special_functions/02_assoc_legendre/pr86655.cc (test for excess errors)
UNRESOLVED: tr1/5_numerical_facilities/special_functions/02_assoc_legendre/pr86655.cc compilation failed to produce executable
FAIL: tr1/5_numerical_facilities/special_functions/07_conf_hyperg/compile_cxx17.cc (test for excess errors)
FAIL: tr1/5_numerical_facilities/special_functions/17_hyperg/compile_cxx17.cc (test for excess errors)
FAIL: tr1/5_numerical_facilities/special_functions/22_sph_legendre/pr86655.cc (test for excess errors)
UNRESOLVED: tr1/5_numerical_facilities/special_functions/22_sph_legendre/pr86655.cc compilation failed to produce executable
FAIL: tr1/8_c_compatibility/cmath/pow_cmath.cc (test for excess errors)
=== libstdc++ Summary for unix/-m32 ===
# of expected passes 11886
# of unexpected failures 16
# of expected failures 77
# of unresolved testcases 2
# of unsupported tests 760
Running target unix/-m64
FAIL: 17_intro/names.cc (test for excess errors)
FAIL: 23_containers/deque/cons/55977.cc (test for excess errors)
FAIL: 23_containers/vector/cons/55977.cc (test for excess errors)
FAIL: 27_io/basic_filebuf/open/char/2.cc execution test
FAIL: 27_io/filesystem/operations/last_write_time.cc execution test
WARNING: 30_threads/condition_variable/54185.cc execution test program timed out.
FAIL: 30_threads/condition_variable/54185.cc execution test
FAIL: experimental/filesystem/operations/last_write_time.cc execution test
FAIL: experimental/iterator/requirements.cc (test for excess errors)
FAIL: experimental/net/internet/resolver/ops/reverse.cc execution test
FAIL: ext/mt_allocator/deallocate_global_thread-1.cc execution test
FAIL: ext/mt_allocator/deallocate_global_thread-3.cc execution test
FAIL: ext/stdio_filebuf/char/10063-2.cc execution test
FAIL: ext/stdio_filebuf/char/81751.cc execution test
FAIL: tr1/5_numerical_facilities/special_functions/02_assoc_legendre/pr86655.cc (test for excess errors)
UNRESOLVED: tr1/5_numerical_facilities/special_functions/02_assoc_legendre/pr86655.cc compilation failed to produce executable
FAIL: tr1/5_numerical_facilities/special_functions/07_conf_hyperg/compile_cxx17.cc (test for excess errors)
FAIL: tr1/5_numerical_facilities/special_functions/17_hyperg/compile_cxx17.cc (test for excess errors)
FAIL: tr1/5_numerical_facilities/special_functions/22_sph_legendre/pr86655.cc (test for excess errors)
UNRESOLVED: tr1/5_numerical_facilities/special_functions/22_sph_legendre/pr86655.cc compilation failed to produce executable
FAIL: tr1/8_c_compatibility/cmath/pow_cmath.cc (test for excess errors)
=== libstdc++ Summary for unix/-m64 ===
# of expected passes 11882
# of unexpected failures 18
# of expected failures 77
# of unresolved testcases 2
# of unsupported tests 761
=== libstdc++ Summary ===
# of expected passes 23768
# of unexpected failures 34
# of expected failures 154
# of unresolved testcases 4
# of unsupported tests 1521
Compiler version: 10.0.0 20190515 (experimental) (GCC)
Platform: powerpc-apple-darwin9
configure flags: --prefix=/opt/iains/powerpc-apple-darwin9/gcc-10-0-0 --target=powerpc-apple-darwin9 --host=powerpc-apple-darwin9 --build=powerpc-apple-darwin9 --with-sysroot=/usr/local/darwin-toolchains/SDKs/darwin9 --disable-nls --enable-lto --disable-libstdcxx-pch --enable-version-specific-runtime-libs --with-dwarf2 --enable-checking=yes,rtl,tree --with-as=/usr/bin/as --with-ld=/usr/bin/ld --enable-languages=all SED=sed