This is the mail archive of the
gcc-testresults@gcc.gnu.org
mailing list for the GCC project.
Results for 10.0.0 20190506 (experimental) [master revision 270929] (GCC) testsuite on aarch64-unknown-linux-gnu
- From: LINARO TCWG <tcwg-buildslave at linaro dot org>
- To: gcc-testresults at gcc dot gnu dot org
- Date: Tue, 7 May 2019 03:52:00 +0000
- Subject: Results for 10.0.0 20190506 (experimental) [master revision 270929] (GCC) testsuite on aarch64-unknown-linux-gnu
LAST_UPDATED: Tue May 7 00:27:59 UTC 2019 (revision 270929)
Native configuration is aarch64-unknown-linux-gnu
=== libatomic tests ===
Running target tcwg-local
=== libatomic Summary ===
# of expected passes 54
=== libgomp tests ===
Running target tcwg-local
=== libgomp Summary ===
# of expected passes 6308
# of expected failures 2
# of unsupported tests 422
=== libitm tests ===
Running target tcwg-local
=== libitm Summary ===
# of expected passes 42
# of expected failures 3
# of unsupported tests 1
=== libstdc++ tests ===
Running target tcwg-local
FAIL: libstdc++-prettyprinters/80276.cc whatis p4
FAIL: libstdc++-prettyprinters/80276.cc whatis p4
=== libstdc++ Summary ===
# of expected passes 12799
# of unexpected failures 2
# of expected failures 77
# of unsupported tests 670
=== gcc tests ===
Running target tcwg-local
FAIL: gcc.dg/gomp/pr89104.c (test for excess errors)
FAIL: gcc.dg/vect/slp-reduc-sad-2.c -flto -ffat-lto-objects scan-tree-dump-not vect "access with gaps requires scalar epilogue loop"
FAIL: gcc.dg/vect/slp-reduc-sad-2.c scan-tree-dump-not vect "access with gaps requires scalar epilogue loop"
FAIL: compiler driver --help=params --help=optimizers option(s): "maximum number of" present in output
FAIL: gcc.target/aarch64/insv_1.c scan-assembler bfi\\tx[0-9]+, x[0-9]+, 0, 8
FAIL: gcc.target/aarch64/insv_1.c scan-assembler bfi\\tx[0-9]+, x[0-9]+, 16, 5
FAIL: gcc.target/aarch64/insv_1.c scan-assembler movk\\tx[0-9]+, 0x1d6b, lsl 32
FAIL: gcc.target/aarch64/lsl_asr_sbfiz.c scan-assembler sbfiz\\tw
FAIL: gcc.target/aarch64/sve/tls_preserve_1.c -march=armv8.2-a+sve scan-assembler-not \\\\tst[rp]\\\\t[dqv]
=== gcc Summary ===
# of expected passes 132378
# of unexpected failures 9
# of expected failures 606
# of unsupported tests 3481
/home/tcwg-buildslave/workspace/tcwg-buildfarm_0/_build/builds/aarch64-unknown-linux-gnu/aarch64-unknown-linux-gnu/gcc.git~master_rev_2d07e8913869d4febeaf293b3a3bb4f439892c43-stage2/gcc/xgcc version 10.0.0 20190506 (experimental) [master revision 270929] (GCC)
=== gfortran tests ===
Running target tcwg-local
FAIL: gfortran.dg/ieee/ieee_6.f90 -O0 execution test
FAIL: gfortran.dg/ieee/ieee_6.f90 -O1 execution test
FAIL: gfortran.dg/ieee/ieee_6.f90 -O2 execution test
FAIL: gfortran.dg/ieee/ieee_6.f90 -O3 -fomit-frame-pointer -funroll-loops -fpeel-loops -ftracer -finline-functions execution test
FAIL: gfortran.dg/ieee/ieee_6.f90 -O3 -g execution test
FAIL: gfortran.dg/ieee/ieee_6.f90 -Os execution test
XPASS: gfortran.dg/ieee/ieee_8.f90 -O0 execution test
XPASS: gfortran.dg/ieee/ieee_8.f90 -O1 execution test
XPASS: gfortran.dg/ieee/ieee_8.f90 -O2 execution test
XPASS: gfortran.dg/ieee/ieee_8.f90 -O3 -fomit-frame-pointer -funroll-loops -fpeel-loops -ftracer -finline-functions execution test
XPASS: gfortran.dg/ieee/ieee_8.f90 -O3 -g execution test
XPASS: gfortran.dg/ieee/ieee_8.f90 -Os execution test
=== gfortran Summary ===
# of expected passes 49456
# of unexpected failures 6
# of unexpected successes 6
# of expected failures 178
# of unsupported tests 84
/home/tcwg-buildslave/workspace/tcwg-buildfarm_0/_build/builds/aarch64-unknown-linux-gnu/aarch64-unknown-linux-gnu/gcc.git~master_rev_2d07e8913869d4febeaf293b3a3bb4f439892c43-stage2/gcc/gfortran version 10.0.0 20190506 (experimental) [master revision 270929] (GCC)
=== g++ tests ===
Running target tcwg-local
=== g++ Summary ===
# of expected passes 131064
# of expected failures 530
# of unsupported tests 6332
/home/tcwg-buildslave/workspace/tcwg-buildfarm_0/_build/builds/aarch64-unknown-linux-gnu/aarch64-unknown-linux-gnu/gcc.git~master_rev_2d07e8913869d4febeaf293b3a3bb4f439892c43-stage2/gcc/xg++ version 10.0.0 20190506 (experimental) [master revision 270929] (GCC)
=== obj-c++ tests ===
Running target tcwg-local
=== obj-c++ Summary ===
# of expected passes 1458
# of expected failures 10
# of unsupported tests 77
/home/tcwg-buildslave/workspace/tcwg-buildfarm_0/_build/builds/aarch64-unknown-linux-gnu/aarch64-unknown-linux-gnu/gcc.git~master_rev_2d07e8913869d4febeaf293b3a3bb4f439892c43-stage2/gcc/xg++ version 10.0.0 20190506 (experimental) [master revision 270929] (GCC)
=== objc tests ===
Running target tcwg-local
=== objc Summary ===
# of expected passes 2801
# of unsupported tests 69
/home/tcwg-buildslave/workspace/tcwg-buildfarm_0/_build/builds/aarch64-unknown-linux-gnu/aarch64-unknown-linux-gnu/gcc.git~master_rev_2d07e8913869d4febeaf293b3a3bb4f439892c43-stage2/gcc/xgcc version 10.0.0 20190506 (experimental) [master revision 270929] (GCC)
Compiler version: 10.0.0 20190506 (experimental) [master revision 270929] (GCC)
Platform: aarch64-unknown-linux-gnu
configure flags: SHELL=/bin/bash --with-mpc=/home/tcwg-buildslave/workspace/tcwg-buildfarm_0/_build/builds/destdir/aarch64-unknown-linux-gnu --with-mpfr=/home/tcwg-buildslave/workspace/tcwg-buildfarm_0/_build/builds/destdir/aarch64-unknown-linux-gnu --with-gmp=/home/tcwg-buildslave/workspace/tcwg-buildfarm_0/_build/builds/destdir/aarch64-unknown-linux-gnu --with-gnu-as --with-gnu-ld --disable-libmudflap --enable-lto --enable-shared --without-included-gettext --enable-nls --with-system-zlib --disable-sjlj-exceptions --enable-gnu-unique-object --enable-linker-build-id --disable-libstdcxx-pch --enable-c99 --enable-clocale=gnu --enable-libstdcxx-debug --enable-long-long --with-cloog=no --with-ppl=no --with-isl=no --disable-multilib --enable-fix-cortex-a53-835769 --enable-fix-cortex-a53-843419 --with-arch=armv8-a --enable-threads=posix --enable-multiarch --enable-libstdcxx-time=yes --enable-gnu-indirect-function --enable-checking=yes --enable-bootstrap --enable-languages=c,c++,fortran,lto
,objc,obj-c++ --build=aarch64-unknown-linux-gnu --host=aarch64-unknown-linux-gnu --target=aarch64-unknown-linux-gnu --prefix=/home/tcwg-buildslave/workspace/tcwg-buildfarm_0/_build/builds/destdir/aarch64-unknown-linux-gnu