This is the mail archive of the
gcc-testresults@gcc.gnu.org
mailing list for the GCC project.
Results for 9.0.1 20190208 (experimental) [trunk revision 268666] (GCC) testsuite on x86_64-pc-solaris2.11
- From: Rainer Orth <ro at CeBiTec dot Uni-Bielefeld dot DE>
- To: gcc-testresults at gcc dot gnu dot org
- Date: Sat, 9 Feb 2019 08:44:45 +0100 (CET)
- Subject: Results for 9.0.1 20190208 (experimental) [trunk revision 268666] (GCC) testsuite on x86_64-pc-solaris2.11
LAST_UPDATED: Fri Feb 8 09:52:36 UTC 2019 (revision 268666)
Native configuration is x86_64-pc-solaris2.11
=== libatomic tests ===
Running target unix/-m32
=== libatomic Summary for unix/-m32 ===
# of expected passes 44
# of unsupported tests 5
Running target unix
=== libatomic Summary for unix ===
# of expected passes 54
=== libatomic Summary ===
# of expected passes 98
# of unsupported tests 5
=== libffi tests ===
Running target unix/-m32
=== libffi Summary for unix/-m32 ===
# of expected passes 2799
Running target unix
=== libffi Summary for unix ===
# of expected passes 2214
=== libffi Summary ===
# of expected passes 5013
=== libgo tests ===
Running target unix
FAIL: go/build
FAIL: net
FAIL: runtime
=== libgo Summary for unix ===
# of expected passes 182
# of unexpected failures 3
Running target unix/-m32
FAIL: cmd/go/internal/work
FAIL: go/build
FAIL: net
FAIL: net/http
FAIL: os
FAIL: runtime
=== libgo Summary for unix/-m32 ===
# of expected passes 179
# of unexpected failures 6
=== libgo Summary ===
# of expected passes 361
# of unexpected failures 9
/var/gcc/regression/trunk/11.5-gcc-gas-64/build/./gcc/gccgo version 9.0.1 20190208 (experimental) [trunk revision 268666] (GCC)
=== libgomp tests ===
Running target unix/-m32
=== libgomp Summary for unix/-m32 ===
# of expected passes 6471
# of expected failures 4
# of unsupported tests 363
Running target unix
=== libgomp Summary for unix ===
# of expected passes 6471
# of expected failures 4
# of unsupported tests 363
=== libgomp Summary ===
# of expected passes 12942
# of expected failures 8
# of unsupported tests 726
=== libitm tests ===
Running target unix/-m32
=== libitm Summary for unix/-m32 ===
# of expected passes 42
# of expected failures 3
# of unsupported tests 1
Running target unix
=== libitm Summary for unix ===
# of expected passes 42
# of expected failures 3
# of unsupported tests 1
=== libitm Summary ===
# of expected passes 84
# of expected failures 6
# of unsupported tests 2
=== libphobos tests ===
Running target unix/-m32
FAIL: libphobos.shared/link_linkdep.d -I/vol/gcc/src/hg/trunk/local/libphobos/testsuite/libphobos.shared liblinkdep.so lib.so -shared-libphobos execution test
FAIL: libphobos.shared/load.d -shared-libphobos -ldl execution test
FAIL: libphobos.shared/load_linkdep.d -shared-libphobos -ldl execution test
FAIL: libphobos.shared/load_loaddep.d -shared-libphobos -ldl execution test
FAIL: libphobos.shared/load_13414.d -shared-libphobos -ldl execution test
FAIL: libphobos.shared/finalize.d -shared-libphobos -ldl execution test
FAIL: libphobos.shared/linkD.c lib.so -ldl -pthread execution test
FAIL: libphobos.shared/linkDR.c -shared-libphobos -ldl -pthread execution test
FAIL: libphobos.shared/host.c -ldl -pthread execution test
FAIL: libphobos.shared/loadDR.c -ldl -pthread -g execution test
FAIL: libphobos.unittests/druntime/shared/ld.so.1:
FAIL: libphobos.unittests/druntime/shared/unittest:
FAIL: libphobos.unittests/druntime/shared/fatal:
FAIL: libphobos.unittests/druntime/shared/libgdruntime_t.so.0:
FAIL: libphobos.unittests/druntime/shared/open
FAIL: libphobos.unittests/druntime/shared/failed:
FAIL: libphobos.unittests/druntime/shared/No
FAIL: libphobos.unittests/druntime/shared/such
FAIL: libphobos.unittests/druntime/shared/file
FAIL: libphobos.unittests/druntime/shared/or
FAIL: libphobos.unittests/druntime/shared/directory
=== libphobos Summary for unix/-m32 ===
# of expected passes 72
# of unexpected failures 21
Running target unix
FAIL: libphobos.shared/link.d -I/vol/gcc/src/hg/trunk/local/libphobos/testsuite/libphobos.shared lib.so -shared-libphobos execution test
FAIL: libphobos.shared/link_linkdep.d -I/vol/gcc/src/hg/trunk/local/libphobos/testsuite/libphobos.shared liblinkdep.so lib.so -shared-libphobos execution test
FAIL: libphobos.shared/load.d -shared-libphobos -ldl execution test
FAIL: libphobos.shared/load_linkdep.d -shared-libphobos -ldl execution test
FAIL: libphobos.shared/load_loaddep.d -shared-libphobos -ldl execution test
FAIL: libphobos.shared/load_13414.d -shared-libphobos -ldl execution test
FAIL: libphobos.shared/finalize.d -shared-libphobos -ldl execution test
FAIL: libphobos.shared/linkD.c lib.so -ldl -pthread execution test
FAIL: libphobos.shared/linkDR.c -shared-libphobos -ldl -pthread execution test
FAIL: libphobos.shared/host.c -ldl -pthread execution test
FAIL: libphobos.shared/loadDR.c -ldl -pthread -g execution test
FAIL: libphobos.unittests/druntime/shared/core.sync.mutex
FAIL: libphobos.unittests/druntime/shared/core.time
=== libphobos Summary for unix ===
# of expected passes 112
# of unexpected failures 13
=== libphobos Summary ===
# of expected passes 184
# of unexpected failures 34
=== libstdc++ tests ===
Running target unix
=== libstdc++ Summary for unix ===
# of expected passes 11849
# of expected failures 77
# of unsupported tests 647
Running target unix/-m32
=== libstdc++ Summary for unix/-m32 ===
# of expected passes 11855
# of expected failures 79
# of unsupported tests 643
=== libstdc++ Summary ===
# of expected passes 23704
# of expected failures 156
# of unsupported tests 1290
=== acats tests ===
=== acats Summary ===
# of expected passes 2320
# of unexpected failures 0
=== g++ tests ===
Running target unix
FAIL: g++.dg/pr80481.C -std=gnu++14 scan-assembler-not vmovaps
FAIL: g++.dg/pr80481.C -std=gnu++17 scan-assembler-not vmovaps
FAIL: g++.dg/pr80481.C -std=gnu++98 scan-assembler-not vmovaps
=== g++ Summary for unix ===
# of expected passes 128245
# of unexpected failures 3
# of expected failures 551
# of unsupported tests 5805
Running target unix/-m32
FAIL: c-c++-common/asan/swapcontext-test-1.c -O0 execution test
FAIL: c-c++-common/asan/swapcontext-test-1.c -O1 execution test
FAIL: c-c++-common/asan/swapcontext-test-1.c -O2 execution test
FAIL: c-c++-common/asan/swapcontext-test-1.c -O2 -flto execution test
FAIL: c-c++-common/asan/swapcontext-test-1.c -O2 -flto -flto-partition=none execution test
FAIL: c-c++-common/asan/swapcontext-test-1.c -O3 -fomit-frame-pointer -funroll-loops -fpeel-loops -ftracer -finline-functions execution test
FAIL: c-c++-common/asan/swapcontext-test-1.c -O3 -g execution test
FAIL: c-c++-common/asan/swapcontext-test-1.c -Os execution test
FAIL: g++.dg/opt/pr59470.C -std=gnu++14 (test for excess errors)
UNRESOLVED: g++.dg/opt/pr59470.C -std=gnu++14 compilation failed to produce executable
FAIL: g++.dg/opt/pr59470.C -std=gnu++17 (test for excess errors)
UNRESOLVED: g++.dg/opt/pr59470.C -std=gnu++17 compilation failed to produce executable
FAIL: g++.dg/opt/pr59470.C -std=gnu++98 (test for excess errors)
UNRESOLVED: g++.dg/opt/pr59470.C -std=gnu++98 compilation failed to produce executable
=== g++ Summary for unix/-m32 ===
# of expected passes 128462
# of unexpected failures 11
# of expected failures 548
# of unresolved testcases 3
# of unsupported tests 5869
=== g++ Summary ===
# of expected passes 256707
# of unexpected failures 14
# of expected failures 1099
# of unresolved testcases 3
# of unsupported tests 11674
/var/gcc/regression/trunk/11.5-gcc-gas-64/build/gcc/xg++ version 9.0.1 20190208 (experimental) [trunk revision 268666] (GCC)
=== gcc tests ===
Running target unix
FAIL: gcc.dg/ipa/ipa-icf-38.c scan-ltrans-tree-dump-not optimized "Function bar"
XPASS: gcc.dg/vect/vect-24.c -flto -ffat-lto-objects scan-tree-dump-times vect "vectorized 3 loops" 1
XPASS: gcc.dg/vect/vect-24.c scan-tree-dump-times vect "vectorized 3 loops" 1
FAIL: gcc.target/i386/ifcvt-onecmpl-abs-1.c scan-assembler cltd
FAIL: gcc.target/i386/pr49095.c scan-assembler-times \\\\), % 45
FAIL: gcc.target/i386/pr57193.c scan-assembler-times movdqa 2
=== gcc Summary for unix ===
# of expected passes 134346
# of unexpected failures 4
# of unexpected successes 2
# of expected failures 505
# of unsupported tests 2311
Running target unix/-m32
FAIL: c-c++-common/asan/swapcontext-test-1.c -O0 execution test
FAIL: c-c++-common/asan/swapcontext-test-1.c -O1 execution test
FAIL: c-c++-common/asan/swapcontext-test-1.c -O2 execution test
FAIL: c-c++-common/asan/swapcontext-test-1.c -O2 -flto execution test
FAIL: c-c++-common/asan/swapcontext-test-1.c -O2 -flto -flto-partition=none execution test
FAIL: c-c++-common/asan/swapcontext-test-1.c -O3 -fomit-frame-pointer -funroll-loops -fpeel-loops -ftracer -finline-functions execution test
FAIL: c-c++-common/asan/swapcontext-test-1.c -O3 -g execution test
FAIL: c-c++-common/asan/swapcontext-test-1.c -Os execution test
FAIL: gcc.dg/ipa/ipa-icf-38.c scan-ltrans-tree-dump-not optimized "Function bar"
XPASS: gcc.dg/vect/vect-24.c -flto -ffat-lto-objects scan-tree-dump-times vect "vectorized 3 loops" 1
XPASS: gcc.dg/vect/vect-24.c scan-tree-dump-times vect "vectorized 3 loops" 1
FAIL: gcc.target/i386/pr57193.c scan-assembler-times movdqa 2
FAIL: gcc.target/i386/pr81563.c scan-assembler-times movl[\\\\t ]*-4\\\\(%ebp\\\\),[\\\\t ]*%edi 1
FAIL: gcc.target/i386/pr81563.c scan-assembler-times movl[\\\\t ]*-8\\\\(%ebp\\\\),[\\\\t ]*%esi 1
=== gcc Summary for unix/-m32 ===
# of expected passes 134037
# of unexpected failures 12
# of unexpected successes 2
# of expected failures 511
# of unsupported tests 2811
=== gcc Summary ===
# of expected passes 268383
# of unexpected failures 16
# of unexpected successes 4
# of expected failures 1016
# of unsupported tests 5122
/var/gcc/regression/trunk/11.5-gcc-gas-64/build/gcc/xgcc version 9.0.1 20190208 (experimental) [trunk revision 268666] (GCC)
=== gdc tests ===
Running target unix
UNRESOLVED: gdc.test/runnable/cppa.d compilation failed to produce executable
UNRESOLVED: gdc.test/runnable/cppa.d -g compilation failed to produce executable
UNRESOLVED: gdc.test/runnable/cppa.d -g -shared-libphobos compilation failed to produce executable
UNRESOLVED: gdc.test/runnable/cppa.d -shared-libphobos compilation failed to produce executable
FAIL: gdc.test/runnable/testaa.d execution test
FAIL: gdc.test/runnable/testaa.d -fPIC execution test
FAIL: gdc.test/runnable/testaa.d -fPIC -shared-libphobos execution test
FAIL: gdc.test/runnable/testaa.d -shared-libphobos execution test
FAIL: gdc.test/runnable/xtest55.d execution test
FAIL: gdc.test/runnable/xtest55.d -shared-libphobos execution test
=== gdc Summary for unix ===
# of expected passes 30783
# of unexpected failures 6
# of unresolved testcases 4
Running target unix/-m32
UNRESOLVED: gdc.test/runnable/cppa.d compilation failed to produce executable
UNRESOLVED: gdc.test/runnable/cppa.d -g compilation failed to produce executable
UNRESOLVED: gdc.test/runnable/cppa.d -g -shared-libphobos compilation failed to produce executable
UNRESOLVED: gdc.test/runnable/cppa.d -shared-libphobos compilation failed to produce executable
FAIL: gdc.test/runnable/nulltype.d execution test
FAIL: gdc.test/runnable/nulltype.d -O2 execution test
FAIL: gdc.test/runnable/nulltype.d -O2 -shared-libphobos execution test
FAIL: gdc.test/runnable/nulltype.d -g execution test
FAIL: gdc.test/runnable/nulltype.d -g -O2 execution test
FAIL: gdc.test/runnable/nulltype.d -g -O2 -shared-libphobos execution test
FAIL: gdc.test/runnable/nulltype.d -g -shared-libphobos execution test
FAIL: gdc.test/runnable/nulltype.d -shared-libphobos execution test
FAIL: gdc.test/runnable/testaa.d execution test
FAIL: gdc.test/runnable/testaa.d -fPIC execution test
FAIL: gdc.test/runnable/testaa.d -fPIC -shared-libphobos execution test
FAIL: gdc.test/runnable/testaa.d -shared-libphobos execution test
=== gdc Summary for unix/-m32 ===
# of expected passes 30777
# of unexpected failures 12
# of unresolved testcases 4
=== gdc Summary ===
# of expected passes 61560
# of unexpected failures 18
# of unresolved testcases 8
/var/gcc/regression/trunk/11.5-gcc-gas-64/build/gcc/gdc version 9.0.1 20190208 (experimental) [trunk revision 268666] (GCC)
=== gfortran tests ===
Running target unix
FAIL: gfortran.dg/pr79966.f90 -O scan-ipa-dump inline "Inlined tp_sum/[0-9]+ into runtptests/[0-9]+"
=== gfortran Summary for unix ===
# of expected passes 48991
# of unexpected failures 1
# of expected failures 130
# of unsupported tests 94
Running target unix/-m32
FAIL: gfortran.dg/pr79966.f90 -O scan-ipa-dump inline "Inlined tp_sum/[0-9]+ into runtptests/[0-9]+"
=== gfortran Summary for unix/-m32 ===
# of expected passes 48774
# of unexpected failures 1
# of expected failures 130
# of unsupported tests 197
=== gfortran Summary ===
# of expected passes 97765
# of unexpected failures 2
# of expected failures 260
# of unsupported tests 291
/var/gcc/regression/trunk/11.5-gcc-gas-64/build/gcc/gfortran version 9.0.1 20190208 (experimental) [trunk revision 268666] (GCC)
=== gnat tests ===
Running target unix
FAIL: gnat.dg/lto8.adb (test for excess errors)
FAIL: gnat.dg/lto8.adb 3 blank line(s) in output
UNRESOLVED: gnat.dg/lto8.adb compilation failed to produce executable
=== gnat Summary for unix ===
# of expected passes 2962
# of unexpected failures 2
# of expected failures 23
# of unresolved testcases 1
# of unsupported tests 8
Running target unix/-m32
FAIL: gnat.dg/lto8.adb (test for excess errors)
FAIL: gnat.dg/lto8.adb 3 blank line(s) in output
UNRESOLVED: gnat.dg/lto8.adb compilation failed to produce executable
=== gnat Summary for unix/-m32 ===
# of expected passes 2962
# of unexpected failures 2
# of expected failures 23
# of unresolved testcases 1
# of unsupported tests 8
=== gnat Summary ===
# of expected passes 5924
# of unexpected failures 4
# of expected failures 46
# of unresolved testcases 2
# of unsupported tests 16
/var/gcc/regression/trunk/11.5-gcc-gas-64/build/gcc/gnatmake version 9.0.1 20190208 (experimental) [trunk revision 268666]
=== go tests ===
Running target unix
FAIL: ./index0-out.go execution, -O0 -g -fno-var-tracking-assignments
=== go Summary for unix ===
# of expected passes 7341
# of unexpected failures 1
# of expected failures 1
# of untested testcases 10
# of unsupported tests 1
Running target unix/-m32
FAIL: ./index0-out.go execution, -O0 -g -fno-var-tracking-assignments
=== go Summary for unix/-m32 ===
# of expected passes 7460
# of unexpected failures 1
# of expected failures 1
# of untested testcases 10
# of unsupported tests 2
=== go Summary ===
# of expected passes 14801
# of unexpected failures 2
# of expected failures 2
# of untested testcases 20
# of unsupported tests 3
=== obj-c++ tests ===
Running target unix/-m32
=== obj-c++ Summary for unix/-m32 ===
# of expected passes 1466
# of expected failures 2
# of unsupported tests 77
Running target unix
=== obj-c++ Summary for unix ===
# of expected passes 1458
# of expected failures 10
# of unsupported tests 77
=== obj-c++ Summary ===
# of expected passes 2924
# of expected failures 12
# of unsupported tests 154
/var/gcc/regression/trunk/11.5-gcc-gas-64/build/gcc/xg++ version 9.0.1 20190208 (experimental) [trunk revision 268666] (GCC)
=== objc tests ===
Running target unix
=== objc Summary for unix ===
# of expected passes 2797
# of expected failures 6
# of unsupported tests 68
Running target unix/-m32
=== objc Summary for unix/-m32 ===
# of expected passes 2797
# of expected failures 6
# of unsupported tests 68
=== objc Summary ===
# of expected passes 5594
# of expected failures 12
# of unsupported tests 136
/var/gcc/regression/trunk/11.5-gcc-gas-64/build/gcc/xgcc version 9.0.1 20190208 (experimental) [trunk revision 268666] (GCC)
=== gotools tests ===
FAIL: go test cmd/go
FAIL: TestAbort
FAIL: TestG0StackOverflow
FAIL: go test runtime
FAIL: go test misc/cgo/test
FAIL: TestEarlySignalHandler
FAIL: TestOsSignal
FAIL: TestSigaltstack
FAIL: go test misc/cgo/testcarchive
=== gotools Summary ===
# of expected passes 262
# of unexpected failures 9
# of untested testcases 136
/var/gcc/regression/trunk/11.5-gcc-gas-64/build/./gcc/gccgo version 9.0.1 20190208 (experimental) [trunk revision 268666] (GCC)
Compiler version: 9.0.1 20190208 (experimental) [trunk revision 268666] (GCC)
Platform: x86_64-pc-solaris2.11
configure flags: --prefix=/vol/gcc --target=amd64-pc-solaris2.11 --enable-objc-gc --with-target-bdw-gc-include=/vol/gcc/include --with-target-bdw-gc-lib=/vol/gcc/lib/amd64,32=/vol/gcc/lib --with-as=/vol/gcc/bin/amd64/gas-2.32 --with-gnu-as --with-gmp-include=/vol/gcc/include --with-gmp-lib=/vol/gcc/lib/amd64 --with-mpfr-include=/vol/gcc/include --with-mpfr-lib=/vol/gcc/lib/amd64 --with-mpc-include=/vol/gcc/include --with-mpc-lib=/vol/gcc/lib/amd64 --enable-languages=all,ada,obj-c++,go --with-isl-include=/vol/gcc/include --with-isl-lib=/vol/gcc/lib/amd64 --build=amd64-pc-solaris2.11 --host=amd64-pc-solaris2.11
BOOT_CFLAGS=-g -O2