This is the mail archive of the
gcc-testresults@gcc.gnu.org
mailing list for the GCC project.
Results for 8.2.1 20190118 [gcc-8-branch revision 268052] (GCC) testsuite on sparc-sun-solaris2.11
- From: Rainer Orth <ro at CeBiTec dot Uni-Bielefeld dot DE>
- To: gcc-testresults at gcc dot gnu dot org
- Date: Sat, 19 Jan 2019 10:58:48 +0100 (MET)
- Subject: Results for 8.2.1 20190118 [gcc-8-branch revision 268052] (GCC) testsuite on sparc-sun-solaris2.11
LAST_UPDATED: Fri Jan 18 09:53:52 UTC 2019 (revision 268052)
=== acats tests ===
FAIL: c34001a
FAIL: c34005g
=== acats Summary ===
# of expected passes 2318
# of unexpected failures 2
Native configuration is sparc-sun-solaris2.11
=== g++ tests ===
Running target unix
FAIL: g++.dg/pr83239.C -std=gnu++98 (test for excess errors)
FAIL: g++.dg/gcov/pr16855-priority.C -std=gnu++11 gcov: 1 failures in line counts, 0 in branch percentages, 0 in return percentages, 0 in intermediate format
FAIL: g++.dg/gcov/pr16855-priority.C -std=gnu++11 line 22: is #####:should be 1
FAIL: g++.dg/gcov/pr16855-priority.C -std=gnu++14 gcov: 1 failures in line counts, 0 in branch percentages, 0 in return percentages, 0 in intermediate format
FAIL: g++.dg/gcov/pr16855-priority.C -std=gnu++14 line 22: is #####:should be 1
FAIL: g++.dg/gcov/pr16855-priority.C -std=gnu++98 gcov: 1 failures in line counts, 0 in branch percentages, 0 in return percentages, 0 in intermediate format
FAIL: g++.dg/gcov/pr16855-priority.C -std=gnu++98 line 22: is #####:should be 1
FAIL: g++.dg/gcov/pr16855.C -std=gnu++11 gcov: 1 failures in line counts, 0 in branch percentages, 0 in return percentages, 0 in intermediate format
FAIL: g++.dg/gcov/pr16855.C -std=gnu++11 line 21: is #####:should be 1
FAIL: g++.dg/gcov/pr16855.C -std=gnu++14 gcov: 1 failures in line counts, 0 in branch percentages, 0 in return percentages, 0 in intermediate format
FAIL: g++.dg/gcov/pr16855.C -std=gnu++14 line 21: is #####:should be 1
FAIL: g++.dg/gcov/pr16855.C -std=gnu++98 gcov: 1 failures in line counts, 0 in branch percentages, 0 in return percentages, 0 in intermediate format
FAIL: g++.dg/gcov/pr16855.C -std=gnu++98 line 21: is #####:should be 1
=== g++ Summary for unix ===
# of expected passes 113752
# of unexpected failures 13
# of expected failures 512
# of unsupported tests 5304
Running target unix/-m64
FAIL: g++.dg/pr83239.C -std=gnu++98 (test for excess errors)
FAIL: g++.dg/gcov/pr16855-priority.C -std=gnu++11 gcov: 1 failures in line counts, 0 in branch percentages, 0 in return percentages, 0 in intermediate format
FAIL: g++.dg/gcov/pr16855-priority.C -std=gnu++11 line 22: is #####:should be 1
FAIL: g++.dg/gcov/pr16855-priority.C -std=gnu++14 gcov: 1 failures in line counts, 0 in branch percentages, 0 in return percentages, 0 in intermediate format
FAIL: g++.dg/gcov/pr16855-priority.C -std=gnu++14 line 22: is #####:should be 1
FAIL: g++.dg/gcov/pr16855-priority.C -std=gnu++98 gcov: 1 failures in line counts, 0 in branch percentages, 0 in return percentages, 0 in intermediate format
FAIL: g++.dg/gcov/pr16855-priority.C -std=gnu++98 line 22: is #####:should be 1
FAIL: g++.dg/gcov/pr16855.C -std=gnu++11 gcov: 1 failures in line counts, 0 in branch percentages, 0 in return percentages, 0 in intermediate format
FAIL: g++.dg/gcov/pr16855.C -std=gnu++11 line 21: is #####:should be 1
FAIL: g++.dg/gcov/pr16855.C -std=gnu++14 gcov: 1 failures in line counts, 0 in branch percentages, 0 in return percentages, 0 in intermediate format
FAIL: g++.dg/gcov/pr16855.C -std=gnu++14 line 21: is #####:should be 1
FAIL: g++.dg/gcov/pr16855.C -std=gnu++98 gcov: 1 failures in line counts, 0 in branch percentages, 0 in return percentages, 0 in intermediate format
FAIL: g++.dg/gcov/pr16855.C -std=gnu++98 line 21: is #####:should be 1
=== g++ Summary for unix/-m64 ===
# of expected passes 115649
# of unexpected failures 13
# of expected failures 515
# of unsupported tests 5273
=== g++ Summary ===
# of expected passes 229401
# of unexpected failures 26
# of expected failures 1027
# of unsupported tests 10577
/var/gcc/regression/gcc-8-branch/11-gcc/build/gcc/xg++ version 8.2.1 20190118 [gcc-8-branch revision 268052] (GCC)
=== gcc tests ===
Running target unix
FAIL: gcc.dg/simulate-thread/atomic-other-int.c -O2 -g thread simulation test
FAIL: gcc.dg/simulate-thread/atomic-other-int.c -O3 -g thread simulation test
FAIL: gcc.dg/simulate-thread/speculative-store-4.c -O0 -g thread simulation test
FAIL: gcc.dg/simulate-thread/speculative-store-4.c -O2 -g thread simulation test
FAIL: gcc.dg/simulate-thread/speculative-store-4.c -O3 -g thread simulation test
FAIL: gcc.dg/simulate-thread/speculative-store.c -O0 -g thread simulation test
=== gcc Summary for unix ===
# of expected passes 103049
# of unexpected failures 6
# of expected failures 475
# of unsupported tests 2769
Running target unix/-m64
=== gcc Summary for unix/-m64 ===
# of expected passes 104184
# of expected failures 465
# of unsupported tests 2525
=== gcc Summary ===
# of expected passes 207233
# of unexpected failures 6
# of expected failures 940
# of unsupported tests 5294
/var/gcc/regression/gcc-8-branch/11-gcc/build/gcc/xgcc version 8.2.1 20190118 [gcc-8-branch revision 268052] (GCC)
=== gfortran tests ===
Running target unix
FAIL: gfortran.dg/allocate_with_source_12.f03 -O2 (test for excess errors)
FAIL: gfortran.dg/elemental_subroutine_3.f90 -O1 (test for excess errors)
FAIL: gfortran.dg/elemental_subroutine_3.f90 -O2 (test for excess errors)
FAIL: gfortran.dg/elemental_subroutine_3.f90 -O3 -fomit-frame-pointer -funroll-loops -fpeel-loops -ftracer -finline-functions (test for excess errors)
FAIL: gfortran.dg/elemental_subroutine_3.f90 -O3 -g (test for excess errors)
FAIL: gfortran.dg/elemental_subroutine_3.f90 -Os (test for excess errors)
FAIL: gfortran.dg/unlimited_polymorphic_30.f03 -O0 execution test
FAIL: gfortran.dg/unlimited_polymorphic_30.f03 -O1 execution test
=== gfortran Summary for unix ===
# of expected passes 47339
# of unexpected failures 8
# of expected failures 92
# of unsupported tests 263
Running target unix/-m64
FAIL: gfortran.dg/elemental_subroutine_3.f90 -O1 (test for excess errors)
FAIL: gfortran.dg/elemental_subroutine_3.f90 -O2 (test for excess errors)
FAIL: gfortran.dg/elemental_subroutine_3.f90 -O3 -fomit-frame-pointer -funroll-loops -fpeel-loops -ftracer -finline-functions (test for excess errors)
FAIL: gfortran.dg/elemental_subroutine_3.f90 -O3 -g (test for excess errors)
FAIL: gfortran.dg/elemental_subroutine_3.f90 -Os (test for excess errors)
FAIL: gfortran.dg/unlimited_polymorphic_30.f03 -O0 execution test
FAIL: gfortran.dg/unlimited_polymorphic_30.f03 -O1 execution test
FAIL: gfortran.dg/unlimited_polymorphic_30.f03 -O2 execution test
FAIL: gfortran.dg/unlimited_polymorphic_30.f03 -O3 -fomit-frame-pointer -funroll-loops -fpeel-loops -ftracer -finline-functions execution test
FAIL: gfortran.dg/unlimited_polymorphic_30.f03 -O3 -g execution test
FAIL: gfortran.dg/unlimited_polymorphic_30.f03 -Os execution test
=== gfortran Summary for unix/-m64 ===
# of expected passes 47583
# of unexpected failures 11
# of expected failures 92
# of unsupported tests 142
=== gfortran Summary ===
# of expected passes 94922
# of unexpected failures 19
# of expected failures 184
# of unsupported tests 405
/var/gcc/regression/gcc-8-branch/11-gcc/build/gcc/gfortran version 8.2.1 20190118 [gcc-8-branch revision 268052] (GCC)
=== gnat tests ===
Running target unix
=== gnat Summary for unix ===
# of expected passes 2671
# of expected failures 24
# of unsupported tests 23
Running target unix/-m64
FAIL: gnat.dg/sso/q4.adb -O3 -finline-functions (test for excess errors)
UNRESOLVED: gnat.dg/sso/q4.adb -O3 -finline-functions compilation failed to produce executable
FAIL: gnat.dg/sso/t7.adb -O2 (test for excess errors)
UNRESOLVED: gnat.dg/sso/t7.adb -O2 compilation failed to produce executable
=== gnat Summary for unix/-m64 ===
# of expected passes 2665
# of unexpected failures 2
# of expected failures 24
# of unresolved testcases 2
# of unsupported tests 23
=== gnat Summary ===
# of expected passes 5336
# of unexpected failures 2
# of expected failures 48
# of unresolved testcases 2
# of unsupported tests 46
/var/gcc/regression/gcc-8-branch/11-gcc/build/gcc/gnatmake version 8.2.1 20190118 [gcc-8-branch revision 268052]
=== go tests ===
Running target unix
FAIL: ./index0-out.go execution, -O0 -g -fno-var-tracking-assignments
FAIL: go.test/test/cmplxdivide.go
FAIL: go.test/test/fixedbugs/issue4562.go execution, -O2 -g
FAIL: go.test/test/nil.go execution, -O2 -g
WARNING: program timed out
=== go Summary for unix ===
# of expected passes 7390
# of unexpected failures 4
# of expected failures 1
# of untested testcases 11
# of unsupported tests 3
Running target unix/-m64
FAIL: ./index0-out.go execution, -O0 -g -fno-var-tracking-assignments
=== go Summary for unix/-m64 ===
# of expected passes 7273
# of unexpected failures 1
# of expected failures 1
# of untested testcases 11
# of unsupported tests 3
=== go Summary ===
# of expected passes 14663
# of unexpected failures 5
# of expected failures 2
# of untested testcases 22
# of unsupported tests 6
=== obj-c++ tests ===
Running target unix
=== obj-c++ Summary for unix ===
# of expected passes 1464
# of expected failures 2
# of unsupported tests 77
Running target unix/-m64
=== obj-c++ Summary for unix/-m64 ===
# of expected passes 1456
# of expected failures 10
# of unsupported tests 77
=== obj-c++ Summary ===
# of expected passes 2920
# of expected failures 12
# of unsupported tests 154
/var/gcc/regression/gcc-8-branch/11-gcc/build/gcc/xg++ version 8.2.1 20190118 [gcc-8-branch revision 268052] (GCC)
=== objc tests ===
Running target unix
=== objc Summary for unix ===
# of expected passes 2803
# of unsupported tests 68
Running target unix/-m64
=== objc Summary for unix/-m64 ===
# of expected passes 2803
# of unsupported tests 68
=== objc Summary ===
# of expected passes 5606
# of unsupported tests 136
/var/gcc/regression/gcc-8-branch/11-gcc/build/gcc/xgcc version 8.2.1 20190118 [gcc-8-branch revision 268052] (GCC)
=== gotools tests ===
FAIL: TestBuildComplex
FAIL: TestCpuprofileTwice
FAIL: TestFFLAGS
FAIL: TestFileLineInErrorMessages
FAIL: TestGoGenerateEnv
FAIL: TestGoListDeps
FAIL: TestIssue11709
FAIL: TestListTemplateContextFunction
FAIL: TestNoCache
FAIL: TestTestRebuild
FAIL: TestTwoPkgConfigs
FAIL: go test cmd/go
FAIL: TestBreakpoint
FAIL: TestCgoExecSignalMask
FAIL: TestCgoSignalDeadlock
FAIL: TestGccgoCrashTracebackNodebug
FAIL: TestPanicInlined
FAIL: TestSelectStackAdjust
FAIL: go test runtime
FAIL: go test misc/cgo/test
FAIL: TestCompileWithoutShared
FAIL: TestEarlySignalHandler
FAIL: TestInstall
FAIL: TestOsSignal
FAIL: TestPIE
FAIL: TestSIGPROF
FAIL: TestSigaltstack
FAIL: TestSignalForwarding
FAIL: TestSignalForwardingExternal
FAIL: go test misc/cgo/testcarchive
=== gotools Summary ===
# of expected passes 277
# of unexpected failures 30
# of untested testcases 189
/var/gcc/regression/gcc-8-branch/11-gcc/build/./gcc/gccgo version 8.2.1 20190118 [gcc-8-branch revision 268052] (GCC)
=== libatomic tests ===
Running target unix
=== libatomic Summary for unix ===
# of expected passes 44
# of unsupported tests 5
Running target unix/-m64
=== libatomic Summary for unix/-m64 ===
# of expected passes 54
=== libatomic Summary ===
# of expected passes 98
# of unsupported tests 5
=== libffi tests ===
Running target unix
FAIL: libffi.call/return_fl3.c -W -Wall -Wno-psabi -O2 execution test
=== libffi Summary for unix ===
# of expected passes 2213
# of unexpected failures 1
Running target unix/-m64
=== libffi Summary for unix/-m64 ===
# of expected passes 2214
=== libffi Summary ===
# of expected passes 4427
# of unexpected failures 1
=== libgo tests ===
Running target unix
FAIL: runtime
FAIL: go/build
FAIL: net/http
FAIL: os/signal
FAIL: runtime/pprof
=== libgo Summary for unix ===
# of expected passes 159
# of unexpected failures 5
Running target unix/-m64
FAIL: runtime
FAIL: go/build
FAIL: os/signal
=== libgo Summary for unix/-m64 ===
# of expected passes 161
# of unexpected failures 3
=== libgo Summary ===
# of expected passes 320
# of unexpected failures 8
/var/gcc/regression/gcc-8-branch/11-gcc/build/./gcc/gccgo version 8.2.1 20190118 [gcc-8-branch revision 268052] (GCC)
=== libgomp tests ===
Running target unix
=== libgomp Summary for unix ===
# of expected passes 5447
# of expected failures 1
# of unsupported tests 366
Running target unix/-m64
=== libgomp Summary for unix/-m64 ===
# of expected passes 5447
# of expected failures 1
# of unsupported tests 366
=== libgomp Summary ===
# of expected passes 10894
# of expected failures 2
# of unsupported tests 732
=== libitm tests ===
Running target unix
=== libitm Summary for unix ===
# of expected passes 42
# of expected failures 3
# of unsupported tests 1
Running target unix/-m64
=== libitm Summary for unix/-m64 ===
# of expected passes 42
# of expected failures 3
# of unsupported tests 1
=== libitm Summary ===
# of expected passes 84
# of expected failures 6
# of unsupported tests 2
=== libstdc++ tests ===
Running target unix
=== libstdc++ Summary for unix ===
# of expected passes 11406
# of expected failures 71
# of unsupported tests 639
Running target unix/-m64
=== libstdc++ Summary for unix/-m64 ===
# of expected passes 11406
# of expected failures 71
# of unsupported tests 639
=== libstdc++ Summary ===
# of expected passes 22812
# of expected failures 142
# of unsupported tests 1278
Compiler version: 8.2.1 20190118 [gcc-8-branch revision 268052] (GCC)
Platform: sparc-sun-solaris2.11
configure flags: --prefix=/vol/gcc --target=sparc-sun-solaris2.11 --enable-objc-gc --with-target-bdw-gc-include=/vol/gcc/include --with-target-bdw-gc-lib=/vol/gcc/lib,sparcv9=/vol/gcc/lib/sparcv9 --with-as=/usr/ccs/bin/as --without-gnu-as --with-gmp-include=/vol/gcc/include --with-gmp-lib=/vol/gcc/lib --with-mpfr-include=/vol/gcc/include --with-mpfr-lib=/vol/gcc/lib --with-mpc-include=/vol/gcc/include --with-mpc-lib=/vol/gcc/lib --enable-languages=all,ada,obj-c++,go --with-isl-include=/vol/gcc/include --with-isl-lib=/vol/gcc/lib --build=sparc-sun-solaris2.11 --host=sparc-sun-solaris2.11
BOOT_CFLAGS=-g -O2