This is the mail archive of the
gcc-testresults@gcc.gnu.org
mailing list for the GCC project.
Results for 9.0.0 20190117 (experimental) [master revision 268006] (GCC) testsuite on i686-pc-linux-gnu
- From: LINARO TCWG <tcwg-buildslave at linaro dot org>
- To: gcc-testresults at gcc dot gnu dot org
- Date: Thu, 17 Jan 2019 12:00:04 +0000
- Subject: Results for 9.0.0 20190117 (experimental) [master revision 268006] (GCC) testsuite on i686-pc-linux-gnu
LAST_UPDATED: Thu Jan 17 10:06:11 UTC 2019 (revision 268006)
Native configuration is i686-pc-linux-gnu
=== g++ tests ===
Running target tcwg-local
XPASS: c-c++-common/attr-nonstring-3.c -std=gnu++14 pr86688 (test for warnings, line 409)
XPASS: c-c++-common/attr-nonstring-3.c -std=gnu++17 pr86688 (test for warnings, line 409)
XPASS: c-c++-common/attr-nonstring-3.c -std=gnu++98 pr86688 (test for warnings, line 409)
FAIL: g++.dg/guality/pr55665.C -O2 line 23 p == 40
FAIL: g++.dg/guality/pr55665.C -O2 -flto -fno-use-linker-plugin -flto-partition=none line 23 p == 40
FAIL: g++.dg/guality/pr55665.C -O3 -g line 23 p == 40
=== g++ Summary ===
# of expected passes 130807
# of unexpected failures 3
# of unexpected successes 3
# of expected failures 542
# of unsupported tests 5496
/home/tcwg-buildslave/workspace/tcwg-buildfarm_0/_build/builds/i686-pc-linux-gnu/i686-pc-linux-gnu/gcc.git~master_rev_c5f929a49a289ef5e527fd2057cf58bd543848ef-stage2/gcc/xg++ version 9.0.0 20190117 (experimental) [master revision 268006] (GCC)
=== gcc tests ===
Running target tcwg-local
XPASS: c-c++-common/attr-nonstring-3.c -Wc++-compat pr86688 (test for warnings, line 409)
XPASS: gcc.dg/guality/example.c -O0 execution test
XPASS: gcc.dg/guality/example.c -O1 -DPREVENT_OPTIMIZATION execution test
XPASS: gcc.dg/guality/example.c -O2 -DPREVENT_OPTIMIZATION execution test
XPASS: gcc.dg/guality/example.c -O2 -flto -fno-use-linker-plugin -flto-partition=none -DPREVENT_OPTIMIZATION execution test
XPASS: gcc.dg/guality/example.c -Og -DPREVENT_OPTIMIZATION execution test
XPASS: gcc.dg/guality/guality.c -O0 execution test
XPASS: gcc.dg/guality/guality.c -O1 -DPREVENT_OPTIMIZATION execution test
XPASS: gcc.dg/guality/guality.c -O2 -DPREVENT_OPTIMIZATION execution test
XPASS: gcc.dg/guality/guality.c -O2 -flto -fno-use-linker-plugin -flto-partition=none -DPREVENT_OPTIMIZATION execution test
XPASS: gcc.dg/guality/guality.c -O2 -flto -fuse-linker-plugin -fno-fat-lto-objects -DPREVENT_OPTIMIZATION execution test
XPASS: gcc.dg/guality/guality.c -O3 -g -DPREVENT_OPTIMIZATION execution test
XPASS: gcc.dg/guality/guality.c -Os -DPREVENT_OPTIMIZATION execution test
XPASS: gcc.dg/guality/guality.c -Og -DPREVENT_OPTIMIZATION execution test
XPASS: gcc.dg/guality/inline-params.c -O2 -DPREVENT_OPTIMIZATION execution test
XPASS: gcc.dg/guality/inline-params.c -O2 -flto -fno-use-linker-plugin -flto-partition=none -DPREVENT_OPTIMIZATION execution test
XPASS: gcc.dg/guality/inline-params.c -O2 -flto -fuse-linker-plugin -fno-fat-lto-objects -DPREVENT_OPTIMIZATION execution test
XPASS: gcc.dg/guality/inline-params.c -O3 -g -DPREVENT_OPTIMIZATION execution test
XPASS: gcc.dg/guality/inline-params.c -Os -DPREVENT_OPTIMIZATION execution test
XPASS: gcc.dg/guality/pr41353-1.c -O0 line 28 j == 28 + 37
XPASS: gcc.dg/guality/pr41353-1.c -Os -DPREVENT_OPTIMIZATION line 28 j == 28 + 37
XPASS: gcc.dg/guality/pr41353-1.c -Og -DPREVENT_OPTIMIZATION line 28 j == 28 + 37
FAIL: gcc.dg/guality/pr41447-1.c -O2 -DPREVENT_OPTIMIZATION execution test
FAIL: gcc.dg/guality/pr41447-1.c -O2 -flto -fno-use-linker-plugin -flto-partition=none -DPREVENT_OPTIMIZATION execution test
FAIL: gcc.dg/guality/pr41447-1.c -O3 -g -DPREVENT_OPTIMIZATION execution test
FAIL: gcc.dg/guality/pr54519-1.c -O2 -flto -fno-use-linker-plugin -flto-partition=none -DPREVENT_OPTIMIZATION line 20 y == 25
FAIL: gcc.dg/guality/pr54519-1.c -O2 -flto -fno-use-linker-plugin -flto-partition=none -DPREVENT_OPTIMIZATION line 20 z == 6
FAIL: gcc.dg/guality/pr54519-1.c -O2 -flto -fno-use-linker-plugin -flto-partition=none -DPREVENT_OPTIMIZATION line 23 y == 117
FAIL: gcc.dg/guality/pr54519-1.c -O2 -flto -fno-use-linker-plugin -flto-partition=none -DPREVENT_OPTIMIZATION line 23 z == 8
FAIL: gcc.dg/guality/pr54519-1.c -O2 -flto -fuse-linker-plugin -fno-fat-lto-objects -DPREVENT_OPTIMIZATION line 20 y == 25
FAIL: gcc.dg/guality/pr54519-1.c -O2 -flto -fuse-linker-plugin -fno-fat-lto-objects -DPREVENT_OPTIMIZATION line 20 z == 6
FAIL: gcc.dg/guality/pr54519-1.c -O2 -flto -fuse-linker-plugin -fno-fat-lto-objects -DPREVENT_OPTIMIZATION line 23 y == 117
FAIL: gcc.dg/guality/pr54519-1.c -O2 -flto -fuse-linker-plugin -fno-fat-lto-objects -DPREVENT_OPTIMIZATION line 23 z == 8
FAIL: gcc.dg/guality/pr54519-2.c -O2 -flto -fno-use-linker-plugin -flto-partition=none -DPREVENT_OPTIMIZATION line 17 y == 25
FAIL: gcc.dg/guality/pr54519-2.c -O2 -flto -fuse-linker-plugin -fno-fat-lto-objects -DPREVENT_OPTIMIZATION line 17 y == 25
FAIL: gcc.dg/guality/pr54519-3.c -O2 -flto -fno-use-linker-plugin -flto-partition=none -DPREVENT_OPTIMIZATION line 20 y == 25
FAIL: gcc.dg/guality/pr54519-3.c -O2 -flto -fno-use-linker-plugin -flto-partition=none -DPREVENT_OPTIMIZATION line 20 z == 6
FAIL: gcc.dg/guality/pr54519-3.c -O2 -flto -fno-use-linker-plugin -flto-partition=none -DPREVENT_OPTIMIZATION line 23 y == 117
FAIL: gcc.dg/guality/pr54519-3.c -O2 -flto -fno-use-linker-plugin -flto-partition=none -DPREVENT_OPTIMIZATION line 23 z == 8
FAIL: gcc.dg/guality/pr54519-3.c -O2 -flto -fuse-linker-plugin -fno-fat-lto-objects -DPREVENT_OPTIMIZATION line 20 y == 25
FAIL: gcc.dg/guality/pr54519-3.c -O2 -flto -fuse-linker-plugin -fno-fat-lto-objects -DPREVENT_OPTIMIZATION line 20 z == 6
FAIL: gcc.dg/guality/pr54519-3.c -O2 -flto -fuse-linker-plugin -fno-fat-lto-objects -DPREVENT_OPTIMIZATION line 23 y == 117
FAIL: gcc.dg/guality/pr54519-3.c -O2 -flto -fuse-linker-plugin -fno-fat-lto-objects -DPREVENT_OPTIMIZATION line 23 z == 8
FAIL: gcc.dg/guality/pr54519-4.c -O2 -flto -fno-use-linker-plugin -flto-partition=none -DPREVENT_OPTIMIZATION line 17 y == 25
FAIL: gcc.dg/guality/pr54519-4.c -O2 -flto -fuse-linker-plugin -fno-fat-lto-objects -DPREVENT_OPTIMIZATION line 17 y == 25
FAIL: gcc.dg/guality/pr54519-5.c -O2 -flto -fno-use-linker-plugin -flto-partition=none -DPREVENT_OPTIMIZATION line 17 y == 25
FAIL: gcc.dg/guality/pr54519-5.c -O2 -flto -fuse-linker-plugin -fno-fat-lto-objects -DPREVENT_OPTIMIZATION line 17 y == 25
XPASS: gcc.dg/guality/pr54970.c -O0 line 31 a[0] == 4
XPASS: gcc.dg/guality/pr54970.c -O0 line 36 a[0] == 4
XPASS: gcc.dg/guality/pr54970.c -O0 line 45 a[0] == 4
XPASS: gcc.dg/guality/pr54970.c -O0 line 45 p[-2] == 4
XPASS: gcc.dg/guality/pr54970.c -O0 line 45 q[-1] == 4
FAIL: gcc.dg/guality/pr54970.c -Og -DPREVENT_OPTIMIZATION line 15 *p == 3
FAIL: gcc.dg/guality/pr54970.c -Og -DPREVENT_OPTIMIZATION line 15 *q == 2
FAIL: gcc.dg/guality/pr54970.c -Og -DPREVENT_OPTIMIZATION line 15 a[0] == 1
FAIL: gcc.dg/guality/pr54970.c -Og -DPREVENT_OPTIMIZATION line 15 a[1] == 2
FAIL: gcc.dg/guality/pr54970.c -Og -DPREVENT_OPTIMIZATION line 15 a[2] == 3
FAIL: gcc.dg/guality/pr54970.c -Og -DPREVENT_OPTIMIZATION line 20 *p == 13
FAIL: gcc.dg/guality/pr54970.c -Og -DPREVENT_OPTIMIZATION line 20 *q == 2
FAIL: gcc.dg/guality/pr54970.c -Og -DPREVENT_OPTIMIZATION line 20 a[0] == 1
FAIL: gcc.dg/guality/pr54970.c -Og -DPREVENT_OPTIMIZATION line 20 a[1] == 2
FAIL: gcc.dg/guality/pr54970.c -Og -DPREVENT_OPTIMIZATION line 20 a[2] == 13
FAIL: gcc.dg/guality/pr54970.c -Og -DPREVENT_OPTIMIZATION line 25 *p == 13
FAIL: gcc.dg/guality/pr54970.c -Og -DPREVENT_OPTIMIZATION line 25 *q == 12
FAIL: gcc.dg/guality/pr54970.c -Og -DPREVENT_OPTIMIZATION line 25 a[0] == 1
FAIL: gcc.dg/guality/pr54970.c -Og -DPREVENT_OPTIMIZATION line 25 a[1] == 12
FAIL: gcc.dg/guality/pr54970.c -Og -DPREVENT_OPTIMIZATION line 25 a[2] == 13
FAIL: gcc.dg/guality/pr54970.c -Og -DPREVENT_OPTIMIZATION line 31 *p == 6
FAIL: gcc.dg/guality/pr54970.c -Og -DPREVENT_OPTIMIZATION line 31 *q == 5
FAIL: gcc.dg/guality/pr54970.c -Og -DPREVENT_OPTIMIZATION line 31 a[1] == 5
FAIL: gcc.dg/guality/pr54970.c -Og -DPREVENT_OPTIMIZATION line 31 a[2] == 6
FAIL: gcc.dg/guality/pr54970.c -Og -DPREVENT_OPTIMIZATION line 36 *p == 26
FAIL: gcc.dg/guality/pr54970.c -Og -DPREVENT_OPTIMIZATION line 36 *q == 5
FAIL: gcc.dg/guality/pr54970.c -Og -DPREVENT_OPTIMIZATION line 36 a[1] == 5
FAIL: gcc.dg/guality/pr54970.c -Og -DPREVENT_OPTIMIZATION line 36 a[2] == 26
FAIL: gcc.dg/guality/pr54970.c -Og -DPREVENT_OPTIMIZATION line 45 *p == 26
FAIL: gcc.dg/guality/pr54970.c -Og -DPREVENT_OPTIMIZATION line 45 *q == 25
FAIL: gcc.dg/guality/pr54970.c -Og -DPREVENT_OPTIMIZATION line 45 a[1] == 25
FAIL: gcc.dg/guality/pr54970.c -Og -DPREVENT_OPTIMIZATION line 45 a[2] == 26
FAIL: gcc.dg/guality/pr54970.c -Og -DPREVENT_OPTIMIZATION line 45 p[-1] == 25
FAIL: gcc.dg/guality/pr54970.c -Og -DPREVENT_OPTIMIZATION line 45 q[1] == 26
FAIL: gcc.dg/guality/pr56154-1.c -Og -DPREVENT_OPTIMIZATION line pr56154-1.c:20 x.a == 6
FAIL: gcc.dg/guality/pr59776.c -Og -DPREVENT_OPTIMIZATION line pr59776.c:17 s1.f == 5.0
FAIL: gcc.dg/guality/pr59776.c -Og -DPREVENT_OPTIMIZATION line pr59776.c:17 s1.g == 6.0
FAIL: gcc.dg/guality/pr59776.c -Og -DPREVENT_OPTIMIZATION line pr59776.c:17 s2.f == 0.0
FAIL: gcc.dg/guality/pr59776.c -Og -DPREVENT_OPTIMIZATION line pr59776.c:17 s2.g == 6.0
FAIL: gcc.dg/guality/pr59776.c -Og -DPREVENT_OPTIMIZATION line pr59776.c:20 s1.f == 5.0
FAIL: gcc.dg/guality/pr59776.c -Og -DPREVENT_OPTIMIZATION line pr59776.c:20 s1.g == 6.0
FAIL: gcc.dg/guality/pr59776.c -Og -DPREVENT_OPTIMIZATION line pr59776.c:20 s2.f == 5.0
FAIL: gcc.dg/guality/pr59776.c -Og -DPREVENT_OPTIMIZATION line pr59776.c:20 s2.g == 6.0
FAIL: gcc.dg/guality/pr68860-1.c -O2 -flto -fno-use-linker-plugin -flto-partition=none -DPREVENT_OPTIMIZATION line 14 arg1 == 1
FAIL: gcc.dg/guality/pr68860-1.c -O2 -flto -fno-use-linker-plugin -flto-partition=none -DPREVENT_OPTIMIZATION line 14 arg2 == 2
FAIL: gcc.dg/guality/pr68860-1.c -O2 -flto -fno-use-linker-plugin -flto-partition=none -DPREVENT_OPTIMIZATION line 14 arg3 == 3
FAIL: gcc.dg/guality/pr68860-1.c -O2 -flto -fno-use-linker-plugin -flto-partition=none -DPREVENT_OPTIMIZATION line 14 arg4 == 4
FAIL: gcc.dg/guality/pr68860-1.c -O2 -flto -fno-use-linker-plugin -flto-partition=none -DPREVENT_OPTIMIZATION line 14 arg5 == 5
FAIL: gcc.dg/guality/pr68860-1.c -O2 -flto -fno-use-linker-plugin -flto-partition=none -DPREVENT_OPTIMIZATION line 14 arg6 == 6
FAIL: gcc.dg/guality/pr68860-1.c -O2 -flto -fno-use-linker-plugin -flto-partition=none -DPREVENT_OPTIMIZATION line 16 arg1 == 1
FAIL: gcc.dg/guality/pr68860-1.c -O2 -flto -fno-use-linker-plugin -flto-partition=none -DPREVENT_OPTIMIZATION line 16 arg2 == 2
FAIL: gcc.dg/guality/pr68860-1.c -O2 -flto -fno-use-linker-plugin -flto-partition=none -DPREVENT_OPTIMIZATION line 16 arg3 == 3
FAIL: gcc.dg/guality/pr68860-1.c -O2 -flto -fno-use-linker-plugin -flto-partition=none -DPREVENT_OPTIMIZATION line 16 arg4 == 4
FAIL: gcc.dg/guality/pr68860-1.c -O2 -flto -fno-use-linker-plugin -flto-partition=none -DPREVENT_OPTIMIZATION line 16 arg5 == 5
FAIL: gcc.dg/guality/pr68860-1.c -O2 -flto -fno-use-linker-plugin -flto-partition=none -DPREVENT_OPTIMIZATION line 16 arg6 == 6
FAIL: gcc.dg/guality/pr68860-1.c -O2 -flto -fuse-linker-plugin -fno-fat-lto-objects -DPREVENT_OPTIMIZATION line 14 arg1 == 1
FAIL: gcc.dg/guality/pr68860-1.c -O2 -flto -fuse-linker-plugin -fno-fat-lto-objects -DPREVENT_OPTIMIZATION line 14 arg2 == 2
FAIL: gcc.dg/guality/pr68860-1.c -O2 -flto -fuse-linker-plugin -fno-fat-lto-objects -DPREVENT_OPTIMIZATION line 14 arg3 == 3
FAIL: gcc.dg/guality/pr68860-1.c -O2 -flto -fuse-linker-plugin -fno-fat-lto-objects -DPREVENT_OPTIMIZATION line 14 arg4 == 4
FAIL: gcc.dg/guality/pr68860-1.c -O2 -flto -fuse-linker-plugin -fno-fat-lto-objects -DPREVENT_OPTIMIZATION line 14 arg5 == 5
FAIL: gcc.dg/guality/pr68860-1.c -O2 -flto -fuse-linker-plugin -fno-fat-lto-objects -DPREVENT_OPTIMIZATION line 14 arg6 == 6
FAIL: gcc.dg/guality/pr68860-1.c -O2 -flto -fuse-linker-plugin -fno-fat-lto-objects -DPREVENT_OPTIMIZATION line 16 arg1 == 1
FAIL: gcc.dg/guality/pr68860-1.c -O2 -flto -fuse-linker-plugin -fno-fat-lto-objects -DPREVENT_OPTIMIZATION line 16 arg2 == 2
FAIL: gcc.dg/guality/pr68860-1.c -O2 -flto -fuse-linker-plugin -fno-fat-lto-objects -DPREVENT_OPTIMIZATION line 16 arg3 == 3
FAIL: gcc.dg/guality/pr68860-1.c -O2 -flto -fuse-linker-plugin -fno-fat-lto-objects -DPREVENT_OPTIMIZATION line 16 arg4 == 4
FAIL: gcc.dg/guality/pr68860-1.c -O2 -flto -fuse-linker-plugin -fno-fat-lto-objects -DPREVENT_OPTIMIZATION line 16 arg5 == 5
FAIL: gcc.dg/guality/pr68860-1.c -O2 -flto -fuse-linker-plugin -fno-fat-lto-objects -DPREVENT_OPTIMIZATION line 16 arg6 == 6
FAIL: gcc.dg/guality/sra-1.c -Og -DPREVENT_OPTIMIZATION line 21 a.i == 4
FAIL: gcc.dg/guality/sra-1.c -Og -DPREVENT_OPTIMIZATION line 21 a.j == 14
FAIL: gcc.dg/guality/sra-1.c -Og -DPREVENT_OPTIMIZATION line 32 a[0] == 4
FAIL: gcc.dg/guality/sra-1.c -Og -DPREVENT_OPTIMIZATION line 32 a[1] == 14
FAIL: gcc.dg/guality/sra-1.c -Og -DPREVENT_OPTIMIZATION line 43 a.i == 4
FAIL: gcc.dg/guality/sra-1.c -Og -DPREVENT_OPTIMIZATION line 43 a.j == 14
FAIL: gcc.dg/guality/vla-1.c -O1 -DPREVENT_OPTIMIZATION line 17 sizeof (a) == 6
FAIL: gcc.dg/guality/vla-1.c -O2 -DPREVENT_OPTIMIZATION line 17 sizeof (a) == 6
FAIL: gcc.dg/guality/vla-1.c -O2 -flto -fno-use-linker-plugin -flto-partition=none -DPREVENT_OPTIMIZATION line 17 sizeof (a) == 6
FAIL: gcc.dg/guality/vla-1.c -O2 -flto -fuse-linker-plugin -fno-fat-lto-objects -DPREVENT_OPTIMIZATION line 17 sizeof (a) == 6
FAIL: gcc.dg/guality/vla-1.c -O3 -g -DPREVENT_OPTIMIZATION line 17 sizeof (a) == 6
FAIL: gcc.dg/guality/vla-1.c -Os -DPREVENT_OPTIMIZATION line 17 sizeof (a) == 6
FAIL: gcc.dg/tree-ssa/builtin-sprintf-10.c (test for excess errors)
FAIL: gcc.dg/tree-ssa/builtin-sprintf-warn-18.c second (test for warnings, line 120)
FAIL: gcc.dg/tree-ssa/builtin-sprintf-warn-18.c second (test for warnings, line 122)
XPASS: gcc.dg/vect/vect-24.c -flto -ffat-lto-objects scan-tree-dump-times vect "vectorized 3 loops" 1
XPASS: gcc.dg/vect/vect-24.c scan-tree-dump-times vect "vectorized 3 loops" 1
FAIL: gcc.target/i386/gfni-4.c (test for excess errors)
UNRESOLVED: gcc.target/i386/gfni-4.c scan-assembler-times gf2p8affineinvqb[ \\\\t]+[^{\\n]*\\\\\$3[^\\n\\r]*%xmm[0-9]+[^\\n\\r]*%xmm[0-9]+(?:\\n|[ \\\\t]+#) 1
UNRESOLVED: gcc.target/i386/gfni-4.c scan-assembler-times gf2p8affineqb[ \\\\t]+[^{\\n]*\\\\\$3[^\\n\\r]*%xmm[0-9]+[^\\n\\r]*%xmm[0-9]+(?:\\n|[ \\\\t]+#) 1
UNRESOLVED: gcc.target/i386/gfni-4.c scan-assembler-times gf2p8mulb[ \\\\t]+[^{\\n]*%xmm[0-9]+[^\\n\\r]*%xmm[0-9]+(?:\\n|[ \\\\t]+#) 1
FAIL: gcc.target/i386/pr57193.c scan-assembler-times movdqa 2
FAIL: gcc.target/i386/pr81563.c scan-assembler-times movl[\\\\t ]*-4\\\\(%ebp\\\\),[\\\\t ]*%edi 1
FAIL: gcc.target/i386/pr81563.c scan-assembler-times movl[\\\\t ]*-8\\\\(%ebp\\\\),[\\\\t ]*%esi 1
=== gcc Summary ===
# of expected passes 139284
# of unexpected failures 106
# of unexpected successes 29
# of expected failures 540
# of unresolved testcases 3
# of unsupported tests 2550
/home/tcwg-buildslave/workspace/tcwg-buildfarm_0/_build/builds/i686-pc-linux-gnu/i686-pc-linux-gnu/gcc.git~master_rev_c5f929a49a289ef5e527fd2057cf58bd543848ef-stage2/gcc/xgcc version 9.0.0 20190117 (experimental) [master revision 268006] (GCC)
=== gfortran tests ===
Running target tcwg-local
UNRESOLVED: gfortran.dg/actual_array_substr_3.f90 -O scan-tree-dump-not original "memmove"
FAIL: gfortran.dg/actual_array_substr_3.f90 -O (internal compiler error)
FAIL: gfortran.dg/actual_array_substr_3.f90 -O (test for excess errors)
FAIL: gfortran.dg/argument_checking_13.f90 -O (test for errors, line 75)
FAIL: gfortran.dg/argument_checking_13.f90 -O (test for errors, line 76)
FAIL: gfortran.dg/argument_checking_13.f90 -O (test for errors, line 77)
FAIL: gfortran.dg/argument_checking_13.f90 -O (test for errors, line 80)
FAIL: gfortran.dg/argument_checking_13.f90 -O (test for errors, line 81)
FAIL: gfortran.dg/argument_checking_13.f90 -O (test for errors, line 82)
FAIL: gfortran.dg/argument_checking_13.f90 -O (internal compiler error)
FAIL: gfortran.dg/argument_checking_13.f90 -O (test for excess errors)
FAIL: gfortran.dg/argument_checking_14.f90 -O (test for errors, line 41)
FAIL: gfortran.dg/argument_checking_14.f90 -O (test for errors, line 42)
FAIL: gfortran.dg/argument_checking_14.f90 -O (test for errors, line 43)
FAIL: gfortran.dg/argument_checking_14.f90 -O (test for errors, line 60)
FAIL: gfortran.dg/argument_checking_14.f90 -O (test for errors, line 61)
FAIL: gfortran.dg/argument_checking_14.f90 -O (test for errors, line 62)
FAIL: gfortran.dg/argument_checking_14.f90 -O (test for errors, line 65)
FAIL: gfortran.dg/argument_checking_14.f90 -O (test for errors, line 66)
FAIL: gfortran.dg/argument_checking_14.f90 -O (test for errors, line 67)
FAIL: gfortran.dg/argument_checking_14.f90 -O (internal compiler error)
FAIL: gfortran.dg/argument_checking_14.f90 -O (test for excess errors)
FAIL: gfortran.dg/char_pointer_assign_6.f90 -O (test for errors, line 10)
FAIL: gfortran.dg/char_pointer_assign_6.f90 -O (test for errors, line 9)
FAIL: gfortran.dg/char_pointer_assign_6.f90 -O (internal compiler error)
FAIL: gfortran.dg/char_pointer_assign_6.f90 -O (test for excess errors)
FAIL: gfortran.dg/ichar_1.f90 -O (internal compiler error)
FAIL: gfortran.dg/ichar_1.f90 -O (test for excess errors)
UNRESOLVED: gfortran.dg/internal_pack_9.f90 -O scan-tree-dump-times original "unpack" 3
FAIL: gfortran.dg/internal_pack_9.f90 -O (internal compiler error)
FAIL: gfortran.dg/internal_pack_9.f90 -O (test for excess errors)
FAIL: gfortran.dg/namelist_14.f90 -O0 (internal compiler error)
FAIL: gfortran.dg/namelist_14.f90 -O0 (test for excess errors)
UNRESOLVED: gfortran.dg/namelist_14.f90 -O0 compilation failed to produce executable
FAIL: gfortran.dg/namelist_14.f90 -O1 (internal compiler error)
FAIL: gfortran.dg/namelist_14.f90 -O1 (test for excess errors)
UNRESOLVED: gfortran.dg/namelist_14.f90 -O1 compilation failed to produce executable
FAIL: gfortran.dg/namelist_14.f90 -O2 (internal compiler error)
FAIL: gfortran.dg/namelist_14.f90 -O2 (test for excess errors)
UNRESOLVED: gfortran.dg/namelist_14.f90 -O2 compilation failed to produce executable
FAIL: gfortran.dg/namelist_14.f90 -O3 -fomit-frame-pointer -funroll-loops -fpeel-loops -ftracer -finline-functions (internal compiler error)
FAIL: gfortran.dg/namelist_14.f90 -O3 -fomit-frame-pointer -funroll-loops -fpeel-loops -ftracer -finline-functions (test for excess errors)
UNRESOLVED: gfortran.dg/namelist_14.f90 -O3 -fomit-frame-pointer -funroll-loops -fpeel-loops -ftracer -finline-functions compilation failed to produce executable
FAIL: gfortran.dg/namelist_14.f90 -O3 -g (internal compiler error)
FAIL: gfortran.dg/namelist_14.f90 -O3 -g (test for excess errors)
UNRESOLVED: gfortran.dg/namelist_14.f90 -O3 -g compilation failed to produce executable
FAIL: gfortran.dg/namelist_14.f90 -Os (internal compiler error)
FAIL: gfortran.dg/namelist_14.f90 -Os (test for excess errors)
UNRESOLVED: gfortran.dg/namelist_14.f90 -Os compilation failed to produce executable
FAIL: gfortran.dg/pr79966.f90 -O scan-ipa-dump inline "Inlined tp_sum/[0-9]+ into runtptests/[0-9]+"
FAIL: gfortran.dg/read_3.f90 -O0 (internal compiler error)
FAIL: gfortran.dg/read_3.f90 -O0 (test for excess errors)
UNRESOLVED: gfortran.dg/read_3.f90 -O0 compilation failed to produce executable
FAIL: gfortran.dg/read_3.f90 -O1 (internal compiler error)
FAIL: gfortran.dg/read_3.f90 -O1 (test for excess errors)
UNRESOLVED: gfortran.dg/read_3.f90 -O1 compilation failed to produce executable
FAIL: gfortran.dg/read_3.f90 -O2 (internal compiler error)
FAIL: gfortran.dg/read_3.f90 -O2 (test for excess errors)
UNRESOLVED: gfortran.dg/read_3.f90 -O2 compilation failed to produce executable
FAIL: gfortran.dg/read_3.f90 -O3 -fomit-frame-pointer -funroll-loops -fpeel-loops -ftracer -finline-functions (internal compiler error)
FAIL: gfortran.dg/read_3.f90 -O3 -fomit-frame-pointer -funroll-loops -fpeel-loops -ftracer -finline-functions (test for excess errors)
UNRESOLVED: gfortran.dg/read_3.f90 -O3 -fomit-frame-pointer -funroll-loops -fpeel-loops -ftracer -finline-functions compilation failed to produce executable
FAIL: gfortran.dg/read_3.f90 -O3 -g (internal compiler error)
FAIL: gfortran.dg/read_3.f90 -O3 -g (test for excess errors)
UNRESOLVED: gfortran.dg/read_3.f90 -O3 -g compilation failed to produce executable
FAIL: gfortran.dg/read_3.f90 -Os (internal compiler error)
FAIL: gfortran.dg/read_3.f90 -Os (test for excess errors)
UNRESOLVED: gfortran.dg/read_3.f90 -Os compilation failed to produce executable
FAIL: gfortran.dg/string_compare_3.f90 -O0 (internal compiler error)
FAIL: gfortran.dg/string_compare_3.f90 -O0 (test for excess errors)
UNRESOLVED: gfortran.dg/string_compare_3.f90 -O0 compilation failed to produce executable
FAIL: gfortran.dg/string_compare_3.f90 -O1 (internal compiler error)
FAIL: gfortran.dg/string_compare_3.f90 -O1 (test for excess errors)
UNRESOLVED: gfortran.dg/string_compare_3.f90 -O1 compilation failed to produce executable
FAIL: gfortran.dg/string_compare_3.f90 -O2 (internal compiler error)
FAIL: gfortran.dg/string_compare_3.f90 -O2 (test for excess errors)
UNRESOLVED: gfortran.dg/string_compare_3.f90 -O2 compilation failed to produce executable
FAIL: gfortran.dg/string_compare_3.f90 -O3 -fomit-frame-pointer -funroll-loops -fpeel-loops -ftracer -finline-functions (internal compiler error)
FAIL: gfortran.dg/string_compare_3.f90 -O3 -fomit-frame-pointer -funroll-loops -fpeel-loops -ftracer -finline-functions (test for excess errors)
UNRESOLVED: gfortran.dg/string_compare_3.f90 -O3 -fomit-frame-pointer -funroll-loops -fpeel-loops -ftracer -finline-functions compilation failed to produce executable
FAIL: gfortran.dg/string_compare_3.f90 -O3 -g (internal compiler error)
FAIL: gfortran.dg/string_compare_3.f90 -O3 -g (test for excess errors)
UNRESOLVED: gfortran.dg/string_compare_3.f90 -O3 -g compilation failed to produce executable
FAIL: gfortran.dg/string_compare_3.f90 -Os (internal compiler error)
FAIL: gfortran.dg/string_compare_3.f90 -Os (test for excess errors)
UNRESOLVED: gfortran.dg/string_compare_3.f90 -Os compilation failed to produce executable
FAIL: gfortran.dg/substr_2.f -O0 (internal compiler error)
FAIL: gfortran.dg/substr_2.f -O0 (test for excess errors)
UNRESOLVED: gfortran.dg/substr_2.f -O0 compilation failed to produce executable
FAIL: gfortran.dg/substr_2.f -O1 (internal compiler error)
FAIL: gfortran.dg/substr_2.f -O1 (test for excess errors)
UNRESOLVED: gfortran.dg/substr_2.f -O1 compilation failed to produce executable
FAIL: gfortran.dg/substr_2.f -O2 (internal compiler error)
FAIL: gfortran.dg/substr_2.f -O2 (test for excess errors)
UNRESOLVED: gfortran.dg/substr_2.f -O2 compilation failed to produce executable
FAIL: gfortran.dg/substr_2.f -O3 -fomit-frame-pointer -funroll-loops -fpeel-loops -ftracer -finline-functions (internal compiler error)
FAIL: gfortran.dg/substr_2.f -O3 -fomit-frame-pointer -funroll-loops -fpeel-loops -ftracer -finline-functions (test for excess errors)
UNRESOLVED: gfortran.dg/substr_2.f -O3 -fomit-frame-pointer -funroll-loops -fpeel-loops -ftracer -finline-functions compilation failed to produce executable
FAIL: gfortran.dg/substr_2.f -O3 -g (internal compiler error)
FAIL: gfortran.dg/substr_2.f -O3 -g (test for excess errors)
UNRESOLVED: gfortran.dg/substr_2.f -O3 -g compilation failed to produce executable
FAIL: gfortran.dg/substr_2.f -Os (internal compiler error)
FAIL: gfortran.dg/substr_2.f -Os (test for excess errors)
UNRESOLVED: gfortran.dg/substr_2.f -Os compilation failed to produce executable
FAIL: gfortran.dg/substr_3.f -O0 (internal compiler error)
FAIL: gfortran.dg/substr_3.f -O0 (test for excess errors)
UNRESOLVED: gfortran.dg/substr_3.f -O0 compilation failed to produce executable
FAIL: gfortran.dg/substr_3.f -O1 (internal compiler error)
FAIL: gfortran.dg/substr_3.f -O1 (test for excess errors)
UNRESOLVED: gfortran.dg/substr_3.f -O1 compilation failed to produce executable
FAIL: gfortran.dg/substr_3.f -O2 (internal compiler error)
FAIL: gfortran.dg/substr_3.f -O2 (test for excess errors)
UNRESOLVED: gfortran.dg/substr_3.f -O2 compilation failed to produce executable
FAIL: gfortran.dg/substr_3.f -O3 -fomit-frame-pointer -funroll-loops -fpeel-loops -ftracer -finline-functions (internal compiler error)
FAIL: gfortran.dg/substr_3.f -O3 -fomit-frame-pointer -funroll-loops -fpeel-loops -ftracer -finline-functions (test for excess errors)
UNRESOLVED: gfortran.dg/substr_3.f -O3 -fomit-frame-pointer -funroll-loops -fpeel-loops -ftracer -finline-functions compilation failed to produce executable
FAIL: gfortran.dg/substr_3.f -O3 -g (internal compiler error)
FAIL: gfortran.dg/substr_3.f -O3 -g (test for excess errors)
UNRESOLVED: gfortran.dg/substr_3.f -O3 -g compilation failed to produce executable
FAIL: gfortran.dg/substr_3.f -Os (internal compiler error)
FAIL: gfortran.dg/substr_3.f -Os (test for excess errors)
UNRESOLVED: gfortran.dg/substr_3.f -Os compilation failed to produce executable
FAIL: gfortran.dg/substr_6.f90 -O0 (internal compiler error)
FAIL: gfortran.dg/substr_6.f90 -O0 (test for excess errors)
UNRESOLVED: gfortran.dg/substr_6.f90 -O0 compilation failed to produce executable
FAIL: gfortran.dg/substr_6.f90 -O1 (internal compiler error)
FAIL: gfortran.dg/substr_6.f90 -O1 (test for excess errors)
UNRESOLVED: gfortran.dg/substr_6.f90 -O1 compilation failed to produce executable
FAIL: gfortran.dg/substr_6.f90 -O2 (internal compiler error)
FAIL: gfortran.dg/substr_6.f90 -O2 (test for excess errors)
UNRESOLVED: gfortran.dg/substr_6.f90 -O2 compilation failed to produce executable
FAIL: gfortran.dg/substr_6.f90 -O3 -fomit-frame-pointer -funroll-loops -fpeel-loops -ftracer -finline-functions (internal compiler error)
FAIL: gfortran.dg/substr_6.f90 -O3 -fomit-frame-pointer -funroll-loops -fpeel-loops -ftracer -finline-functions (test for excess errors)
UNRESOLVED: gfortran.dg/substr_6.f90 -O3 -fomit-frame-pointer -funroll-loops -fpeel-loops -ftracer -finline-functions compilation failed to produce executable
FAIL: gfortran.dg/substr_6.f90 -O3 -g (internal compiler error)
FAIL: gfortran.dg/substr_6.f90 -O3 -g (test for excess errors)
UNRESOLVED: gfortran.dg/substr_6.f90 -O3 -g compilation failed to produce executable
FAIL: gfortran.dg/substr_6.f90 -Os (internal compiler error)
FAIL: gfortran.dg/substr_6.f90 -Os (test for excess errors)
UNRESOLVED: gfortran.dg/substr_6.f90 -Os compilation failed to produce executable
FAIL: gfortran.dg/transfer_check_3.f90 -O (internal compiler error)
FAIL: gfortran.dg/transfer_check_3.f90 -O (test for excess errors)
FAIL: gfortran.dg/vect/fast-math-mgrid-resid.f -O scan-tree-dump pcom "vectp_u.*__lsm.* = PHI <.*vectp_u.*__lsm"
FAIL: gfortran.fortran-torture/execute/transfer2.f90, -O0 (internal compiler error)
FAIL: gfortran.fortran-torture/execute/transfer2.f90, -O1 (internal compiler error)
FAIL: gfortran.fortran-torture/execute/transfer2.f90, -O2 (internal compiler error)
FAIL: gfortran.fortran-torture/execute/transfer2.f90, -O2 -fbounds-check (internal compiler error)
FAIL: gfortran.fortran-torture/execute/transfer2.f90, -O2 -fomit-frame-pointer -finline-functions (internal compiler error)
FAIL: gfortran.fortran-torture/execute/transfer2.f90, -O2 -fomit-frame-pointer -finline-functions -funroll-loops (internal compiler error)
FAIL: gfortran.fortran-torture/execute/transfer2.f90, -O3 -g (internal compiler error)
FAIL: gfortran.fortran-torture/execute/transfer2.f90, -Os (internal compiler error)
FAIL: gfortran.fortran-torture/execute/transfer2.f90, -O2 -ftree-vectorize -msse2 (internal compiler error)
=== gfortran Summary ===
# of expected passes 48396
# of unexpected failures 114
# of expected failures 120
# of unresolved testcases 38
# of unsupported tests 179
/home/tcwg-buildslave/workspace/tcwg-buildfarm_0/_build/builds/i686-pc-linux-gnu/i686-pc-linux-gnu/gcc.git~master_rev_c5f929a49a289ef5e527fd2057cf58bd543848ef-stage2/gcc/gfortran version 9.0.0 20190117 (experimental) [master revision 268006] (GCC)
=== obj-c++ tests ===
Running target tcwg-local
=== obj-c++ Summary ===
# of expected passes 1466
# of expected failures 2
# of unsupported tests 77
/home/tcwg-buildslave/workspace/tcwg-buildfarm_0/_build/builds/i686-pc-linux-gnu/i686-pc-linux-gnu/gcc.git~master_rev_c5f929a49a289ef5e527fd2057cf58bd543848ef-stage2/gcc/xg++ version 9.0.0 20190117 (experimental) [master revision 268006] (GCC)
=== objc tests ===
Running target tcwg-local
=== objc Summary ===
# of expected passes 2797
# of expected failures 6
# of unsupported tests 68
/home/tcwg-buildslave/workspace/tcwg-buildfarm_0/_build/builds/i686-pc-linux-gnu/i686-pc-linux-gnu/gcc.git~master_rev_c5f929a49a289ef5e527fd2057cf58bd543848ef-stage2/gcc/xgcc version 9.0.0 20190117 (experimental) [master revision 268006] (GCC)
=== libatomic tests ===
Running target tcwg-local
=== libatomic Summary ===
# of expected passes 44
# of unsupported tests 5
=== libgomp tests ===
Running target tcwg-local
=== libgomp Summary ===
# of expected passes 6443
# of expected failures 2
# of unsupported tests 347
=== libitm tests ===
Running target tcwg-local
=== libitm Summary ===
# of expected passes 42
# of expected failures 3
# of unsupported tests 1
=== libstdc++ tests ===
Running target tcwg-local
FAIL: experimental/memory_resource/new_delete_resource.cc execution test
FAIL: libstdc++-prettyprinters/80276.cc whatis p4
FAIL: libstdc++-prettyprinters/80276.cc whatis p4
FAIL: libstdc++-prettyprinters/cxx17.cc print p
FAIL: libstdc++-prettyprinters/cxx17.cc print p
FAIL: libstdc++-prettyprinters/cxx17.cc print q
FAIL: libstdc++-prettyprinters/cxx17.cc print q
FAIL: libstdc++-prettyprinters/cxx17.cc print wp
FAIL: libstdc++-prettyprinters/cxx17.cc print wp
FAIL: libstdc++-prettyprinters/cxx17.cc print wq
FAIL: libstdc++-prettyprinters/cxx17.cc print wq
FAIL: libstdc++-prettyprinters/shared_ptr.cc print sp1
FAIL: libstdc++-prettyprinters/shared_ptr.cc print sp1
FAIL: libstdc++-prettyprinters/shared_ptr.cc print wp1
FAIL: libstdc++-prettyprinters/shared_ptr.cc print wp1
FAIL: libstdc++-prettyprinters/shared_ptr.cc print wp2
FAIL: libstdc++-prettyprinters/shared_ptr.cc print wp2
=== libstdc++ Summary ===
# of expected passes 12806
# of unexpected failures 17
# of expected failures 77
# of unsupported tests 611
Compiler version: 9.0.0 20190117 (experimental) [master revision 268006] (GCC)
Platform: i686-pc-linux-gnu
configure flags: SHELL=/bin/bash --with-mpc=/home/tcwg-buildslave/workspace/tcwg-buildfarm_0/_build/builds/destdir/i686-pc-linux-gnu --with-mpfr=/home/tcwg-buildslave/workspace/tcwg-buildfarm_0/_build/builds/destdir/i686-pc-linux-gnu --with-gmp=/home/tcwg-buildslave/workspace/tcwg-buildfarm_0/_build/builds/destdir/i686-pc-linux-gnu --with-gnu-as --with-gnu-ld --disable-libmudflap --enable-lto --enable-shared --without-included-gettext --enable-nls --with-system-zlib --disable-sjlj-exceptions --enable-gnu-unique-object --enable-linker-build-id --disable-libstdcxx-pch --enable-c99 --enable-clocale=gnu --enable-libstdcxx-debug --enable-long-long --with-cloog=no --with-ppl=no --with-isl=no --disable-multilib --enable-threads=posix --enable-multiarch --enable-libstdcxx-time=yes --enable-gnu-indirect-function --enable-checking=yes --enable-bootstrap --enable-languages=c,c++,fortran,lto,objc,obj-c++ --build=i686-pc-linux-gnu --host=i686-pc-linux-gnu --target=i686-pc-linux-gnu --prefix=/home
/tcwg-buildslave/workspace/tcwg-buildfarm_0/_build/builds/destdir/i686-pc-linux-gnu