This is the mail archive of the
gcc-testresults@gcc.gnu.org
mailing list for the GCC project.
Results for 9.0.0 20190109 (experimental) [master revision 267789] (GCC) testsuite on aarch64-unknown-linux-gnu
- From: LINARO TCWG <tcwg-buildslave at linaro dot org>
- To: gcc-testresults at gcc dot gnu dot org
- Date: Thu, 10 Jan 2019 06:55:25 +0000
- Subject: Results for 9.0.0 20190109 (experimental) [master revision 267789] (GCC) testsuite on aarch64-unknown-linux-gnu
LAST_UPDATED: Thu Jan 10 02:05:36 UTC 2019 (revision 267789)
Native configuration is aarch64-unknown-linux-gnu
=== libatomic tests ===
Running target tcwg-local
=== libatomic Summary ===
# of expected passes 54
=== libgomp tests ===
Running target tcwg-local
=== libgomp Summary ===
# of expected passes 6245
# of unsupported tests 400
=== libitm tests ===
Running target tcwg-local
=== libitm Summary ===
# of expected passes 42
# of expected failures 3
# of unsupported tests 1
=== libstdc++ tests ===
Running target tcwg-local
FAIL: 27_io/filesystem/path/compare/strings.cc execution test
FAIL: libstdc++-prettyprinters/80276.cc whatis p4
FAIL: libstdc++-prettyprinters/80276.cc whatis p4
FAIL: libstdc++-prettyprinters/cxx17.cc print p
FAIL: libstdc++-prettyprinters/cxx17.cc print p
FAIL: libstdc++-prettyprinters/cxx17.cc print q
FAIL: libstdc++-prettyprinters/cxx17.cc print q
FAIL: libstdc++-prettyprinters/cxx17.cc print wp
FAIL: libstdc++-prettyprinters/cxx17.cc print wp
FAIL: libstdc++-prettyprinters/cxx17.cc print wq
FAIL: libstdc++-prettyprinters/cxx17.cc print wq
FAIL: libstdc++-prettyprinters/shared_ptr.cc print sp1
FAIL: libstdc++-prettyprinters/shared_ptr.cc print sp1
FAIL: libstdc++-prettyprinters/shared_ptr.cc print wp1
FAIL: libstdc++-prettyprinters/shared_ptr.cc print wp1
FAIL: libstdc++-prettyprinters/shared_ptr.cc print wp2
FAIL: libstdc++-prettyprinters/shared_ptr.cc print wp2
=== libstdc++ Summary ===
# of expected passes 12549
# of unexpected failures 17
# of expected failures 77
# of unsupported tests 639
=== g++ tests ===
Running target tcwg-local
FAIL: c-c++-common/pr51628-10.c -std=gnu++14 execution test
FAIL: c-c++-common/pr51628-10.c -std=gnu++17 execution test
FAIL: c-c++-common/pr51628-10.c -std=gnu++98 execution test
FAIL: g++.dg/guality/pr55665.C -O2 line 23 p == 40
FAIL: g++.dg/guality/pr55665.C -O2 -flto -fno-use-linker-plugin -flto-partition=none line 23 p == 40
FAIL: g++.dg/guality/pr55665.C -O3 -g line 23 p == 40
=== g++ Summary ===
# of expected passes 128763
# of unexpected failures 6
# of expected failures 548
# of unsupported tests 6071
/home/tcwg-buildslave/workspace/tcwg-buildfarm_0/_build/builds/aarch64-unknown-linux-gnu/aarch64-unknown-linux-gnu/gcc.git~master_rev_c8059ac97b44da9e713198432a64e7421f4ae195-stage2/gcc/xg++ version 9.0.0 20190109 (experimental) [master revision 267789] (GCC)
=== gcc tests ===
Running target tcwg-local
FAIL: gcc.dg/debug/dwarf2/inline5.c scan-assembler-times DW_TAG_lexical_block\\\\)[^#/!]*[#/!] DW_AT_abstract_origin 2
FAIL: gcc.dg/debug/dwarf2/inline5.c scan-assembler-times DW_TAG_lexical_block\\\\)[^#/!]*[#/!] \\\\(DIE \\\\(0x[0-9a-f]*\\\\) DW_TAG_variable 1
FAIL: c-c++-common/pr51628-10.c -Wc++-compat execution test
XPASS: gcc.dg/guality/example.c -O0 execution test
XPASS: gcc.dg/guality/example.c -O1 -DPREVENT_OPTIMIZATION execution test
XPASS: gcc.dg/guality/example.c -O2 -DPREVENT_OPTIMIZATION execution test
XPASS: gcc.dg/guality/example.c -O2 -flto -fno-use-linker-plugin -flto-partition=none -DPREVENT_OPTIMIZATION execution test
XPASS: gcc.dg/guality/example.c -Os -DPREVENT_OPTIMIZATION execution test
XPASS: gcc.dg/guality/example.c -Og -DPREVENT_OPTIMIZATION execution test
XPASS: gcc.dg/guality/guality.c -O0 execution test
XPASS: gcc.dg/guality/guality.c -O1 -DPREVENT_OPTIMIZATION execution test
XPASS: gcc.dg/guality/guality.c -O2 -DPREVENT_OPTIMIZATION execution test
XPASS: gcc.dg/guality/guality.c -O2 -flto -fno-use-linker-plugin -flto-partition=none -DPREVENT_OPTIMIZATION execution test
XPASS: gcc.dg/guality/guality.c -O2 -flto -fuse-linker-plugin -fno-fat-lto-objects -DPREVENT_OPTIMIZATION execution test
XPASS: gcc.dg/guality/guality.c -O3 -g -DPREVENT_OPTIMIZATION execution test
XPASS: gcc.dg/guality/guality.c -Os -DPREVENT_OPTIMIZATION execution test
XPASS: gcc.dg/guality/guality.c -Og -DPREVENT_OPTIMIZATION execution test
XPASS: gcc.dg/guality/inline-params.c -O2 -DPREVENT_OPTIMIZATION execution test
XPASS: gcc.dg/guality/inline-params.c -O2 -flto -fno-use-linker-plugin -flto-partition=none -DPREVENT_OPTIMIZATION execution test
XPASS: gcc.dg/guality/inline-params.c -O2 -flto -fuse-linker-plugin -fno-fat-lto-objects -DPREVENT_OPTIMIZATION execution test
XPASS: gcc.dg/guality/inline-params.c -O3 -g -DPREVENT_OPTIMIZATION execution test
XPASS: gcc.dg/guality/inline-params.c -Os -DPREVENT_OPTIMIZATION execution test
FAIL: gcc.dg/guality/pr36728-1.c -O2 -flto -fuse-linker-plugin -fno-fat-lto-objects -DPREVENT_OPTIMIZATION line 16 y == 2
FAIL: gcc.dg/guality/pr36728-2.c -O2 -flto -fuse-linker-plugin -fno-fat-lto-objects -DPREVENT_OPTIMIZATION line 16 arg1 == 1
FAIL: gcc.dg/guality/pr36728-2.c -O2 -flto -fuse-linker-plugin -fno-fat-lto-objects -DPREVENT_OPTIMIZATION line 16 arg2 == 2
FAIL: gcc.dg/guality/pr36728-2.c -O2 -flto -fuse-linker-plugin -fno-fat-lto-objects -DPREVENT_OPTIMIZATION line 16 arg3 == 3
FAIL: gcc.dg/guality/pr36728-2.c -O2 -flto -fuse-linker-plugin -fno-fat-lto-objects -DPREVENT_OPTIMIZATION line 16 arg4 == 4
FAIL: gcc.dg/guality/pr36728-2.c -O2 -flto -fuse-linker-plugin -fno-fat-lto-objects -DPREVENT_OPTIMIZATION line 16 arg5 == 5
FAIL: gcc.dg/guality/pr36728-2.c -O2 -flto -fuse-linker-plugin -fno-fat-lto-objects -DPREVENT_OPTIMIZATION line 16 arg6 == 6
FAIL: gcc.dg/guality/pr36728-2.c -O2 -flto -fuse-linker-plugin -fno-fat-lto-objects -DPREVENT_OPTIMIZATION line 16 arg7 == 30
FAIL: gcc.dg/guality/pr36728-2.c -O2 -flto -fuse-linker-plugin -fno-fat-lto-objects -DPREVENT_OPTIMIZATION line 16 y == 2
FAIL: gcc.dg/guality/pr36728-2.c -O2 -flto -fuse-linker-plugin -fno-fat-lto-objects -DPREVENT_OPTIMIZATION line 18 arg1 == 1
FAIL: gcc.dg/guality/pr36728-2.c -O2 -flto -fuse-linker-plugin -fno-fat-lto-objects -DPREVENT_OPTIMIZATION line 18 arg2 == 2
FAIL: gcc.dg/guality/pr36728-2.c -O2 -flto -fuse-linker-plugin -fno-fat-lto-objects -DPREVENT_OPTIMIZATION line 18 arg3 == 3
FAIL: gcc.dg/guality/pr36728-2.c -O2 -flto -fuse-linker-plugin -fno-fat-lto-objects -DPREVENT_OPTIMIZATION line 18 arg4 == 4
FAIL: gcc.dg/guality/pr36728-2.c -O2 -flto -fuse-linker-plugin -fno-fat-lto-objects -DPREVENT_OPTIMIZATION line 18 arg5 == 5
FAIL: gcc.dg/guality/pr36728-2.c -O2 -flto -fuse-linker-plugin -fno-fat-lto-objects -DPREVENT_OPTIMIZATION line 18 arg6 == 6
FAIL: gcc.dg/guality/pr36728-2.c -O2 -flto -fuse-linker-plugin -fno-fat-lto-objects -DPREVENT_OPTIMIZATION line 18 arg7 == 30
FAIL: gcc.dg/guality/pr36728-2.c -O3 -g -DPREVENT_OPTIMIZATION line 16 arg1 == 1
FAIL: gcc.dg/guality/pr36728-2.c -O3 -g -DPREVENT_OPTIMIZATION line 16 arg2 == 2
FAIL: gcc.dg/guality/pr36728-2.c -O3 -g -DPREVENT_OPTIMIZATION line 16 arg3 == 3
FAIL: gcc.dg/guality/pr36728-2.c -O3 -g -DPREVENT_OPTIMIZATION line 16 arg4 == 4
FAIL: gcc.dg/guality/pr36728-2.c -O3 -g -DPREVENT_OPTIMIZATION line 16 arg5 == 5
FAIL: gcc.dg/guality/pr36728-2.c -O3 -g -DPREVENT_OPTIMIZATION line 16 arg6 == 6
FAIL: gcc.dg/guality/pr36728-2.c -O3 -g -DPREVENT_OPTIMIZATION line 16 arg7 == 30
FAIL: gcc.dg/guality/pr36728-2.c -O3 -g -DPREVENT_OPTIMIZATION line 18 arg1 == 1
FAIL: gcc.dg/guality/pr36728-2.c -O3 -g -DPREVENT_OPTIMIZATION line 18 arg2 == 2
FAIL: gcc.dg/guality/pr36728-2.c -O3 -g -DPREVENT_OPTIMIZATION line 18 arg3 == 3
FAIL: gcc.dg/guality/pr36728-2.c -O3 -g -DPREVENT_OPTIMIZATION line 18 arg4 == 4
FAIL: gcc.dg/guality/pr36728-2.c -O3 -g -DPREVENT_OPTIMIZATION line 18 arg5 == 5
FAIL: gcc.dg/guality/pr36728-2.c -O3 -g -DPREVENT_OPTIMIZATION line 18 arg6 == 6
FAIL: gcc.dg/guality/pr36728-2.c -O3 -g -DPREVENT_OPTIMIZATION line 18 arg7 == 30
FAIL: gcc.dg/guality/pr36728-3.c -O3 -g -DPREVENT_OPTIMIZATION line 14 y == 2
XPASS: gcc.dg/guality/pr41353-1.c -O0 line 28 j == 28 + 37
FAIL: gcc.dg/guality/pr41447-1.c -O2 -DPREVENT_OPTIMIZATION execution test
FAIL: gcc.dg/guality/pr41447-1.c -O2 -flto -fno-use-linker-plugin -flto-partition=none -DPREVENT_OPTIMIZATION execution test
FAIL: gcc.dg/guality/pr41447-1.c -O3 -g -DPREVENT_OPTIMIZATION execution test
FAIL: gcc.dg/guality/pr41447-1.c -Os -DPREVENT_OPTIMIZATION execution test
FAIL: gcc.dg/guality/pr54200.c -O1 -DPREVENT_OPTIMIZATION line 20 z == 3
FAIL: gcc.dg/guality/pr54200.c -O2 -DPREVENT_OPTIMIZATION line 20 z == 3
FAIL: gcc.dg/guality/pr54200.c -O2 -flto -fno-use-linker-plugin -flto-partition=none -DPREVENT_OPTIMIZATION line 20 z == 3
FAIL: gcc.dg/guality/pr54200.c -O3 -g -DPREVENT_OPTIMIZATION line 20 z == 3
FAIL: gcc.dg/guality/pr54200.c -Os -DPREVENT_OPTIMIZATION line 20 z == 3
FAIL: gcc.dg/guality/pr54519-1.c -O2 -flto -fno-use-linker-plugin -flto-partition=none -DPREVENT_OPTIMIZATION line 20 y == 25
FAIL: gcc.dg/guality/pr54519-1.c -O2 -flto -fno-use-linker-plugin -flto-partition=none -DPREVENT_OPTIMIZATION line 20 z == 6
FAIL: gcc.dg/guality/pr54519-1.c -O2 -flto -fno-use-linker-plugin -flto-partition=none -DPREVENT_OPTIMIZATION line 23 y == 117
FAIL: gcc.dg/guality/pr54519-1.c -O2 -flto -fno-use-linker-plugin -flto-partition=none -DPREVENT_OPTIMIZATION line 23 z == 8
FAIL: gcc.dg/guality/pr54519-1.c -O2 -flto -fuse-linker-plugin -fno-fat-lto-objects -DPREVENT_OPTIMIZATION line 20 y == 25
FAIL: gcc.dg/guality/pr54519-1.c -O2 -flto -fuse-linker-plugin -fno-fat-lto-objects -DPREVENT_OPTIMIZATION line 20 z == 6
FAIL: gcc.dg/guality/pr54519-1.c -O2 -flto -fuse-linker-plugin -fno-fat-lto-objects -DPREVENT_OPTIMIZATION line 23 y == 117
FAIL: gcc.dg/guality/pr54519-1.c -O2 -flto -fuse-linker-plugin -fno-fat-lto-objects -DPREVENT_OPTIMIZATION line 23 z == 8
FAIL: gcc.dg/guality/pr54519-2.c -O2 -flto -fno-use-linker-plugin -flto-partition=none -DPREVENT_OPTIMIZATION line 17 y == 25
FAIL: gcc.dg/guality/pr54519-2.c -O2 -flto -fuse-linker-plugin -fno-fat-lto-objects -DPREVENT_OPTIMIZATION line 17 y == 25
FAIL: gcc.dg/guality/pr54519-3.c -O2 -flto -fno-use-linker-plugin -flto-partition=none -DPREVENT_OPTIMIZATION line 20 y == 25
FAIL: gcc.dg/guality/pr54519-3.c -O2 -flto -fno-use-linker-plugin -flto-partition=none -DPREVENT_OPTIMIZATION line 20 z == 6
FAIL: gcc.dg/guality/pr54519-3.c -O2 -flto -fno-use-linker-plugin -flto-partition=none -DPREVENT_OPTIMIZATION line 23 y == 117
FAIL: gcc.dg/guality/pr54519-3.c -O2 -flto -fno-use-linker-plugin -flto-partition=none -DPREVENT_OPTIMIZATION line 23 z == 8
FAIL: gcc.dg/guality/pr54519-3.c -O2 -flto -fuse-linker-plugin -fno-fat-lto-objects -DPREVENT_OPTIMIZATION line 20 y == 25
FAIL: gcc.dg/guality/pr54519-3.c -O2 -flto -fuse-linker-plugin -fno-fat-lto-objects -DPREVENT_OPTIMIZATION line 20 z == 6
FAIL: gcc.dg/guality/pr54519-3.c -O2 -flto -fuse-linker-plugin -fno-fat-lto-objects -DPREVENT_OPTIMIZATION line 23 y == 117
FAIL: gcc.dg/guality/pr54519-3.c -O2 -flto -fuse-linker-plugin -fno-fat-lto-objects -DPREVENT_OPTIMIZATION line 23 z == 8
FAIL: gcc.dg/guality/pr54519-4.c -O2 -flto -fno-use-linker-plugin -flto-partition=none -DPREVENT_OPTIMIZATION line 17 y == 25
FAIL: gcc.dg/guality/pr54519-4.c -O2 -flto -fuse-linker-plugin -fno-fat-lto-objects -DPREVENT_OPTIMIZATION line 17 y == 25
FAIL: gcc.dg/guality/pr54519-5.c -O2 -flto -fno-use-linker-plugin -flto-partition=none -DPREVENT_OPTIMIZATION line 17 y == 25
FAIL: gcc.dg/guality/pr54519-5.c -O2 -flto -fuse-linker-plugin -fno-fat-lto-objects -DPREVENT_OPTIMIZATION line 17 y == 25
FAIL: gcc.dg/guality/pr54693-2.c -O2 -flto -fuse-linker-plugin -fno-fat-lto-objects -DPREVENT_OPTIMIZATION line 21 z == 30 - 3 * i
FAIL: gcc.dg/guality/pr54693-2.c -Os -DPREVENT_OPTIMIZATION line 21 z == 30 - 3 * i
FAIL: gcc.dg/guality/pr54693.c -Os -DPREVENT_OPTIMIZATION line 22 i == c - 48
XPASS: gcc.dg/guality/pr54970.c -O0 line 31 a[0] == 4
XPASS: gcc.dg/guality/pr54970.c -O0 line 36 a[0] == 4
XPASS: gcc.dg/guality/pr54970.c -O0 line 45 a[0] == 4
XPASS: gcc.dg/guality/pr54970.c -O0 line 45 p[-2] == 4
XPASS: gcc.dg/guality/pr54970.c -O0 line 45 q[-1] == 4
FAIL: gcc.dg/guality/pr54970.c -Og -DPREVENT_OPTIMIZATION line 15 *p == 3
FAIL: gcc.dg/guality/pr54970.c -Og -DPREVENT_OPTIMIZATION line 15 *q == 2
FAIL: gcc.dg/guality/pr54970.c -Og -DPREVENT_OPTIMIZATION line 15 a[0] == 1
FAIL: gcc.dg/guality/pr54970.c -Og -DPREVENT_OPTIMIZATION line 15 a[1] == 2
FAIL: gcc.dg/guality/pr54970.c -Og -DPREVENT_OPTIMIZATION line 15 a[2] == 3
FAIL: gcc.dg/guality/pr54970.c -Og -DPREVENT_OPTIMIZATION line 20 *p == 13
FAIL: gcc.dg/guality/pr54970.c -Og -DPREVENT_OPTIMIZATION line 20 *q == 2
FAIL: gcc.dg/guality/pr54970.c -Og -DPREVENT_OPTIMIZATION line 20 a[0] == 1
FAIL: gcc.dg/guality/pr54970.c -Og -DPREVENT_OPTIMIZATION line 20 a[1] == 2
FAIL: gcc.dg/guality/pr54970.c -Og -DPREVENT_OPTIMIZATION line 20 a[2] == 13
FAIL: gcc.dg/guality/pr54970.c -Og -DPREVENT_OPTIMIZATION line 25 *p == 13
FAIL: gcc.dg/guality/pr54970.c -Og -DPREVENT_OPTIMIZATION line 25 *q == 12
FAIL: gcc.dg/guality/pr54970.c -Og -DPREVENT_OPTIMIZATION line 25 a[0] == 1
FAIL: gcc.dg/guality/pr54970.c -Og -DPREVENT_OPTIMIZATION line 25 a[1] == 12
FAIL: gcc.dg/guality/pr54970.c -Og -DPREVENT_OPTIMIZATION line 25 a[2] == 13
FAIL: gcc.dg/guality/pr54970.c -Og -DPREVENT_OPTIMIZATION line 31 *p == 6
FAIL: gcc.dg/guality/pr54970.c -Og -DPREVENT_OPTIMIZATION line 31 *q == 5
FAIL: gcc.dg/guality/pr54970.c -Og -DPREVENT_OPTIMIZATION line 31 a[1] == 5
FAIL: gcc.dg/guality/pr54970.c -Og -DPREVENT_OPTIMIZATION line 31 a[2] == 6
FAIL: gcc.dg/guality/pr54970.c -Og -DPREVENT_OPTIMIZATION line 36 *p == 26
FAIL: gcc.dg/guality/pr54970.c -Og -DPREVENT_OPTIMIZATION line 36 *q == 5
FAIL: gcc.dg/guality/pr54970.c -Og -DPREVENT_OPTIMIZATION line 36 a[1] == 5
FAIL: gcc.dg/guality/pr54970.c -Og -DPREVENT_OPTIMIZATION line 36 a[2] == 26
FAIL: gcc.dg/guality/pr54970.c -Og -DPREVENT_OPTIMIZATION line 45 *p == 26
FAIL: gcc.dg/guality/pr54970.c -Og -DPREVENT_OPTIMIZATION line 45 *q == 25
FAIL: gcc.dg/guality/pr54970.c -Og -DPREVENT_OPTIMIZATION line 45 a[1] == 25
FAIL: gcc.dg/guality/pr54970.c -Og -DPREVENT_OPTIMIZATION line 45 a[2] == 26
FAIL: gcc.dg/guality/pr54970.c -Og -DPREVENT_OPTIMIZATION line 45 p[-1] == 25
FAIL: gcc.dg/guality/pr54970.c -Og -DPREVENT_OPTIMIZATION line 45 q[1] == 26
FAIL: gcc.dg/guality/pr56154-1.c -Og -DPREVENT_OPTIMIZATION line pr56154-1.c:20 x.a == 6
FAIL: gcc.dg/guality/pr59776.c -Og -DPREVENT_OPTIMIZATION line pr59776.c:17 s1.f == 5.0
FAIL: gcc.dg/guality/pr59776.c -Og -DPREVENT_OPTIMIZATION line pr59776.c:17 s1.g == 6.0
FAIL: gcc.dg/guality/pr59776.c -Og -DPREVENT_OPTIMIZATION line pr59776.c:17 s2.f == 0.0
FAIL: gcc.dg/guality/pr59776.c -Og -DPREVENT_OPTIMIZATION line pr59776.c:17 s2.g == 6.0
FAIL: gcc.dg/guality/pr59776.c -Og -DPREVENT_OPTIMIZATION line pr59776.c:20 s1.f == 5.0
FAIL: gcc.dg/guality/pr59776.c -Og -DPREVENT_OPTIMIZATION line pr59776.c:20 s1.g == 6.0
FAIL: gcc.dg/guality/pr59776.c -Og -DPREVENT_OPTIMIZATION line pr59776.c:20 s2.f == 5.0
FAIL: gcc.dg/guality/pr59776.c -Og -DPREVENT_OPTIMIZATION line pr59776.c:20 s2.g == 6.0
FAIL: gcc.dg/guality/pr68860-1.c -O2 -DPREVENT_OPTIMIZATION line 14 y == 2
FAIL: gcc.dg/guality/pr68860-1.c -O2 -flto -fno-use-linker-plugin -flto-partition=none -DPREVENT_OPTIMIZATION line 14 arg1 == 1
FAIL: gcc.dg/guality/pr68860-1.c -O2 -flto -fno-use-linker-plugin -flto-partition=none -DPREVENT_OPTIMIZATION line 14 arg2 == 2
FAIL: gcc.dg/guality/pr68860-1.c -O2 -flto -fno-use-linker-plugin -flto-partition=none -DPREVENT_OPTIMIZATION line 14 arg3 == 3
FAIL: gcc.dg/guality/pr68860-1.c -O2 -flto -fno-use-linker-plugin -flto-partition=none -DPREVENT_OPTIMIZATION line 14 arg4 == 4
FAIL: gcc.dg/guality/pr68860-1.c -O2 -flto -fno-use-linker-plugin -flto-partition=none -DPREVENT_OPTIMIZATION line 14 arg5 == 5
FAIL: gcc.dg/guality/pr68860-1.c -O2 -flto -fno-use-linker-plugin -flto-partition=none -DPREVENT_OPTIMIZATION line 14 arg6 == 6
FAIL: gcc.dg/guality/pr68860-1.c -O2 -flto -fno-use-linker-plugin -flto-partition=none -DPREVENT_OPTIMIZATION line 16 arg1 == 1
FAIL: gcc.dg/guality/pr68860-1.c -O2 -flto -fno-use-linker-plugin -flto-partition=none -DPREVENT_OPTIMIZATION line 16 arg2 == 2
FAIL: gcc.dg/guality/pr68860-1.c -O2 -flto -fno-use-linker-plugin -flto-partition=none -DPREVENT_OPTIMIZATION line 16 arg3 == 3
FAIL: gcc.dg/guality/pr68860-1.c -O2 -flto -fno-use-linker-plugin -flto-partition=none -DPREVENT_OPTIMIZATION line 16 arg4 == 4
FAIL: gcc.dg/guality/pr68860-1.c -O2 -flto -fno-use-linker-plugin -flto-partition=none -DPREVENT_OPTIMIZATION line 16 arg5 == 5
FAIL: gcc.dg/guality/pr68860-1.c -O2 -flto -fno-use-linker-plugin -flto-partition=none -DPREVENT_OPTIMIZATION line 16 arg6 == 6
FAIL: gcc.dg/guality/pr68860-1.c -O2 -flto -fuse-linker-plugin -fno-fat-lto-objects -DPREVENT_OPTIMIZATION line 14 arg1 == 1
FAIL: gcc.dg/guality/pr68860-1.c -O2 -flto -fuse-linker-plugin -fno-fat-lto-objects -DPREVENT_OPTIMIZATION line 14 arg2 == 2
FAIL: gcc.dg/guality/pr68860-1.c -O2 -flto -fuse-linker-plugin -fno-fat-lto-objects -DPREVENT_OPTIMIZATION line 14 arg3 == 3
FAIL: gcc.dg/guality/pr68860-1.c -O2 -flto -fuse-linker-plugin -fno-fat-lto-objects -DPREVENT_OPTIMIZATION line 14 arg4 == 4
FAIL: gcc.dg/guality/pr68860-1.c -O2 -flto -fuse-linker-plugin -fno-fat-lto-objects -DPREVENT_OPTIMIZATION line 14 arg5 == 5
FAIL: gcc.dg/guality/pr68860-1.c -O2 -flto -fuse-linker-plugin -fno-fat-lto-objects -DPREVENT_OPTIMIZATION line 14 arg6 == 6
FAIL: gcc.dg/guality/pr68860-1.c -O2 -flto -fuse-linker-plugin -fno-fat-lto-objects -DPREVENT_OPTIMIZATION line 16 arg1 == 1
FAIL: gcc.dg/guality/pr68860-1.c -O2 -flto -fuse-linker-plugin -fno-fat-lto-objects -DPREVENT_OPTIMIZATION line 16 arg2 == 2
FAIL: gcc.dg/guality/pr68860-1.c -O2 -flto -fuse-linker-plugin -fno-fat-lto-objects -DPREVENT_OPTIMIZATION line 16 arg3 == 3
FAIL: gcc.dg/guality/pr68860-1.c -O2 -flto -fuse-linker-plugin -fno-fat-lto-objects -DPREVENT_OPTIMIZATION line 16 arg4 == 4
FAIL: gcc.dg/guality/pr68860-1.c -O2 -flto -fuse-linker-plugin -fno-fat-lto-objects -DPREVENT_OPTIMIZATION line 16 arg5 == 5
FAIL: gcc.dg/guality/pr68860-1.c -O2 -flto -fuse-linker-plugin -fno-fat-lto-objects -DPREVENT_OPTIMIZATION line 16 arg6 == 6
FAIL: gcc.dg/guality/pr68860-1.c -O3 -g -DPREVENT_OPTIMIZATION line 14 y == 2
FAIL: gcc.dg/guality/pr68860-2.c -O3 -g -DPREVENT_OPTIMIZATION line 14 y == 2
FAIL: gcc.dg/guality/sra-1.c -Og -DPREVENT_OPTIMIZATION line 21 a.j == 14
FAIL: gcc.dg/guality/sra-1.c -Og -DPREVENT_OPTIMIZATION line 32 a[1] == 14
FAIL: gcc.dg/guality/sra-1.c -Og -DPREVENT_OPTIMIZATION line 43 a.i == 4
FAIL: gcc.dg/guality/sra-1.c -Og -DPREVENT_OPTIMIZATION line 43 a.j == 14
FAIL: gcc.dg/guality/vla-1.c -O1 -DPREVENT_OPTIMIZATION line 17 sizeof (a) == 6
FAIL: gcc.dg/guality/vla-1.c -O2 -DPREVENT_OPTIMIZATION line 17 sizeof (a) == 6
FAIL: gcc.dg/guality/vla-1.c -O2 -flto -fno-use-linker-plugin -flto-partition=none -DPREVENT_OPTIMIZATION line 17 sizeof (a) == 6
FAIL: gcc.dg/guality/vla-1.c -O2 -flto -fuse-linker-plugin -fno-fat-lto-objects -DPREVENT_OPTIMIZATION line 17 sizeof (a) == 6
FAIL: gcc.dg/guality/vla-1.c -O3 -g -DPREVENT_OPTIMIZATION line 17 sizeof (a) == 6
FAIL: gcc.dg/guality/vla-1.c -Os -DPREVENT_OPTIMIZATION line 17 sizeof (a) == 6
FAIL: gcc.dg/torture/pr84682-2.c -O0 (internal compiler error)
FAIL: gcc.dg/torture/pr84682-2.c -O0 (test for excess errors)
FAIL: gcc.dg/torture/pr84682-2.c -O1 (internal compiler error)
FAIL: gcc.dg/torture/pr84682-2.c -O1 (test for excess errors)
FAIL: gcc.dg/torture/pr84682-2.c -O2 (internal compiler error)
FAIL: gcc.dg/torture/pr84682-2.c -O2 (test for excess errors)
FAIL: gcc.dg/torture/pr84682-2.c -O2 -flto -fno-use-linker-plugin -flto-partition=none (internal compiler error)
FAIL: gcc.dg/torture/pr84682-2.c -O2 -flto -fno-use-linker-plugin -flto-partition=none (test for excess errors)
FAIL: gcc.dg/torture/pr84682-2.c -O3 -fomit-frame-pointer -funroll-loops -fpeel-loops -ftracer -finline-functions (internal compiler error)
FAIL: gcc.dg/torture/pr84682-2.c -O3 -fomit-frame-pointer -funroll-loops -fpeel-loops -ftracer -finline-functions (test for excess errors)
FAIL: gcc.dg/torture/pr84682-2.c -O3 -g (internal compiler error)
FAIL: gcc.dg/torture/pr84682-2.c -O3 -g (test for excess errors)
FAIL: gcc.dg/torture/pr84682-2.c -Os (internal compiler error)
FAIL: gcc.dg/torture/pr84682-2.c -Os (test for excess errors)
FAIL: gcc.dg/vect/vect-nop-move.c -flto -ffat-lto-objects scan-rtl-dump combine "deleting noop move"
FAIL: gcc.dg/vect/vect-nop-move.c scan-rtl-dump combine "deleting noop move"
FAIL: gcc.target/aarch64/combine_bfi_1.c scan-assembler-times \\\\tbfi\\\\t 5
FAIL: gcc.target/aarch64/insv_1.c scan-assembler bfi\\tx[0-9]+, x[0-9]+, 0, 8
FAIL: gcc.target/aarch64/insv_1.c scan-assembler bfi\\tx[0-9]+, x[0-9]+, 16, 5
FAIL: gcc.target/aarch64/insv_1.c scan-assembler movk\\tx[0-9]+, 0x1d6b, lsl 32
FAIL: gcc.target/aarch64/lsl_asr_sbfiz.c scan-assembler sbfiz\\tw
FAIL: gcc.target/aarch64/tst_5.c scan-assembler tst\\t(x|w)[0-9]+,[ \\t]*255
FAIL: gcc.target/aarch64/tst_5.c scan-assembler tst\\t(x|w)[0-9]+,[ \\t]*65535
FAIL: gcc.target/aarch64/tst_6.c scan-assembler tst\\t(x|w)[0-9]+,[ \\t]*65535
FAIL: gcc.target/aarch64/sve/tls_preserve_1.c -march=armv8.2-a+sve scan-assembler-not \\\\tst[rp]\\\\t[dqv]
=== gcc Summary ===
# of expected passes 133776
# of unexpected failures 168
# of unexpected successes 25
# of expected failures 613
# of unsupported tests 3660
/home/tcwg-buildslave/workspace/tcwg-buildfarm_0/_build/builds/aarch64-unknown-linux-gnu/aarch64-unknown-linux-gnu/gcc.git~master_rev_c8059ac97b44da9e713198432a64e7421f4ae195-stage2/gcc/xgcc version 9.0.0 20190109 (experimental) [master revision 267789] (GCC)
=== gfortran tests ===
Running target tcwg-local
FAIL: gfortran.dg/pr79966.f90 -O scan-ipa-dump inline "Inlined tp_sum/[0-9]+ into runtptests/[0-9]+"
=== gfortran Summary ===
# of expected passes 47992
# of unexpected failures 1
# of expected failures 126
# of unsupported tests 86
/home/tcwg-buildslave/workspace/tcwg-buildfarm_0/_build/builds/aarch64-unknown-linux-gnu/aarch64-unknown-linux-gnu/gcc.git~master_rev_c8059ac97b44da9e713198432a64e7421f4ae195-stage2/gcc/gfortran version 9.0.0 20190109 (experimental) [master revision 267789] (GCC)
=== obj-c++ tests ===
Running target tcwg-local
=== obj-c++ Summary ===
# of expected passes 1458
# of expected failures 10
# of unsupported tests 77
/home/tcwg-buildslave/workspace/tcwg-buildfarm_0/_build/builds/aarch64-unknown-linux-gnu/aarch64-unknown-linux-gnu/gcc.git~master_rev_c8059ac97b44da9e713198432a64e7421f4ae195-stage2/gcc/xg++ version 9.0.0 20190109 (experimental) [master revision 267789] (GCC)
=== objc tests ===
Running target tcwg-local
=== objc Summary ===
# of expected passes 2801
# of unsupported tests 69
/home/tcwg-buildslave/workspace/tcwg-buildfarm_0/_build/builds/aarch64-unknown-linux-gnu/aarch64-unknown-linux-gnu/gcc.git~master_rev_c8059ac97b44da9e713198432a64e7421f4ae195-stage2/gcc/xgcc version 9.0.0 20190109 (experimental) [master revision 267789] (GCC)
Compiler version: 9.0.0 20190109 (experimental) [master revision 267789] (GCC)
Platform: aarch64-unknown-linux-gnu
configure flags: SHELL=/bin/bash --with-mpc=/home/tcwg-buildslave/workspace/tcwg-buildfarm_0/_build/builds/destdir/aarch64-unknown-linux-gnu --with-mpfr=/home/tcwg-buildslave/workspace/tcwg-buildfarm_0/_build/builds/destdir/aarch64-unknown-linux-gnu --with-gmp=/home/tcwg-buildslave/workspace/tcwg-buildfarm_0/_build/builds/destdir/aarch64-unknown-linux-gnu --with-gnu-as --with-gnu-ld --disable-libmudflap --enable-lto --enable-shared --without-included-gettext --enable-nls --with-system-zlib --disable-sjlj-exceptions --enable-gnu-unique-object --enable-linker-build-id --disable-libstdcxx-pch --enable-c99 --enable-clocale=gnu --enable-libstdcxx-debug --enable-long-long --with-cloog=no --with-ppl=no --with-isl=no --disable-multilib --enable-fix-cortex-a53-835769 --enable-fix-cortex-a53-843419 --with-arch=armv8-a --enable-threads=posix --enable-multiarch --enable-libstdcxx-time=yes --enable-gnu-indirect-function --enable-checking=yes --enable-bootstrap --enable-languages=c,c++,fortran,lto
,objc,obj-c++ --build=aarch64-unknown-linux-gnu --host=aarch64-unknown-linux-gnu --target=aarch64-unknown-linux-gnu --prefix=/home/tcwg-buildslave/workspace/tcwg-buildfarm_0/_build/builds/destdir/aarch64-unknown-linux-gnu