This is the mail archive of the
gcc-testresults@gcc.gnu.org
mailing list for the GCC project.
Results for 9.0.0 20190106 (experimental) [trunk revision 267614] (GCC) testsuite on x86_64-pc-linux-gnu
- From: "MCC CS" <mcccs at gmx dot com>
- To: gcc-testresults at gcc dot gnu dot org
- Date: Mon, 7 Jan 2019 17:01:00 +0100
- Subject: Results for 9.0.0 20190106 (experimental) [trunk revision 267614] (GCC) testsuite on x86_64-pc-linux-gnu
LAST_UPDATED: Obtained from SVN: trunk revision 267614
Native configuration is x86_64-pc-linux-gnu
=== gcc tests ===
Running target unix
XPASS: gcc.dg/vect/vect-24.c -flto -ffat-lto-objects scan-tree-dump-times vect "vectorized 3 loops" 1
XPASS: gcc.dg/vect/vect-24.c scan-tree-dump-times vect "vectorized 3 loops" 1
FAIL: gcc.target/i386/ifcvt-onecmpl-abs-1.c scan-assembler cltd
FAIL: gcc.target/i386/pr49095.c scan-assembler-times \\\\), % 45
FAIL: gcc.target/i386/pr57193.c scan-assembler-times movdqa 2
=== gcc Summary ===
# of expected passes 137849
# of unexpected failures 3
# of unexpected successes 2
# of expected failures 498
# of unsupported tests 2128
/home/usr/Desktop/building_gcc/gcc-build/gcc/xgcc version 9.0.0 20190106 (experimental) (GCC)
=== g++ tests ===
Running target unix
=== g++ Summary ===
# of expected passes 132008
# of expected failures 548
# of unsupported tests 5565
/home/usr/Desktop/building_gcc/gcc-build/gcc/xg++ version 9.0.0 20190106 (experimental) (GCC)
Compiler version: 9.0.020190106(experimental)(GCC)
Platform: x86_64-pc-linux-gnu
configure flags: --enable-languages=c --prefix=/home/usr/Desktop/building_gcc/gcc-out --with-system-zlib --enable-checking=release --disable-multilib