This is the mail archive of the
gcc-testresults@gcc.gnu.org
mailing list for the GCC project.
Results for 9.0.0 20190102 (experimental) [trunk revision 267505] (GCC) testsuite on powerpc-apple-darwin9
- From: Iain Sandoe <iains dot gcc at gmail dot com>
- To: gcc-testresults at gcc dot gnu dot org
- Date: Fri, 4 Jan 2019 09:33:01 +0000
- Subject: Results for 9.0.0 20190102 (experimental) [trunk revision 267505] (GCC) testsuite on powerpc-apple-darwin9
bootstrap compiler GCC-5
LAST_UPDATED: Wed Jan 2 08:30:15 UTC 2019 (revision 267505)
=== acats tests ===
FAIL: c52103x
FAIL: c52104x
FAIL: c52104y
FAIL: c974001
FAIL: cb1010c
FAIL: cda201a
=== acats Summary ===
# of expected passes 2314
# of unexpected failures 6
Native configuration is powerpc-apple-darwin9
=== g++ tests ===
Running target unix/-m32
FAIL: c-c++-common/builtin-has-attribute-3.c -std=gnu++14 (test for excess errors)
FAIL: c-c++-common/builtin-has-attribute-3.c -std=gnu++17 (test for excess errors)
FAIL: c-c++-common/builtin-has-attribute-3.c -std=gnu++98 (test for excess errors)
FAIL: c-c++-common/builtin-has-attribute-4.c -std=gnu++14 (test for excess errors)
FAIL: c-c++-common/builtin-has-attribute-4.c -std=gnu++17 (test for excess errors)
FAIL: c-c++-common/builtin-has-attribute-4.c -std=gnu++98 (test for excess errors)
FAIL: c-c++-common/spec-barrier-1.c -std=gnu++14 (test for excess errors)
UNRESOLVED: c-c++-common/spec-barrier-1.c -std=gnu++14 compilation failed to produce executable
FAIL: c-c++-common/spec-barrier-1.c -std=gnu++17 (test for excess errors)
UNRESOLVED: c-c++-common/spec-barrier-1.c -std=gnu++17 compilation failed to produce executable
FAIL: c-c++-common/spec-barrier-1.c -std=gnu++98 (test for excess errors)
UNRESOLVED: c-c++-common/spec-barrier-1.c -std=gnu++98 compilation failed to produce executable
FAIL: c-c++-common/spec-barrier-2.c -std=c++14 (test for excess errors)
UNRESOLVED: c-c++-common/spec-barrier-2.c -std=c++14 compilation failed to produce executable
FAIL: c-c++-common/spec-barrier-2.c -std=c++17 (test for excess errors)
UNRESOLVED: c-c++-common/spec-barrier-2.c -std=c++17 compilation failed to produce executable
FAIL: c-c++-common/spec-barrier-2.c -std=c++98 (test for excess errors)
UNRESOLVED: c-c++-common/spec-barrier-2.c -std=c++98 compilation failed to produce executable
FAIL: g++.dg/cpp0x/pr84497.C -std=c++14 scan-assembler .weak[ \\t]*_ZTH11derived_obj
FAIL: g++.dg/cpp0x/pr84497.C -std=c++14 scan-assembler .weak[ \\t]*_ZTH13container_obj
FAIL: g++.dg/cpp0x/pr84497.C -std=c++14 scan-assembler .weak[ \\t]*_ZTH8base_obj
FAIL: g++.dg/cpp0x/pr84497.C -std=c++17 scan-assembler .weak[ \\t]*_ZTH11derived_obj
FAIL: g++.dg/cpp0x/pr84497.C -std=c++17 scan-assembler .weak[ \\t]*_ZTH13container_obj
FAIL: g++.dg/cpp0x/pr84497.C -std=c++17 scan-assembler .weak[ \\t]*_ZTH8base_obj
FAIL: g++.dg/eh/simd-3.C -std=gnu++14 execution test
FAIL: g++.dg/eh/simd-3.C -std=gnu++17 execution test
FAIL: g++.dg/eh/simd-3.C -std=gnu++98 execution test
FAIL: g++.dg/eh/simd-4.C -std=gnu++14 execution test
FAIL: g++.dg/eh/simd-4.C -std=gnu++17 execution test
FAIL: g++.dg/eh/simd-4.C -std=gnu++98 execution test
FAIL: g++.dg/ext/alignof2.C -std=c++14 execution test
FAIL: g++.dg/ext/alignof2.C -std=c++17 execution test
FAIL: g++.dg/ext/alignof2.C -std=c++98 execution test
FAIL: g++.dg/ext/instantiate2.C -std=gnu++14 scan-assembler .zerofill __DATA,__pu_bss2,__ZN1AIiE1tE
FAIL: g++.dg/ext/instantiate2.C -std=gnu++17 scan-assembler .zerofill __DATA,__pu_bss2,__ZN1AIiE1tE
FAIL: g++.dg/ext/instantiate2.C -std=gnu++98 scan-assembler .zerofill __DATA,__pu_bss2,__ZN1AIiE1tE
FAIL: g++.dg/ipa/pr67056.C scan-ipa-dump cp "Speculative outer type:struct CompositeClass"
FAIL: g++.dg/opt/eh3.C -std=gnu++14 execution test
FAIL: g++.dg/opt/eh3.C -std=gnu++17 execution test
FAIL: g++.dg/opt/eh3.C -std=gnu++98 execution test
FAIL: g++.dg/gcov/pr16855.C -std=gnu++14 gcov: 2 failures in line counts, 0 in branch percentages, 0 in return percentages, 0 in intermediate format
FAIL: g++.dg/gcov/pr16855.C -std=gnu++14 line 21: is #####:should be 1
FAIL: g++.dg/gcov/pr16855.C -std=gnu++14 line 45: is #####:should be 1
FAIL: g++.dg/gcov/pr16855.C -std=gnu++17 gcov: 2 failures in line counts, 0 in branch percentages, 0 in return percentages, 0 in intermediate format
FAIL: g++.dg/gcov/pr16855.C -std=gnu++17 line 21: is #####:should be 1
FAIL: g++.dg/gcov/pr16855.C -std=gnu++17 line 45: is #####:should be 1
FAIL: g++.dg/gcov/pr16855.C -std=gnu++98 gcov: 2 failures in line counts, 0 in branch percentages, 0 in return percentages, 0 in intermediate format
FAIL: g++.dg/gcov/pr16855.C -std=gnu++98 line 21: is #####:should be 1
FAIL: g++.dg/gcov/pr16855.C -std=gnu++98 line 45: is #####:should be 1
FAIL: g++.dg/lto/pr65276 cp_lto_pr65276_0.o-cp_lto_pr65276_1.o link, -flto -O0 -std=c++11
FAIL: g++.dg/lto/pr87906 cp_lto_pr87906_0.o-cp_lto_pr87906_1.o link, -O -fPIC -flto
FAIL: g++.dg/tls/pr77285-2.C -std=c++14 scan-assembler _ZTH4var1B3tag
FAIL: g++.dg/tls/pr77285-2.C -std=c++17 scan-assembler _ZTH4var1B3tag
FAIL: g++.dg/tls/thread_local-order2.C -std=c++14 execution test
FAIL: g++.dg/tls/thread_local-order2.C -std=c++17 execution test
FAIL: g++.dg/tree-prof/devirt.C scan-tree-dump-times dom3 "folding virtual function call to virtual unsigned int mozPersonalDictionary::_ZThn16" 1
FAIL: g++.dg/tree-prof/indir-call-prof-2.C execution, -fprofile-use -D_PROFILE_USE
=== g++ Summary for unix/-m32 ===
# of expected passes 119198
# of unexpected failures 51
# of expected failures 543
# of unresolved testcases 6
# of unsupported tests 5764
Running target unix/-m64
FAIL: c-c++-common/builtin-has-attribute-3.c -std=gnu++14 (test for excess errors)
FAIL: c-c++-common/builtin-has-attribute-3.c -std=gnu++17 (test for excess errors)
FAIL: c-c++-common/builtin-has-attribute-3.c -std=gnu++98 (test for excess errors)
FAIL: c-c++-common/builtin-has-attribute-4.c -std=gnu++14 (test for excess errors)
FAIL: c-c++-common/builtin-has-attribute-4.c -std=gnu++17 (test for excess errors)
FAIL: c-c++-common/builtin-has-attribute-4.c -std=gnu++98 (test for excess errors)
FAIL: c-c++-common/pr51628-10.c -std=gnu++14 execution test
FAIL: c-c++-common/pr51628-10.c -std=gnu++17 execution test
FAIL: c-c++-common/pr51628-10.c -std=gnu++98 execution test
FAIL: c-c++-common/spec-barrier-1.c -std=gnu++14 (test for excess errors)
UNRESOLVED: c-c++-common/spec-barrier-1.c -std=gnu++14 compilation failed to produce executable
FAIL: c-c++-common/spec-barrier-1.c -std=gnu++17 (test for excess errors)
UNRESOLVED: c-c++-common/spec-barrier-1.c -std=gnu++17 compilation failed to produce executable
FAIL: c-c++-common/spec-barrier-1.c -std=gnu++98 (test for excess errors)
UNRESOLVED: c-c++-common/spec-barrier-1.c -std=gnu++98 compilation failed to produce executable
FAIL: c-c++-common/spec-barrier-2.c -std=c++14 (test for excess errors)
UNRESOLVED: c-c++-common/spec-barrier-2.c -std=c++14 compilation failed to produce executable
FAIL: c-c++-common/spec-barrier-2.c -std=c++17 (test for excess errors)
UNRESOLVED: c-c++-common/spec-barrier-2.c -std=c++17 compilation failed to produce executable
FAIL: c-c++-common/spec-barrier-2.c -std=c++98 (test for excess errors)
UNRESOLVED: c-c++-common/spec-barrier-2.c -std=c++98 compilation failed to produce executable
FAIL: g++.dg/cpp0x/pr84497.C -std=c++14 scan-assembler .weak[ \\t]*_ZTH11derived_obj
FAIL: g++.dg/cpp0x/pr84497.C -std=c++14 scan-assembler .weak[ \\t]*_ZTH13container_obj
FAIL: g++.dg/cpp0x/pr84497.C -std=c++14 scan-assembler .weak[ \\t]*_ZTH8base_obj
FAIL: g++.dg/cpp0x/pr84497.C -std=c++17 scan-assembler .weak[ \\t]*_ZTH11derived_obj
FAIL: g++.dg/cpp0x/pr84497.C -std=c++17 scan-assembler .weak[ \\t]*_ZTH13container_obj
FAIL: g++.dg/cpp0x/pr84497.C -std=c++17 scan-assembler .weak[ \\t]*_ZTH8base_obj
FAIL: g++.dg/ext/instantiate2.C -std=gnu++14 scan-assembler .zerofill __DATA,__pu_bss2,__ZN1AIiE1tE
FAIL: g++.dg/ext/instantiate2.C -std=gnu++17 scan-assembler .zerofill __DATA,__pu_bss2,__ZN1AIiE1tE
FAIL: g++.dg/ext/instantiate2.C -std=gnu++98 scan-assembler .zerofill __DATA,__pu_bss2,__ZN1AIiE1tE
FAIL: g++.dg/ext/undef-bool-1.C -std=gnu++14 (test for excess errors)
FAIL: g++.dg/ext/undef-bool-1.C -std=gnu++17 (test for excess errors)
FAIL: g++.dg/ext/undef-bool-1.C -std=gnu++98 (test for excess errors)
FAIL: g++.dg/ipa/pr67056.C scan-ipa-dump cp "Speculative outer type:struct CompositeClass"
FAIL: g++.dg/opt/eh3.C -std=gnu++14 execution test
FAIL: g++.dg/opt/eh3.C -std=gnu++17 execution test
FAIL: g++.dg/opt/eh3.C -std=gnu++98 execution test
FAIL: g++.dg/gcov/pr16855.C -std=gnu++14 gcov: 2 failures in line counts, 0 in branch percentages, 0 in return percentages, 0 in intermediate format
FAIL: g++.dg/gcov/pr16855.C -std=gnu++14 line 21: is #####:should be 1
FAIL: g++.dg/gcov/pr16855.C -std=gnu++14 line 45: is #####:should be 1
FAIL: g++.dg/gcov/pr16855.C -std=gnu++17 gcov: 2 failures in line counts, 0 in branch percentages, 0 in return percentages, 0 in intermediate format
FAIL: g++.dg/gcov/pr16855.C -std=gnu++17 line 21: is #####:should be 1
FAIL: g++.dg/gcov/pr16855.C -std=gnu++17 line 45: is #####:should be 1
FAIL: g++.dg/gcov/pr16855.C -std=gnu++98 gcov: 2 failures in line counts, 0 in branch percentages, 0 in return percentages, 0 in intermediate format
FAIL: g++.dg/gcov/pr16855.C -std=gnu++98 line 21: is #####:should be 1
FAIL: g++.dg/gcov/pr16855.C -std=gnu++98 line 45: is #####:should be 1
FAIL: g++.dg/lto/pr65276 cp_lto_pr65276_0.o-cp_lto_pr65276_1.o link, -flto -O0 -std=c++11
FAIL: g++.dg/lto/pr87906 cp_lto_pr87906_0.o-cp_lto_pr87906_1.o link, -O -fPIC -flto
FAIL: g++.dg/tls/pr77285-2.C -std=c++14 scan-assembler _ZTH4var1B3tag
FAIL: g++.dg/tls/pr77285-2.C -std=c++17 scan-assembler _ZTH4var1B3tag
FAIL: g++.dg/tls/thread_local-order2.C -std=c++14 execution test
FAIL: g++.dg/tls/thread_local-order2.C -std=c++17 execution test
FAIL: g++.dg/torture/pr71874.C -Os execution test
FAIL: g++.dg/torture/pr85496.C -O1 (internal compiler error)
FAIL: g++.dg/torture/pr85496.C -O1 (test for excess errors)
FAIL: g++.dg/torture/pr85496.C -O2 (internal compiler error)
FAIL: g++.dg/torture/pr85496.C -O2 (test for excess errors)
FAIL: g++.dg/torture/pr85496.C -O2 -flto (internal compiler error)
FAIL: g++.dg/torture/pr85496.C -O2 -flto (test for excess errors)
FAIL: g++.dg/torture/pr85496.C -O2 -flto -flto-partition=none (internal compiler error)
FAIL: g++.dg/torture/pr85496.C -O2 -flto -flto-partition=none (test for excess errors)
FAIL: g++.dg/torture/pr85496.C -O3 -g (internal compiler error)
FAIL: g++.dg/torture/pr85496.C -O3 -g (test for excess errors)
FAIL: g++.dg/torture/pr85496.C -Os (internal compiler error)
FAIL: g++.dg/torture/pr85496.C -Os (test for excess errors)
FAIL: g++.dg/tree-prof/indir-call-prof-2.C execution, -fprofile-use -D_PROFILE_USE
=== g++ Summary for unix/-m64 ===
# of expected passes 121130
# of unexpected failures 60
# of expected failures 546
# of unresolved testcases 6
# of unsupported tests 5723
=== g++ Summary ===
# of expected passes 240328
# of unexpected failures 111
# of expected failures 1089
# of unresolved testcases 12
# of unsupported tests 11487
/Volumes/scratch/10-5-leo/powerpc-trunk/gcc/testsuite/g++/../../xg++ version 9.0.0 20190102 (experimental) [trunk revision 267505] (GCC)
=== gcc tests ===
Running target unix/-m32
FAIL: gcc.c-torture/execute/20141107-1.c -O0 execution test
FAIL: gcc.c-torture/execute/20141107-1.c -O1 execution test
FAIL: gcc.c-torture/execute/20141107-1.c -O2 execution test
FAIL: gcc.c-torture/execute/20141107-1.c -O2 -flto execution test
FAIL: gcc.c-torture/execute/20141107-1.c -O2 -flto -flto-partition=none execution test
FAIL: gcc.c-torture/execute/20141107-1.c -O3 -g execution test
FAIL: gcc.c-torture/execute/20141107-1.c -Os execution test
FAIL: gcc.c-torture/execute/pr84478.c -O1 execution test
FAIL: gcc.c-torture/execute/pr84478.c -O2 execution test
FAIL: gcc.c-torture/execute/pr84478.c -O2 -flto execution test
FAIL: gcc.c-torture/execute/pr84478.c -O2 -flto -flto-partition=none execution test
FAIL: gcc.c-torture/execute/pr84478.c -O3 -fomit-frame-pointer -funroll-loops -fpeel-loops -ftracer -finline-functions execution test
FAIL: gcc.c-torture/execute/pr84478.c -O3 -g execution test
FAIL: gcc.dg/debug/dwarf2/inline4.c scan-assembler DW_TAG_inlined_subroutine[^\\\\(]*\\\\([^\\\\)]*\\\\)[^\\\\(]*\\\\(DIE \\\\(0x[0-9a-f]*\\\\) DW_TAG_formal_parameter[^\\\\(]*\\\\(DIE \\\\(0x[0-9a-f]*\\\\) DW_TAG_variable
FAIL: gcc.dg/debug/dwarf2/inline5.c scan-assembler-times DW_TAG_lexical_block\\\\)[^#/!]*[#/!] DW_AT_abstract_origin 2
FAIL: gcc.dg/debug/dwarf2/inline5.c scan-assembler-times DW_TAG_lexical_block\\\\)[^#/!]*[#/!] \\\\(DIE \\\\(0x[0-9a-f]*\\\\) DW_TAG_variable 1
FAIL: gcc.dg/debug/dwarf2/pr53948.c scan-assembler .loc 1 8 [0-9]|[#/!][ \\t]+line 8
FAIL: c-c++-common/builtin-has-attribute-3.c -Wc++-compat (test for excess errors)
FAIL: c-c++-common/builtin-has-attribute-4.c -Wc++-compat (test for excess errors)
FAIL: c-c++-common/spec-barrier-1.c -Wc++-compat (test for excess errors)
UNRESOLVED: c-c++-common/spec-barrier-1.c -Wc++-compat compilation failed to produce executable
FAIL: c-c++-common/spec-barrier-2.c -Wc++-compat (test for excess errors)
UNRESOLVED: c-c++-common/spec-barrier-2.c -Wc++-compat compilation failed to produce executable
FAIL: gcc.dg/Wmissing-attributes.c (test for warnings, line 11)
FAIL: gcc.dg/Wmissing-attributes.c (test for warnings, line 15)
FAIL: gcc.dg/Wmissing-attributes.c (test for warnings, line 19)
FAIL: gcc.dg/Wmissing-attributes.c (test for warnings, line 23)
FAIL: gcc.dg/Wmissing-attributes.c (test for warnings, line 27)
FAIL: gcc.dg/Wmissing-attributes.c (test for warnings, line 31)
FAIL: gcc.dg/Wmissing-attributes.c (test for warnings, line 62)
FAIL: gcc.dg/Wmissing-attributes.c (test for warnings, line 66)
FAIL: gcc.dg/Wmissing-attributes.c (test for warnings, line 81)
FAIL: gcc.dg/Wmissing-attributes.c (test for warnings, line 85)
FAIL: gcc.dg/Wmissing-attributes.c (test for warnings, line 95)
FAIL: gcc.dg/Wmissing-attributes.c (test for excess errors)
FAIL: gcc.dg/atomic-flag.c execution test
FAIL: gcc.dg/attr-copy-2.c (test for warnings, line 101)
FAIL: gcc.dg/attr-copy-2.c (test for warnings, line 199)
FAIL: gcc.dg/attr-copy-2.c (test for excess errors)
FAIL: gcc.dg/attr-copy-5.c (test for excess errors)
FAIL: gcc.dg/builtin-apply4.c execution test
FAIL: gcc.dg/darwin-cfstring-format-1.c (test for errors, line 18)
FAIL: gcc.dg/darwin-cfstring-format-1.c (test for errors, line 21)
FAIL: gcc.dg/darwin-cfstring-format-1.c (test for errors, line 26)
FAIL: gcc.dg/darwin-cfstring-format-1.c (test for errors, line 27)
FAIL: gcc.dg/darwin-cfstring-format-1.c (test for excess errors)
FAIL: gcc.dg/gimplefe-28.c (internal compiler error)
FAIL: gcc.dg/gimplefe-28.c (test for excess errors)
FAIL: gcc.dg/pow-sqrt-synth-1.c scan-tree-dump-times sincos "synthesizing" 7
FAIL: gcc.dg/pr56228.c (test for excess errors)
FAIL: gcc.dg/pr56837.c scan-tree-dump-times optimized "memset ..b, 1, 1024.;" 1
FAIL: gcc.dg/pr57438-2.c scan-assembler nop\\\\nLFE.*
FAIL: gcc.dg/pr87600-1.c (test for excess errors)
FAIL: gcc.dg/pr87600-2.c (test for errors, line 14)
FAIL: gcc.dg/pr87600-2.c (test for errors, line 23)
FAIL: gcc.dg/pr87600-2.c (test for errors, line 32)
FAIL: gcc.dg/pr87600-2.c (test for errors, line 42)
FAIL: gcc.dg/pr87600-2.c (test for excess errors)
FAIL: gcc.dg/pubtypes-2.c scan-assembler long+[ \\t]+0x13b+[ \\t]+[#;]+[ \\t]+Pub Info Length
FAIL: gcc.dg/pubtypes-3.c scan-assembler long+[ \\t]+0x13b+[ \\t]+[#;]+[ \\t]+Pub Info Length
FAIL: gcc.dg/pubtypes-4.c scan-assembler long+[ \\t]+0x172+[ \\t]+[#;]+[ \\t]+Pub Info Length
FAIL: gcc.dg/sms-1.c scan-rtl-dump-times sms "SMS succeeded" 1
FAIL: gcc.dg/store_merging_9.c scan-tree-dump-times store-merging "Merging successful" 2
FAIL: gcc.dg/uninit-19.c (test for warnings, line 24)
FAIL: gcc.dg/uninit-19.c (test for excess errors)
FAIL: gcc.dg/graphite/scop-19.c scan-tree-dump-times graphite "number of SCoPs: 0" 1
FAIL: gcc.dg/ipa/ipa-icf-38.c scan-ltrans-tree-dump-not optimized "Function bar"
FAIL: gcc.dg/ipa/ipa-icf-39.c scan-ipa-dump-times icf "Unified;" 2
FAIL: gcc.dg/simulate-thread/atomic-other-int.c -O0 -g thread simulation test
FAIL: gcc.dg/simulate-thread/atomic-other-int.c -O2 -g thread simulation test
FAIL: gcc.dg/simulate-thread/atomic-other-int.c -O3 -g thread simulation test
FAIL: gcc.dg/simulate-thread/atomic-other-short.c -O0 -g thread simulation test
FAIL: gcc.dg/simulate-thread/atomic-other-short.c -O2 -g thread simulation test
FAIL: gcc.dg/simulate-thread/atomic-other-short.c -O3 -g thread simulation test
FAIL: gcc.dg/torture/pr42667.c -O1 (internal compiler error)
FAIL: gcc.dg/torture/pr42667.c -O1 (test for excess errors)
FAIL: gcc.dg/torture/pr42667.c -O2 (internal compiler error)
FAIL: gcc.dg/torture/pr42667.c -O2 (test for excess errors)
FAIL: gcc.dg/torture/pr42667.c -O2 -flto (internal compiler error)
FAIL: gcc.dg/torture/pr42667.c -O2 -flto (test for excess errors)
FAIL: gcc.dg/torture/pr42667.c -O2 -flto -flto-partition=none (internal compiler error)
FAIL: gcc.dg/torture/pr42667.c -O2 -flto -flto-partition=none (test for excess errors)
FAIL: gcc.dg/torture/pr42667.c -O3 -g (internal compiler error)
FAIL: gcc.dg/torture/pr42667.c -O3 -g (test for excess errors)
FAIL: gcc.dg/torture/pr42667.c -Os (internal compiler error)
FAIL: gcc.dg/torture/pr42667.c -Os (test for excess errors)
FAIL: gcc.dg/torture/pr52451.c -O0 execution test
FAIL: gcc.dg/torture/pr52451.c -O1 execution test
FAIL: gcc.dg/torture/pr52451.c -O2 execution test
FAIL: gcc.dg/torture/pr52451.c -O2 -flto execution test
FAIL: gcc.dg/torture/pr52451.c -O2 -flto -flto-partition=none execution test
FAIL: gcc.dg/torture/pr52451.c -O3 -g execution test
FAIL: gcc.dg/torture/pr52451.c -Os execution test
FAIL: gcc.dg/torture/stackalign/builtin-apply-4.c -O0 execution test
FAIL: gcc.dg/torture/stackalign/builtin-apply-4.c -O0 -fpic execution test
FAIL: gcc.dg/torture/stackalign/builtin-apply-4.c -O1 execution test
FAIL: gcc.dg/torture/stackalign/builtin-apply-4.c -O1 -fpic execution test
FAIL: gcc.dg/torture/stackalign/builtin-apply-4.c -O2 execution test
FAIL: gcc.dg/torture/stackalign/builtin-apply-4.c -O2 -flto execution test
FAIL: gcc.dg/torture/stackalign/builtin-apply-4.c -O2 -flto -flto-partition=none execution test
FAIL: gcc.dg/torture/stackalign/builtin-apply-4.c -O2 -flto -flto-partition=none -fpic execution test
FAIL: gcc.dg/torture/stackalign/builtin-apply-4.c -O2 -flto -fpic execution test
FAIL: gcc.dg/torture/stackalign/builtin-apply-4.c -O2 -fpic execution test
FAIL: gcc.dg/torture/stackalign/builtin-apply-4.c -O3 -g execution test
FAIL: gcc.dg/torture/stackalign/builtin-apply-4.c -O3 -g -fpic execution test
FAIL: gcc.dg/torture/stackalign/builtin-apply-4.c -Os execution test
FAIL: gcc.dg/torture/stackalign/builtin-apply-4.c -Os -fpic execution test
FAIL: gcc.dg/tree-prof/section-attr-1.c scan-assembler .section[\\t ]*__TEXT,__text_cold*[\\\\n\\\\r]+_foo.cold
FAIL: gcc.dg/tree-prof/section-attr-2.c scan-assembler .section[\\t ]*__TEXT,__text_cold*[\\\\n\\\\r]+_foo.cold:
FAIL: gcc.dg/tree-prof/section-attr-3.c scan-assembler .section[\\t ]*__TEXT,__text_cold*[\\\\n\\\\r]+_foo.cold:
FAIL: gcc.dg/tree-ssa/sra-17.c scan-tree-dump-times esra "Removing load: a = \\\\*.?L.?C.?.?.?0;" 1
FAIL: gcc.dg/tree-ssa/sra-17.c scan-tree-dump-times esra "SR\\\\.[0-9_]+ = \\\\*.?L.?C.?.?.?0\\\\[" 4
FAIL: gcc.dg/tree-ssa/sra-18.c scan-tree-dump-times esra "Removing load: a = \\\\*.?L.?C.?.?.?0;" 1
FAIL: gcc.dg/tree-ssa/sra-18.c scan-tree-dump-times esra "SR\\\\.[0-9_]+ = \\\\*.?L.?C.?.?.?0\\\\.b\\\\[0\\\\]\\\\.f\\\\[0\\\\]\\\\.x" 1
FAIL: gcc.dg/tree-ssa/sra-18.c scan-tree-dump-times esra "SR\\\\.[0-9_]+ = \\\\*.?L.?C.?.?.?0\\\\.b\\\\[0\\\\]\\\\.f\\\\[1\\\\]\\\\.x" 1
FAIL: gcc.dg/tree-ssa/sra-18.c scan-tree-dump-times esra "SR\\\\.[0-9_]+ = \\\\*.?L.?C.?.?.?0\\\\.b\\\\[1\\\\]\\\\.f\\\\[0\\\\]\\\\.x" 1
FAIL: gcc.dg/tree-ssa/sra-18.c scan-tree-dump-times esra "SR\\\\.[0-9_]+ = \\\\*.?L.?C.?.?.?0\\\\.b\\\\[1\\\\]\\\\.f\\\\[1\\\\]\\\\.x" 1
FAIL: gcc.dg/vect/costmodel/ppc/costmodel-bb-slp-9a-pr63175.c scan-assembler-not \\tlwz?u?x?
FAIL: gcc.dg/vect/costmodel/ppc/costmodel-bb-slp-9a-pr63175.c scan-assembler-not \\tstwu?x?
FAIL: gcc.dg/vect/bb-slp-over-widen-1.c -flto -ffat-lto-objects scan-tree-dump-times slp2 "basic block vectorized" 2
FAIL: gcc.dg/vect/bb-slp-over-widen-1.c scan-tree-dump-times slp2 "basic block vectorized" 2
FAIL: gcc.dg/vect/bb-slp-over-widen-2.c -flto -ffat-lto-objects scan-tree-dump-times slp2 "basic block vectorized" 2
FAIL: gcc.dg/vect/bb-slp-over-widen-2.c scan-tree-dump-times slp2 "basic block vectorized" 2
FAIL: gcc.dg/vect/bb-slp-pow-1.c -flto -ffat-lto-objects scan-tree-dump-times slp2 "basic block vectorized" 1
FAIL: gcc.dg/vect/bb-slp-pow-1.c scan-tree-dump-times slp2 "basic block vectorized" 1
FAIL: gcc.dg/vect/no-tree-sra-bb-slp-pr50730.c scan-tree-dump-times slp2 "basic block vectorized" 1
FAIL: gcc.dg/vect/no-vfa-vect-depend-2.c scan-tree-dump-times vect "vectorized 1 loops" 1
FAIL: gcc.dg/vect/no-vfa-vect-depend-3.c scan-tree-dump-times vect "vectorized 1 loops" 4
FAIL: gcc.dg/vect/pr46032.c -flto -ffat-lto-objects scan-tree-dump-times vect "vectorized 1 loop" 1
FAIL: gcc.dg/vect/pr46032.c scan-tree-dump-times vect "vectorized 1 loop" 1
FAIL: gcc.dg/vect/pr85586.c -flto -ffat-lto-objects scan-tree-dump-times vect "LOOP VECTORIZED" 1
FAIL: gcc.dg/vect/pr85586.c scan-tree-dump-times vect "LOOP VECTORIZED" 1
FAIL: gcc.dg/vect/section-anchors-vect-69.c scan-tree-dump-times vect "vectorized 4 loops" 1
FAIL: gcc.dg/vect/slp-43.c -flto -ffat-lto-objects scan-tree-dump-times vect "vectorized 1 loops" 2
FAIL: gcc.dg/vect/slp-43.c scan-tree-dump-times vect "vectorized 1 loops" 2
FAIL: gcc.dg/vect/slp-perm-12.c -flto -ffat-lto-objects scan-tree-dump-times vect "vectorizing stmts using SLP" 1
FAIL: gcc.dg/vect/slp-perm-12.c scan-tree-dump-times vect "vectorizing stmts using SLP" 1
XPASS: gcc.dg/vect/vect-24.c -flto -ffat-lto-objects scan-tree-dump-times vect "vectorized 3 loops" 1
XPASS: gcc.dg/vect/vect-24.c scan-tree-dump-times vect "vectorized 3 loops" 1
FAIL: gcc.dg/vect/vect-31.c -flto -ffat-lto-objects scan-tree-dump-times vect "vectorized 4 loops" 1
FAIL: gcc.dg/vect/vect-31.c scan-tree-dump-times vect "vectorized 4 loops" 1
FAIL: gcc.dg/vect/vect-44.c -flto -ffat-lto-objects scan-tree-dump-times vect "Vectorizing an unaligned access" 3
FAIL: gcc.dg/vect/vect-44.c scan-tree-dump-times vect "Vectorizing an unaligned access" 3
FAIL: gcc.dg/vect/vect-50.c -flto -ffat-lto-objects scan-tree-dump-times vect "Vectorizing an unaligned access" 3
FAIL: gcc.dg/vect/vect-50.c scan-tree-dump-times vect "Vectorizing an unaligned access" 3
FAIL: gcc.dg/vect/vect-93.c -flto -ffat-lto-objects scan-tree-dump-times vect "vectorized 2 loops" 2
FAIL: gcc.dg/vect/vect-93.c scan-tree-dump-times vect "vectorized 2 loops" 2
FAIL: gcc.dg/vect/vect-over-widen-17.c -flto -ffat-lto-objects scan-tree-dump-not vect "vector[^\\\\n]*char"
FAIL: gcc.dg/vect/vect-over-widen-17.c scan-tree-dump-not vect "vector[^\\\\n]*char"
FAIL: gcc.dg/vect/vect-strided-a-u8-i2-gap.c -flto -ffat-lto-objects scan-tree-dump-times vect "vectorized 1 loops" 1
FAIL: gcc.dg/vect/vect-strided-a-u8-i2-gap.c scan-tree-dump-times vect "vectorized 1 loops" 1
FAIL: gcc.target/powerpc/builtins-1.c scan-assembler-times \\\\mbl \\\\.?__divdi3\\\\M 2
FAIL: gcc.target/powerpc/builtins-1.c scan-assembler-times \\\\mbl \\\\.?__udivdi3\\\\M 2
FAIL: gcc.target/powerpc/builtins-2.c (test for excess errors)
UNRESOLVED: gcc.target/powerpc/builtins-2.c compilation failed to produce executable
FAIL: gcc.target/powerpc/darwin-bool-1.c (test for excess errors)
UNRESOLVED: gcc.target/powerpc/darwin-bool-1.c compilation failed to produce executable
UNRESOLVED: gcc.target/powerpc/dfmode_off.c object-size text == 320
UNRESOLVED: gcc.target/powerpc/dimode_off.c object-size text <= 640
FAIL: gcc.target/powerpc/pr17381.c scan-assembler-times fmr 1
FAIL: gcc.target/powerpc/pr18096-1.c (test for excess errors)
FAIL: gcc.target/powerpc/pr18096-1.c stack frame too large (test for errors, line 7)
FAIL: gcc.target/powerpc/pr54240.c scan-tree-dump phiopt1 "Hoisting adjacent loads"
FAIL: gcc.target/powerpc/pr64205.c (test for excess errors)
FAIL: gcc.target/powerpc/pr71785.c scan-assembler-not \\\\mb\\\\M
FAIL: gcc.target/powerpc/pr79909.c (test for excess errors)
FAIL: gcc.target/powerpc/pr80125.c (test for excess errors)
FAIL: gcc.target/powerpc/pr80210-2.c (test for excess errors)
FAIL: gcc.target/powerpc/pr80210.c (test for excess errors)
FAIL: gcc.target/powerpc/safe-indirect-jump-1.c scan-assembler crset 2
FAIL: gcc.target/powerpc/safe-indirect-jump-7.c scan-assembler beqctrl-
FAIL: gcc.target/powerpc/safe-indirect-jump-7.c scan-assembler crset 2
FAIL: gcc.target/powerpc/shrink-wrap-separate-0.c scan-assembler #before\\\\M.*\\\\mmflr\\\\M
FAIL: gcc.target/powerpc/shrink-wrap-separate-1.c scan-assembler \\\\mmflr\\\\M.*\\\\mbl\\\\M.*\\\\mmflr\\\\M.*\\\\mbl\\\\M
FAIL: gcc.target/powerpc/test_fpscr_rn_builtin.c execution test
FAIL: gcc.target/powerpc/test_mffsl.c execution test
UNRESOLVED: gcc.target/powerpc/tfmode_off.c object-size text == 544
=== gcc Summary for unix/-m32 ===
# of expected passes 110757
# of unexpected failures 168
# of unexpected successes 2
# of expected failures 496
# of unresolved testcases 7
# of unsupported tests 4062
Running target unix/-m64
FAIL: gcc.c-torture/execute/builtins/memcpy-chk.c execution, -Os
FAIL: gcc.c-torture/execute/builtins/memmove-chk.c execution, -Os
FAIL: gcc.c-torture/execute/builtins/mempcpy-2.c execution, -Os
FAIL: gcc.c-torture/execute/builtins/mempcpy-chk.c execution, -Os
FAIL: gcc.c-torture/execute/20040709-3.c -O1 (test for excess errors)
UNRESOLVED: gcc.c-torture/execute/20040709-3.c -O1 compilation failed to produce executable
FAIL: gcc.c-torture/execute/20040709-3.c -O2 (test for excess errors)
UNRESOLVED: gcc.c-torture/execute/20040709-3.c -O2 compilation failed to produce executable
FAIL: gcc.c-torture/execute/20040709-3.c -O2 -flto execution test
FAIL: gcc.c-torture/execute/20040709-3.c -O2 -flto -flto-partition=none execution test
FAIL: gcc.c-torture/execute/20040709-3.c -O3 -g execution test
FAIL: gcc.c-torture/execute/20050502-2.c -Os execution test
FAIL: gcc.c-torture/execute/pr51933.c -Os execution test
FAIL: gcc.c-torture/execute/struct-ret-1.c -O2 -flto (test for excess errors)
UNRESOLVED: gcc.c-torture/execute/struct-ret-1.c -O2 -flto compilation failed to produce executable
FAIL: gcc.c-torture/execute/struct-ret-1.c -O2 -flto -flto-partition=none (test for excess errors)
UNRESOLVED: gcc.c-torture/execute/struct-ret-1.c -O2 -flto -flto-partition=none compilation failed to produce executable
FAIL: gcc.dg/debug/dwarf2/inline4.c scan-assembler DW_TAG_inlined_subroutine[^\\\\(]*\\\\([^\\\\)]*\\\\)[^\\\\(]*\\\\(DIE \\\\(0x[0-9a-f]*\\\\) DW_TAG_formal_parameter[^\\\\(]*\\\\(DIE \\\\(0x[0-9a-f]*\\\\) DW_TAG_variable
FAIL: gcc.dg/debug/dwarf2/inline5.c scan-assembler-times DW_TAG_lexical_block\\\\)[^#/!]*[#/!] DW_AT_abstract_origin 2
FAIL: gcc.dg/debug/dwarf2/inline5.c scan-assembler-times DW_TAG_lexical_block\\\\)[^#/!]*[#/!] \\\\(DIE \\\\(0x[0-9a-f]*\\\\) DW_TAG_variable 1
FAIL: gcc.dg/debug/dwarf2/pr53948.c scan-assembler .loc 1 8 [0-9]|[#/!][ \\t]+line 8
FAIL: c-c++-common/builtin-has-attribute-3.c -Wc++-compat (test for excess errors)
FAIL: c-c++-common/builtin-has-attribute-4.c -Wc++-compat (test for excess errors)
FAIL: c-c++-common/pr51628-10.c -Wc++-compat execution test
FAIL: c-c++-common/spec-barrier-1.c -Wc++-compat (test for excess errors)
UNRESOLVED: c-c++-common/spec-barrier-1.c -Wc++-compat compilation failed to produce executable
FAIL: c-c++-common/spec-barrier-2.c -Wc++-compat (test for excess errors)
UNRESOLVED: c-c++-common/spec-barrier-2.c -Wc++-compat compilation failed to produce executable
FAIL: gcc.dg/Wmissing-attributes.c (test for warnings, line 11)
FAIL: gcc.dg/Wmissing-attributes.c (test for warnings, line 15)
FAIL: gcc.dg/Wmissing-attributes.c (test for warnings, line 19)
FAIL: gcc.dg/Wmissing-attributes.c (test for warnings, line 23)
FAIL: gcc.dg/Wmissing-attributes.c (test for warnings, line 27)
FAIL: gcc.dg/Wmissing-attributes.c (test for warnings, line 31)
FAIL: gcc.dg/Wmissing-attributes.c (test for warnings, line 62)
FAIL: gcc.dg/Wmissing-attributes.c (test for warnings, line 66)
FAIL: gcc.dg/Wmissing-attributes.c (test for warnings, line 81)
FAIL: gcc.dg/Wmissing-attributes.c (test for warnings, line 85)
FAIL: gcc.dg/Wmissing-attributes.c (test for warnings, line 95)
FAIL: gcc.dg/Wmissing-attributes.c (test for excess errors)
XPASS: gcc.dg/Wtrampolines.c standard descriptors (test for warnings, line 29)
FAIL: gcc.dg/array-init-2.c execution test
FAIL: gcc.dg/attr-copy-2.c (test for warnings, line 101)
FAIL: gcc.dg/attr-copy-2.c (test for warnings, line 199)
FAIL: gcc.dg/attr-copy-2.c (test for excess errors)
FAIL: gcc.dg/attr-copy-5.c (test for excess errors)
FAIL: gcc.dg/darwin-cfstring-format-1.c (test for errors, line 18)
FAIL: gcc.dg/darwin-cfstring-format-1.c (test for errors, line 21)
FAIL: gcc.dg/darwin-cfstring-format-1.c (test for errors, line 26)
FAIL: gcc.dg/darwin-cfstring-format-1.c (test for errors, line 27)
FAIL: gcc.dg/darwin-cfstring-format-1.c (test for excess errors)
FAIL: gcc.dg/darwin-segaddr.c execution test
FAIL: gcc.dg/gimplefe-28.c (internal compiler error)
FAIL: gcc.dg/gimplefe-28.c (test for excess errors)
FAIL: gcc.dg/pow-sqrt-synth-1.c scan-tree-dump-times sincos "synthesizing" 7
FAIL: gcc.dg/pr56228.c (test for excess errors)
FAIL: gcc.dg/pr57438-2.c scan-assembler nop\\\\nLFE.*
FAIL: gcc.dg/pr87600-1.c (test for excess errors)
FAIL: gcc.dg/pr87600-2.c (test for errors, line 14)
FAIL: gcc.dg/pr87600-2.c (test for errors, line 23)
FAIL: gcc.dg/pr87600-2.c (test for errors, line 32)
FAIL: gcc.dg/pr87600-2.c (test for errors, line 42)
FAIL: gcc.dg/pr87600-2.c (test for excess errors)
FAIL: gcc.dg/pubtypes-2.c scan-assembler long+[ \\t]+0x13b+[ \\t]+[#;]+[ \\t]+Pub Info Length
FAIL: gcc.dg/pubtypes-3.c scan-assembler long+[ \\t]+0x13b+[ \\t]+[#;]+[ \\t]+Pub Info Length
FAIL: gcc.dg/pubtypes-4.c scan-assembler long+[ \\t]+0x172+[ \\t]+[#;]+[ \\t]+Pub Info Length
FAIL: gcc.dg/uninit-19.c (test for warnings, line 24)
FAIL: gcc.dg/uninit-19.c (test for excess errors)
FAIL: gcc.dg/graphite/scop-19.c scan-tree-dump-times graphite "number of SCoPs: 0" 1
FAIL: gcc.dg/ipa/ipa-icf-38.c scan-ltrans-tree-dump-not optimized "Function bar"
FAIL: gcc.dg/ipa/ipa-icf-39.c scan-ipa-dump-times icf "Unified;" 2
FAIL: gcc.dg/torture/pr52451.c -O0 execution test
FAIL: gcc.dg/torture/pr52451.c -O1 execution test
FAIL: gcc.dg/torture/pr52451.c -O2 execution test
FAIL: gcc.dg/torture/pr52451.c -O2 -flto execution test
FAIL: gcc.dg/torture/pr52451.c -O2 -flto -flto-partition=none execution test
FAIL: gcc.dg/torture/pr52451.c -O3 -g execution test
FAIL: gcc.dg/torture/pr52451.c -Os execution test
FAIL: gcc.dg/tree-prof/section-attr-1.c scan-assembler .section[\\t ]*__TEXT,__text_cold*[\\\\n\\\\r]+_foo.cold
FAIL: gcc.dg/tree-prof/section-attr-2.c scan-assembler .section[\\t ]*__TEXT,__text_cold*[\\\\n\\\\r]+_foo.cold:
FAIL: gcc.dg/tree-prof/section-attr-3.c scan-assembler .section[\\t ]*__TEXT,__text_cold*[\\\\n\\\\r]+_foo.cold:
XPASS: gcc.dg/tree-ssa/cunroll-15.c scan-tree-dump optimized "return 1;"
FAIL: gcc.dg/tree-ssa/sra-17.c scan-tree-dump-times esra "Removing load: a = \\\\*.?L.?C.?.?.?0;" 1
FAIL: gcc.dg/tree-ssa/sra-17.c scan-tree-dump-times esra "SR\\\\.[0-9_]+ = \\\\*.?L.?C.?.?.?0\\\\[" 4
FAIL: gcc.dg/tree-ssa/sra-18.c scan-tree-dump-times esra "Removing load: a = \\\\*.?L.?C.?.?.?0;" 1
FAIL: gcc.dg/tree-ssa/sra-18.c scan-tree-dump-times esra "SR\\\\.[0-9_]+ = \\\\*.?L.?C.?.?.?0\\\\.b\\\\[0\\\\]\\\\.f\\\\[0\\\\]\\\\.x" 1
FAIL: gcc.dg/tree-ssa/sra-18.c scan-tree-dump-times esra "SR\\\\.[0-9_]+ = \\\\*.?L.?C.?.?.?0\\\\.b\\\\[0\\\\]\\\\.f\\\\[1\\\\]\\\\.x" 1
FAIL: gcc.dg/tree-ssa/sra-18.c scan-tree-dump-times esra "SR\\\\.[0-9_]+ = \\\\*.?L.?C.?.?.?0\\\\.b\\\\[1\\\\]\\\\.f\\\\[0\\\\]\\\\.x" 1
FAIL: gcc.dg/tree-ssa/sra-18.c scan-tree-dump-times esra "SR\\\\.[0-9_]+ = \\\\*.?L.?C.?.?.?0\\\\.b\\\\[1\\\\]\\\\.f\\\\[1\\\\]\\\\.x" 1
XPASS: gcc.dg/tree-ssa/ssa-dom-cse-2.c scan-tree-dump optimized "return 28;"
FAIL: gcc.dg/vect/costmodel/ppc/costmodel-bb-slp-9a-pr63175.c scan-assembler-not \\tlwz?u?x?
FAIL: gcc.dg/vect/costmodel/ppc/costmodel-bb-slp-9a-pr63175.c scan-assembler-not \\tstwu?x?
FAIL: gcc.dg/vect/costmodel/ppc/costmodel-pr37194.c scan-tree-dump-times vect "vectorization not profitable" 1
FAIL: gcc.dg/vect/costmodel/ppc/costmodel-pr37194.c scan-tree-dump-times vect "vectorized 1 loops" 1
FAIL: gcc.dg/vect/costmodel/ppc/costmodel-vect-33.c scan-tree-dump-times vect "vectorization not profitable" 1
FAIL: gcc.dg/vect/bb-slp-over-widen-1.c -flto -ffat-lto-objects scan-tree-dump-times slp2 "basic block vectorized" 2
FAIL: gcc.dg/vect/bb-slp-over-widen-1.c scan-tree-dump-times slp2 "basic block vectorized" 2
FAIL: gcc.dg/vect/bb-slp-over-widen-2.c -flto -ffat-lto-objects scan-tree-dump-times slp2 "basic block vectorized" 2
FAIL: gcc.dg/vect/bb-slp-over-widen-2.c scan-tree-dump-times slp2 "basic block vectorized" 2
FAIL: gcc.dg/vect/bb-slp-pow-1.c -flto -ffat-lto-objects scan-tree-dump-times slp2 "basic block vectorized" 1
FAIL: gcc.dg/vect/bb-slp-pow-1.c scan-tree-dump-times slp2 "basic block vectorized" 1
FAIL: gcc.dg/vect/no-tree-sra-bb-slp-pr50730.c scan-tree-dump-times slp2 "basic block vectorized" 1
FAIL: gcc.dg/vect/no-vfa-vect-depend-2.c scan-tree-dump-times vect "vectorized 1 loops" 1
FAIL: gcc.dg/vect/no-vfa-vect-depend-3.c scan-tree-dump-times vect "vectorized 1 loops" 4
FAIL: gcc.dg/vect/pr46032.c -flto -ffat-lto-objects scan-tree-dump-times vect "vectorized 1 loop" 1
FAIL: gcc.dg/vect/pr46032.c scan-tree-dump-times vect "vectorized 1 loop" 1
FAIL: gcc.dg/vect/pr65947-13.c -flto -ffat-lto-objects scan-tree-dump-times vect "LOOP VECTORIZED" 2
FAIL: gcc.dg/vect/pr65947-13.c -flto -ffat-lto-objects scan-tree-dump-times vect "condition expression based on integer induction." 4
FAIL: gcc.dg/vect/pr65947-13.c scan-tree-dump-times vect "LOOP VECTORIZED" 2
FAIL: gcc.dg/vect/pr65947-13.c scan-tree-dump-times vect "condition expression based on integer induction." 4
FAIL: gcc.dg/vect/pr85586.c -flto -ffat-lto-objects scan-tree-dump-times vect "LOOP VECTORIZED" 1
FAIL: gcc.dg/vect/pr85586.c scan-tree-dump-times vect "LOOP VECTORIZED" 1
FAIL: gcc.dg/vect/section-anchors-vect-69.c scan-tree-dump-times vect "Alignment of access forced using versioning" 4
FAIL: gcc.dg/vect/section-anchors-vect-69.c scan-tree-dump-times vect "vectorized 4 loops" 1
FAIL: gcc.dg/vect/slp-43.c -flto -ffat-lto-objects scan-tree-dump-times vect "vectorized 1 loops" 2
FAIL: gcc.dg/vect/slp-43.c scan-tree-dump-times vect "vectorized 1 loops" 2
FAIL: gcc.dg/vect/slp-perm-12.c -flto -ffat-lto-objects scan-tree-dump-times vect "vectorizing stmts using SLP" 1
FAIL: gcc.dg/vect/slp-perm-12.c scan-tree-dump-times vect "vectorizing stmts using SLP" 1
XPASS: gcc.dg/vect/vect-24.c -flto -ffat-lto-objects scan-tree-dump-times vect "vectorized 3 loops" 1
XPASS: gcc.dg/vect/vect-24.c scan-tree-dump-times vect "vectorized 3 loops" 1
FAIL: gcc.dg/vect/vect-31.c -flto -ffat-lto-objects scan-tree-dump-times vect "vectorized 4 loops" 1
FAIL: gcc.dg/vect/vect-31.c scan-tree-dump-times vect "vectorized 4 loops" 1
XPASS: gcc.dg/vect/vect-44.c -flto -ffat-lto-objects scan-tree-dump-times vect "Alignment of access forced using peeling" 0
FAIL: gcc.dg/vect/vect-44.c -flto -ffat-lto-objects scan-tree-dump-times vect "Vectorizing an unaligned access" 3
XPASS: gcc.dg/vect/vect-44.c scan-tree-dump-times vect "Alignment of access forced using peeling" 0
FAIL: gcc.dg/vect/vect-44.c scan-tree-dump-times vect "Vectorizing an unaligned access" 3
XPASS: gcc.dg/vect/vect-50.c -flto -ffat-lto-objects scan-tree-dump-times vect "Alignment of access forced using peeling" 0
FAIL: gcc.dg/vect/vect-50.c -flto -ffat-lto-objects scan-tree-dump-times vect "Vectorizing an unaligned access" 3
XPASS: gcc.dg/vect/vect-50.c scan-tree-dump-times vect "Alignment of access forced using peeling" 0
FAIL: gcc.dg/vect/vect-50.c scan-tree-dump-times vect "Vectorizing an unaligned access" 3
FAIL: gcc.dg/vect/vect-93.c -flto -ffat-lto-objects scan-tree-dump-times vect "vectorized 2 loops" 2
FAIL: gcc.dg/vect/vect-93.c scan-tree-dump-times vect "vectorized 2 loops" 2
FAIL: gcc.dg/vect/vect-over-widen-17.c -flto -ffat-lto-objects scan-tree-dump-not vect "vector[^\\\\n]*char"
FAIL: gcc.dg/vect/vect-over-widen-17.c scan-tree-dump-not vect "vector[^\\\\n]*char"
FAIL: gcc.dg/vect/vect-strided-a-u8-i2-gap.c -flto -ffat-lto-objects scan-tree-dump-times vect "vectorized 1 loops" 1
FAIL: gcc.dg/vect/vect-strided-a-u8-i2-gap.c scan-tree-dump-times vect "vectorized 1 loops" 1
FAIL: gcc.target/powerpc/20050603-3.c scan-assembler-not \\\\mrldic
FAIL: gcc.target/powerpc/bmi2-bzhi64-1a.c (test for excess errors)
UNRESOLVED: gcc.target/powerpc/bmi2-bzhi64-1a.c scan-assembler-not sld
UNRESOLVED: gcc.target/powerpc/bmi2-bzhi64-1a.c scan-assembler-not srd
UNRESOLVED: gcc.target/powerpc/bmi2-bzhi64-1a.c scan-assembler-times rldicl 6
FAIL: gcc.target/powerpc/builtins-2.c (test for excess errors)
UNRESOLVED: gcc.target/powerpc/builtins-2.c compilation failed to produce executable
UNRESOLVED: gcc.target/powerpc/dfmode_off.c object-size text == 320
UNRESOLVED: gcc.target/powerpc/dimode_off.c object-size text == 440
FAIL: gcc.target/powerpc/pr17381.c scan-assembler-times fmr 1
FAIL: gcc.target/powerpc/pr54240.c scan-tree-dump phiopt1 "Hoisting adjacent loads"
FAIL: gcc.target/powerpc/pr71785.c scan-assembler-not \\\\mb\\\\M
FAIL: gcc.target/powerpc/pr79909.c (test for excess errors)
FAIL: gcc.target/powerpc/pr80125.c (test for excess errors)
FAIL: gcc.target/powerpc/pr80210-2.c (test for excess errors)
FAIL: gcc.target/powerpc/pr80210.c (test for excess errors)
FAIL: gcc.target/powerpc/r2_shrink-wrap.c scan-rtl-dump-times pro_and_epilogue "Performing shrink-wrapping" 1
FAIL: gcc.target/powerpc/rlwimi-2.c scan-assembler-times (?n)^\\\\s+[a-z] 20217
FAIL: gcc.target/powerpc/rlwimi-2.c scan-assembler-times (?n)^\\\\s+rldicl 6728
FAIL: gcc.target/powerpc/rlwimi-2.c scan-assembler-times (?n)^\\\\s+rlwimi 1692
FAIL: gcc.target/powerpc/rlwinm-0.c scan-assembler-times (?n)^\\\\s+rlwinm 3094
FAIL: gcc.target/powerpc/rlwinm-0.c scan-assembler-times (?n)^\\\\s+srdi 12
FAIL: gcc.target/powerpc/rlwinm-1.c scan-assembler-times (?n)^\\\\s+[a-z] 9606
FAIL: gcc.target/powerpc/rlwinm-1.c scan-assembler-times (?n)^\\\\s+slwi 1
FAIL: gcc.target/powerpc/rlwinm-2.c scan-assembler-times (?n)^\\\\s+[a-z] 9466
FAIL: gcc.target/powerpc/rlwinm-2.c scan-assembler-times (?n)^\\\\s+rldic 2840
FAIL: gcc.target/powerpc/rlwinm-2.c scan-assembler-times (?n)^\\\\s+rlwinm 721
FAIL: gcc.target/powerpc/rlwinm-2.c scan-assembler-times (?n)^\\\\s+srdi 12
FAIL: gcc.target/powerpc/safe-indirect-jump-1.c scan-assembler beqctrl-
FAIL: gcc.target/powerpc/safe-indirect-jump-1.c scan-assembler crset 2
FAIL: gcc.target/powerpc/safe-indirect-jump-7.c scan-assembler beqctrl-
FAIL: gcc.target/powerpc/safe-indirect-jump-7.c scan-assembler crset 2
FAIL: gcc.target/powerpc/shrink-wrap-separate-0.c scan-assembler #before\\\\M.*\\\\mmflr\\\\M
FAIL: gcc.target/powerpc/shrink-wrap-separate-1.c scan-assembler \\\\mmflr\\\\M.*\\\\mbl\\\\M.*\\\\mmflr\\\\M.*\\\\mbl\\\\M
FAIL: gcc.target/powerpc/test_fpscr_rn_builtin.c execution test
FAIL: gcc.target/powerpc/test_mffsl.c execution test
UNRESOLVED: gcc.target/powerpc/tfmode_off.c object-size text == 544
UNRESOLVED: gcc.target/powerpc/timode_off.c object-size text <= 700
FAIL: gcc.target/powerpc/undef-bool-2.c (test for errors, line 12)
FAIL: gcc.target/powerpc/undef-bool-2.c (test for excess errors)
=== gcc Summary for unix/-m64 ===
# of expected passes 111804
# of unexpected failures 153
# of unexpected successes 9
# of expected failures 510
# of unresolved testcases 14
# of unsupported tests 3915
=== gcc Summary ===
# of expected passes 222561
# of unexpected failures 321
# of unexpected successes 11
# of expected failures 1006
# of unresolved testcases 21
# of unsupported tests 7977
/Volumes/scratch/10-5-leo/powerpc-trunk/gcc/xgcc version 9.0.0 20190102 (experimental) [trunk revision 267505] (GCC)
=== gfortran tests ===
Running target unix/-m32
FAIL: gfortran.dg/elemental_subroutine_3.f90 -O1 (test for excess errors)
FAIL: gfortran.dg/elemental_subroutine_3.f90 -O2 (test for excess errors)
FAIL: gfortran.dg/elemental_subroutine_3.f90 -O3 -fomit-frame-pointer -funroll-loops -fpeel-loops -ftracer -finline-functions (test for excess errors)
FAIL: gfortran.dg/elemental_subroutine_3.f90 -O3 -g (test for excess errors)
FAIL: gfortran.dg/elemental_subroutine_3.f90 -Os (test for excess errors)
FAIL: gfortran.dg/erf_3.F90 -O0 execution test
FAIL: gfortran.dg/erf_3.F90 -O1 execution test
FAIL: gfortran.dg/erf_3.F90 -O2 execution test
FAIL: gfortran.dg/erf_3.F90 -O3 -fomit-frame-pointer -funroll-loops -fpeel-loops -ftracer -finline-functions execution test
FAIL: gfortran.dg/erf_3.F90 -O3 -g execution test
FAIL: gfortran.dg/erf_3.F90 -Os execution test
FAIL: gfortran.dg/large_real_kind_2.F90 -O0 execution test
FAIL: gfortran.dg/large_real_kind_3.F90 -O0 execution test
XPASS: gfortran.dg/namelist_utf8.f90 -O0 execution test
XPASS: gfortran.dg/namelist_utf8.f90 -O1 execution test
XPASS: gfortran.dg/namelist_utf8.f90 -O2 execution test
XPASS: gfortran.dg/namelist_utf8.f90 -O3 -fomit-frame-pointer -funroll-loops -fpeel-loops -ftracer -finline-functions execution test
XPASS: gfortran.dg/namelist_utf8.f90 -O3 -g execution test
XPASS: gfortran.dg/namelist_utf8.f90 -Os execution test
FAIL: gfortran.dg/norm2_3.f90 -O0 execution test
FAIL: gfortran.dg/norm2_3.f90 -O1 execution test
FAIL: gfortran.dg/norm2_3.f90 -O2 execution test
FAIL: gfortran.dg/norm2_3.f90 -O3 -fomit-frame-pointer -funroll-loops -fpeel-loops -ftracer -finline-functions execution test
FAIL: gfortran.dg/norm2_3.f90 -O3 -g execution test
FAIL: gfortran.dg/norm2_3.f90 -Os execution test
FAIL: gfortran.dg/quad_2.f90 -O0 execution test
FAIL: gfortran.dg/quad_2.f90 -O1 execution test
FAIL: gfortran.dg/quad_2.f90 -O2 execution test
FAIL: gfortran.dg/quad_2.f90 -O3 -fomit-frame-pointer -funroll-loops -fpeel-loops -ftracer -finline-functions execution test
FAIL: gfortran.dg/quad_2.f90 -O3 -g execution test
FAIL: gfortran.dg/quad_2.f90 -Os execution test
FAIL: gfortran.dg/transfer_intrinsic_3.f90 -O3 -fomit-frame-pointer -funroll-loops -fpeel-loops -ftracer -finline-functions execution test
FAIL: gfortran.dg/transfer_intrinsic_3.f90 -O3 -g execution test
FAIL: gfortran.dg/vect/pr48329.f90 -O scan-tree-dump-times vect "vectorized 1 loops" 1
FAIL: gfortran.dg/vect/pr62283-2.f -O scan-tree-dump slp2 "basic block vectorized"
=== gfortran Summary for unix/-m32 ===
# of expected passes 48091
# of unexpected failures 29
# of unexpected successes 6
# of expected failures 155
# of unsupported tests 249
Running target unix/-m64
FAIL: gfortran.dg/alloc_comp_assign_13.f08 -Os execution test
FAIL: gfortran.dg/alloc_comp_assign_14.f08 -Os execution test
FAIL: gfortran.dg/allocatable_function_5.f90 -Os execution test
FAIL: gfortran.dg/allocate_with_source_5.f90 -Os execution test
FAIL: gfortran.dg/argument_checking_1.f90 -Os execution test
FAIL: gfortran.dg/arrayio_14.f90 -Os execution test
FAIL: gfortran.dg/arrayio_2.f90 -Os execution test
FAIL: gfortran.dg/associate_23.f90 -Os execution test
FAIL: gfortran.dg/associate_34.f90 -Os execution test
FAIL: gfortran.dg/backslash_3.f -Os execution test
FAIL: gfortran.dg/char_result_5.f90 -Os execution test
FAIL: gfortran.dg/deallocate_alloc_opt_3.f90 -Os execution test
FAIL: gfortran.dg/dec_type_print_2.f03 -Os execution test
FAIL: gfortran.dg/deferred_character_26.f90 -Os execution test
FAIL: gfortran.dg/deferred_character_7.f90 -Os execution test
FAIL: gfortran.dg/deferred_type_component_1.f90 -Os execution test
FAIL: gfortran.dg/dependency_52.f90 -Os execution test
FAIL: gfortran.dg/elemental_subroutine_3.f90 -O1 (test for excess errors)
FAIL: gfortran.dg/elemental_subroutine_3.f90 -O2 (test for excess errors)
FAIL: gfortran.dg/elemental_subroutine_3.f90 -O3 -fomit-frame-pointer -funroll-loops -fpeel-loops -ftracer -finline-functions (test for excess errors)
FAIL: gfortran.dg/elemental_subroutine_3.f90 -O3 -g (test for excess errors)
FAIL: gfortran.dg/elemental_subroutine_3.f90 -Os (test for excess errors)
FAIL: gfortran.dg/erf_3.F90 -O0 execution test
FAIL: gfortran.dg/erf_3.F90 -O1 execution test
FAIL: gfortran.dg/erf_3.F90 -O2 execution test
FAIL: gfortran.dg/erf_3.F90 -O3 -fomit-frame-pointer -funroll-loops -fpeel-loops -ftracer -finline-functions execution test
FAIL: gfortran.dg/erf_3.F90 -O3 -g execution test
FAIL: gfortran.dg/erf_3.F90 -Os execution test
FAIL: gfortran.dg/extends_1.f03 -Os execution test
FAIL: gfortran.dg/fmt_cache_2.f -Os execution test
FAIL: gfortran.dg/fmt_error_10.f -Os execution test
FAIL: gfortran.dg/fmt_error_9.f -Os execution test
FAIL: gfortran.dg/fmt_t_3.f90 -Os execution test
FAIL: gfortran.dg/int_range_io_1.f90 -Os execution test
FAIL: gfortran.dg/internal_dummy_3.f08 -O1 execution test
FAIL: gfortran.dg/internal_dummy_3.f08 -O2 execution test
FAIL: gfortran.dg/internal_dummy_3.f08 -O3 -fomit-frame-pointer -funroll-loops -fpeel-loops -ftracer -finline-functions execution test
FAIL: gfortran.dg/internal_dummy_3.f08 -O3 -g execution test
FAIL: gfortran.dg/internal_dummy_3.f08 -Os execution test
FAIL: gfortran.dg/intrinsic_pack_1.f90 -O1 execution test
FAIL: gfortran.dg/intrinsic_pack_1.f90 -O2 execution test
FAIL: gfortran.dg/intrinsic_pack_1.f90 -Os execution test
FAIL: gfortran.dg/intrinsic_unpack_1.f90 -O1 execution test
FAIL: gfortran.dg/intrinsic_unpack_1.f90 -O2 execution test
FAIL: gfortran.dg/intrinsic_unpack_1.f90 -O3 -fomit-frame-pointer -funroll-loops -fpeel-loops -ftracer -finline-functions execution test
FAIL: gfortran.dg/intrinsic_unpack_1.f90 -O3 -g execution test
FAIL: gfortran.dg/intrinsic_unpack_1.f90 -Os execution test
FAIL: gfortran.dg/large_real_kind_2.F90 -O0 execution test
FAIL: gfortran.dg/large_real_kind_3.F90 -O0 execution test
FAIL: gfortran.dg/namelist_12.f -Os execution test
FAIL: gfortran.dg/namelist_19.f90 -Os execution test
FAIL: gfortran.dg/namelist_40.f90 -Os output pattern test
FAIL: gfortran.dg/namelist_61.f90 -Os execution test
XPASS: gfortran.dg/namelist_utf8.f90 -O0 execution test
XPASS: gfortran.dg/namelist_utf8.f90 -O1 execution test
XPASS: gfortran.dg/namelist_utf8.f90 -O2 execution test
XPASS: gfortran.dg/namelist_utf8.f90 -O3 -fomit-frame-pointer -funroll-loops -fpeel-loops -ftracer -finline-functions execution test
XPASS: gfortran.dg/namelist_utf8.f90 -O3 -g execution test
XPASS: gfortran.dg/namelist_utf8.f90 -Os execution test
FAIL: gfortran.dg/nan_3.f90 -Os execution test
FAIL: gfortran.dg/nan_6.f90 -Os execution test
FAIL: gfortran.dg/norm2_3.f90 -O0 execution test
FAIL: gfortran.dg/norm2_3.f90 -O1 execution test
FAIL: gfortran.dg/norm2_3.f90 -O2 execution test
FAIL: gfortran.dg/norm2_3.f90 -O3 -fomit-frame-pointer -funroll-loops -fpeel-loops -ftracer -finline-functions execution test
FAIL: gfortran.dg/norm2_3.f90 -O3 -g execution test
FAIL: gfortran.dg/norm2_3.f90 -Os execution test
FAIL: gfortran.dg/pdt_1.f03 -Os execution test
FAIL: gfortran.dg/pointer_check_1.f90 -O0 output pattern test
FAIL: gfortran.dg/pointer_check_2.f90 -O0 output pattern test
FAIL: gfortran.dg/pointer_check_3.f90 -O0 output pattern test
FAIL: gfortran.dg/pointer_check_4.f90 -O0 output pattern test
FAIL: gfortran.dg/pr19155.f -Os execution test
FAIL: gfortran.dg/proc_ptr_19.f90 -O0 execution test
FAIL: gfortran.dg/proc_ptr_20.f90 -O0 execution test
FAIL: gfortran.dg/proc_ptr_25.f90 -O0 execution test
FAIL: gfortran.dg/proc_ptr_7.f90 -O0 execution test
FAIL: gfortran.dg/proc_ptr_comp_11.f90 -O0 execution test
FAIL: gfortran.dg/proc_ptr_comp_13.f90 -O0 execution test
FAIL: gfortran.dg/proc_ptr_comp_14.f90 -O0 execution test
FAIL: gfortran.dg/proc_ptr_comp_18.f90 -O0 execution test
FAIL: gfortran.dg/proc_ptr_comp_19.f90 -O0 execution test
FAIL: gfortran.dg/proc_ptr_comp_2.f90 -O0 execution test
FAIL: gfortran.dg/proc_ptr_result_7.f90 -O0 execution test
FAIL: gfortran.dg/quad_2.f90 -O0 execution test
FAIL: gfortran.dg/quad_2.f90 -O1 execution test
FAIL: gfortran.dg/quad_2.f90 -O2 execution test
FAIL: gfortran.dg/quad_2.f90 -O3 -fomit-frame-pointer -funroll-loops -fpeel-loops -ftracer -finline-functions execution test
FAIL: gfortran.dg/quad_2.f90 -O3 -g execution test
FAIL: gfortran.dg/quad_2.f90 -Os execution test
FAIL: gfortran.dg/realloc_on_assign_4.f03 -Os execution test
FAIL: gfortran.dg/round_4.f90 -Os execution test
FAIL: gfortran.dg/structure_constructor_1.f03 -Os execution test
FAIL: gfortran.dg/structure_constructor_11.f90 -O1 execution test
FAIL: gfortran.dg/structure_constructor_11.f90 -Os execution test
FAIL: gfortran.dg/submodule_1.f08 -Os execution test
WARNING: program timed out.
FAIL: gfortran.dg/transfer_intrinsic_3.f90 -O3 -fomit-frame-pointer -funroll-loops -fpeel-loops -ftracer -finline-functions execution test
WARNING: program timed out.
FAIL: gfortran.dg/transfer_intrinsic_3.f90 -O3 -g execution test
FAIL: gfortran.dg/value_7.f03 -Os execution test
FAIL: gfortran.dg/vect/pr48329.f90 -O scan-tree-dump-times vect "vectorized 1 loops" 1
FAIL: gfortran.dg/vect/pr62283-2.f -O scan-tree-dump slp2 "basic block vectorized"
FAIL: gfortran.fortran-torture/execute/adjustr.f90 execution, -Os
FAIL: gfortran.fortran-torture/execute/entry_2.f90 execution, -Os
FAIL: gfortran.fortran-torture/execute/entry_5.f90 execution, -Os
FAIL: gfortran.fortran-torture/execute/save_1.f90 execution, -Os
FAIL: gfortran.fortran-torture/execute/strlen.f90 execution, -Os
=== gfortran Summary for unix/-m64 ===
# of expected passes 48270
# of unexpected failures 100
# of unexpected successes 6
# of expected failures 155
# of unsupported tests 128
=== gfortran Summary ===
# of expected passes 96361
# of unexpected failures 129
# of unexpected successes 12
# of expected failures 310
# of unsupported tests 377
/Volumes/scratch/10-5-leo/powerpc-trunk/gcc/testsuite/gfortran/../../gfortran version 9.0.0 20190102 (experimental) [trunk revision 267505] (GCC)
=== gnat tests ===
Running target unix/-m32
FAIL: gnat.dg/handle_and_return.adb execution test
XPASS: gnat.dg/lto19.adb (test for excess errors)
FAIL: gnat.dg/lto8.adb (test for excess errors)
FAIL: gnat.dg/lto8.adb 3 blank line(s) in output
UNRESOLVED: gnat.dg/lto8.adb compilation failed to produce executable
FAIL: gnat.dg/null_pointer_deref1.adb execution test
FAIL: gnat.dg/null_pointer_deref3.adb execution test
FAIL: gnat.dg/opt49.adb (test for excess errors)
UNRESOLVED: gnat.dg/opt49.adb compilation failed to produce executable
FAIL: gnat.dg/opt73.adb execution test
FAIL: gnat.dg/stack_check2.adb (test for excess errors)
UNRESOLVED: gnat.dg/stack_check2.adb compilation failed to produce executable
=== gnat Summary for unix/-m32 ===
# of expected passes 2908
# of unexpected failures 8
# of unexpected successes 1
# of expected failures 23
# of unresolved testcases 3
# of unsupported tests 26
Running target unix/-m64
FAIL: gnat.dg/handle_and_return.adb execution test
XPASS: gnat.dg/lto19.adb (test for excess errors)
FAIL: gnat.dg/lto8.adb (test for excess errors)
FAIL: gnat.dg/lto8.adb 3 blank line(s) in output
UNRESOLVED: gnat.dg/lto8.adb compilation failed to produce executable
FAIL: gnat.dg/null_pointer_deref1.adb execution test
FAIL: gnat.dg/null_pointer_deref3.adb execution test
FAIL: gnat.dg/opt49.adb (test for excess errors)
UNRESOLVED: gnat.dg/opt49.adb compilation failed to produce executable
FAIL: gnat.dg/opt73.adb execution test
FAIL: gnat.dg/stack_check2.adb (test for excess errors)
UNRESOLVED: gnat.dg/stack_check2.adb compilation failed to produce executable
=== gnat Summary for unix/-m64 ===
# of expected passes 2908
# of unexpected failures 8
# of unexpected successes 1
# of expected failures 23
# of unresolved testcases 3
# of unsupported tests 26
=== gnat Summary ===
# of expected passes 5816
# of unexpected failures 16
# of unexpected successes 2
# of expected failures 46
# of unresolved testcases 6
# of unsupported tests 52
/Volumes/scratch/10-5-leo/powerpc-trunk/gcc/gnatmake version 9.0.0 20190102 (experimental) [trunk revision 267505]
=== obj-c++ tests ===
Running target unix/-m32
FAIL: obj-c++.dg/fsf-nsstring-format-1.mm -fnext-runtime (test for errors, line 27)
FAIL: obj-c++.dg/fsf-nsstring-format-1.mm -fnext-runtime (test for errors, line 31)
FAIL: obj-c++.dg/fsf-nsstring-format-1.mm -fnext-runtime (test for errors, line 34)
FAIL: obj-c++.dg/fsf-nsstring-format-1.mm -fnext-runtime (test for errors, line 39)
FAIL: obj-c++.dg/fsf-nsstring-format-1.mm -fnext-runtime (test for errors, line 40)
FAIL: obj-c++.dg/fsf-nsstring-format-1.mm -fnext-runtime (test for excess errors)
FAIL: obj-c++.dg/stubify-1.mm -fnext-runtime (test for excess errors)
FAIL: obj-c++.dg/stubify-2.mm -fnext-runtime (test for excess errors)
FAIL: obj-c++.dg/try-catch-1.mm -fnext-runtime (test for excess errors)
FAIL: obj-c++.dg/try-catch-3.mm -fnext-runtime (test for excess errors)
=== obj-c++ Summary for unix/-m32 ===
# of expected passes 3121
# of unexpected failures 10
# of expected failures 2
# of unsupported tests 62
Running target unix/-m64
FAIL: obj-c++.dg/bitfield-2.mm -fnext-runtime execution test
FAIL: obj-c++.dg/fsf-nsstring-format-1.mm -fnext-runtime (test for errors, line 27)
FAIL: obj-c++.dg/fsf-nsstring-format-1.mm -fnext-runtime (test for errors, line 31)
FAIL: obj-c++.dg/fsf-nsstring-format-1.mm -fnext-runtime (test for errors, line 34)
FAIL: obj-c++.dg/fsf-nsstring-format-1.mm -fnext-runtime (test for errors, line 39)
FAIL: obj-c++.dg/fsf-nsstring-format-1.mm -fnext-runtime (test for errors, line 40)
FAIL: obj-c++.dg/fsf-nsstring-format-1.mm -fnext-runtime (test for excess errors)
FAIL: obj-c++.dg/property/synthesize-10.mm -fnext-runtime execution test
=== obj-c++ Summary for unix/-m64 ===
# of expected passes 3073
# of unexpected failures 8
# of expected failures 19
# of unsupported tests 67
=== obj-c++ Summary ===
# of expected passes 6194
# of unexpected failures 18
# of expected failures 21
# of unsupported tests 129
/Volumes/scratch/10-5-leo/powerpc-trunk/gcc/testsuite/obj-c++/../../xg++ version 9.0.0 20190102 (experimental) [trunk revision 267505] (GCC)
=== objc tests ===
Running target unix/-m32
FAIL: objc.dg/fix-and-continue-1.m -fgnu-runtime execution test
FAIL: objc.dg/fsf-nsstring-format-1.m -fnext-runtime (test for errors, line 20)
FAIL: objc.dg/fsf-nsstring-format-1.m -fnext-runtime (test for errors, line 24)
FAIL: objc.dg/fsf-nsstring-format-1.m -fnext-runtime (test for errors, line 27)
FAIL: objc.dg/fsf-nsstring-format-1.m -fnext-runtime (test for errors, line 32)
FAIL: objc.dg/fsf-nsstring-format-1.m -fnext-runtime (test for errors, line 33)
FAIL: objc.dg/fsf-nsstring-format-1.m -fnext-runtime (test for excess errors)
FAIL: objc.dg/ivar-scope-4.m -fnext-runtime execution test
FAIL: objc.dg-struct-layout-encoding-1/t001_main.m execution test
FAIL: objc.dg-struct-layout-encoding-1/t002_main.m execution test
FAIL: objc.dg-struct-layout-encoding-1/t003_main.m execution test
FAIL: objc.dg-struct-layout-encoding-1/t004_main.m execution test
FAIL: objc.dg-struct-layout-encoding-1/t005_main.m execution test
FAIL: objc.dg-struct-layout-encoding-1/t006_main.m execution test
FAIL: objc.dg-struct-layout-encoding-1/t007_main.m execution test
FAIL: objc.dg-struct-layout-encoding-1/t008_main.m execution test
FAIL: objc.dg-struct-layout-encoding-1/t009_main.m execution test
FAIL: objc.dg-struct-layout-encoding-1/t010_main.m execution test
FAIL: objc.dg-struct-layout-encoding-1/t011_main.m execution test
FAIL: objc.dg-struct-layout-encoding-1/t012_main.m execution test
FAIL: objc.dg-struct-layout-encoding-1/t013_main.m execution test
FAIL: objc.dg-struct-layout-encoding-1/t014_main.m execution test
FAIL: objc.dg-struct-layout-encoding-1/t015_main.m execution test
FAIL: objc.dg-struct-layout-encoding-1/t016_main.m execution test
FAIL: objc.dg-struct-layout-encoding-1/t017_main.m execution test
FAIL: objc.dg-struct-layout-encoding-1/t018_main.m execution test
FAIL: objc.dg-struct-layout-encoding-1/t019_main.m execution test
FAIL: objc.dg-struct-layout-encoding-1/t020_main.m execution test
FAIL: objc.dg-struct-layout-encoding-1/t021_main.m execution test
FAIL: objc.dg-struct-layout-encoding-1/t022_main.m execution test
FAIL: objc.dg-struct-layout-encoding-1/t023_main.m execution test
FAIL: objc.dg-struct-layout-encoding-1/t024_main.m execution test
FAIL: objc.dg-struct-layout-encoding-1/t026_main.m execution test
FAIL: objc.dg-struct-layout-encoding-1/t030_main.m execution test
=== objc Summary for unix/-m32 ===
# of expected passes 5642
# of unexpected failures 34
# of expected failures 4
# of unsupported tests 78
Running target unix/-m64
FAIL: objc.dg/fix-and-continue-1.m -fgnu-runtime execution test
FAIL: objc.dg/fsf-nsstring-format-1.m -fnext-runtime (test for errors, line 20)
FAIL: objc.dg/fsf-nsstring-format-1.m -fnext-runtime (test for errors, line 24)
FAIL: objc.dg/fsf-nsstring-format-1.m -fnext-runtime (test for errors, line 27)
FAIL: objc.dg/fsf-nsstring-format-1.m -fnext-runtime (test for errors, line 32)
FAIL: objc.dg/fsf-nsstring-format-1.m -fnext-runtime (test for errors, line 33)
FAIL: objc.dg/fsf-nsstring-format-1.m -fnext-runtime (test for excess errors)
FAIL: objc.dg/ivar-scope-4.m -fnext-runtime execution test
=== objc Summary for unix/-m64 ===
# of expected passes 5624
# of unexpected failures 8
# of expected failures 6
# of unsupported tests 85
=== objc Summary ===
# of expected passes 11266
# of unexpected failures 42
# of expected failures 10
# of unsupported tests 163
/Volumes/scratch/10-5-leo/powerpc-trunk/gcc/xgcc version 9.0.0 20190102 (experimental) [trunk revision 267505] (GCC)
=== libatomic tests ===
Running target unix/-m32
=== libatomic Summary for unix/-m32 ===
# of expected passes 44
# of unsupported tests 5
Running target unix/-m64
=== libatomic Summary for unix/-m64 ===
# of expected passes 54
=== libatomic Summary ===
# of expected passes 98
# of unsupported tests 5
=== libgomp tests ===
Running target unix/-m32
WARNING: program timed out.
FAIL: libgomp.c++/task-reduction-8.C execution test
FAIL: libgomp.oacc-c/../libgomp.oacc-c-c++-common/atomic_update-1.c -DACC_DEVICE_TYPE_host=1 -DACC_MEM_SHARED=1 -O2 execution test
FAIL: libgomp.oacc-c++/../libgomp.oacc-c-c++-common/atomic_update-1.c -DACC_DEVICE_TYPE_host=1 -DACC_MEM_SHARED=1 -O2 execution test
=== libgomp Summary for unix/-m32 ===
# of expected passes 6284
# of unexpected failures 3
# of expected failures 1
# of unsupported tests 398
Running target unix/-m64
WARNING: program timed out.
FAIL: libgomp.c++/task-reduction-10.C execution test
FAIL: libgomp.fortran/character1.f90 -Os execution test
FAIL: libgomp.fortran/character2.f90 -Os execution test
=== libgomp Summary for unix/-m64 ===
# of expected passes 6284
# of unexpected failures 3
# of expected failures 1
# of unsupported tests 398
=== libgomp Summary ===
# of expected passes 12568
# of unexpected failures 6
# of expected failures 2
# of unsupported tests 796
=== libitm tests ===
Running target unix/-m32
=== libitm Summary for unix/-m32 ===
# of expected passes 40
# of expected failures 3
# of unsupported tests 2
Running target unix/-m64
=== libitm Summary for unix/-m64 ===
# of expected passes 40
# of expected failures 3
# of unsupported tests 2
=== libitm Summary ===
# of expected passes 80
# of expected failures 6
# of unsupported tests 4
=== libstdc++ tests ===
Running target unix/-m32
FAIL: 17_intro/names.cc (test for excess errors)
FAIL: 18_support/new_nothrow.cc execution test
FAIL: 26_numerics/complex/operators/more_constexpr.cc (test for excess errors)
FAIL: 26_numerics/complex/requirements/more_constexpr.cc (test for excess errors)
FAIL: 27_io/basic_filebuf/open/char/2.cc execution test
FAIL: 30_threads/condition_variable/54185.cc execution test
FAIL: 30_threads/thread/native_handle/typesizes.cc execution test
FAIL: experimental/net/headers.cc (test for excess errors)
FAIL: experimental/net/internet/address/v4/comparisons.cc (test for excess errors)
UNRESOLVED: experimental/net/internet/address/v4/comparisons.cc compilation failed to produce executable
FAIL: experimental/net/internet/address/v4/cons.cc (test for excess errors)
UNRESOLVED: experimental/net/internet/address/v4/cons.cc compilation failed to produce executable
FAIL: experimental/net/internet/address/v4/creation.cc (test for excess errors)
UNRESOLVED: experimental/net/internet/address/v4/creation.cc compilation failed to produce executable
FAIL: experimental/net/internet/address/v4/members.cc (test for excess errors)
UNRESOLVED: experimental/net/internet/address/v4/members.cc compilation failed to produce executable
FAIL: experimental/net/internet/resolver/base.cc (test for excess errors)
UNRESOLVED: experimental/net/internet/resolver/base.cc compilation failed to produce executable
FAIL: experimental/net/internet/resolver/ops/lookup.cc (test for excess errors)
UNRESOLVED: experimental/net/internet/resolver/ops/lookup.cc compilation failed to produce executable
FAIL: experimental/net/internet/resolver/ops/reverse.cc (test for excess errors)
UNRESOLVED: experimental/net/internet/resolver/ops/reverse.cc compilation failed to produce executable
FAIL: ext/mt_allocator/deallocate_global_thread-1.cc execution test
FAIL: ext/mt_allocator/deallocate_global_thread-3.cc execution test
FAIL: ext/stdio_filebuf/char/10063-2.cc execution test
FAIL: ext/stdio_filebuf/char/81751.cc execution test
WARNING: program timed out.
FAIL: tr1/5_numerical_facilities/special_functions/07_conf_hyperg/compile_cxx17.cc (test for excess errors)
FAIL: tr1/5_numerical_facilities/special_functions/17_hyperg/compile_cxx17.cc (test for excess errors)
FAIL: tr1/8_c_compatibility/cmath/pow_cmath.cc (test for excess errors)
=== libstdc++ Summary for unix/-m32 ===
# of expected passes 11686
# of unexpected failures 22
# of expected failures 77
# of unresolved testcases 7
# of unsupported tests 701
Running target unix/-m64
FAIL: 17_intro/names.cc (test for excess errors)
FAIL: 18_support/new_nothrow.cc execution test
FAIL: 26_numerics/complex/operators/more_constexpr.cc (test for excess errors)
FAIL: 26_numerics/complex/requirements/more_constexpr.cc (test for excess errors)
FAIL: 27_io/basic_filebuf/open/char/2.cc execution test
FAIL: 27_io/filesystem/operations/last_write_time.cc execution test
FAIL: 27_io/filesystem/path/compare/compare.cc execution test
FAIL: 27_io/filesystem/path/compare/lwg2936.cc execution test
FAIL: 27_io/filesystem/path/compare/strings.cc execution test
FAIL: 30_threads/condition_variable/54185.cc execution test
FAIL: 30_threads/thread/native_handle/typesizes.cc execution test
FAIL: experimental/filesystem/operations/last_write_time.cc execution test
FAIL: experimental/net/headers.cc (test for excess errors)
FAIL: experimental/net/internet/address/v4/comparisons.cc (test for excess errors)
UNRESOLVED: experimental/net/internet/address/v4/comparisons.cc compilation failed to produce executable
FAIL: experimental/net/internet/address/v4/cons.cc (test for excess errors)
UNRESOLVED: experimental/net/internet/address/v4/cons.cc compilation failed to produce executable
FAIL: experimental/net/internet/address/v4/creation.cc (test for excess errors)
UNRESOLVED: experimental/net/internet/address/v4/creation.cc compilation failed to produce executable
FAIL: experimental/net/internet/address/v4/members.cc (test for excess errors)
UNRESOLVED: experimental/net/internet/address/v4/members.cc compilation failed to produce executable
FAIL: experimental/net/internet/resolver/base.cc (test for excess errors)
UNRESOLVED: experimental/net/internet/resolver/base.cc compilation failed to produce executable
FAIL: experimental/net/internet/resolver/ops/lookup.cc (test for excess errors)
UNRESOLVED: experimental/net/internet/resolver/ops/lookup.cc compilation failed to produce executable
FAIL: experimental/net/internet/resolver/ops/reverse.cc (test for excess errors)
UNRESOLVED: experimental/net/internet/resolver/ops/reverse.cc compilation failed to produce executable
FAIL: ext/mt_allocator/deallocate_global_thread-1.cc execution test
FAIL: ext/mt_allocator/deallocate_global_thread-3.cc execution test
FAIL: ext/stdio_filebuf/char/10063-2.cc execution test
FAIL: ext/stdio_filebuf/char/81751.cc execution test
WARNING: program timed out.
WARNING: program timed out.
FAIL: tr1/5_numerical_facilities/special_functions/07_conf_hyperg/compile_cxx17.cc (test for excess errors)
FAIL: tr1/5_numerical_facilities/special_functions/17_hyperg/compile_cxx17.cc (test for excess errors)
FAIL: tr1/8_c_compatibility/cmath/pow_cmath.cc (test for excess errors)
=== libstdc++ Summary for unix/-m64 ===
# of expected passes 11679
# of unexpected failures 27
# of expected failures 77
# of unresolved testcases 7
# of unsupported tests 702
=== libstdc++ Summary ===
# of expected passes 23365
# of unexpected failures 49
# of expected failures 154
# of unresolved testcases 14
# of unsupported tests 1403
Compiler version: 9.0.0 20190102 (experimental) [trunk revision 267505] (GCC)
Platform: powerpc-apple-darwin9
configure flags: --prefix=/opt/iains/powerpc-apple-darwin9/gcc-trunk-wip --target=powerpc-apple-darwin9 --host=powerpc-apple-darwin9 --build=powerpc-apple-darwin9 --with-sysroot=/usr/local/darwin-toolchains/SDKs/darwin9 --disable-nls --enable-lto --disable-libstdcxx-pch --enable-version-specific-runtime-libs --with-dwarf2 --enable-checking=yes,rtl,tree --enable-languages=all --with-ld=/usr/bin/ld --with-as=/usr/bin/as