This is the mail archive of the gcc-testresults@gcc.gnu.org mailing list for the GCC project.


Index Nav: [Date Index] [Subject Index] [Author Index] [Thread Index]
Message Nav: [Date Prev] [Date Next] [Thread Prev] [Thread Next]
Other format: [Raw text]

Results for 9.0.0 20180930 (experimental) (GCC) testsuite on i586-unknown-freebsd10.4


Native configuration is i586-unknown-freebsd10.4

		=== g++ tests ===


Running target unix

		=== g++ Summary ===

# of expected passes		10467
# of expected failures		3
# of unsupported tests		1121
/scratch/tmp/gerald/OBJ-0930-2043/gcc/testsuite/g++/../../xg++  version 9.0.0 20180930 (experimental) (GCC) 

		=== g++ tests ===


Running target unix
FAIL: g++.dg/pr83239.C  -std=gnu++98 (test for excess errors)

		=== g++ Summary ===

# of expected passes		8740
# of unexpected failures	1
# of expected failures		8
# of unsupported tests		1134
/scratch/tmp/gerald/OBJ-0930-2043/gcc/testsuite/g++1/../../xg++  version 9.0.0 20180930 (experimental) (GCC) 

		=== g++ tests ===


Running target unix

		=== g++ Summary ===

# of expected passes		7808
# of expected failures		12
# of unsupported tests		1383
/scratch/tmp/gerald/OBJ-0930-2043/gcc/testsuite/g++2/../../xg++  version 9.0.0 20180930 (experimental) (GCC) 

		=== gcc tests ===


Running target unix

		=== gcc Summary ===

# of expected passes		2575
/scratch/tmp/gerald/OBJ-0930-2043/gcc/xgcc  version 9.0.0 20180930 (experimental) (GCC) 

		=== gfortran tests ===


Running target unix

		=== gfortran Summary ===

# of expected passes		3203
# of unsupported tests		26
/scratch/tmp/gerald/OBJ-0930-2043/gcc/testsuite/gfortran/../../gfortran  version 9.0.0 20180930 (experimental) (GCC) 

		=== libatomic tests ===


Running target unix

		=== libatomic Summary ===

# of expected passes		44
# of unsupported tests		5
		=== libgomp tests ===


Running target unix

		=== libgomp Summary ===

# of expected passes		926
# of unsupported tests		10
		=== libitm tests ===


Running target unix

		=== libitm Summary ===

# of expected passes		42
# of expected failures		3
# of unsupported tests		1
		=== libstdc++ tests ===


Running target unix
FAIL: 17_intro/headers/c++2017/stdc++.cc (test for excess errors)
FAIL: 17_intro/headers/c++2017/stdc++_multiple_inclusion.cc (test for excess errors)

		=== libstdc++ Summary ===

# of expected passes		609
# of unexpected failures	2
# of unsupported tests		3
		=== libstdc++ tests ===


Running target unix
FAIL: 17_intro/headers/c++2020/stdc++.cc (test for excess errors)
FAIL: 17_intro/headers/c++2020/stdc++_multiple_inclusion.cc (test for excess errors)

		=== libstdc++ Summary ===

# of expected passes		503
# of unexpected failures	2
# of unsupported tests		1

Compiler version: 9.0.0 20180930 (experimental) (GCC) 
Platform: i586-unknown-freebsd10.4
configure flags: --prefix=/home/gerald/gcc-ref10-i386 --disable-bootstrap --with-gmp=/home/gerald/10-i386 --with-as=/home/gerald/10-i386/bin/as --with-ld=/home/gerald/10-i386/bin/ld


Index Nav: [Date Index] [Subject Index] [Author Index] [Thread Index]
Message Nav: [Date Prev] [Date Next] [Thread Prev] [Thread Next]