This is the mail archive of the gcc-testresults@gcc.gnu.org mailing list for the GCC project.


Index Nav: [Date Index] [Subject Index] [Author Index] [Thread Index]
Message Nav: [Date Prev] [Date Next] [Thread Prev] [Thread Next]
Other format: [Raw text]

Results for 9.0.0 20180910 (experimental) (GCC) (build config: standard; languages: all; trunk revision 264192) testsuite on x86_64-pc-linux-gnu


LAST_UPDATED: Mon Sep 10 11:42:46 UTC 2018 (revision 264192)

		=== acats tests ===

		=== acats Summary ===
# of expected passes		2320
# of unexpected failures	0
Native configuration is x86_64-pc-linux-gnu

		=== brig tests ===


Running target unix

		=== brig Summary ===

# of unsupported tests		1
		=== gcc tests ===


Running target unix
FAIL: gcc.dg/graphite/interchange-3.c scan-tree-dump graphite "tiled"
FAIL: gcc.dg/graphite/interchange-7.c scan-tree-dump graphite "tiled"
FAIL: gcc.dg/graphite/interchange-9.c scan-tree-dump graphite "tiled"
FAIL: gcc.dg/graphite/uns-interchange-9.c scan-tree-dump graphite "tiled"
XPASS: gcc.dg/guality/example.c   -O0  execution test
XPASS: gcc.dg/guality/example.c   -O1  -DPREVENT_OPTIMIZATION  execution test
XPASS: gcc.dg/guality/example.c  -Og -DPREVENT_OPTIMIZATION  execution test
XPASS: gcc.dg/guality/guality.c   -O0  execution test
XPASS: gcc.dg/guality/guality.c   -O1  -DPREVENT_OPTIMIZATION  execution test
XPASS: gcc.dg/guality/guality.c   -O2  -DPREVENT_OPTIMIZATION  execution test
XPASS: gcc.dg/guality/guality.c   -O2 -flto -fno-use-linker-plugin -flto-partition=none  -DPREVENT_OPTIMIZATION execution test
XPASS: gcc.dg/guality/guality.c   -O2 -flto -fuse-linker-plugin -fno-fat-lto-objects  -DPREVENT_OPTIMIZATION execution test
XPASS: gcc.dg/guality/guality.c   -O3 -g  -DPREVENT_OPTIMIZATION  execution test
XPASS: gcc.dg/guality/guality.c   -Os  -DPREVENT_OPTIMIZATION  execution test
XPASS: gcc.dg/guality/guality.c  -Og -DPREVENT_OPTIMIZATION  execution test
XPASS: gcc.dg/guality/inline-params.c   -O2  -DPREVENT_OPTIMIZATION  execution test
XPASS: gcc.dg/guality/inline-params.c   -O2 -flto -fno-use-linker-plugin -flto-partition=none  -DPREVENT_OPTIMIZATION execution test
XPASS: gcc.dg/guality/inline-params.c   -O2 -flto -fuse-linker-plugin -fno-fat-lto-objects  -DPREVENT_OPTIMIZATION execution test
XPASS: gcc.dg/guality/inline-params.c   -O3 -g  -DPREVENT_OPTIMIZATION  execution test
XPASS: gcc.dg/guality/inline-params.c   -Os  -DPREVENT_OPTIMIZATION  execution test
XPASS: gcc.dg/guality/pr41353-1.c   -O0  line 28 j == 28 + 37
XPASS: gcc.dg/guality/pr41353-1.c  -Og -DPREVENT_OPTIMIZATION  line 28 j == 28 + 37
FAIL: gcc.dg/guality/pr41616-1.c   -O2  -DPREVENT_OPTIMIZATION  execution test
FAIL: gcc.dg/guality/pr41616-1.c   -O2 -flto -fno-use-linker-plugin -flto-partition=none  -DPREVENT_OPTIMIZATION execution test
FAIL: gcc.dg/guality/pr41616-1.c   -O3 -g  -DPREVENT_OPTIMIZATION  execution test
FAIL: gcc.dg/guality/pr54200.c  -Og -DPREVENT_OPTIMIZATION  line 20 z == 3
FAIL: gcc.dg/guality/pr54519-1.c   -O2 -flto -fno-use-linker-plugin -flto-partition=none  -DPREVENT_OPTIMIZATION line 20 y == 25
FAIL: gcc.dg/guality/pr54519-1.c   -O2 -flto -fno-use-linker-plugin -flto-partition=none  -DPREVENT_OPTIMIZATION line 20 z == 6
FAIL: gcc.dg/guality/pr54519-1.c   -O2 -flto -fno-use-linker-plugin -flto-partition=none  -DPREVENT_OPTIMIZATION line 23 y == 117
FAIL: gcc.dg/guality/pr54519-1.c   -O2 -flto -fno-use-linker-plugin -flto-partition=none  -DPREVENT_OPTIMIZATION line 23 z == 8
FAIL: gcc.dg/guality/pr54519-2.c   -O2 -flto -fno-use-linker-plugin -flto-partition=none  -DPREVENT_OPTIMIZATION line 17 y == 25
FAIL: gcc.dg/guality/pr54519-2.c   -O2 -flto -fuse-linker-plugin -fno-fat-lto-objects  -DPREVENT_OPTIMIZATION line 17 y == 25
FAIL: gcc.dg/guality/pr54519-3.c   -O2 -flto -fno-use-linker-plugin -flto-partition=none  -DPREVENT_OPTIMIZATION line 20 y == 25
FAIL: gcc.dg/guality/pr54519-3.c   -O2 -flto -fno-use-linker-plugin -flto-partition=none  -DPREVENT_OPTIMIZATION line 20 z == 6
FAIL: gcc.dg/guality/pr54519-3.c   -O2 -flto -fno-use-linker-plugin -flto-partition=none  -DPREVENT_OPTIMIZATION line 23 y == 117
FAIL: gcc.dg/guality/pr54519-3.c   -O2 -flto -fno-use-linker-plugin -flto-partition=none  -DPREVENT_OPTIMIZATION line 23 z == 8
FAIL: gcc.dg/guality/pr54519-3.c   -O2 -flto -fuse-linker-plugin -fno-fat-lto-objects  -DPREVENT_OPTIMIZATION line 20 y == 25
FAIL: gcc.dg/guality/pr54519-3.c   -O2 -flto -fuse-linker-plugin -fno-fat-lto-objects  -DPREVENT_OPTIMIZATION line 20 z == 6
FAIL: gcc.dg/guality/pr54519-3.c   -O2 -flto -fuse-linker-plugin -fno-fat-lto-objects  -DPREVENT_OPTIMIZATION line 23 y == 117
FAIL: gcc.dg/guality/pr54519-3.c   -O2 -flto -fuse-linker-plugin -fno-fat-lto-objects  -DPREVENT_OPTIMIZATION line 23 z == 8
FAIL: gcc.dg/guality/pr54519-4.c   -O2 -flto -fno-use-linker-plugin -flto-partition=none  -DPREVENT_OPTIMIZATION line 17 y == 25
FAIL: gcc.dg/guality/pr54519-4.c   -O2 -flto -fuse-linker-plugin -fno-fat-lto-objects  -DPREVENT_OPTIMIZATION line 17 y == 25
FAIL: gcc.dg/guality/pr54519-5.c   -O2 -flto -fno-use-linker-plugin -flto-partition=none  -DPREVENT_OPTIMIZATION line 17 y == 25
FAIL: gcc.dg/guality/pr54519-5.c   -O2 -flto -fuse-linker-plugin -fno-fat-lto-objects  -DPREVENT_OPTIMIZATION line 17 y == 25
XPASS: gcc.dg/guality/pr54970.c   -O0  line 31 a[0] == 4
XPASS: gcc.dg/guality/pr54970.c   -O0  line 36 a[0] == 4
XPASS: gcc.dg/guality/pr54970.c   -O0  line 45 a[0] == 4
XPASS: gcc.dg/guality/pr54970.c   -O0  line 45 p[-2] == 4
XPASS: gcc.dg/guality/pr54970.c   -O0  line 45 q[-1] == 4
FAIL: gcc.dg/guality/pr54970.c  -Og -DPREVENT_OPTIMIZATION  line 15 *p == 3
FAIL: gcc.dg/guality/pr54970.c  -Og -DPREVENT_OPTIMIZATION  line 15 *q == 2
FAIL: gcc.dg/guality/pr54970.c  -Og -DPREVENT_OPTIMIZATION  line 15 a[0] == 1
FAIL: gcc.dg/guality/pr54970.c  -Og -DPREVENT_OPTIMIZATION  line 15 a[1] == 2
FAIL: gcc.dg/guality/pr54970.c  -Og -DPREVENT_OPTIMIZATION  line 15 a[2] == 3
FAIL: gcc.dg/guality/pr54970.c  -Og -DPREVENT_OPTIMIZATION  line 20 *p == 13
FAIL: gcc.dg/guality/pr54970.c  -Og -DPREVENT_OPTIMIZATION  line 20 *q == 2
FAIL: gcc.dg/guality/pr54970.c  -Og -DPREVENT_OPTIMIZATION  line 20 a[0] == 1
FAIL: gcc.dg/guality/pr54970.c  -Og -DPREVENT_OPTIMIZATION  line 20 a[1] == 2
FAIL: gcc.dg/guality/pr54970.c  -Og -DPREVENT_OPTIMIZATION  line 20 a[2] == 13
FAIL: gcc.dg/guality/pr54970.c  -Og -DPREVENT_OPTIMIZATION  line 25 *p == 13
FAIL: gcc.dg/guality/pr54970.c  -Og -DPREVENT_OPTIMIZATION  line 25 *q == 12
FAIL: gcc.dg/guality/pr54970.c  -Og -DPREVENT_OPTIMIZATION  line 25 a[0] == 1
FAIL: gcc.dg/guality/pr54970.c  -Og -DPREVENT_OPTIMIZATION  line 25 a[1] == 12
FAIL: gcc.dg/guality/pr54970.c  -Og -DPREVENT_OPTIMIZATION  line 25 a[2] == 13
FAIL: gcc.dg/guality/pr54970.c  -Og -DPREVENT_OPTIMIZATION  line 31 *p == 6
FAIL: gcc.dg/guality/pr54970.c  -Og -DPREVENT_OPTIMIZATION  line 31 *q == 5
FAIL: gcc.dg/guality/pr54970.c  -Og -DPREVENT_OPTIMIZATION  line 31 a[1] == 5
FAIL: gcc.dg/guality/pr54970.c  -Og -DPREVENT_OPTIMIZATION  line 31 a[2] == 6
FAIL: gcc.dg/guality/pr54970.c  -Og -DPREVENT_OPTIMIZATION  line 36 *p == 26
FAIL: gcc.dg/guality/pr54970.c  -Og -DPREVENT_OPTIMIZATION  line 36 *q == 5
FAIL: gcc.dg/guality/pr54970.c  -Og -DPREVENT_OPTIMIZATION  line 36 a[1] == 5
FAIL: gcc.dg/guality/pr54970.c  -Og -DPREVENT_OPTIMIZATION  line 36 a[2] == 26
FAIL: gcc.dg/guality/pr54970.c  -Og -DPREVENT_OPTIMIZATION  line 45 *p == 26
FAIL: gcc.dg/guality/pr54970.c  -Og -DPREVENT_OPTIMIZATION  line 45 *q == 25
FAIL: gcc.dg/guality/pr54970.c  -Og -DPREVENT_OPTIMIZATION  line 45 a[1] == 25
FAIL: gcc.dg/guality/pr54970.c  -Og -DPREVENT_OPTIMIZATION  line 45 a[2] == 26
FAIL: gcc.dg/guality/pr54970.c  -Og -DPREVENT_OPTIMIZATION  line 45 p[-1] == 25
FAIL: gcc.dg/guality/pr54970.c  -Og -DPREVENT_OPTIMIZATION  line 45 q[1] == 26
FAIL: gcc.dg/guality/pr56154-1.c  -Og -DPREVENT_OPTIMIZATION  line pr56154-1.c:20 x.a == 6
FAIL: gcc.dg/guality/pr59776.c  -Og -DPREVENT_OPTIMIZATION  line pr59776.c:17 s1.f == 5.0
FAIL: gcc.dg/guality/pr59776.c  -Og -DPREVENT_OPTIMIZATION  line pr59776.c:17 s1.g == 6.0
FAIL: gcc.dg/guality/pr59776.c  -Og -DPREVENT_OPTIMIZATION  line pr59776.c:17 s2.f == 0.0
FAIL: gcc.dg/guality/pr59776.c  -Og -DPREVENT_OPTIMIZATION  line pr59776.c:17 s2.g == 6.0
FAIL: gcc.dg/guality/pr59776.c  -Og -DPREVENT_OPTIMIZATION  line pr59776.c:20 s1.f == 5.0
FAIL: gcc.dg/guality/pr59776.c  -Og -DPREVENT_OPTIMIZATION  line pr59776.c:20 s1.g == 6.0
FAIL: gcc.dg/guality/pr59776.c  -Og -DPREVENT_OPTIMIZATION  line pr59776.c:20 s2.f == 5.0
FAIL: gcc.dg/guality/pr59776.c  -Og -DPREVENT_OPTIMIZATION  line pr59776.c:20 s2.g == 6.0
FAIL: gcc.dg/guality/pr68860-1.c   -O2 -flto -fno-use-linker-plugin -flto-partition=none  -DPREVENT_OPTIMIZATION line 14 arg1 == 1
FAIL: gcc.dg/guality/pr68860-1.c   -O2 -flto -fno-use-linker-plugin -flto-partition=none  -DPREVENT_OPTIMIZATION line 14 arg2 == 2
FAIL: gcc.dg/guality/pr68860-1.c   -O2 -flto -fno-use-linker-plugin -flto-partition=none  -DPREVENT_OPTIMIZATION line 14 arg3 == 3
FAIL: gcc.dg/guality/pr68860-1.c   -O2 -flto -fno-use-linker-plugin -flto-partition=none  -DPREVENT_OPTIMIZATION line 14 arg4 == 4
FAIL: gcc.dg/guality/pr68860-1.c   -O2 -flto -fno-use-linker-plugin -flto-partition=none  -DPREVENT_OPTIMIZATION line 14 arg5 == 5
FAIL: gcc.dg/guality/pr68860-1.c   -O2 -flto -fno-use-linker-plugin -flto-partition=none  -DPREVENT_OPTIMIZATION line 14 arg6 == 6
FAIL: gcc.dg/guality/pr68860-1.c   -O2 -flto -fno-use-linker-plugin -flto-partition=none  -DPREVENT_OPTIMIZATION line 16 arg1 == 1
FAIL: gcc.dg/guality/pr68860-1.c   -O2 -flto -fno-use-linker-plugin -flto-partition=none  -DPREVENT_OPTIMIZATION line 16 arg2 == 2
FAIL: gcc.dg/guality/pr68860-1.c   -O2 -flto -fno-use-linker-plugin -flto-partition=none  -DPREVENT_OPTIMIZATION line 16 arg3 == 3
FAIL: gcc.dg/guality/pr68860-1.c   -O2 -flto -fno-use-linker-plugin -flto-partition=none  -DPREVENT_OPTIMIZATION line 16 arg4 == 4
FAIL: gcc.dg/guality/pr68860-1.c   -O2 -flto -fno-use-linker-plugin -flto-partition=none  -DPREVENT_OPTIMIZATION line 16 arg5 == 5
FAIL: gcc.dg/guality/pr68860-1.c   -O2 -flto -fno-use-linker-plugin -flto-partition=none  -DPREVENT_OPTIMIZATION line 16 arg6 == 6
FAIL: gcc.dg/guality/pr68860-1.c   -O2 -flto -fuse-linker-plugin -fno-fat-lto-objects  -DPREVENT_OPTIMIZATION line 14 arg1 == 1
FAIL: gcc.dg/guality/pr68860-1.c   -O2 -flto -fuse-linker-plugin -fno-fat-lto-objects  -DPREVENT_OPTIMIZATION line 14 arg2 == 2
FAIL: gcc.dg/guality/pr68860-1.c   -O2 -flto -fuse-linker-plugin -fno-fat-lto-objects  -DPREVENT_OPTIMIZATION line 14 arg3 == 3
FAIL: gcc.dg/guality/pr68860-1.c   -O2 -flto -fuse-linker-plugin -fno-fat-lto-objects  -DPREVENT_OPTIMIZATION line 14 arg4 == 4
FAIL: gcc.dg/guality/pr68860-1.c   -O2 -flto -fuse-linker-plugin -fno-fat-lto-objects  -DPREVENT_OPTIMIZATION line 14 arg5 == 5
FAIL: gcc.dg/guality/pr68860-1.c   -O2 -flto -fuse-linker-plugin -fno-fat-lto-objects  -DPREVENT_OPTIMIZATION line 14 arg6 == 6
FAIL: gcc.dg/guality/pr68860-1.c   -O2 -flto -fuse-linker-plugin -fno-fat-lto-objects  -DPREVENT_OPTIMIZATION line 16 arg1 == 1
FAIL: gcc.dg/guality/pr68860-1.c   -O2 -flto -fuse-linker-plugin -fno-fat-lto-objects  -DPREVENT_OPTIMIZATION line 16 arg2 == 2
FAIL: gcc.dg/guality/pr68860-1.c   -O2 -flto -fuse-linker-plugin -fno-fat-lto-objects  -DPREVENT_OPTIMIZATION line 16 arg3 == 3
FAIL: gcc.dg/guality/pr68860-1.c   -O2 -flto -fuse-linker-plugin -fno-fat-lto-objects  -DPREVENT_OPTIMIZATION line 16 arg4 == 4
FAIL: gcc.dg/guality/pr68860-1.c   -O2 -flto -fuse-linker-plugin -fno-fat-lto-objects  -DPREVENT_OPTIMIZATION line 16 arg5 == 5
FAIL: gcc.dg/guality/pr68860-1.c   -O2 -flto -fuse-linker-plugin -fno-fat-lto-objects  -DPREVENT_OPTIMIZATION line 16 arg6 == 6
FAIL: gcc.dg/guality/sra-1.c  -Og -DPREVENT_OPTIMIZATION  line 21 a.i == 4
FAIL: gcc.dg/guality/sra-1.c  -Og -DPREVENT_OPTIMIZATION  line 21 a.j == 14
FAIL: gcc.dg/guality/sra-1.c  -Og -DPREVENT_OPTIMIZATION  line 32 a[0] == 4
FAIL: gcc.dg/guality/sra-1.c  -Og -DPREVENT_OPTIMIZATION  line 32 a[1] == 14
FAIL: gcc.dg/guality/sra-1.c  -Og -DPREVENT_OPTIMIZATION  line 43 a.i == 4
FAIL: gcc.dg/guality/sra-1.c  -Og -DPREVENT_OPTIMIZATION  line 43 a.j == 14
FAIL: gcc.dg/guality/vla-1.c   -O1  -DPREVENT_OPTIMIZATION  line 17 sizeof (a) == 6
FAIL: gcc.dg/guality/vla-1.c   -O2  -DPREVENT_OPTIMIZATION  line 17 sizeof (a) == 6
FAIL: gcc.dg/guality/vla-1.c   -O2 -flto -fno-use-linker-plugin -flto-partition=none  -DPREVENT_OPTIMIZATION line 17 sizeof (a) == 6
FAIL: gcc.dg/guality/vla-1.c   -O2 -flto -fuse-linker-plugin -fno-fat-lto-objects  -DPREVENT_OPTIMIZATION line 17 sizeof (a) == 6
FAIL: gcc.dg/guality/vla-1.c   -O3 -g  -DPREVENT_OPTIMIZATION  line 17 sizeof (a) == 6
FAIL: gcc.dg/guality/vla-1.c   -Os  -DPREVENT_OPTIMIZATION  line 17 sizeof (a) == 6

		=== gcc Summary ===

# of expected passes		138415
# of unexpected failures	100
# of unexpected successes	23
# of expected failures		472
# of unsupported tests		2197
/dev/shm/bld5523/gcc/xgcc  version 9.0.0 20180910 (experimental) (GCC) 

		=== gfortran tests ===


Running target unix

		=== gfortran Summary ===

# of expected passes		47687
# of expected failures		104
# of unsupported tests		79
/dev/shm/bld5523/gcc/gfortran  version 9.0.0 20180910 (experimental) (GCC) 

		=== g++ tests ===


Running target unix
FAIL: g++.dg/pr80481.C  -std=gnu++11  scan-assembler-not vmovaps
FAIL: g++.dg/pr80481.C  -std=gnu++14  scan-assembler-not vmovaps
FAIL: g++.dg/pr80481.C  -std=gnu++98  scan-assembler-not vmovaps
FAIL: g++.dg/pr83239.C  -std=gnu++98 (test for excess errors)
FAIL: g++.dg/guality/pr55665.C   -O2  line 23 p == 40
FAIL: g++.dg/guality/pr55665.C   -O3 -g  line 23 p == 40

		=== g++ Summary ===

# of expected passes		127185
# of unexpected failures	6
# of expected failures		532
# of unsupported tests		5071
/dev/shm/bld5523/gcc/xg++  version 9.0.0 20180910 (experimental) (GCC) 

		=== gnat tests ===


Running target unix
FAIL: gnat.dg/dinst.adb scan-assembler loc [0-9] 5 [0-9]( is_stmt [0-9])? discriminator 1\\n
FAIL: gnat.dg/dinst.adb scan-assembler loc [0-9] 5 [0-9]( is_stmt [0-9])? discriminator 3\\n
FAIL: gnat.dg/dinst.adb scan-assembler loc [0-9] 5 [0-9]( is_stmt [0-9])? discriminator 4\\n

		=== gnat Summary ===

# of expected passes		2889
# of unexpected failures	3
# of expected failures		24
# of unsupported tests		3
/dev/shm/bld5523/gcc/gnatmake version 9.0.0 20180910 (experimental)

		=== go tests ===


Running target unix
FAIL: ./index0-out.go execution,  -O0 -g -fno-var-tracking-assignments 
FAIL: go.test/test/nilptr2.go execution,  -O2 -g 

		=== go Summary ===

# of expected passes		7284
# of unexpected failures	2
# of expected failures		1
# of untested testcases		6
# of unsupported tests		1
/dev/shm/bld5523/gcc/gccgo  version 9.0.0 20180910 (experimental) (GCC) 

		=== obj-c++ tests ===


Running target unix

		=== obj-c++ Summary ===

# of expected passes		1456
# of expected failures		10
# of unsupported tests		77
/dev/shm/bld5523/gcc/xg++  version 9.0.0 20180910 (experimental) (GCC) 

		=== objc tests ===


Running target unix

		=== objc Summary ===

# of expected passes		2797
# of expected failures		6
# of unsupported tests		68
/dev/shm/bld5523/gcc/xgcc  version 9.0.0 20180910 (experimental) (GCC) 

		=== gotools tests ===


		=== gotools Summary ===
# of expected passes		389
# of untested testcases		190
/dev/shm/bld5523/./gcc/gccgo version 9.0.0 20180910 (experimental) (GCC)

		=== libatomic tests ===


Running target unix

		=== libatomic Summary ===

# of expected passes		54
		=== libffi tests ===


Running target unix

		=== libffi Summary ===

# of expected passes		2214
		=== libgo tests ===


Running target unix
FAIL: runtime/pprof

		=== libgo Summary ===

# of expected passes		162
# of unexpected failures	1
/dev/shm/bld5523/./gcc/gccgo version 9.0.0 20180910 (experimental) (GCC)

		=== libgomp tests ===


Running target unix
UNRESOLVED: libgomp.oacc-c++/non-scalar-data.C -DACC_DEVICE_TYPE_host=1 -DACC_MEM_SHARED=1  -O2  compilation failed to produce executable

		=== libgomp Summary ===

# of expected passes		6132
# of expected failures		3
# of unresolved testcases	1
# of unsupported tests		322
		=== libitm tests ===


Running target unix

		=== libitm Summary ===

# of expected passes		42
# of expected failures		3
# of unsupported tests		1
		=== libstdc++ tests ===


Running target unix

		=== libstdc++ Summary ===

# of expected passes		11979
# of expected failures		77
# of unsupported tests		591

Compiler version: 9.0.0 20180910 (experimental) (GCC) 
Platform: x86_64-pc-linux-gnu
configure flags: --prefix=/home/toon/compilers/install --with-gnu-as --with-gnu-ld --enable-languages=all --disable-multilib --disable-nls


Index Nav: [Date Index] [Subject Index] [Author Index] [Thread Index]
Message Nav: [Date Prev] [Date Next] [Thread Prev] [Thread Next]