This is the mail archive of the
gcc-testresults@gcc.gnu.org
mailing list for the GCC project.
Results for 9.0.0 20180907 (experimental) [trunk revision 264155] (GCC) testsuite on sparc-sun-solaris2.10
- From: Rainer Orth <ro at CeBiTec dot Uni-Bielefeld dot DE>
- To: gcc-testresults at gcc dot gnu dot org
- Date: Sat, 8 Sep 2018 14:16:32 +0200 (MEST)
- Subject: Results for 9.0.0 20180907 (experimental) [trunk revision 264155] (GCC) testsuite on sparc-sun-solaris2.10
LAST_UPDATED: Fri Sep 7 08:57:13 UTC 2018 (revision 264155)
=== acats tests ===
FAIL: a26007a
FAIL: ad8011a
FAIL: c23003a
FAIL: c23003b
FAIL: c23003g
FAIL: c23003i
FAIL: c35502d
FAIL: c35502f
FAIL: c35503d
FAIL: c35503f
FAIL: c45231d
FAIL: c4a007a
FAIL: c87b62d
FAIL: c96005b
FAIL: cc1225a
FAIL: cd10001
FAIL: cd1009k
FAIL: cd1009t
FAIL: cd1009u
FAIL: cd1c03e
FAIL: cd1c06a
FAIL: cd2a83c
FAIL: cd2a91c
FAIL: cd2c11a
FAIL: cd2c11d
FAIL: cd30001
FAIL: cd4041a
FAIL: cd5003a
FAIL: cd5003b
FAIL: cd5003c
FAIL: cd5003d
FAIL: cd5003e
FAIL: cd5003f
FAIL: cd5003g
FAIL: cd5003h
FAIL: cd5003i
FAIL: cd5011a
FAIL: cd5011c
FAIL: cd5011e
FAIL: cd5011g
FAIL: cd5011i
FAIL: cd5011k
FAIL: cd5011m
FAIL: cd5011q
FAIL: cd5011s
FAIL: cd5012a
FAIL: cd5012b
FAIL: cd5012e
FAIL: cd5012f
FAIL: cd5012i
FAIL: cd5012m
FAIL: cd5013a
FAIL: cd5013c
FAIL: cd5013e
FAIL: cd5013g
FAIL: cd5013i
FAIL: cd5013k
FAIL: cd5013m
FAIL: cd5013o
FAIL: cd5014a
FAIL: cd5014c
FAIL: cd5014e
FAIL: cd5014g
FAIL: cd5014i
FAIL: cd5014k
FAIL: cd5014m
FAIL: cd5014o
FAIL: cd5014t
FAIL: cd5014v
FAIL: cd5014x
FAIL: cd5014y
FAIL: cd5014z
FAIL: cd7101g
FAIL: ce2102c
FAIL: ce2102h
FAIL: ce2103a
FAIL: ce2103b
FAIL: ce2203a
FAIL: ce2403a
FAIL: ce3002b
FAIL: ce3002c
FAIL: ce3102b
FAIL: ce3107a
FAIL: ce3304a
=== acats Summary ===
# of expected passes 2236
# of unexpected failures 84
Native configuration is sparc-sun-solaris2.10
=== g++ tests ===
Running target unix
FAIL: c-c++-common/spec-barrier-1.c -std=gnu++11 (test for excess errors)
FAIL: c-c++-common/spec-barrier-1.c -std=gnu++14 (test for excess errors)
FAIL: c-c++-common/spec-barrier-1.c -std=gnu++98 (test for excess errors)
FAIL: g++.dg/init/cleanup3.C -std=c++11 scan-assembler-not _tcf
FAIL: g++.dg/init/cleanup3.C -std=c++14 scan-assembler-not _tcf
FAIL: g++.dg/init/cleanup3.C -std=c++98 scan-assembler-not _tcf
FAIL: g++.dg/pr83239.C -std=gnu++98 (test for excess errors)
FAIL: g++.dg/tls/thread_local-order1.C -std=c++11 execution test
FAIL: g++.dg/tls/thread_local-order1.C -std=c++14 execution test
FAIL: g++.dg/tls/thread_local3g.C -std=gnu++11 execution test
FAIL: g++.dg/tls/thread_local3g.C -std=gnu++14 execution test
FAIL: g++.dg/tls/thread_local4g.C -std=gnu++11 execution test
FAIL: g++.dg/tls/thread_local4g.C -std=gnu++14 execution test
FAIL: g++.dg/tls/thread_local5g.C -std=gnu++11 execution test
FAIL: g++.dg/tls/thread_local5g.C -std=gnu++14 execution test
FAIL: g++.dg/tls/thread_local6g.C -std=c++11 execution test
FAIL: g++.dg/tls/thread_local6g.C -std=c++14 execution test
FAIL: g++.old-deja/g++.other/init5.C -std=c++11 execution test
FAIL: g++.old-deja/g++.other/init5.C -std=c++14 execution test
FAIL: g++.old-deja/g++.other/init5.C -std=c++98 execution test
=== g++ Summary for unix ===
# of expected passes 114853
# of unexpected failures 20
# of expected failures 534
# of unsupported tests 5350
Running target unix/-m64
FAIL: c-c++-common/spec-barrier-1.c -std=gnu++11 (test for excess errors)
FAIL: c-c++-common/spec-barrier-1.c -std=gnu++14 (test for excess errors)
FAIL: c-c++-common/spec-barrier-1.c -std=gnu++98 (test for excess errors)
FAIL: g++.dg/init/cleanup3.C -std=c++11 scan-assembler-not _tcf
FAIL: g++.dg/init/cleanup3.C -std=c++14 scan-assembler-not _tcf
FAIL: g++.dg/init/cleanup3.C -std=c++98 scan-assembler-not _tcf
FAIL: g++.dg/pr83239.C -std=gnu++98 (test for excess errors)
FAIL: g++.dg/tls/thread_local-order1.C -std=c++11 execution test
FAIL: g++.dg/tls/thread_local-order1.C -std=c++14 execution test
FAIL: g++.dg/tls/thread_local3g.C -std=gnu++11 execution test
FAIL: g++.dg/tls/thread_local3g.C -std=gnu++14 execution test
FAIL: g++.dg/tls/thread_local4g.C -std=gnu++11 execution test
FAIL: g++.dg/tls/thread_local4g.C -std=gnu++14 execution test
FAIL: g++.dg/tls/thread_local5g.C -std=gnu++11 execution test
FAIL: g++.dg/tls/thread_local5g.C -std=gnu++14 execution test
FAIL: g++.dg/tls/thread_local6g.C -std=c++11 execution test
FAIL: g++.dg/tls/thread_local6g.C -std=c++14 execution test
FAIL: g++.old-deja/g++.other/init5.C -std=c++11 execution test
FAIL: g++.old-deja/g++.other/init5.C -std=c++14 execution test
FAIL: g++.old-deja/g++.other/init5.C -std=c++98 execution test
=== g++ Summary for unix/-m64 ===
# of expected passes 116750
# of unexpected failures 20
# of expected failures 537
# of unsupported tests 5319
=== g++ Summary ===
# of expected passes 231603
# of unexpected failures 40
# of expected failures 1071
# of unsupported tests 10669
/var/gcc/regression/trunk/10-gcc-gas-gld/build/gcc/xg++ version 9.0.0 20180907 (experimental) [trunk revision 264155] (GCC)
=== gcc tests ===
Running target unix
FAIL: c-c++-common/spec-barrier-1.c -Wc++-compat (test for excess errors)
FAIL: gcc.dg/simulate-thread/atomic-other-int.c -O2 -g thread simulation test
FAIL: gcc.dg/simulate-thread/atomic-other-int.c -O3 -g thread simulation test
FAIL: gcc.dg/simulate-thread/speculative-store-4.c -O0 -g thread simulation test
FAIL: gcc.dg/simulate-thread/speculative-store-4.c -O2 -g thread simulation test
FAIL: gcc.dg/simulate-thread/speculative-store-4.c -O3 -g thread simulation test
FAIL: gcc.dg/simulate-thread/speculative-store.c -O0 -g thread simulation test
XPASS: gcc.dg/vect/bb-slp-div-1.c -flto -ffat-lto-objects scan-tree-dump slp2 "basic block vectorized"
XPASS: gcc.dg/vect/bb-slp-div-1.c scan-tree-dump slp2 "basic block vectorized"
=== gcc Summary for unix ===
# of expected passes 104388
# of unexpected failures 7
# of unexpected successes 2
# of expected failures 495
# of unsupported tests 2841
Running target unix/-m64
FAIL: c-c++-common/spec-barrier-1.c -Wc++-compat (test for excess errors)
XPASS: gcc.dg/vect/bb-slp-div-1.c -flto -ffat-lto-objects scan-tree-dump slp2 "basic block vectorized"
XPASS: gcc.dg/vect/bb-slp-div-1.c scan-tree-dump slp2 "basic block vectorized"
=== gcc Summary for unix/-m64 ===
# of expected passes 105509
# of unexpected failures 1
# of unexpected successes 2
# of expected failures 489
# of unsupported tests 2600
=== gcc Summary ===
# of expected passes 209897
# of unexpected failures 8
# of unexpected successes 4
# of expected failures 984
# of unsupported tests 5441
/var/gcc/regression/trunk/10-gcc-gas-gld/build/gcc/xgcc version 9.0.0 20180907 (experimental) [trunk revision 264155] (GCC)
=== gfortran tests ===
Running target unix
FAIL: gfortran.dg/elemental_subroutine_3.f90 -O1 (test for excess errors)
FAIL: gfortran.dg/elemental_subroutine_3.f90 -O2 (test for excess errors)
FAIL: gfortran.dg/elemental_subroutine_3.f90 -O3 -fomit-frame-pointer -funroll-loops -fpeel-loops -ftracer -finline-functions (test for excess errors)
FAIL: gfortran.dg/elemental_subroutine_3.f90 -O3 -g (test for excess errors)
FAIL: gfortran.dg/elemental_subroutine_3.f90 -Os (test for excess errors)
FAIL: gfortran.dg/unlimited_polymorphic_30.f03 -O0 execution test
=== gfortran Summary for unix ===
# of expected passes 47249
# of unexpected failures 6
# of expected failures 103
# of unsupported tests 263
Running target unix/-m64
FAIL: gfortran.dg/elemental_subroutine_3.f90 -O1 (test for excess errors)
FAIL: gfortran.dg/elemental_subroutine_3.f90 -O2 (test for excess errors)
FAIL: gfortran.dg/elemental_subroutine_3.f90 -O3 -fomit-frame-pointer -funroll-loops -fpeel-loops -ftracer -finline-functions (test for excess errors)
FAIL: gfortran.dg/elemental_subroutine_3.f90 -O3 -g (test for excess errors)
FAIL: gfortran.dg/elemental_subroutine_3.f90 -Os (test for excess errors)
FAIL: gfortran.dg/unlimited_polymorphic_30.f03 -O0 execution test
FAIL: gfortran.dg/unlimited_polymorphic_30.f03 -O1 execution test
FAIL: gfortran.dg/unlimited_polymorphic_30.f03 -O2 execution test
FAIL: gfortran.dg/unlimited_polymorphic_30.f03 -O3 -fomit-frame-pointer -funroll-loops -fpeel-loops -ftracer -finline-functions execution test
FAIL: gfortran.dg/unlimited_polymorphic_30.f03 -O3 -g execution test
FAIL: gfortran.dg/unlimited_polymorphic_30.f03 -Os execution test
=== gfortran Summary for unix/-m64 ===
# of expected passes 47491
# of unexpected failures 11
# of expected failures 103
# of unsupported tests 142
=== gfortran Summary ===
# of expected passes 94740
# of unexpected failures 17
# of expected failures 206
# of unsupported tests 405
/var/gcc/regression/trunk/10-gcc-gas-gld/build/gcc/gfortran version 9.0.0 20180907 (experimental) [trunk revision 264155] (GCC)
=== gnat tests ===
Running target unix
=== gnat Summary for unix ===
# of expected passes 2841
# of expected failures 24
# of unsupported tests 28
Running target unix/-m64
FAIL: gnat.dg/sso/q2.adb -O0 execution test
FAIL: gnat.dg/sso/q2.adb -O1 -fno-inline execution test
FAIL: gnat.dg/sso/q2.adb -O2 execution test
FAIL: gnat.dg/sso/q2.adb -O3 -finline-functions execution test
FAIL: gnat.dg/sso/q2.adb -Og -g execution test
FAIL: gnat.dg/sso/q2.adb -Os execution test
FAIL: gnat.dg/sso/q3.adb -O0 execution test
FAIL: gnat.dg/sso/q3.adb -O1 -fno-inline execution test
FAIL: gnat.dg/sso/q3.adb -O2 execution test
FAIL: gnat.dg/sso/q3.adb -O3 -finline-functions execution test
FAIL: gnat.dg/sso/q3.adb -Og -g execution test
FAIL: gnat.dg/sso/q3.adb -Os execution test
=== gnat Summary for unix/-m64 ===
# of expected passes 2817
# of unexpected failures 12
# of expected failures 24
# of unsupported tests 28
=== gnat Summary ===
# of expected passes 5658
# of unexpected failures 12
# of expected failures 48
# of unsupported tests 56
/var/gcc/regression/trunk/10-gcc-gas-gld/build/gcc/gnatmake version 9.0.0 20180907 (experimental) [trunk revision 264155]
=== go tests ===
Running target unix
FAIL: go.go-torture/execute/printnil.go execution, -O0
FAIL: go.go-torture/execute/printnil.go execution, -O1
FAIL: go.go-torture/execute/printnil.go execution, -O2
FAIL: go.go-torture/execute/printnil.go execution, -O2 -fbounds-check
FAIL: go.go-torture/execute/printnil.go execution, -O2 -fomit-frame-pointer -finline-functions
FAIL: go.go-torture/execute/printnil.go execution, -O2 -fomit-frame-pointer -finline-functions -funroll-loops
FAIL: go.go-torture/execute/printnil.go execution, -O3 -g
FAIL: go.go-torture/execute/printnil.go execution, -Os
FAIL: ./index0-out.go execution, -O0 -g -fno-var-tracking-assignments
FAIL: ./slice3-out.go execution, -O0 -g -fno-var-tracking-assignments
FAIL: go.test/test/closedchan.go execution, -O2 -g
FAIL: go.test/test/cmp.go execution, -O2 -g
FAIL: go.test/test/divmod.go execution, -O2 -g
FAIL: go.test/test/fixedbugs/bug113.go execution, -O2 -g
FAIL: go.test/test/fixedbugs/bug148.go execution, -O2 -g
FAIL: go.test/test/fixedbugs/bug266.go execution, -O2 -g
FAIL: go.test/test/fixedbugs/bug272.go execution, -O2 -g
FAIL: go.test/test/fixedbugs/bug273.go execution, -O2 -g
FAIL: go.test/test/fixedbugs/bug324.dir/prog.go execution, -O2 -g
FAIL: go.test/test/fixedbugs/bug347.go execution, -O0 -g
FAIL: go.test/test/fixedbugs/bug348.go execution, -O0 -g
FAIL: go.test/test/fixedbugs/bug444.go execution, -O2 -g
FAIL: go.test/test/fixedbugs/issue4066.go execution, -O2 -g
FAIL: go.test/test/fixedbugs/issue4353.go execution, -O2 -g
FAIL: go.test/test/fixedbugs/issue4562.go execution, -O2 -g
FAIL: go.test/test/fixedbugs/issue6055.go execution, -O2 -g
FAIL: go.test/test/interface/fail.go execution, -O2 -g
FAIL: go.test/test/interface/noeq.go execution, -O2 -g
FAIL: go.test/test/interface/returntype.go execution, -O2 -g
FAIL: go.test/test/method.go execution, -O2 -g
FAIL: go.test/test/method5.go execution, -O2 -g
FAIL: go.test/test/nil.go execution, -O2 -g
FAIL: go.test/test/recover.go execution, -O2 -g
FAIL: go.test/test/recover1.go execution, -O2 -g
FAIL: go.test/test/recover2.go execution, -O2 -g
=== go Summary for unix ===
# of expected passes 7359
# of unexpected failures 35
# of expected failures 1
# of untested testcases 11
# of unsupported tests 3
Running target unix/-m64
FAIL: go.go-torture/execute/printnil.go execution, -O0
FAIL: go.go-torture/execute/printnil.go execution, -O1
FAIL: go.go-torture/execute/printnil.go execution, -O2
FAIL: go.go-torture/execute/printnil.go execution, -O2 -fbounds-check
FAIL: go.go-torture/execute/printnil.go execution, -O2 -fomit-frame-pointer -finline-functions
FAIL: go.go-torture/execute/printnil.go execution, -O2 -fomit-frame-pointer -finline-functions -funroll-loops
FAIL: go.go-torture/execute/printnil.go execution, -O3 -g
FAIL: go.go-torture/execute/printnil.go execution, -Os
FAIL: ./index0-out.go execution, -O0 -g -fno-var-tracking-assignments
FAIL: ./slice3-out.go execution, -O0 -g -fno-var-tracking-assignments
FAIL: go.test/test/closedchan.go execution, -O2 -g
FAIL: go.test/test/cmp.go execution, -O2 -g
FAIL: go.test/test/divmod.go execution, -O2 -g
FAIL: go.test/test/fixedbugs/bug113.go execution, -O2 -g
FAIL: go.test/test/fixedbugs/bug148.go execution, -O2 -g
FAIL: go.test/test/fixedbugs/bug266.go execution, -O2 -g
FAIL: go.test/test/fixedbugs/bug272.go execution, -O2 -g
FAIL: go.test/test/fixedbugs/bug273.go execution, -O2 -g
FAIL: go.test/test/fixedbugs/bug324.dir/prog.go execution, -O2 -g
FAIL: go.test/test/fixedbugs/bug347.go execution, -O0 -g
FAIL: go.test/test/fixedbugs/bug348.go execution, -O0 -g
FAIL: go.test/test/fixedbugs/bug444.go execution, -O2 -g
FAIL: go.test/test/fixedbugs/issue4066.go execution, -O2 -g
FAIL: go.test/test/fixedbugs/issue4353.go execution, -O2 -g
FAIL: go.test/test/fixedbugs/issue4562.go execution, -O2 -g
FAIL: go.test/test/fixedbugs/issue6055.go execution, -O2 -g
FAIL: go.test/test/interface/fail.go execution, -O2 -g
FAIL: go.test/test/interface/noeq.go execution, -O2 -g
FAIL: go.test/test/interface/returntype.go execution, -O2 -g
FAIL: go.test/test/method.go execution, -O2 -g
FAIL: go.test/test/method5.go execution, -O2 -g
FAIL: go.test/test/nil.go execution, -O2 -g
FAIL: go.test/test/recover.go execution, -O2 -g
FAIL: go.test/test/recover1.go execution, -O2 -g
FAIL: go.test/test/recover2.go execution, -O2 -g
=== go Summary for unix/-m64 ===
# of expected passes 7239
# of unexpected failures 35
# of expected failures 1
# of untested testcases 11
# of unsupported tests 3
=== go Summary ===
# of expected passes 14598
# of unexpected failures 70
# of expected failures 2
# of untested testcases 22
# of unsupported tests 6
/var/gcc/regression/trunk/10-gcc-gas-gld/build/gcc/gccgo version 9.0.0 20180907 (experimental) [trunk revision 264155] (GCC)
=== obj-c++ tests ===
Running target unix
=== obj-c++ Summary for unix ===
# of expected passes 1464
# of expected failures 2
# of unsupported tests 77
Running target unix/-m64
=== obj-c++ Summary for unix/-m64 ===
# of expected passes 1456
# of expected failures 10
# of unsupported tests 77
=== obj-c++ Summary ===
# of expected passes 2920
# of expected failures 12
# of unsupported tests 154
/var/gcc/regression/trunk/10-gcc-gas-gld/build/gcc/xg++ version 9.0.0 20180907 (experimental) [trunk revision 264155] (GCC)
=== objc tests ===
Running target unix
=== objc Summary for unix ===
# of expected passes 2803
# of unsupported tests 68
Running target unix/-m64
=== objc Summary for unix/-m64 ===
# of expected passes 2803
# of unsupported tests 68
=== objc Summary ===
# of expected passes 5606
# of unsupported tests 136
/var/gcc/regression/trunk/10-gcc-gas-gld/build/gcc/xgcc version 9.0.0 20180907 (experimental) [trunk revision 264155] (GCC)
=== gotools tests ===
FAIL: go test cmd/go
FAIL: go test runtime
FAIL: go test misc/cgo/test
FAIL: TestCompileWithoutShared
FAIL: TestEarlySignalHandler
FAIL: TestInstall
FAIL: TestOsSignal
FAIL: TestPIE
FAIL: TestSIGPROF
FAIL: TestSigaltstack
FAIL: TestSignalForwarding
FAIL: TestSignalForwardingExternal
FAIL: go test misc/cgo/testcarchive
=== gotools Summary ===
# of expected passes 47
# of unexpected failures 13
# of untested testcases 40
=== libatomic tests ===
Running target unix
=== libatomic Summary for unix ===
# of expected passes 44
# of unsupported tests 5
Running target unix/-m64
=== libatomic Summary for unix/-m64 ===
# of expected passes 54
=== libatomic Summary ===
# of expected passes 98
# of unsupported tests 5
=== libffi tests ===
Running target unix
=== libffi Summary for unix ===
# of expected passes 2214
Running target unix/-m64
=== libffi Summary for unix/-m64 ===
# of expected passes 2214
=== libffi Summary ===
# of expected passes 4428
=== libgo tests ===
Running target unix
FAIL: encoding/gob
FAIL: fmt
FAIL: go/build
FAIL: go/constant
FAIL: golang_org/x/crypto/cryptobyte
FAIL: html/template
FAIL: math
FAIL: math/big
FAIL: net
FAIL: net/http
FAIL: net/rpc
FAIL: os/signal
FAIL: reflect
FAIL: runtime
FAIL: runtime/debug
FAIL: runtime/pprof
FAIL: sync/atomic
FAIL: text/tabwriter
FAIL: text/template
FAIL: text/template/parse
FAIL: time
=== libgo Summary for unix ===
# of expected passes 143
# of unexpected failures 21
Running target unix/-m64
FAIL: encoding/gob
FAIL: fmt
FAIL: go/build
FAIL: go/constant
FAIL: golang_org/x/crypto/cryptobyte
FAIL: html/template
FAIL: math
FAIL: math/big
FAIL: net
FAIL: net/http
FAIL: net/rpc
FAIL: reflect
FAIL: runtime/debug
FAIL: sync/atomic
FAIL: text/tabwriter
FAIL: text/template
FAIL: text/template/parse
FAIL: time
=== libgo Summary for unix/-m64 ===
# of expected passes 146
# of unexpected failures 18
=== libgo Summary ===
# of expected passes 289
# of unexpected failures 39
=== libgomp tests ===
Running target unix
UNRESOLVED: libgomp.oacc-c++/non-scalar-data.C -DACC_DEVICE_TYPE_host=1 -DACC_MEM_SHARED=1 -O2 compilation failed to produce executable
=== libgomp Summary for unix ===
# of expected passes 5982
# of expected failures 3
# of unresolved testcases 1
# of unsupported tests 397
Running target unix/-m64
UNRESOLVED: libgomp.oacc-c++/non-scalar-data.C -DACC_DEVICE_TYPE_host=1 -DACC_MEM_SHARED=1 -O2 compilation failed to produce executable
=== libgomp Summary for unix/-m64 ===
# of expected passes 5982
# of expected failures 3
# of unresolved testcases 1
# of unsupported tests 397
=== libgomp Summary ===
# of expected passes 11964
# of expected failures 6
# of unresolved testcases 2
# of unsupported tests 794
=== libitm tests ===
Running target unix
=== libitm Summary for unix ===
# of expected passes 42
# of expected failures 3
# of unsupported tests 1
Running target unix/-m64
=== libitm Summary for unix/-m64 ===
# of expected passes 42
# of expected failures 3
# of unsupported tests 1
=== libitm Summary ===
# of expected passes 84
# of expected failures 6
# of unsupported tests 2
=== libstdc++ tests ===
Running target unix
FAIL: experimental/memory_resource/new_delete_resource.cc execution test
=== libstdc++ Summary for unix ===
# of expected passes 11645
# of unexpected failures 1
# of expected failures 78
# of unsupported tests 658
Running target unix/-m64
FAIL: 27_io/filesystem/operations/last_write_time.cc execution test
FAIL: experimental/filesystem/operations/last_write_time.cc execution test
FAIL: experimental/memory_resource/new_delete_resource.cc execution test
=== libstdc++ Summary for unix/-m64 ===
# of expected passes 11643
# of unexpected failures 3
# of expected failures 78
# of unsupported tests 658
=== libstdc++ Summary ===
# of expected passes 23288
# of unexpected failures 4
# of expected failures 156
# of unsupported tests 1316
Compiler version: 9.0.0 20180907 (experimental) [trunk revision 264155] (GCC)
Platform: sparc-sun-solaris2.10
configure flags: --prefix=/vol/gcc --target=sparc-sun-solaris2.10 --enable-objc-gc --with-target-bdw-gc-include=/vol/gcc/include --with-target-bdw-gc-lib=/vol/gcc/lib,sparcv9=/vol/gcc/lib/sparcv9 --with-as=/vol/gcc/bin/gas-2.31 --with-gnu-as --with-ld=/vol/gcc/bin/gld-2.31 --with-gnu-ld --with-gmp-include=/vol/gcc/include --with-gmp-lib=/vol/gcc/lib --with-mpfr-include=/vol/gcc/include --with-mpfr-lib=/vol/gcc/lib --with-mpc-include=/vol/gcc/include --with-mpc-lib=/vol/gcc/lib --enable-languages=all,ada,obj-c++,go --with-isl-include=/vol/gcc/include --with-isl-lib=/vol/gcc/lib --build=sparc-sun-solaris2.10 --host=sparc-sun-solaris2.10
BOOT_CFLAGS=-g -O2