This is the mail archive of the gcc-testresults@gcc.gnu.org mailing list for the GCC project.


Index Nav: [Date Index] [Subject Index] [Author Index] [Thread Index]
Message Nav: [Date Prev] [Date Next] [Thread Prev] [Thread Next]
Other format: [Raw text]

Results for 9.0.0 20180907 (experimental) [trunk revision 264155] (GCC) testsuite on i386-pc-solaris2.11


LAST_UPDATED: Fri Sep  7 08:57:13 UTC 2018 (revision 264155)

		=== acats tests ===

		=== acats Summary ===
# of expected passes		2320
# of unexpected failures	0
Native configuration is i386-pc-solaris2.11

		=== g++ tests ===


Running target unix
FAIL: g++.dg/pr83239.C  -std=gnu++98 (test for excess errors)
FAIL: g++.dg/gcov/pr16855-priority.C  -std=gnu++11  gcov: 1 failures in line counts, 0 in branch percentages, 0 in return percentages, 0 in intermediate format
FAIL: g++.dg/gcov/pr16855-priority.C  -std=gnu++11  line 22: is #####:should be 1
FAIL: g++.dg/gcov/pr16855-priority.C  -std=gnu++14  gcov: 1 failures in line counts, 0 in branch percentages, 0 in return percentages, 0 in intermediate format
FAIL: g++.dg/gcov/pr16855-priority.C  -std=gnu++14  line 22: is #####:should be 1
FAIL: g++.dg/gcov/pr16855-priority.C  -std=gnu++98  gcov: 1 failures in line counts, 0 in branch percentages, 0 in return percentages, 0 in intermediate format
FAIL: g++.dg/gcov/pr16855-priority.C  -std=gnu++98  line 22: is #####:should be 1
FAIL: g++.dg/gcov/pr16855.C  -std=gnu++11  gcov: 1 failures in line counts, 0 in branch percentages, 0 in return percentages, 0 in intermediate format
FAIL: g++.dg/gcov/pr16855.C  -std=gnu++11  line 21: is #####:should be 1
FAIL: g++.dg/gcov/pr16855.C  -std=gnu++14  gcov: 1 failures in line counts, 0 in branch percentages, 0 in return percentages, 0 in intermediate format
FAIL: g++.dg/gcov/pr16855.C  -std=gnu++14  line 21: is #####:should be 1
FAIL: g++.dg/gcov/pr16855.C  -std=gnu++98  gcov: 1 failures in line counts, 0 in branch percentages, 0 in return percentages, 0 in intermediate format
FAIL: g++.dg/gcov/pr16855.C  -std=gnu++98  line 21: is #####:should be 1

		=== g++ Summary for unix ===

# of expected passes		116421
# of unexpected failures	13
# of expected failures		531
# of unsupported tests		4756

Running target unix/-m64
FAIL: g++.dg/pr80481.C  -std=gnu++11  scan-assembler-not vmovaps
FAIL: g++.dg/pr80481.C  -std=gnu++14  scan-assembler-not vmovaps
FAIL: g++.dg/pr80481.C  -std=gnu++98  scan-assembler-not vmovaps
FAIL: g++.dg/pr83239.C  -std=gnu++98 (test for excess errors)
FAIL: g++.dg/gcov/pr16855-priority.C  -std=gnu++11  gcov: 1 failures in line counts, 0 in branch percentages, 0 in return percentages, 0 in intermediate format
FAIL: g++.dg/gcov/pr16855-priority.C  -std=gnu++11  line 22: is #####:should be 1
FAIL: g++.dg/gcov/pr16855-priority.C  -std=gnu++14  gcov: 1 failures in line counts, 0 in branch percentages, 0 in return percentages, 0 in intermediate format
FAIL: g++.dg/gcov/pr16855-priority.C  -std=gnu++14  line 22: is #####:should be 1
FAIL: g++.dg/gcov/pr16855-priority.C  -std=gnu++98  gcov: 1 failures in line counts, 0 in branch percentages, 0 in return percentages, 0 in intermediate format
FAIL: g++.dg/gcov/pr16855-priority.C  -std=gnu++98  line 22: is #####:should be 1
FAIL: g++.dg/gcov/pr16855.C  -std=gnu++11  gcov: 1 failures in line counts, 0 in branch percentages, 0 in return percentages, 0 in intermediate format
FAIL: g++.dg/gcov/pr16855.C  -std=gnu++11  line 21: is #####:should be 1
FAIL: g++.dg/gcov/pr16855.C  -std=gnu++14  gcov: 1 failures in line counts, 0 in branch percentages, 0 in return percentages, 0 in intermediate format
FAIL: g++.dg/gcov/pr16855.C  -std=gnu++14  line 21: is #####:should be 1
FAIL: g++.dg/gcov/pr16855.C  -std=gnu++98  gcov: 1 failures in line counts, 0 in branch percentages, 0 in return percentages, 0 in intermediate format
FAIL: g++.dg/gcov/pr16855.C  -std=gnu++98  line 21: is #####:should be 1

		=== g++ Summary for unix/-m64 ===

# of expected passes		117916
# of unexpected failures	16
# of expected failures		534
# of unsupported tests		4948

		=== g++ Summary ===

# of expected passes		234337
# of unexpected failures	29
# of expected failures		1065
# of unsupported tests		9704
/var/gcc/regression/trunk/11.5-gcc-gas/build/gcc/xg++  version 9.0.0 20180907 (experimental) [trunk revision 264155] (GCC) 

		=== gcc tests ===


Running target unix
FAIL: gcc.dg/ipa/ipa-icf-38.c scan-ltrans-tree-dump-not optimized "Function bar"
XPASS: gcc.dg/vect/vect-24.c -flto -ffat-lto-objects  scan-tree-dump-times vect "vectorized 3 loops" 1
XPASS: gcc.dg/vect/vect-24.c scan-tree-dump-times vect "vectorized 3 loops" 1

		=== gcc Summary for unix ===

# of expected passes		124845
# of unexpected failures	1
# of unexpected successes	2
# of expected failures		426
# of unsupported tests		2213

Running target unix/-m64
FAIL: gcc.dg/ipa/ipa-icf-38.c scan-ltrans-tree-dump-not optimized "Function bar"

		=== gcc Summary for unix/-m64 ===

# of expected passes		126601
# of unexpected failures	1
# of expected failures		424
# of unsupported tests		2102

		=== gcc Summary ===

# of expected passes		251446
# of unexpected failures	2
# of unexpected successes	2
# of expected failures		850
# of unsupported tests		4315
/var/gcc/regression/trunk/11.5-gcc-gas/build/gcc/xgcc  version 9.0.0 20180907 (experimental) [trunk revision 264155] (GCC) 

		=== gfortran tests ===


Running target unix

		=== gfortran Summary for unix ===

# of expected passes		47398
# of expected failures		104
# of unsupported tests		194

Running target unix/-m64

		=== gfortran Summary for unix/-m64 ===

# of expected passes		47615
# of expected failures		104
# of unsupported tests		91

		=== gfortran Summary ===

# of expected passes		95013
# of expected failures		208
# of unsupported tests		285
/var/gcc/regression/trunk/11.5-gcc-gas/build/gcc/gfortran  version 9.0.0 20180907 (experimental) [trunk revision 264155] (GCC) 

		=== gnat tests ===


Running target unix

		=== gnat Summary for unix ===

# of expected passes		2880
# of expected failures		24
# of unsupported tests		8

Running target unix/-m64

		=== gnat Summary for unix/-m64 ===

# of expected passes		2880
# of expected failures		24
# of unsupported tests		8

		=== gnat Summary ===

# of expected passes		5760
# of expected failures		48
# of unsupported tests		16
/var/gcc/regression/trunk/11.5-gcc-gas/build/gcc/gnatmake version 9.0.0 20180907 (experimental) [trunk revision 264155]

		=== go tests ===


Running target unix
FAIL: go.go-torture/execute/const-2.go execution,  -O2 
FAIL: go.go-torture/execute/go-3.go execution,  -O2 -fbounds-check 
FAIL: go.go-torture/execute/map-1.go execution,  -O0 
FAIL: go.go-torture/execute/map-1.go execution,  -O1 
FAIL: go.go-torture/execute/map-1.go execution,  -O2 
FAIL: go.go-torture/execute/map-1.go execution,  -O2 -fbounds-check 
FAIL: go.go-torture/execute/map-1.go execution,  -O2 -fomit-frame-pointer -finline-functions 
FAIL: go.go-torture/execute/map-1.go execution,  -O2 -fomit-frame-pointer -finline-functions -funroll-loops 
FAIL: go.go-torture/execute/map-1.go execution,  -O3 -g 
FAIL: go.go-torture/execute/map-1.go execution,  -Os 
FAIL: go.go-torture/execute/names-1.go execution,  -O0 
FAIL: go.go-torture/execute/names-1.go execution,  -O1 
FAIL: go.go-torture/execute/names-1.go execution,  -O2 
FAIL: go.go-torture/execute/names-1.go execution,  -O2 -fbounds-check 
FAIL: go.go-torture/execute/names-1.go execution,  -O2 -fomit-frame-pointer -finline-functions 
FAIL: go.go-torture/execute/names-1.go execution,  -O2 -fomit-frame-pointer -finline-functions -funroll-loops 
FAIL: go.go-torture/execute/names-1.go execution,  -O3 -g 
FAIL: go.go-torture/execute/names-1.go execution,  -Os 
FAIL: go.go-torture/execute/printnil.go execution,  -O0 
FAIL: go.go-torture/execute/printnil.go execution,  -O1 
FAIL: go.go-torture/execute/printnil.go execution,  -O2 
FAIL: go.go-torture/execute/printnil.go execution,  -O2 -fbounds-check 
FAIL: go.go-torture/execute/printnil.go execution,  -O2 -fomit-frame-pointer -finline-functions 
FAIL: go.go-torture/execute/printnil.go execution,  -O2 -fomit-frame-pointer -finline-functions -funroll-loops 
FAIL: go.go-torture/execute/printnil.go execution,  -O3 -g 
FAIL: go.go-torture/execute/printnil.go execution,  -Os 
FAIL: go.test/test/235.go execution,  -O2 -g 
FAIL: go.test/test/64bit.go execution
FAIL: go.test/test/append.go execution,  -O2 -g 
FAIL: go.test/test/args.go execution,  -O2 -g 
FAIL: go.test/test/bigalg.go execution,  -O2 -g 
FAIL: go.test/test/bigmap.go execution,  -O2 -g 
FAIL: go.test/test/blank.go execution,  -O2 -g 
FAIL: go.test/test/bom.go execution
FAIL: go.test/test/chan/doubleselect.go execution,  -O2 -g 
FAIL: go.test/test/chan/fifo.go execution,  -O2 -g 
FAIL: go.test/test/chan/goroutines.go execution,  -O2 -g 
FAIL: go.test/test/chan/nonblock.go execution,  -O2 -g 
FAIL: go.test/test/chan/powser1.go execution,  -O2 -g 
FAIL: go.test/test/chan/powser2.go execution,  -O2 -g 
FAIL: go.test/test/chan/select3.go execution,  -O2 -g 
FAIL: go.test/test/chan/select5.go execution
FAIL: go.test/test/chan/select6.go execution,  -O2 -g 
FAIL: go.test/test/chan/sieve1.go execution,  -O2 -g 
FAIL: go.test/test/chan/sieve2.go execution,  -O2 -g 
FAIL: go.test/test/char_lit.go execution,  -O2 -g 
FAIL: go.test/test/closedchan.go execution,  -O2 -g 
FAIL: go.test/test/cmp.go execution,  -O2 -g 
FAIL: go.test/test/complit.go execution,  -O2 -g 
FAIL: go.test/test/const.go execution,  -O2 -g 
FAIL: go.test/test/const3.go execution,  -O2 -g 
FAIL: go.test/test/const4.go execution,  -O2 -g 
FAIL: go.test/test/convT2X.go execution,  -O2 -g 
FAIL: go.test/test/convert.go execution,  -O2 -g 
FAIL: go.test/test/copy.go execution,  -O2 -g 
FAIL: go.test/test/crlf.go execution
FAIL: go.test/test/defer.go execution,  -O2 -g 
FAIL: go.test/test/deferfin.go execution,  -O2 -g 
FAIL: go.test/test/divide.go execution,  -O2 -g 
FAIL: go.test/test/divmod.go execution,  -O2 -g 
FAIL: go.test/test/env.go execution,  -O2 -g 
FAIL: go.test/test/escape.go execution,  -O2 -g 
FAIL: go.test/test/fixedbugs/bug006.go execution,  -O2 -g 
FAIL: go.test/test/fixedbugs/bug027.go execution,  -O2 -g 
FAIL: go.test/test/fixedbugs/bug054.go execution,  -O2 -g 
FAIL: go.test/test/fixedbugs/bug058.go execution,  -O2 -g 
FAIL: go.test/test/fixedbugs/bug059.go execution,  -O2 -g 
FAIL: go.test/test/fixedbugs/bug060.go execution,  -O2 -g 
FAIL: go.test/test/fixedbugs/bug070.go execution,  -O2 -g 
FAIL: go.test/test/fixedbugs/bug120.go execution,  -O2 -g 
FAIL: go.test/test/fixedbugs/bug130.go execution,  -O2 -g 
FAIL: go.test/test/fixedbugs/bug141.go execution,  -O2 -g 
FAIL: go.test/test/fixedbugs/bug147.go execution,  -O2 -g 
FAIL: go.test/test/fixedbugs/bug154.go execution,  -O2 -g 
FAIL: go.test/test/fixedbugs/bug159.go execution,  -O2 -g 
FAIL: go.test/test/fixedbugs/bug160.dir/y.go execution,  -O2 -g 
FAIL: go.test/test/fixedbugs/bug177.go execution,  -O2 -g 
FAIL: go.test/test/fixedbugs/bug184.go execution,  -O2 -g 
FAIL: go.test/test/fixedbugs/bug187.go execution,  -O2 -g 
FAIL: go.test/test/fixedbugs/bug194.go execution,  -O2 -g 
FAIL: go.test/test/fixedbugs/bug196.go execution,  -O2 -g 
FAIL: go.test/test/fixedbugs/bug199.go execution,  -O2 -g 
FAIL: go.test/test/fixedbugs/bug206.go execution
FAIL: go.test/test/fixedbugs/bug207.go execution,  -O2 -g 
FAIL: go.test/test/fixedbugs/bug227.go execution,  -O2 -g 
FAIL: go.test/test/fixedbugs/bug230.go execution,  -O2 -g 
FAIL: go.test/test/fixedbugs/bug236.go execution,  -O2 -g 
FAIL: go.test/test/fixedbugs/bug237.go execution,  -O2 -g 
FAIL: go.test/test/fixedbugs/bug244.go execution,  -O2 -g 
FAIL: go.test/test/fixedbugs/bug248.go
FAIL: go.test/test/fixedbugs/bug257.go execution,  -O2 -g 
FAIL: go.test/test/fixedbugs/bug259.go execution,  -O2 -g 
FAIL: go.test/test/fixedbugs/bug260.go execution,  -O2 -g 
FAIL: go.test/test/fixedbugs/bug262.go execution,  -O2 -g 
FAIL: go.test/test/fixedbugs/bug263.go execution,  -O2 -g 
FAIL: go.test/test/fixedbugs/bug265.go execution,  -O2 -g 
FAIL: go.test/test/fixedbugs/bug271.go execution,  -O2 -g 
FAIL: go.test/test/fixedbugs/bug272.go execution,  -O2 -g 
FAIL: go.test/test/fixedbugs/bug285.go execution,  -O2 -g 
FAIL: go.test/test/fixedbugs/bug295.go execution,  -O2 -g 
FAIL: go.test/test/fixedbugs/bug296.go execution,  -O2 -g 
FAIL: go.test/test/fixedbugs/bug303.go execution,  -O2 -g 
FAIL: go.test/test/fixedbugs/bug311.go execution,  -O2 -g 
FAIL: go.test/test/fixedbugs/bug320.go execution,  -O2 -g 
FAIL: go.test/test/fixedbugs/bug321.go execution,  -O2 -g 
FAIL: go.test/test/fixedbugs/bug331.go execution,  -O2 -g 
FAIL: go.test/test/fixedbugs/bug343.go execution,  -O2 -g 
FAIL: go.test/test/fixedbugs/bug346.go execution,  -O2 -g 
FAIL: go.test/test/fixedbugs/bug347.go execution,  -O0 -g 
FAIL: go.test/test/fixedbugs/bug348.go execution,  -O0 -g 
FAIL: go.test/test/fixedbugs/bug364.go execution,  -O2 -g 
FAIL: go.test/test/fixedbugs/bug369.go
FAIL: go.test/test/fixedbugs/bug370.go execution,  -O2 -g 
FAIL: go.test/test/fixedbugs/bug402.go execution,  -O2 -g 
FAIL: go.test/test/fixedbugs/bug414.dir/prog.go execution,  -O2 -g 
FAIL: go.test/test/fixedbugs/bug424.dir/main.go execution,  -O2 -g 
FAIL: go.test/test/fixedbugs/bug442.go execution,  -O2 -g 
FAIL: go.test/test/fixedbugs/bug444.go execution,  -O2 -g 
FAIL: go.test/test/fixedbugs/bug447.go execution
FAIL: go.test/test/fixedbugs/bug449.go execution
FAIL: go.test/test/fixedbugs/bug461.go execution,  -O2 -g 
FAIL: go.test/test/fixedbugs/bug468.dir/p2.go execution,  -O2 -g 
FAIL: go.test/test/fixedbugs/bug470.go execution,  -O2 -g 
FAIL: go.test/test/fixedbugs/bug473.go execution,  -O2 -g 
FAIL: go.test/test/fixedbugs/issue4085b.go execution,  -O2 -g 
FAIL: go.test/test/fixedbugs/issue4252.dir/main.go execution,  -O2 -g 
FAIL: go.test/test/fixedbugs/issue4316.go execution,  -O2 -g 
FAIL: go.test/test/fixedbugs/issue4396b.go execution,  -O2 -g 
FAIL: go.test/test/fixedbugs/issue4562.go execution,  -O2 -g 
FAIL: go.test/test/fixedbugs/issue4585.go execution,  -O2 -g 
FAIL: go.test/test/fixedbugs/issue4618.go execution,  -O2 -g 
FAIL: go.test/test/fixedbugs/issue4620.go execution,  -O2 -g 
FAIL: go.test/test/fixedbugs/issue4667.go execution,  -O2 -g 
FAIL: go.test/test/fixedbugs/issue4909b.go execution
FAIL: go.test/test/fixedbugs/issue5162.go execution
FAIL: go.test/test/fixedbugs/issue5291.dir/prog.go execution,  -O2 -g 
FAIL: go.test/test/fixedbugs/issue5493.go execution,  -O2 -g 
FAIL: go.test/test/fixedbugs/issue5809.go execution,  -O2 -g 
FAIL: go.test/test/fixedbugs/issue5856.go execution,  -O2 -g 
FAIL: go.test/test/fixedbugs/issue5963.go execution,  -O2 -g 
FAIL: go.test/test/fixedbugs/issue6055.go execution,  -O2 -g 
FAIL: go.test/test/floatcmp.go execution,  -O2 -g 
FAIL: go.test/test/gc.go execution,  -O2 -g 
FAIL: go.test/test/gc2.go execution,  -O2 -g 
FAIL: go.test/test/goprint.go execution
FAIL: go.test/test/index0.go execution
FAIL: go.test/test/index1.go execution
FAIL: go.test/test/index2.go execution
FAIL: go.test/test/indirect.go execution,  -O2 -g 
FAIL: go.test/test/initialize.go execution,  -O2 -g 
FAIL: go.test/test/int_lit.go execution,  -O2 -g 
FAIL: go.test/test/interface/embed.go execution,  -O2 -g 
FAIL: go.test/test/interface/fake.go execution,  -O2 -g 
FAIL: go.test/test/interface/struct.go execution,  -O2 -g 
FAIL: go.test/test/ken/chan.go execution,  -O2 -g 
FAIL: go.test/test/ken/chan1.go execution,  -O2 -g 
FAIL: go.test/test/ken/complit.go execution,  -O2 -g 
FAIL: go.test/test/ken/cplx3.go execution,  -O2 -g 
FAIL: go.test/test/ken/cplx4.go execution,  -O2 -g 
FAIL: go.test/test/ken/cplx5.go execution,  -O2 -g 
FAIL: go.test/test/ken/divconst.go execution,  -O2 -g 
FAIL: go.test/test/ken/modconst.go execution,  -O2 -g 
FAIL: go.test/test/ken/range.go execution,  -O2 -g 
FAIL: go.test/test/ken/rob2.go execution,  -O2 -g 
FAIL: go.test/test/ken/sliceslice.go execution,  -O2 -g 
FAIL: go.test/test/ken/string.go execution
FAIL: go.test/test/mallocfin.go execution,  -O2 -g 
FAIL: go.test/test/map.go execution,  -O2 -g 
FAIL: go.test/test/mapnan.go execution,  -O2 -g 
FAIL: go.test/test/nil.go execution,  -O2 -g 
FAIL: go.test/test/nul1.go execution
FAIL: go.test/test/recover.go execution,  -O2 -g 
FAIL: go.test/test/recover2.go execution,  -O2 -g 
FAIL: go.test/test/recover3.go execution,  -O2 -g 
FAIL: go.test/test/rename.go execution,  -O2 -g 
FAIL: go.test/test/reorder.go execution,  -O2 -g 
FAIL: go.test/test/sigchld.go execution
FAIL: go.test/test/slice3.go execution
FAIL: go.test/test/string_lit.go execution,  -O2 -g 
FAIL: go.test/test/stringrange.go execution,  -O2 -g 
FAIL: go.test/test/struct0.go execution,  -O2 -g 
FAIL: go.test/test/switch.go execution,  -O2 -g 
FAIL: go.test/test/typeswitch.go execution,  -O2 -g 
FAIL: go.test/test/typeswitch1.go execution,  -O2 -g 
FAIL: go.test/test/zerodivide.go execution,  -O2 -g 

		=== go Summary for unix ===

# of expected passes		2979
# of unexpected failures	185
# of expected failures		1
# of untested testcases		14
# of unsupported tests		2

Running target unix/-m64
FAIL: ./index0-out.go execution,  -O0 -g -fno-var-tracking-assignments 

		=== go Summary for unix/-m64 ===

# of expected passes		7277
# of unexpected failures	1
# of expected failures		1
# of untested testcases		10
# of unsupported tests		1

		=== go Summary ===

# of expected passes		10256
# of unexpected failures	186
# of expected failures		2
# of untested testcases		24
# of unsupported tests		3
		=== obj-c++ tests ===


Running target unix

		=== obj-c++ Summary for unix ===

# of expected passes		1464
# of expected failures		2
# of unsupported tests		77

Running target unix/-m64

		=== obj-c++ Summary for unix/-m64 ===

# of expected passes		1456
# of expected failures		10
# of unsupported tests		77

		=== obj-c++ Summary ===

# of expected passes		2920
# of expected failures		12
# of unsupported tests		154
/var/gcc/regression/trunk/11.5-gcc-gas/build/gcc/xg++  version 9.0.0 20180907 (experimental) [trunk revision 264155] (GCC) 

		=== objc tests ===


Running target unix

		=== objc Summary for unix ===

# of expected passes		2797
# of expected failures		6
# of unsupported tests		68

Running target unix/-m64

		=== objc Summary for unix/-m64 ===

# of expected passes		2797
# of expected failures		6
# of unsupported tests		68

		=== objc Summary ===

# of expected passes		5594
# of expected failures		12
# of unsupported tests		136
/var/gcc/regression/trunk/11.5-gcc-gas/build/gcc/xgcc  version 9.0.0 20180907 (experimental) [trunk revision 264155] (GCC) 

		=== gotools tests ===

FAIL: go test runtime

		=== gotools Summary ===
# of unexpected failures	1
/var/gcc/regression/trunk/11.5-gcc-gas/build/./gcc/gccgo version 9.0.0 20180907 (experimental) [trunk revision 264155] (GCC)

		=== libatomic tests ===


Running target unix

		=== libatomic Summary for unix ===

# of expected passes		44
# of unsupported tests		5

Running target unix/-m64

		=== libatomic Summary for unix/-m64 ===

# of expected passes		54

		=== libatomic Summary ===

# of expected passes		98
# of unsupported tests		5
		=== libffi tests ===


Running target unix

		=== libffi Summary for unix ===

# of expected passes		2799

Running target unix/-m64

		=== libffi Summary for unix/-m64 ===

# of expected passes		2214

		=== libffi Summary ===

# of expected passes		5013
		=== libgo tests ===


Running target unix
FAIL: archive/zip
FAIL: bufio
FAIL: bytes
FAIL: cmd/go/internal/cache
FAIL: cmd/go/internal/load
FAIL: cmd/internal/buildid
FAIL: cmd/internal/edit
FAIL: cmd/internal/objabi
FAIL: cmd/internal/test2json
FAIL: cmd/vet/internal/cfg
FAIL: compress/bzip2
FAIL: compress/flate
FAIL: compress/gzip
FAIL: compress/lzw
FAIL: compress/zlib
FAIL: container/heap
FAIL: container/list
FAIL: container/ring
FAIL: context
FAIL: crypto
FAIL: crypto/aes
FAIL: crypto/cipher
FAIL: crypto/des
FAIL: crypto/dsa
FAIL: crypto/ecdsa
FAIL: crypto/elliptic
FAIL: crypto/hmac
FAIL: crypto/md5
FAIL: crypto/rand
FAIL: crypto/rc4
FAIL: crypto/rsa
FAIL: crypto/sha1
FAIL: crypto/sha256
FAIL: crypto/sha512
FAIL: crypto/subtle
FAIL: database/sql/driver
FAIL: debug/dwarf
FAIL: debug/elf
FAIL: debug/macho
FAIL: debug/pe
FAIL: debug/plan9obj
FAIL: debug/xcoff
FAIL: encoding/ascii85
FAIL: encoding/asn1
FAIL: encoding/base32
FAIL: encoding/base64
FAIL: encoding/binary
FAIL: encoding/csv
FAIL: encoding/hex
FAIL: encoding/pem
FAIL: errors
FAIL: expvar
FAIL: flag
FAIL: go/ast
FAIL: go/build
FAIL: go/constant
FAIL: go/doc
FAIL: go/format
FAIL: go/importer
FAIL: go/internal/gccgoimporter
FAIL: go/internal/gcimporter
FAIL: go/internal/srcimporter
FAIL: go/parser
FAIL: go/printer
FAIL: go/scanner
FAIL: go/token
FAIL: golang_org/x/crypto/chacha20poly1305
FAIL: golang_org/x/crypto/chacha20poly1305/internal/chacha20
FAIL: golang_org/x/crypto/cryptobyte
FAIL: golang_org/x/crypto/curve25519
FAIL: golang_org/x/crypto/poly1305
FAIL: golang_org/x/net/http2/hpack
FAIL: golang_org/x/net/idna
FAIL: golang_org/x/net/lex/httplex
FAIL: golang_org/x/net/proxy
FAIL: hash
FAIL: hash/adler32
FAIL: hash/crc32
FAIL: hash/crc64
FAIL: hash/fnv
FAIL: html
FAIL: image
FAIL: image/color
FAIL: image/draw
FAIL: image/jpeg
FAIL: image/png
FAIL: index/suffixarray
FAIL: internal/poll
FAIL: internal/singleflight
FAIL: internal/trace
FAIL: io
FAIL: io/ioutil
FAIL: log
FAIL: log/syslog
FAIL: math
FAIL: math/bits
FAIL: math/cmplx
FAIL: math/rand
FAIL: mime
FAIL: mime/multipart
FAIL: mime/quotedprintable
FAIL: net/http
FAIL: net/http/cgi
FAIL: net/http/cookiejar
FAIL: net/http/fcgi
FAIL: net/http/httptest
FAIL: net/http/httptrace
FAIL: net/http/httputil
FAIL: net/http/internal
FAIL: net/http/pprof
FAIL: net/internal/socktest
FAIL: net/mail
FAIL: net/rpc
FAIL: net/rpc/jsonrpc
FAIL: net/smtp
FAIL: net/textproto
FAIL: net/url
FAIL: os/exec
FAIL: os/signal
FAIL: os/user
FAIL: path
FAIL: path/filepath
FAIL: reflect
FAIL: regexp
FAIL: regexp/syntax
FAIL: runtime
FAIL: runtime/debug
FAIL: runtime/internal/atomic
FAIL: runtime/internal/sys
FAIL: runtime/pprof
FAIL: runtime/pprof/internal/profile
FAIL: runtime/trace
FAIL: sort
FAIL: strconv
FAIL: strings
FAIL: sync
FAIL: sync/atomic
FAIL: syscall
FAIL: testing/quick
FAIL: text/scanner
FAIL: text/tabwriter
FAIL: text/template
FAIL: text/template/parse
FAIL: unicode
FAIL: unicode/utf16
FAIL: unicode/utf8
FAIL: golang_org/x/net/lif

		=== libgo Summary for unix ===

# of expected passes		17
# of unexpected failures	147

Running target unix/-m64
FAIL: go/build

		=== libgo Summary for unix/-m64 ===

# of expected passes		163
# of unexpected failures	1

		=== libgo Summary ===

# of expected passes		180
# of unexpected failures	148
/var/gcc/regression/trunk/11.5-gcc-gas/build/./gcc/gccgo version 9.0.0 20180907 (experimental) [trunk revision 264155] (GCC)

		=== libgomp tests ===


Running target unix
UNRESOLVED: libgomp.oacc-c++/non-scalar-data.C -DACC_DEVICE_TYPE_host=1 -DACC_MEM_SHARED=1  -O2  compilation failed to produce executable

		=== libgomp Summary for unix ===

# of expected passes		6104
# of expected failures		3
# of unresolved testcases	1
# of unsupported tests		336

Running target unix/-m64
UNRESOLVED: libgomp.oacc-c++/non-scalar-data.C -DACC_DEVICE_TYPE_host=1 -DACC_MEM_SHARED=1  -O2  compilation failed to produce executable

		=== libgomp Summary for unix/-m64 ===

# of expected passes		6104
# of expected failures		3
# of unresolved testcases	1
# of unsupported tests		336

		=== libgomp Summary ===

# of expected passes		12208
# of expected failures		6
# of unresolved testcases	2
# of unsupported tests		672
		=== libitm tests ===


Running target unix

		=== libitm Summary for unix ===

# of expected passes		42
# of expected failures		3
# of unsupported tests		1

Running target unix/-m64

		=== libitm Summary for unix/-m64 ===

# of expected passes		42
# of expected failures		3
# of unsupported tests		1

		=== libitm Summary ===

# of expected passes		84
# of expected failures		6
# of unsupported tests		2
		=== libstdc++ tests ===


Running target unix
XPASS: experimental/memory_resource/resource_adaptor.cc execution test

		=== libstdc++ Summary for unix ===

# of expected passes		11676
# of unexpected successes	1
# of expected failures		78
# of unsupported tests		643

Running target unix/-m64
FAIL: experimental/memory_resource/new_delete_resource.cc execution test

		=== libstdc++ Summary for unix/-m64 ===

# of expected passes		11669
# of unexpected failures	1
# of expected failures		77
# of unsupported tests		647

		=== libstdc++ Summary ===

# of expected passes		23345
# of unexpected failures	1
# of unexpected successes	1
# of expected failures		155
# of unsupported tests		1290

Compiler version: 9.0.0 20180907 (experimental) [trunk revision 264155] (GCC) 
Platform: i386-pc-solaris2.11
configure flags: --prefix=/vol/gcc --target=i386-pc-solaris2.11 --enable-objc-gc --with-target-bdw-gc-include=/vol/gcc/include --with-target-bdw-gc-lib=/vol/gcc/lib,amd64=/vol/gcc/lib/amd64 --with-as=/vol/gcc/bin/gas-2.31 --with-gnu-as --with-gmp-include=/vol/gcc/include --with-gmp-lib=/vol/gcc/lib --with-mpfr-include=/vol/gcc/include --with-mpfr-lib=/vol/gcc/lib --with-mpc-include=/vol/gcc/include --with-mpc-lib=/vol/gcc/lib --enable-languages=all,ada,obj-c++,go --with-isl-include=/vol/gcc/include --with-isl-lib=/vol/gcc/lib --build=i386-pc-solaris2.11 --host=i386-pc-solaris2.11
BOOT_CFLAGS=-g -O2


Index Nav: [Date Index] [Subject Index] [Author Index] [Thread Index]
Message Nav: [Date Prev] [Date Next] [Thread Prev] [Thread Next]