This is the mail archive of the
gcc-testresults@gcc.gnu.org
mailing list for the GCC project.
Results for 9.0.0 20180826 (experimental) [trunk revision 263860] (GCC) testsuite on hppa2.0w-hp-hpux11.11
- From: John David Anglin <dave at hiauly3 dot hia dot nrc dot ca>
- To: dave at hiauly3 dot hia dot nrc dot ca, gcc-testresults at gcc dot gnu dot org
- Date: Tue, 28 Aug 2018 18:28:48 -0400 (EDT)
- Subject: Results for 9.0.0 20180826 (experimental) [trunk revision 263860] (GCC) testsuite on hppa2.0w-hp-hpux11.11
=== acats tests ===
FAIL: c9a011b
=== acats Summary ===
# of expected passes 2319
# of unexpected failures 1
Native configuration is hppa2.0w-hp-hpux11.11
=== g++ tests ===
Running target unix
FAIL: g++.dg/Walloca1.C -std=gnu++98 (test for warnings, line 7)
FAIL: g++.dg/Walloca1.C -std=gnu++11 (test for warnings, line 7)
FAIL: g++.dg/Walloca1.C -std=gnu++14 (test for warnings, line 7)
FAIL: g++.dg/pr83239.C -std=gnu++98 (test for excess errors)
WARNING: program timed out.
FAIL: c-c++-common/simulate-thread/bitfields-1.c -O2 -g -std=c++98 thread simulation test
FAIL: c-c++-common/simulate-thread/bitfields-1.c -O3 -g -std=c++11 thread simulation test
FAIL: g++.dg/torture/pr81812.C -O0 (test for excess errors)
FAIL: g++.dg/torture/pr81812.C -O1 (test for excess errors)
FAIL: g++.dg/torture/pr81812.C -O2 (test for excess errors)
FAIL: g++.dg/torture/pr81812.C -O3 -g (test for excess errors)
FAIL: g++.dg/torture/pr81812.C -Os (test for excess errors)
=== g++ Summary ===
# of expected passes 106809
# of unexpected failures 11
# of expected failures 521
# of unsupported tests 5711
/test/gnu/gcc/objdir/gcc/testsuite/g++/../../xg++ version 9.0.0 20180826 (experimental) [trunk revision 263860] (GCC)
=== gcc tests ===
Running target unix
FAIL: gcc.c-torture/compile/limits-exprparen.c -O0 (internal compiler error)
FAIL: gcc.c-torture/compile/limits-exprparen.c -O0 (test for excess errors)
FAIL: gcc.c-torture/compile/limits-exprparen.c -O1 (internal compiler error)
FAIL: gcc.c-torture/compile/limits-exprparen.c -O1 (test for excess errors)
FAIL: gcc.c-torture/compile/limits-exprparen.c -O2 (internal compiler error)
FAIL: gcc.c-torture/compile/limits-exprparen.c -O2 (test for excess errors)
FAIL: gcc.c-torture/compile/limits-exprparen.c -O3 -g (internal compiler error)
FAIL: gcc.c-torture/compile/limits-exprparen.c -O3 -g (test for excess errors)
FAIL: gcc.c-torture/compile/limits-exprparen.c -Os (internal compiler error)
FAIL: gcc.c-torture/compile/limits-exprparen.c -Os (test for excess errors)
FAIL: gcc.c-torture/execute/builtins/strnlen.c compilation, -O1 (internal compiler error)
UNRESOLVED: gcc.c-torture/execute/builtins/strnlen.c execution, -O1
FAIL: gcc.c-torture/execute/builtins/strnlen.c compilation, -Os (internal compiler error)
UNRESOLVED: gcc.c-torture/execute/builtins/strnlen.c execution, -Os
FAIL: gcc.c-torture/execute/builtins/strnlen.c compilation, -Og -g (internal compiler error)
UNRESOLVED: gcc.c-torture/execute/builtins/strnlen.c execution, -Og -g
FAIL: gcc.dg/atomic/c11-atomic-exec-5.c -O0 execution test
FAIL: gcc.dg/atomic/c11-atomic-exec-5.c -O1 execution test
FAIL: gcc.dg/atomic/c11-atomic-exec-5.c -O2 execution test
FAIL: gcc.dg/atomic/c11-atomic-exec-5.c -O3 -fomit-frame-pointer -funroll-loops -fpeel-loops -ftracer -finline-functions execution test
FAIL: gcc.dg/atomic/c11-atomic-exec-5.c -O3 -g execution test
FAIL: gcc.dg/atomic/c11-atomic-exec-5.c -Os execution test
FAIL: gcc.dg/compat/pr83487-1 c_compat_y_tst.o compile
FAIL: gcc.dg/compat/pr83487-2 c_compat_y_tst.o compile
FAIL: gcc.dg/Wattributes-10.c (test for excess errors)
FAIL: gcc.dg/Wvla-larger-than-3.c (test for warnings, line 66)
FAIL: gcc.dg/attr-alloc_size-3.c (test for warnings, line 403)
FAIL: gcc.dg/attr-alloc_size-3.c (test for warnings, line 404)
FAIL: gcc.dg/attr-alloc_size-3.c (test for warnings, line 406)
FAIL: gcc.dg/attr-alloc_size-3.c (test for warnings, line 407)
FAIL: gcc.dg/attr-alloc_size-3.c (test for warnings, line 408)
FAIL: gcc.dg/attr-alloc_size-3.c (test for warnings, line 409)
FAIL: gcc.dg/attr-alloc_size-3.c (test for warnings, line 410)
FAIL: gcc.dg/attr-alloc_size-3.c argument 2 (test for warnings, line 410)
FAIL: gcc.dg/attr-alloc_size-3.c (test for warnings, line 413)
FAIL: gcc.dg/attr-alloc_size-3.c (test for warnings, line 414)
FAIL: gcc.dg/attr-alloc_size-3.c (test for warnings, line 416)
FAIL: gcc.dg/attr-alloc_size-3.c (test for warnings, line 438)
FAIL: gcc.dg/attr-alloc_size-3.c (test for warnings, line 449)
FAIL: gcc.dg/attr-alloc_size-3.c (test for warnings, line 453)
FAIL: gcc.dg/attr-alloc_size-3.c (test for warnings, line 454)
FAIL: gcc.dg/attr-alloc_size-3.c (test for warnings, line 455)
FAIL: gcc.dg/attr-alloc_size-3.c argument 2 (test for warnings, line 455)
FAIL: gcc.dg/attr-alloc_size-3.c (test for excess errors)
FAIL: gcc.dg/pr42611.c (test for warnings, line 17)
FAIL: gcc.dg/pr84941.c (test for excess errors)
FAIL: gcc.dg/strcmpopt_6.c scan-assembler-times memcmp 2
WARNING: program timed out.
FAIL: gcc.dg/ipa/ipa-icf-39.c scan-ipa-dump-times icf "Unified;" 2
FAIL: c-c++-common/simulate-thread/bitfields-1.c -O2 -g thread simulation test
FAIL: c-c++-common/simulate-thread/bitfields-1.c -O3 -g thread simulation test
XPASS: gcc.dg/torture/pr47917.c -O1 execution test
XPASS: gcc.dg/torture/pr47917.c -O2 execution test
XPASS: gcc.dg/torture/pr47917.c -O3 -g execution test
XPASS: gcc.dg/torture/pr47917.c -Os execution test
FAIL: gcc.dg/tree-ssa/builtin-sprintf.c execution test
FAIL: gcc.target/hppa/shadd-3.c scan-assembler-times sh.add 5
=== gcc Summary ===
# of expected passes 80940
# of unexpected failures 49
# of unexpected successes 4
# of expected failures 310
# of unresolved testcases 3
# of unsupported tests 2340
/test/gnu/gcc/objdir/gcc/xgcc version 9.0.0 20180826 (experimental) [trunk revision 263860] (GCC)
=== gfortran tests ===
Running target unix
FAIL: gfortran.dg/elemental_subroutine_3.f90 -O1 (test for excess errors)
FAIL: gfortran.dg/elemental_subroutine_3.f90 -O2 (test for excess errors)
FAIL: gfortran.dg/elemental_subroutine_3.f90 -O3 -fomit-frame-pointer -funroll-loops -fpeel-loops -ftracer -finline-functions (test for excess errors)
FAIL: gfortran.dg/elemental_subroutine_3.f90 -O3 -g (test for excess errors)
FAIL: gfortran.dg/elemental_subroutine_3.f90 -Os (test for excess errors)
FAIL: gfortran.dg/fmt_fw_d.f90 -O0 execution test
FAIL: gfortran.dg/fmt_fw_d.f90 -O1 execution test
FAIL: gfortran.dg/fmt_fw_d.f90 -O2 execution test
FAIL: gfortran.dg/fmt_fw_d.f90 -O3 -fomit-frame-pointer -funroll-loops -fpeel-loops -ftracer -finline-functions execution test
FAIL: gfortran.dg/fmt_fw_d.f90 -O3 -g execution test
FAIL: gfortran.dg/fmt_fw_d.f90 -Os execution test
FAIL: gfortran.dg/temporary_3.f90 -O0 (test for excess errors)
FAIL: gfortran.dg/temporary_3.f90 -O1 (test for excess errors)
FAIL: gfortran.dg/temporary_3.f90 -O2 (test for excess errors)
FAIL: gfortran.dg/temporary_3.f90 -O3 -fomit-frame-pointer -funroll-loops -fpeel-loops -ftracer -finline-functions (test for excess errors)
FAIL: gfortran.dg/temporary_3.f90 -O3 -g (test for excess errors)
FAIL: gfortran.dg/temporary_3.f90 -Os (test for excess errors)
FAIL: gfortran.dg/unlimited_polymorphic_30.f03 -O0 execution test
FAIL: gfortran.dg/unlimited_polymorphic_30.f03 -O1 execution test
=== gfortran Summary ===
# of expected passes 45597
# of unexpected failures 19
# of expected failures 113
# of unsupported tests 462
/test/gnu/gcc/objdir/gcc/testsuite/gfortran/../../gfortran version 9.0.0 20180826 (experimental) [trunk revision 263860] (GCC)
=== gnat tests ===
Running target unix
FAIL: gnat.dg/config_pragma1.adb execution test
FAIL: gnat.dg/debug11_pkg.adb scan-assembler local_imported_func
FAIL: gnat.dg/debug11_pkg.adb scan-assembler local_imported_var
FAIL: gnat.dg/debug11_pkg.adb scan-assembler global_imported_func
FAIL: gnat.dg/debug11_pkg.adb scan-assembler global_imported_var
XPASS: gnat.dg/lto19.adb (test for excess errors)
=== gnat Summary ===
# of expected passes 2822
# of unexpected failures 5
# of unexpected successes 1
# of expected failures 23
# of unsupported tests 34
/test/gnu/gcc/objdir/gcc/gnatmake version 9.0.0 20180826 (experimental) [trunk revision 263860]
=== obj-c++ tests ===
Running target unix
=== obj-c++ Summary ===
# of expected passes 1406
# of expected failures 2
# of unsupported tests 60
/test/gnu/gcc/objdir/gcc/testsuite/obj-c++/../../xg++ version 9.0.0 20180826 (experimental) [trunk revision 263860] (GCC)
=== objc tests ===
Running target unix
=== objc Summary ===
# of expected passes 2705
# of unsupported tests 61
/test/gnu/gcc/objdir/gcc/xgcc version 9.0.0 20180826 (experimental) [trunk revision 263860] (GCC)
=== libatomic tests ===
Running target unix
=== libatomic Summary ===
# of expected passes 44
# of unsupported tests 5
=== libgomp tests ===
Running target unix
FAIL: libgomp.c/target-29.c (internal compiler error)
FAIL: libgomp.c/target-29.c (test for excess errors)
UNRESOLVED: libgomp.c/target-29.c compilation failed to produce executable
FAIL: libgomp.c++/target-15.C (internal compiler error)
FAIL: libgomp.c++/target-15.C (test for excess errors)
UNRESOLVED: libgomp.c++/target-15.C compilation failed to produce executable
FAIL: libgomp.c++/target-16.C (internal compiler error)
FAIL: libgomp.c++/target-16.C (test for excess errors)
UNRESOLVED: libgomp.c++/target-16.C compilation failed to produce executable
FAIL: libgomp.c++/target-17.C (internal compiler error)
FAIL: libgomp.c++/target-17.C (test for excess errors)
UNRESOLVED: libgomp.c++/target-17.C compilation failed to produce executable
FAIL: libgomp.c++/target-19.C (internal compiler error)
FAIL: libgomp.c++/target-19.C (test for excess errors)
UNRESOLVED: libgomp.c++/target-19.C compilation failed to produce executable
FAIL: libgomp.oacc-c/../libgomp.oacc-c-c++-common/atomic_update-1.c -DACC_DEVICE_TYPE_host=1 -DACC_MEM_SHARED=1 -O2 execution test
FAIL: libgomp.oacc-c++/../libgomp.oacc-c-c++-common/atomic_update-1.c -DACC_DEVICE_TYPE_host=1 -DACC_MEM_SHARED=1 -O2 execution test
UNRESOLVED: libgomp.oacc-c++/non-scalar-data.C -DACC_DEVICE_TYPE_host=1 -DACC_MEM_SHARED=1 -O2 compilation failed to produce executable
=== libgomp Summary ===
# of expected passes 5938
# of unexpected failures 12
# of expected failures 3
# of unresolved testcases 6
# of unsupported tests 413
=== libstdc++ tests ===
Running target unix
FAIL: 22_locale/num_put/put/char/14220.cc execution test
FAIL: 22_locale/num_put/put/wchar_t/14220.cc execution test
FAIL: 27_io/basic_ostream/inserters_arithmetic/char/4402.cc execution test
FAIL: 27_io/basic_ostream/inserters_arithmetic/wchar_t/4402.cc execution test
FAIL: libstdc++-prettyprinters/48362.cc
FAIL: libstdc++-prettyprinters/59161.cc
FAIL: libstdc++-prettyprinters/80276.cc
FAIL: libstdc++-prettyprinters/cxx11.cc
FAIL: libstdc++-prettyprinters/cxx17.cc
FAIL: libstdc++-prettyprinters/debug.cc
FAIL: libstdc++-prettyprinters/debug_cxx11.cc
FAIL: libstdc++-prettyprinters/libfundts.cc
FAIL: libstdc++-prettyprinters/shared_ptr.cc
FAIL: libstdc++-prettyprinters/simple.cc
FAIL: libstdc++-prettyprinters/simple11.cc
FAIL: libstdc++-prettyprinters/tr1.cc
FAIL: libstdc++-prettyprinters/whatis.cc
FAIL: libstdc++-prettyprinters/whatis2.cc
FAIL: libstdc++-xmethods/array.cc
FAIL: libstdc++-xmethods/associative-containers.cc
FAIL: libstdc++-xmethods/deque.cc
FAIL: libstdc++-xmethods/forwardlist.cc
FAIL: libstdc++-xmethods/list.cc
FAIL: libstdc++-xmethods/shared_ptr.cc
FAIL: libstdc++-xmethods/unique_ptr.cc
FAIL: libstdc++-xmethods/vector.cc
=== libstdc++ Summary ===
# of expected passes 10955
# of unexpected failures 26
# of expected failures 77
# of unsupported tests 956
Compiler version: 9.0.0 20180826 (experimental) [trunk revision 263860] (GCC)
Platform: hppa2.0w-hp-hpux11.11
configure flags:Test Run By dave on Sun Aug 26 23:01:36 2018