This is the mail archive of the
gcc-testresults@gcc.gnu.org
mailing list for the GCC project.
Results for 9.0.0 20180826 (experimental) [master revision 263863] (GCC) testsuite on armv8l-unknown-linux-gnueabihf
- From: LINARO TCWG <tcwg-buildslave at linaro dot org>
- To: gcc-testresults at gcc dot gnu dot org
- Date: Mon, 27 Aug 2018 03:17:13 +0000
- Subject: Results for 9.0.0 20180826 (experimental) [master revision 263863] (GCC) testsuite on armv8l-unknown-linux-gnueabihf
LAST_UPDATED: Mon Aug 27 00:24:39 UTC 2018 (revision 263863)
Native configuration is armv8l-unknown-linux-gnueabihf
=== libatomic tests ===
Running target tcwg-local
=== libatomic Summary ===
# of expected passes 44
# of unsupported tests 5
=== libgomp tests ===
Running target tcwg-local
FAIL: libgomp.c++/../libgomp.c-c++-common/for-6.c execution test
FAIL: libgomp.c++/../libgomp.c-c++-common/loop-13.c (test for excess errors)
UNRESOLVED: libgomp.c++/../libgomp.c-c++-common/loop-13.c compilation failed to produce executable
FAIL: libgomp.c++/../libgomp.c-c++-common/loop-14.c (test for excess errors)
UNRESOLVED: libgomp.c++/../libgomp.c-c++-common/loop-14.c compilation failed to produce executable
FAIL: libgomp.c++/../libgomp.c-c++-common/loop-15.c (test for excess errors)
UNRESOLVED: libgomp.c++/../libgomp.c-c++-common/loop-15.c compilation failed to produce executable
FAIL: libgomp.c++/../libgomp.c-c++-common/monotonic-1.c (test for excess errors)
UNRESOLVED: libgomp.c++/../libgomp.c-c++-common/monotonic-1.c compilation failed to produce executable
FAIL: libgomp.c++/../libgomp.c-c++-common/monotonic-2.c (test for excess errors)
UNRESOLVED: libgomp.c++/../libgomp.c-c++-common/monotonic-2.c compilation failed to produce executable
FAIL: libgomp.c++/../libgomp.c-c++-common/nonmonotonic-1.c (test for excess errors)
UNRESOLVED: libgomp.c++/../libgomp.c-c++-common/nonmonotonic-1.c compilation failed to produce executable
FAIL: libgomp.c++/../libgomp.c-c++-common/nonmonotonic-2.c (test for excess errors)
UNRESOLVED: libgomp.c++/../libgomp.c-c++-common/nonmonotonic-2.c compilation failed to produce executable
FAIL: libgomp.fortran/target7.f90 -O0 execution test
FAIL: libgomp.fortran/target7.f90 -O1 execution test
FAIL: libgomp.fortran/target7.f90 -O2 execution test
FAIL: libgomp.fortran/target7.f90 -O3 -fomit-frame-pointer -funroll-loops -fpeel-loops -ftracer -finline-functions execution test
FAIL: libgomp.fortran/target7.f90 -O3 -g execution test
FAIL: libgomp.fortran/target7.f90 -Os execution test
FAIL: libgomp.fortran/target8.f90 -O0 execution test
FAIL: libgomp.fortran/target8.f90 -O1 execution test
FAIL: libgomp.fortran/target8.f90 -O2 execution test
FAIL: libgomp.fortran/target8.f90 -O3 -fomit-frame-pointer -funroll-loops -fpeel-loops -ftracer -finline-functions execution test
FAIL: libgomp.fortran/target8.f90 -O3 -g execution test
FAIL: libgomp.fortran/target8.f90 -Os execution test
UNRESOLVED: libgomp.oacc-c++/non-scalar-data.C -DACC_DEVICE_TYPE_host=1 -DACC_MEM_SHARED=1 -O2 compilation failed to produce executable
=== libgomp Summary ===
# of expected passes 5913
# of unexpected failures 20
# of expected failures 2
# of unresolved testcases 8
# of unsupported tests 395
=== libitm tests ===
Running target tcwg-local
=== libitm Summary ===
# of expected passes 42
# of expected failures 3
# of unsupported tests 1
=== libstdc++ tests ===
Running target tcwg-local
FAIL: 17_intro/names.cc (test for excess errors)
FAIL: 26_numerics/headers/cmath/hypot.cc execution test
FAIL: libstdc++-prettyprinters/whatis.cc whatis filebuf_holder
FAIL: libstdc++-prettyprinters/whatis.cc whatis filebuf_holder
FAIL: libstdc++-prettyprinters/whatis.cc whatis fstream_holder
FAIL: libstdc++-prettyprinters/whatis.cc whatis fstream_holder
FAIL: libstdc++-prettyprinters/whatis.cc whatis ifstream_holder
FAIL: libstdc++-prettyprinters/whatis.cc whatis ifstream_holder
FAIL: libstdc++-prettyprinters/whatis.cc whatis ios_holder
FAIL: libstdc++-prettyprinters/whatis.cc whatis ios_holder
FAIL: libstdc++-prettyprinters/whatis.cc whatis iostream_holder
FAIL: libstdc++-prettyprinters/whatis.cc whatis iostream_holder
FAIL: libstdc++-prettyprinters/whatis.cc whatis istream_holder
FAIL: libstdc++-prettyprinters/whatis.cc whatis istream_holder
FAIL: libstdc++-prettyprinters/whatis.cc whatis istringstream_holder
FAIL: libstdc++-prettyprinters/whatis.cc whatis istringstream_holder
FAIL: libstdc++-prettyprinters/whatis.cc whatis ofstream_holder
FAIL: libstdc++-prettyprinters/whatis.cc whatis ofstream_holder
FAIL: libstdc++-prettyprinters/whatis.cc whatis ostream_holder
FAIL: libstdc++-prettyprinters/whatis.cc whatis ostream_holder
FAIL: libstdc++-prettyprinters/whatis.cc whatis ostringstream_holder
FAIL: libstdc++-prettyprinters/whatis.cc whatis ostringstream_holder
FAIL: libstdc++-prettyprinters/whatis.cc whatis streambuf_holder
FAIL: libstdc++-prettyprinters/whatis.cc whatis streambuf_holder
FAIL: libstdc++-prettyprinters/whatis.cc whatis stringbuf_holder
FAIL: libstdc++-prettyprinters/whatis.cc whatis stringbuf_holder
FAIL: libstdc++-prettyprinters/whatis.cc whatis stringstream_holder
FAIL: libstdc++-prettyprinters/whatis.cc whatis stringstream_holder
=== libstdc++ Summary ===
# of expected passes 11754
# of unexpected failures 28
# of expected failures 77
# of unsupported tests 674
=== g++ tests ===
Running target tcwg-local
FAIL: c-c++-common/asan/asan-interface-1.c -O1 (test for excess errors)
UNRESOLVED: c-c++-common/asan/asan-interface-1.c -O1 compilation failed to produce executable
FAIL: c-c++-common/asan/heap-overflow-1.c -O0 output pattern test
FAIL: c-c++-common/asan/heap-overflow-1.c -O1 output pattern test
FAIL: c-c++-common/asan/heap-overflow-1.c -O2 output pattern test
FAIL: c-c++-common/asan/heap-overflow-1.c -O2 -flto -fno-use-linker-plugin -flto-partition=none output pattern test
FAIL: c-c++-common/asan/heap-overflow-1.c -O2 -flto -fuse-linker-plugin -fno-fat-lto-objects output pattern test
FAIL: c-c++-common/asan/heap-overflow-1.c -O3 -g output pattern test
FAIL: c-c++-common/asan/heap-overflow-1.c -Os output pattern test
FAIL: c-c++-common/asan/pr70541.c -O0 output pattern test
FAIL: c-c++-common/asan/sanity-check-pure-c-1.c -O0 output pattern test
FAIL: c-c++-common/asan/sanity-check-pure-c-1.c -O1 output pattern test
FAIL: c-c++-common/asan/sanity-check-pure-c-1.c -O2 output pattern test
FAIL: c-c++-common/asan/sanity-check-pure-c-1.c -O2 -flto -fno-use-linker-plugin -flto-partition=none output pattern test
FAIL: c-c++-common/asan/sanity-check-pure-c-1.c -O2 -flto -fuse-linker-plugin -fno-fat-lto-objects output pattern test
FAIL: c-c++-common/asan/sanity-check-pure-c-1.c -O3 -g output pattern test
FAIL: c-c++-common/asan/sanity-check-pure-c-1.c -Os output pattern test
FAIL: c-c++-common/asan/strncpy-overflow-1.c -O0 output pattern test
FAIL: c-c++-common/asan/strncpy-overflow-1.c -O1 output pattern test
FAIL: c-c++-common/asan/strncpy-overflow-1.c -O2 output pattern test
FAIL: c-c++-common/asan/strncpy-overflow-1.c -O2 -flto -fno-use-linker-plugin -flto-partition=none output pattern test
FAIL: c-c++-common/asan/strncpy-overflow-1.c -O2 -flto -fuse-linker-plugin -fno-fat-lto-objects output pattern test
FAIL: c-c++-common/asan/strncpy-overflow-1.c -O3 -g output pattern test
FAIL: c-c++-common/asan/strncpy-overflow-1.c -Os output pattern test
FAIL: c-c++-common/asan/use-after-free-1.c -O0 output pattern test
FAIL: c-c++-common/asan/use-after-free-1.c -O1 output pattern test
FAIL: c-c++-common/asan/use-after-free-1.c -O2 output pattern test
FAIL: c-c++-common/asan/use-after-free-1.c -O2 -flto -fno-use-linker-plugin -flto-partition=none output pattern test
FAIL: c-c++-common/asan/use-after-free-1.c -O2 -flto -fuse-linker-plugin -fno-fat-lto-objects output pattern test
FAIL: c-c++-common/asan/use-after-free-1.c -O3 -g output pattern test
FAIL: c-c++-common/asan/use-after-free-1.c -Os output pattern test
FAIL: g++.dg/asan/asan_test.C -O2 AddressSanitizer_AllocDeallocMismatch execution test
FAIL: g++.dg/asan/asan_test.C -O2 AddressSanitizer_AtoiAndFriendsOOBTest execution test
FAIL: g++.dg/asan/asan_test.C -O2 AddressSanitizer_AttributeNoSanitizeAddressTest execution test
FAIL: g++.dg/asan/asan_test.C -O2 AddressSanitizer_BufferOverflowAfterManyFrees execution test
FAIL: g++.dg/asan/asan_test.C -O2 AddressSanitizer_BuiltinLongJmpTest execution test
FAIL: g++.dg/asan/asan_test.C -O2 AddressSanitizer_CxxExceptionTest execution test
FAIL: g++.dg/asan/asan_test.C -O2 AddressSanitizer_DoubleFreeTest execution test
FAIL: g++.dg/asan/asan_test.C -O2 AddressSanitizer_FileNameInGlobalReportTest execution test
FAIL: g++.dg/asan/asan_test.C -O2 AddressSanitizer_GlobalStringConstTest execution test
FAIL: g++.dg/asan/asan_test.C -O2 AddressSanitizer_GlobalTest execution test
FAIL: g++.dg/asan/asan_test.C -O2 AddressSanitizer_LargeOOBInMemset execution test
FAIL: g++.dg/asan/asan_test.C -O2 AddressSanitizer_LargeOOBRightTest execution test
FAIL: g++.dg/asan/asan_test.C -O2 AddressSanitizer_LargeStructCopyTest execution test
FAIL: g++.dg/asan/asan_test.C -O2 AddressSanitizer_LongDoubleNegativeTest execution test
FAIL: g++.dg/asan/asan_test.C -O2 AddressSanitizer_LongJmpTest execution test
FAIL: g++.dg/asan/asan_test.C -O2 AddressSanitizer_MallocUsableSizeTest execution test
FAIL: g++.dg/asan/asan_test.C -O2 AddressSanitizer_ManyStackObjectsTest execution test
FAIL: g++.dg/asan/asan_test.C -O2 AddressSanitizer_ManyThreadsTest execution test
FAIL: g++.dg/asan/asan_test.C -O2 AddressSanitizer_MemCmpOOBTest execution test
FAIL: g++.dg/asan/asan_test.C -O2 AddressSanitizer_MemCpyOOBTest execution test
FAIL: g++.dg/asan/asan_test.C -O2 AddressSanitizer_MemMoveOOBTest execution test
FAIL: g++.dg/asan/asan_test.C -O2 AddressSanitizer_MemSetOOBTest execution test
FAIL: g++.dg/asan/asan_test.C -O2 AddressSanitizer_MlockTest execution test
FAIL: g++.dg/asan/asan_test.C -O2 AddressSanitizer_OOBRightTest execution test
FAIL: g++.dg/asan/asan_test.C -O2 AddressSanitizer_OOB_char execution test
FAIL: g++.dg/asan/asan_test.C -O2 AddressSanitizer_OOB_int execution test
FAIL: g++.dg/asan/asan_test.C -O2 AddressSanitizer_PthreadExitTest execution test
FAIL: g++.dg/asan/asan_test.C -O2 AddressSanitizer_ReallocFreedPointerTest execution test
FAIL: g++.dg/asan/asan_test.C -O2 AddressSanitizer_ReallocInvalidPointerTest execution test
FAIL: g++.dg/asan/asan_test.C -O2 AddressSanitizer_ReallocTest execution test
FAIL: g++.dg/asan/asan_test.C -O2 AddressSanitizer_SigLongJmpTest execution test
FAIL: g++.dg/asan/asan_test.C -O2 AddressSanitizer_SimpleStackTest execution test
FAIL: g++.dg/asan/asan_test.C -O2 AddressSanitizer_StrArgsOverlapTest execution test
FAIL: g++.dg/asan/asan_test.C -O2 AddressSanitizer_StrCaseCmpOOBTest execution test
FAIL: g++.dg/asan/asan_test.C -O2 AddressSanitizer_StrCatOOBTest execution test
FAIL: g++.dg/asan/asan_test.C -O2 AddressSanitizer_StrChrAndIndexOOBTest execution test
FAIL: g++.dg/asan/asan_test.C -O2 AddressSanitizer_StrCmpAndFriendsLogicTest execution test
FAIL: g++.dg/asan/asan_test.C -O2 AddressSanitizer_StrCmpOOBTest execution test
FAIL: g++.dg/asan/asan_test.C -O2 AddressSanitizer_StrCpyOOBTest execution test
FAIL: g++.dg/asan/asan_test.C -O2 AddressSanitizer_StrDupOOBTest execution test
FAIL: g++.dg/asan/asan_test.C -O2 AddressSanitizer_StrDupTest execution test
FAIL: g++.dg/asan/asan_test.C -O2 AddressSanitizer_StrLenOOBTest execution test
FAIL: g++.dg/asan/asan_test.C -O2 AddressSanitizer_StrNCaseCmpOOBTest execution test
FAIL: g++.dg/asan/asan_test.C -O2 AddressSanitizer_StrNCatOOBTest execution test
FAIL: g++.dg/asan/asan_test.C -O2 AddressSanitizer_StrNCmpOOBTest execution test
FAIL: g++.dg/asan/asan_test.C -O2 AddressSanitizer_StrNCpyOOBTest execution test
FAIL: g++.dg/asan/asan_test.C -O2 AddressSanitizer_StrNLenOOBTest execution test
FAIL: g++.dg/asan/asan_test.C -O2 AddressSanitizer_StressStackReuseTest execution test
FAIL: g++.dg/asan/asan_test.C -O2 AddressSanitizer_StrtolOOBTest execution test
FAIL: g++.dg/asan/asan_test.C -O2 AddressSanitizer_StrtollOOBTest execution test
FAIL: g++.dg/asan/asan_test.C -O2 AddressSanitizer_ThreadNamesTest execution test
FAIL: g++.dg/asan/asan_test.C -O2 AddressSanitizer_ThreadStackReuseTest execution test
FAIL: g++.dg/asan/asan_test.C -O2 AddressSanitizer_ThreadedStressStackReuseTest execution test
FAIL: g++.dg/asan/asan_test.C -O2 AddressSanitizer_ThreadedTest execution test
FAIL: g++.dg/asan/asan_test.C -O2 AddressSanitizer_UnderscopeLongJmpTest execution test
FAIL: g++.dg/asan/asan_test.C -O2 AddressSanitizer_UseThenFreeThenUseTest execution test
FAIL: g++.dg/asan/asan_test.C -O2 AddressSanitizer_WcsLenTest execution test
FAIL: g++.dg/asan/asan_test.C -O2 AddressSanitizer_WrongFreeTest execution test
FAIL: g++.dg/asan/asan_test.C -O2 AddressSanitizer_ZeroSizeMallocTest execution test
FAIL: g++.dg/asan/asan_test.C -O2 AddressSanitizer_memalign MemalignRun(align, size, -1) output pattern test
FAIL: g++.dg/asan/asan_test.C -O2 AddressSanitizer_memalign MemalignRun(align, size, -1) output pattern test
FAIL: g++.dg/asan/asan_test.C -O2 AddressSanitizer_memalign MemalignRun(align, size, -1) output pattern test
FAIL: g++.dg/asan/asan_test.C -O2 AddressSanitizer_memalign MemalignRun(align, size, -1) output pattern test
FAIL: g++.dg/asan/asan_test.C -O2 AddressSanitizer_memalign MemalignRun(align, size, -1) output pattern test
FAIL: g++.dg/asan/asan_test.C -O2 AddressSanitizer_memalign MemalignRun(align, size, -1) output pattern test
FAIL: g++.dg/asan/asan_test.C -O2 AddressSanitizer_memalign MemalignRun(align, size, -1) output pattern test
FAIL: g++.dg/asan/asan_test.C -O2 AddressSanitizer_memalign MemalignRun(align, size, -1) output pattern test
FAIL: g++.dg/asan/asan_test.C -O2 AddressSanitizer_memalign MemalignRun(align, size, -1) output pattern test
FAIL: g++.dg/asan/asan_test.C -O2 AddressSanitizer_memalign MemalignRun(align, size, -1) output pattern test
FAIL: g++.dg/asan/asan_test.C -O2 AddressSanitizer_memalign MemalignRun(align, size, -1) output pattern test
FAIL: g++.dg/asan/asan_test.C -O2 AddressSanitizer_memalign MemalignRun(align, size, -1) output pattern test
FAIL: g++.dg/asan/asan_test.C -O2 AddressSanitizer_memalign MemalignRun(align, size, -1) output pattern test
FAIL: g++.dg/asan/asan_test.C -O2 AddressSanitizer_memalign MemalignRun(align, size, -1) output pattern test
FAIL: g++.dg/asan/asan_test.C -O2 AddressSanitizer_memalign MemalignRun(align, size, -1) output pattern test
FAIL: g++.dg/asan/asan_test.C -O2 AddressSanitizer_memalign MemalignRun(align, size, -1) output pattern test
FAIL: g++.dg/asan/asan_test.C -O2 AddressSanitizer_memalign MemalignRun(align, size, size + 1) output pattern test
FAIL: g++.dg/asan/asan_test.C -O2 AddressSanitizer_memalign MemalignRun(align, size, size + 1) output pattern test
FAIL: g++.dg/asan/asan_test.C -O2 AddressSanitizer_memalign MemalignRun(align, size, size + 1) output pattern test
FAIL: g++.dg/asan/asan_test.C -O2 AddressSanitizer_memalign MemalignRun(align, size, size + 1) output pattern test
FAIL: g++.dg/asan/asan_test.C -O2 AddressSanitizer_memalign MemalignRun(align, size, size + 1) output pattern test
FAIL: g++.dg/asan/asan_test.C -O2 AddressSanitizer_memalign MemalignRun(align, size, size + 1) output pattern test
FAIL: g++.dg/asan/asan_test.C -O2 AddressSanitizer_memalign MemalignRun(align, size, size + 1) output pattern test
FAIL: g++.dg/asan/asan_test.C -O2 AddressSanitizer_memalign MemalignRun(align, size, size + 1) output pattern test
FAIL: g++.dg/asan/asan_test.C -O2 AddressSanitizer_memalign MemalignRun(align, size, size + 1) output pattern test
FAIL: g++.dg/asan/asan_test.C -O2 AddressSanitizer_memalign MemalignRun(align, size, size + 1) output pattern test
FAIL: g++.dg/asan/asan_test.C -O2 AddressSanitizer_memalign MemalignRun(align, size, size + 1) output pattern test
FAIL: g++.dg/asan/asan_test.C -O2 AddressSanitizer_memalign MemalignRun(align, size, size + 1) output pattern test
FAIL: g++.dg/asan/asan_test.C -O2 AddressSanitizer_memalign MemalignRun(align, size, size + 1) output pattern test
FAIL: g++.dg/asan/asan_test.C -O2 AddressSanitizer_memalign MemalignRun(align, size, size + 1) output pattern test
FAIL: g++.dg/asan/asan_test.C -O2 AddressSanitizer_memalign MemalignRun(align, size, size + 1) output pattern test
FAIL: g++.dg/asan/asan_test.C -O2 AddressSanitizer_memalign MemalignRun(align, size, size + 1) output pattern test
FAIL: g++.dg/asan/asan_test.C -O2 AddressSanitizer_pread execution test
FAIL: g++.dg/asan/asan_test.C -O2 AddressSanitizer_pread64 execution test
FAIL: g++.dg/asan/asan_test.C -O2 AddressSanitizer_pthread_getschedparam execution test
FAIL: g++.dg/asan/asan_test.C -O2 AddressSanitizer_read execution test
FAIL: g++.dg/asan/deep-stack-uaf-1.C -O0 (test for excess errors)
UNRESOLVED: g++.dg/asan/deep-stack-uaf-1.C -O0 compilation failed to produce executable
FAIL: g++.dg/asan/deep-stack-uaf-1.C -O1 (test for excess errors)
UNRESOLVED: g++.dg/asan/deep-stack-uaf-1.C -O1 compilation failed to produce executable
FAIL: g++.dg/asan/deep-stack-uaf-1.C -O2 (test for excess errors)
UNRESOLVED: g++.dg/asan/deep-stack-uaf-1.C -O2 compilation failed to produce executable
FAIL: g++.dg/asan/deep-stack-uaf-1.C -O3 -g (test for excess errors)
UNRESOLVED: g++.dg/asan/deep-stack-uaf-1.C -O3 -g compilation failed to produce executable
FAIL: g++.dg/asan/deep-stack-uaf-1.C -Os (test for excess errors)
UNRESOLVED: g++.dg/asan/deep-stack-uaf-1.C -Os compilation failed to produce executable
FAIL: g++.dg/asan/deep-tail-call-1.C -O0 (test for excess errors)
UNRESOLVED: g++.dg/asan/deep-tail-call-1.C -O0 compilation failed to produce executable
FAIL: g++.dg/asan/deep-tail-call-1.C -O1 (test for excess errors)
UNRESOLVED: g++.dg/asan/deep-tail-call-1.C -O1 compilation failed to produce executable
FAIL: g++.dg/asan/large-func-test-1.C -O1 (test for excess errors)
UNRESOLVED: g++.dg/asan/large-func-test-1.C -O1 compilation failed to produce executable
FAIL: g++.dg/asan/use-after-scope-types-1.C -O2 -flto -fno-use-linker-plugin -flto-partition=none (test for excess errors)
UNRESOLVED: g++.dg/asan/use-after-scope-types-1.C -O2 -flto -fno-use-linker-plugin -flto-partition=none compilation failed to produce executable
WARNING: Could not compile g++.dg/compat/struct-layout-1 generator
FAIL: g++.dg/debug/debug2.C -gdwarf-2 (test for excess errors)
FAIL: g++.dg/debug/debug2.C -gdwarf-2 -O2 (test for excess errors)
FAIL: g++.dg/debug/debug2.C -gdwarf-2 -O3 (test for excess errors)
FAIL: g++.dg/debug/debug2.C -gdwarf-2 -g1 -O3 (test for excess errors)
FAIL: g++.dg/debug/debug2.C -gdwarf-2 -g3 (test for excess errors)
FAIL: g++.dg/debug/debug2.C -gdwarf-2 -g3 -O2 (test for excess errors)
FAIL: g++.dg/debug/debug2.C -gdwarf-2 -g3 -O3 (test for excess errors)
UNRESOLVED: g++.dg/debug/enum-1.C -gstabs+ scan-assembler JTI_MAX
FAIL: g++.dg/debug/enum-1.C -gstabs+ (test for excess errors)
UNRESOLVED: g++.dg/debug/enum-1.C -gstabs+ -O2 scan-assembler JTI_MAX
FAIL: g++.dg/debug/enum-1.C -gstabs+ -O2 (test for excess errors)
UNRESOLVED: g++.dg/debug/enum-1.C -gstabs+ -O3 scan-assembler JTI_MAX
FAIL: g++.dg/debug/enum-1.C -gstabs+ -O3 (test for excess errors)
UNRESOLVED: g++.dg/debug/enum-1.C -gstabs+3 scan-assembler JTI_MAX
FAIL: g++.dg/debug/enum-1.C -gstabs+3 (test for excess errors)
UNRESOLVED: g++.dg/debug/enum-1.C -gstabs+3 -O2 scan-assembler JTI_MAX
FAIL: g++.dg/debug/enum-1.C -gstabs+3 -O2 (test for excess errors)
UNRESOLVED: g++.dg/debug/enum-1.C -gstabs3 -O2 scan-assembler JTI_MAX
FAIL: g++.dg/debug/enum-1.C -gstabs3 -O2 (test for excess errors)
UNRESOLVED: g++.dg/debug/enum-1.C -gstabs3 -O3 scan-assembler JTI_MAX
FAIL: g++.dg/debug/enum-1.C -gstabs3 -O3 (test for excess errors)
FAIL: g++.dg/debug/pr29906.C -gstabs1 (test for excess errors)
FAIL: g++.dg/debug/pr56819.C -gdwarf-2 (test for excess errors)
FAIL: g++.dg/debug/static1.C -gdwarf-2 -g3 -O3 (test for excess errors)
FAIL: g++.dg/debug/static1.C -gstabs (test for excess errors)
FAIL: g++.dg/debug/static1.C -gstabs -O2 (test for excess errors)
FAIL: g++.dg/debug/static1.C -gstabs -O3 (test for excess errors)
FAIL: g++.dg/debug/static1.C -gstabs1 (test for excess errors)
FAIL: g++.dg/debug/static1.C -gstabs1 -O2 (test for excess errors)
FAIL: g++.dg/debug/static1.C -gstabs1 -O3 (test for excess errors)
FAIL: g++.dg/debug/using3.C -gstabs+3 (test for excess errors)
FAIL: g++.dg/debug/using3.C -gstabs+3 -O2 (test for excess errors)
FAIL: g++.dg/debug/using3.C -gstabs+3 -O3 (test for excess errors)
FAIL: g++.dg/debug/using4.C -gdwarf-2 (test for excess errors)
FAIL: g++.dg/debug/using4.C -gdwarf-2 -g1 (test for excess errors)
FAIL: g++.dg/debug/using4.C -gdwarf-2 -g1 -O2 (test for excess errors)
FAIL: g++.dg/debug/using4.C -gdwarf-2 -g1 -O3 (test for excess errors)
FAIL: g++.dg/Walloca1.C -std=gnu++11 (test for warnings, line 7)
FAIL: g++.dg/Walloca1.C -std=gnu++14 (test for warnings, line 7)
FAIL: g++.dg/Walloca1.C -std=gnu++98 (test for warnings, line 7)
FAIL: g++.dg/abi/bitfield4.C -std=c++98 (test for excess errors)
UNRESOLVED: g++.dg/abi/bitfield4.C -std=c++98 compilation failed to produce executable
FAIL: g++.dg/abi/forced.C -std=gnu++98 (test for excess errors)
UNRESOLVED: g++.dg/abi/forced.C -std=gnu++98 compilation failed to produce executable
FAIL: g++.dg/abi/main.C -std=c++98 (test for excess errors)
UNRESOLVED: g++.dg/abi/mangle18-1.C -std=gnu++98 scan-assembler \\n_?_Z1f1SIXadL_Z3FooEEE[: \\t\\n]
UNRESOLVED: g++.dg/abi/mangle18-1.C -std=gnu++98 scan-assembler \\n_?_Z1g1TIXadL_Z1VEEE[: \\t\\n]
FAIL: g++.dg/abi/mangle18-1.C -std=gnu++98 (test for excess errors)
UNRESOLVED: g++.dg/abi/mangle35.C -std=c++98 scan-assembler _Z3barIiE1AIX3fooIT_EEEv
FAIL: g++.dg/abi/mangle35.C -std=c++98 (test for excess errors)
UNRESOLVED: g++.dg/abi/mangle63.C -std=c++14 scan-assembler _ZN1AIiE1fIiEEDTplcvT__E3memEv
FAIL: g++.dg/abi/mangle63.C -std=c++14 (test for excess errors)
UNRESOLVED: g++.dg/abi/noreturn2.C -std=gnu++11 scan-assembler _Z3barPVFvPKczE
FAIL: g++.dg/abi/noreturn2.C -std=gnu++11 (test for excess errors)
UNRESOLVED: g++.dg/abi/noreturn2.C -std=gnu++14 scan-assembler _Z3barPVFvPKczE
FAIL: g++.dg/abi/noreturn2.C -std=gnu++14 (test for excess errors)
UNRESOLVED: g++.dg/abi/noreturn2.C -std=gnu++98 scan-assembler _Z3barPVFvPKczE
FAIL: g++.dg/abi/noreturn2.C -std=gnu++98 (test for excess errors)
FAIL: g++.dg/abi/param1.C -std=c++11 (test for excess errors)
UNRESOLVED: g++.dg/abi/param1.C -std=c++11 compilation failed to produce executable
FAIL: g++.dg/abi/param1.C -std=c++14 (test for excess errors)
UNRESOLVED: g++.dg/abi/param1.C -std=c++14 compilation failed to produce executable
FAIL: g++.dg/abi/param1.C -std=c++98 (test for excess errors)
UNRESOLVED: g++.dg/abi/param1.C -std=c++98 compilation failed to produce executable
FAIL: g++.dg/abi/param2.C -std=gnu++11 (test for excess errors)
FAIL: g++.dg/abi/param2.C -std=gnu++14 (test for excess errors)
FAIL: g++.dg/abi/param2.C -std=gnu++98 (test for excess errors)
FAIL: g++.dg/abi/pr39188-1a.C -std=gnu++98 (test for excess errors)
UNRESOLVED: g++.dg/abi/pr39188-1a.C -std=gnu++98 compilation failed to produce executable
FAIL: g++.dg/abi/pr39188-3a.C -std=gnu++11 (test for excess errors)
UNRESOLVED: g++.dg/abi/pr39188-3a.C -std=gnu++11 compilation failed to produce executable
UNRESOLVED: g++.dg/abi/pr77489.C -std=gnu++14 scan-assembler _ZZ3foovE8localVar_9
UNRESOLVED: g++.dg/abi/pr77489.C -std=gnu++14 scan-assembler _ZZ3foovE8localVar__10_
UNRESOLVED: g++.dg/abi/pr77489.C -std=gnu++14 scan-assembler _ZZ3foovE8localVar__11_
FAIL: g++.dg/abi/pr77489.C -std=gnu++14 (test for excess errors)
FAIL: g++.dg/abi/rtti2.C -std=c++98 (test for excess errors)
UNRESOLVED: g++.dg/abi/rtti2.C -std=c++98 compilation failed to produce executable
UNRESOLVED: g++.dg/abi/thunk5.C -std=c++11 scan-assembler weak.*ZTv
FAIL: g++.dg/abi/thunk5.C -std=c++11 (test for excess errors)
FAIL: g++.dg/abi/vbase12.C -std=gnu++14 (test for excess errors)
UNRESOLVED: g++.dg/abi/vbase12.C -std=gnu++14 compilation failed to produce executable
FAIL: g++.dg/concepts/abbrev1.C -std=c++14 (test for excess errors)
FAIL: g++.dg/concepts/abbrev2.C -std=c++14 (test for excess errors)
UNRESOLVED: g++.dg/concepts/abbrev2.C -std=c++14 compilation failed to produce executable
FAIL: g++.dg/concepts/alias1.C (test for excess errors)
FAIL: g++.dg/concepts/alias2.C (test for excess errors)
FAIL: g++.dg/concepts/alias3.C (test for errors, line 12)
FAIL: g++.dg/concepts/alias3.C (test for excess errors)
FAIL: g++.dg/concepts/alias4.C (test for excess errors)
FAIL: g++.dg/concepts/auto1.C (test for errors, line 15)
FAIL: g++.dg/concepts/auto1.C (test for errors, line 16)
FAIL: g++.dg/concepts/auto1.C (test for errors, line 27)
FAIL: g++.dg/concepts/auto1.C (test for excess errors)
FAIL: g++.dg/concepts/auto3.C (test for errors, line 12)
FAIL: g++.dg/concepts/auto3.C (test for excess errors)
FAIL: g++.dg/concepts/class6.C (test for errors, line 11)
FAIL: g++.dg/concepts/class6.C (test for errors, line 16)
FAIL: g++.dg/concepts/class6.C (test for excess errors)
FAIL: g++.dg/concepts/constrained-parm.C (test for errors, line 10)
FAIL: g++.dg/concepts/constrained-parm.C (test for errors, line 11)
FAIL: g++.dg/concepts/constrained-parm.C (test for errors, line 12)
FAIL: g++.dg/concepts/constrained-parm.C (test for errors, line 13)
FAIL: g++.dg/concepts/constrained-parm.C (test for errors, line 6)
FAIL: g++.dg/concepts/constrained-parm.C (test for errors, line 7)
FAIL: g++.dg/concepts/constrained-parm.C (test for errors, line 8)
FAIL: g++.dg/concepts/constrained-parm.C (test for errors, line 9)
FAIL: g++.dg/concepts/constrained-parm.C (test for excess errors)
FAIL: g++.dg/concepts/debug1.C (test for excess errors)
FAIL: g++.dg/concepts/decl-diagnose.C (test for errors, line 14)
FAIL: g++.dg/concepts/decl-diagnose.C (test for errors, line 15)
FAIL: g++.dg/concepts/decl-diagnose.C (test for errors, line 17)
FAIL: g++.dg/concepts/decl-diagnose.C (test for errors, line 18)
FAIL: g++.dg/concepts/decl-diagnose.C (test for errors, line 18)
FAIL: g++.dg/concepts/decl-diagnose.C (test for errors, line 20)
FAIL: g++.dg/concepts/decl-diagnose.C (test for errors, line 21)
FAIL: g++.dg/concepts/decl-diagnose.C (test for errors, line 22)
FAIL: g++.dg/concepts/decl-diagnose.C (test for errors, line 25)
FAIL: g++.dg/concepts/decl-diagnose.C (test for errors, line 28)
FAIL: g++.dg/concepts/decl-diagnose.C (test for errors, line 3)
FAIL: g++.dg/concepts/decl-diagnose.C (test for errors, line 32)
FAIL: g++.dg/concepts/decl-diagnose.C (test for errors, line 5)
FAIL: g++.dg/concepts/decl-diagnose.C (test for errors, line 8)
FAIL: g++.dg/concepts/decl-diagnose.C (test for errors, line 9)
FAIL: g++.dg/concepts/decl-diagnose.C (test for excess errors)
FAIL: g++.dg/concepts/deduction-constraint1.C (test for excess errors)
FAIL: g++.dg/concepts/diagnostic1.C (test for errors, line 29)
FAIL: g++.dg/concepts/diagnostic1.C (test for errors, line 30)
FAIL: g++.dg/concepts/diagnostic1.C (test for excess errors)
FAIL: g++.dg/concepts/disjunction1.C (test for excess errors)
FAIL: g++.dg/concepts/explicit-inst1.C (test for excess errors)
FAIL: g++.dg/concepts/explicit-inst2.C (test for excess errors)
FAIL: g++.dg/concepts/explicit-inst3.C (test for excess errors)
FAIL: g++.dg/concepts/explicit-inst4.C (test for errors, line 15)
FAIL: g++.dg/concepts/explicit-inst4.C (test for excess errors)
FAIL: g++.dg/pr83239.C -std=gnu++98 (test for excess errors)
FAIL: g++.dg/gcov/gcov-8.C -std=gnu++11 gcov failed: File '/home/tcwg-buildslave/workspace/tcwg-buildfarm/tcwg-d05_32-build/snapshots/gcc.git~master_rev_48bbcd968d172c4e59d874c5fd831bcbf54cd221/gcc/testsuite/g++.dg/gcov/gcov-8.C'
FAIL: g++.dg/gcov/gcov-8.C -std=gnu++14 gcov failed: File '/home/tcwg-buildslave/workspace/tcwg-buildfarm/tcwg-d05_32-build/snapshots/gcc.git~master_rev_48bbcd968d172c4e59d874c5fd831bcbf54cd221/gcc/testsuite/g++.dg/gcov/gcov-8.C'
FAIL: g++.dg/gcov/gcov-8.C -std=gnu++98 gcov failed: File '/home/tcwg-buildslave/workspace/tcwg-buildfarm/tcwg-d05_32-build/snapshots/gcc.git~master_rev_48bbcd968d172c4e59d874c5fd831bcbf54cd221/gcc/testsuite/g++.dg/gcov/gcov-8.C'
FAIL: g++.dg/guality/pr67192.C -O0 line 27 cnt == 5
FAIL: g++.dg/guality/pr67192.C -O0 line 39 cnt == 10
FAIL: g++.dg/guality/pr67192.C -O0 line 48 cnt == 15
FAIL: g++.dg/guality/pr67192.C -O0 line 54 cnt == 15
FAIL: g++.dg/guality/pr67192.C -O0 line 59 cnt == 20
FAIL: g++.dg/guality/pr67192.C -O1 line 27 cnt == 5
FAIL: g++.dg/guality/pr67192.C -O1 line 39 cnt == 10
FAIL: g++.dg/guality/pr67192.C -O1 line 48 cnt == 15
FAIL: g++.dg/guality/pr67192.C -O1 line 54 cnt == 15
FAIL: g++.dg/guality/pr67192.C -O1 line 59 cnt == 20
FAIL: g++.dg/guality/pr67192.C -O2 line 27 cnt == 5
FAIL: g++.dg/guality/pr67192.C -O2 line 39 cnt == 10
FAIL: g++.dg/guality/pr67192.C -O2 line 48 cnt == 15
FAIL: g++.dg/guality/pr67192.C -O2 line 54 cnt == 15
FAIL: g++.dg/guality/pr67192.C -O2 line 59 cnt == 20
FAIL: g++.dg/guality/pr67192.C -O2 -flto -fno-use-linker-plugin -flto-partition=none line 27 cnt == 5
FAIL: g++.dg/guality/pr67192.C -O2 -flto -fno-use-linker-plugin -flto-partition=none line 39 cnt == 10
FAIL: g++.dg/guality/pr67192.C -O2 -flto -fno-use-linker-plugin -flto-partition=none line 48 cnt == 15
FAIL: g++.dg/guality/pr67192.C -O2 -flto -fno-use-linker-plugin -flto-partition=none line 54 cnt == 15
FAIL: g++.dg/guality/pr67192.C -O2 -flto -fno-use-linker-plugin -flto-partition=none line 59 cnt == 20
FAIL: g++.dg/guality/pr67192.C -O2 -flto -fuse-linker-plugin -fno-fat-lto-objects line 27 cnt == 5
FAIL: g++.dg/guality/pr67192.C -O2 -flto -fuse-linker-plugin -fno-fat-lto-objects line 39 cnt == 10
FAIL: g++.dg/guality/pr67192.C -O2 -flto -fuse-linker-plugin -fno-fat-lto-objects line 48 cnt == 15
FAIL: g++.dg/guality/pr67192.C -O2 -flto -fuse-linker-plugin -fno-fat-lto-objects line 54 cnt == 15
FAIL: g++.dg/guality/pr67192.C -O2 -flto -fuse-linker-plugin -fno-fat-lto-objects line 59 cnt == 20
FAIL: g++.dg/guality/pr67192.C -O3 -fomit-frame-pointer -funroll-loops -fpeel-loops -ftracer -finline-functions line 27 cnt == 5
FAIL: g++.dg/guality/pr67192.C -O3 -fomit-frame-pointer -funroll-loops -fpeel-loops -ftracer -finline-functions line 39 cnt == 10
FAIL: g++.dg/guality/pr67192.C -O3 -fomit-frame-pointer -funroll-loops -fpeel-loops -ftracer -finline-functions line 48 cnt == 15
FAIL: g++.dg/guality/pr67192.C -O3 -fomit-frame-pointer -funroll-loops -fpeel-loops -ftracer -finline-functions line 54 cnt == 15
FAIL: g++.dg/guality/pr67192.C -O3 -fomit-frame-pointer -funroll-loops -fpeel-loops -ftracer -finline-functions line 59 cnt == 20
FAIL: g++.dg/guality/pr67192.C -O3 -g line 27 cnt == 5
FAIL: g++.dg/guality/pr67192.C -O3 -g line 39 cnt == 10
FAIL: g++.dg/guality/pr67192.C -O3 -g line 48 cnt == 15
FAIL: g++.dg/guality/pr67192.C -O3 -g line 54 cnt == 15
FAIL: g++.dg/guality/pr67192.C -O3 -g line 59 cnt == 20
FAIL: g++.dg/guality/pr67192.C -Os line 27 cnt == 5
FAIL: g++.dg/guality/pr67192.C -Os line 39 cnt == 10
FAIL: g++.dg/guality/pr67192.C -Os line 48 cnt == 15
FAIL: g++.dg/guality/pr67192.C -Os line 54 cnt == 15
FAIL: g++.dg/guality/pr67192.C -Os line 59 cnt == 20
FAIL: g++.dg/guality/pr67192.C -Og line 27 cnt == 5
FAIL: g++.dg/guality/pr67192.C -Og line 39 cnt == 10
FAIL: g++.dg/guality/pr67192.C -Og line 48 cnt == 15
FAIL: g++.dg/guality/pr67192.C -Og line 54 cnt == 15
FAIL: g++.dg/guality/pr67192.C -Og line 59 cnt == 20
FAIL: g++.dg/lto/pr65276 cp_lto_pr65276_0.o-cp_lto_pr65276_1.o link, -flto -O0 -std=c++11
=== g++ Summary ===
# of expected passes 122201
# of unexpected failures 290
# of expected failures 567
# of unresolved testcases 38
# of unsupported tests 5686
/home/tcwg-buildslave/workspace/tcwg-buildfarm/tcwg-d05_32-build/_build/builds/armv8l-unknown-linux-gnueabihf/armv8l-unknown-linux-gnueabihf/gcc.git~master_rev_48bbcd968d172c4e59d874c5fd831bcbf54cd221-stage2/gcc/xg++ version 9.0.0 20180826 (experimental) [master revision 263863] (GCC)
=== gcc tests ===
Running target tcwg-local
FAIL: gcc.c-torture/compile/920626-1.c -O2 (test for excess errors)
FAIL: gcc.c-torture/compile/920626-1.c -O2 -flto -fno-use-linker-plugin -flto-partition=none (test for excess errors)
FAIL: gcc.c-torture/compile/920626-1.c -O2 -flto -fuse-linker-plugin -fno-fat-lto-objects (test for excess errors)
FAIL: gcc.c-torture/compile/920626-1.c -O3 -g (test for excess errors)
FAIL: gcc.c-torture/compile/920626-1.c -Os (test for excess errors)
FAIL: gcc.c-torture/compile/920701-1.c -O0 (test for excess errors)
FAIL: gcc.c-torture/compile/920701-1.c -O1 (test for excess errors)
FAIL: gcc.c-torture/compile/920701-1.c -O2 (test for excess errors)
FAIL: gcc.c-torture/compile/920808-1.c -O2 -flto -fno-use-linker-plugin -flto-partition=none (test for excess errors)
FAIL: gcc.c-torture/compile/920808-1.c -O2 -flto -fuse-linker-plugin -fno-fat-lto-objects (test for excess errors)
FAIL: gcc.c-torture/compile/920808-1.c -O3 -fomit-frame-pointer -funroll-loops -fpeel-loops -ftracer -finline-functions (test for excess errors)
FAIL: gcc.c-torture/compile/920808-1.c -O3 -g (test for excess errors)
FAIL: gcc.c-torture/compile/920808-1.c -Os (test for excess errors)
FAIL: gcc.c-torture/compile/920809-1.c -O0 (test for excess errors)
FAIL: gcc.c-torture/compile/920809-1.c -O1 (test for excess errors)
FAIL: gcc.c-torture/compile/920828-1.c -O2 -flto -fuse-linker-plugin -fno-fat-lto-objects (test for excess errors)
FAIL: gcc.c-torture/compile/920829-1.c -O0 (test for excess errors)
FAIL: gcc.c-torture/compile/920829-1.c -O1 (test for excess errors)
FAIL: gcc.c-torture/compile/920829-1.c -O2 (test for excess errors)
FAIL: gcc.c-torture/compile/920829-1.c -O2 -flto -fno-use-linker-plugin -flto-partition=none (test for excess errors)
FAIL: gcc.c-torture/compile/920829-1.c -O3 -g (test for excess errors)
FAIL: gcc.c-torture/compile/920829-1.c -Os (test for excess errors)
FAIL: gcc.c-torture/compile/920928-5.c -O2 -flto -fno-use-linker-plugin -flto-partition=none (test for excess errors)
FAIL: gcc.c-torture/compile/920928-5.c -O2 -flto -fuse-linker-plugin -fno-fat-lto-objects (test for excess errors)
FAIL: gcc.c-torture/compile/920928-5.c -Os (test for excess errors)
FAIL: gcc.c-torture/compile/920928-6.c -O0 (test for excess errors)
FAIL: gcc.c-torture/compile/920928-6.c -O1 (test for excess errors)
FAIL: gcc.c-torture/compile/920928-6.c -O2 (test for excess errors)
FAIL: gcc.c-torture/compile/920928-6.c -O3 -g (test for excess errors)
FAIL: gcc.c-torture/compile/921024-1.c -O0 (test for excess errors)
FAIL: gcc.c-torture/compile/921203-1.c -O0 (test for excess errors)
FAIL: gcc.c-torture/compile/930120-1.c -O2 -flto -fno-use-linker-plugin -flto-partition=none (test for excess errors)
FAIL: gcc.c-torture/compile/930120-1.c -O2 -flto -fuse-linker-plugin -fno-fat-lto-objects (test for excess errors)
FAIL: gcc.c-torture/compile/930120-1.c -Os (test for excess errors)
FAIL: gcc.c-torture/compile/930126-1.c -O0 (test for excess errors)
FAIL: gcc.c-torture/compile/930126-1.c -O1 (test for excess errors)
FAIL: gcc.c-torture/compile/930126-1.c -O2 (test for excess errors)
FAIL: gcc.c-torture/compile/930126-1.c -O3 -g (test for excess errors)
FAIL: gcc.c-torture/compile/930503-1.c -O3 -fomit-frame-pointer -funroll-loops -fpeel-loops -ftracer -finline-functions (test for excess errors)
FAIL: gcc.c-torture/compile/930527-1.c -O0 (test for excess errors)
FAIL: gcc.c-torture/compile/930527-1.c -O1 (test for excess errors)
FAIL: gcc.c-torture/compile/930527-1.c -O2 (test for excess errors)
FAIL: gcc.c-torture/compile/930527-1.c -O2 -flto -fno-use-linker-plugin -flto-partition=none (test for excess errors)
FAIL: gcc.c-torture/compile/930527-1.c -O2 -flto -fuse-linker-plugin -fno-fat-lto-objects (test for excess errors)
FAIL: gcc.c-torture/compile/930527-1.c -O3 -g (test for excess errors)
FAIL: gcc.c-torture/compile/930527-1.c -Os (test for excess errors)
FAIL: gcc.c-torture/compile/930702-1.c -O2 (test for excess errors)
FAIL: gcc.c-torture/compile/931018-1.c -O2 -flto -fno-use-linker-plugin -flto-partition=none (test for excess errors)
FAIL: gcc.c-torture/execute/builtins/strnlen.c compilation, -O1 (internal compiler error)
FAIL: gcc.c-torture/execute/builtins/strnlen.c compilation, -Og -g (internal compiler error)
FAIL: gcc.c-torture/execute/builtins/strnlen.c compilation, -Os (internal compiler error)
UNRESOLVED: gcc.c-torture/execute/builtins/strnlen.c execution, -O1
UNRESOLVED: gcc.c-torture/execute/builtins/strnlen.c execution, -Og -g
UNRESOLVED: gcc.c-torture/execute/builtins/strnlen.c execution, -Os
FAIL: c-c++-common/asan/heap-overflow-1.c -O0 output pattern test
FAIL: c-c++-common/asan/heap-overflow-1.c -O1 output pattern test
FAIL: c-c++-common/asan/heap-overflow-1.c -O2 output pattern test
FAIL: c-c++-common/asan/heap-overflow-1.c -O2 -flto -fno-use-linker-plugin -flto-partition=none output pattern test
FAIL: c-c++-common/asan/heap-overflow-1.c -O2 -flto -fuse-linker-plugin -fno-fat-lto-objects output pattern test
FAIL: c-c++-common/asan/heap-overflow-1.c -O3 -g output pattern test
FAIL: c-c++-common/asan/heap-overflow-1.c -Os output pattern test
FAIL: c-c++-common/asan/pr70541.c -O0 output pattern test
FAIL: c-c++-common/asan/sanity-check-pure-c-1.c -O0 output pattern test
FAIL: c-c++-common/asan/sanity-check-pure-c-1.c -O1 output pattern test
FAIL: c-c++-common/asan/sanity-check-pure-c-1.c -O2 output pattern test
FAIL: c-c++-common/asan/sanity-check-pure-c-1.c -O2 -flto -fno-use-linker-plugin -flto-partition=none output pattern test
FAIL: c-c++-common/asan/sanity-check-pure-c-1.c -O2 -flto -fuse-linker-plugin -fno-fat-lto-objects output pattern test
FAIL: c-c++-common/asan/sanity-check-pure-c-1.c -O3 -g output pattern test
FAIL: c-c++-common/asan/sanity-check-pure-c-1.c -Os output pattern test
FAIL: c-c++-common/asan/strncpy-overflow-1.c -O0 output pattern test
FAIL: c-c++-common/asan/strncpy-overflow-1.c -O1 output pattern test
FAIL: c-c++-common/asan/strncpy-overflow-1.c -O2 output pattern test
FAIL: c-c++-common/asan/strncpy-overflow-1.c -O2 -flto -fno-use-linker-plugin -flto-partition=none output pattern test
FAIL: c-c++-common/asan/strncpy-overflow-1.c -O2 -flto -fuse-linker-plugin -fno-fat-lto-objects output pattern test
FAIL: c-c++-common/asan/strncpy-overflow-1.c -O3 -g output pattern test
FAIL: c-c++-common/asan/strncpy-overflow-1.c -Os output pattern test
FAIL: c-c++-common/asan/use-after-free-1.c -O0 output pattern test
FAIL: c-c++-common/asan/use-after-free-1.c -O1 output pattern test
FAIL: c-c++-common/asan/use-after-free-1.c -O2 output pattern test
FAIL: c-c++-common/asan/use-after-free-1.c -O2 -flto -fno-use-linker-plugin -flto-partition=none output pattern test
FAIL: c-c++-common/asan/use-after-free-1.c -O2 -flto -fuse-linker-plugin -fno-fat-lto-objects output pattern test
FAIL: c-c++-common/asan/use-after-free-1.c -O3 -g output pattern test
FAIL: c-c++-common/asan/use-after-free-1.c -Os output pattern test
FAIL: gcc.dg/Wvla-larger-than-3.c (test for warnings, line 66)
FAIL: gcc.dg/attr-alloc_size-3.c (test for warnings, line 403)
FAIL: gcc.dg/attr-alloc_size-3.c (test for warnings, line 404)
FAIL: gcc.dg/attr-alloc_size-3.c (test for warnings, line 406)
FAIL: gcc.dg/attr-alloc_size-3.c (test for warnings, line 407)
FAIL: gcc.dg/attr-alloc_size-3.c (test for warnings, line 408)
FAIL: gcc.dg/attr-alloc_size-3.c (test for warnings, line 409)
FAIL: gcc.dg/attr-alloc_size-3.c (test for warnings, line 410)
FAIL: gcc.dg/attr-alloc_size-3.c (test for warnings, line 413)
FAIL: gcc.dg/attr-alloc_size-3.c (test for warnings, line 414)
FAIL: gcc.dg/attr-alloc_size-3.c (test for warnings, line 416)
FAIL: gcc.dg/attr-alloc_size-3.c (test for warnings, line 438)
FAIL: gcc.dg/attr-alloc_size-3.c (test for warnings, line 449)
FAIL: gcc.dg/attr-alloc_size-3.c (test for warnings, line 453)
FAIL: gcc.dg/attr-alloc_size-3.c (test for warnings, line 454)
FAIL: gcc.dg/attr-alloc_size-3.c (test for warnings, line 455)
FAIL: gcc.dg/attr-alloc_size-3.c (test for excess errors)
FAIL: gcc.dg/attr-alloc_size-3.c argument 2 (test for warnings, line 410)
FAIL: gcc.dg/attr-alloc_size-3.c argument 2 (test for warnings, line 455)
FAIL: gcc.dg/pr42611.c (test for warnings, line 17)
XPASS: gcc.dg/guality/example.c -O0 execution test
XPASS: gcc.dg/guality/example.c -O1 -DPREVENT_OPTIMIZATION execution test
XPASS: gcc.dg/guality/example.c -O3 -fomit-frame-pointer -funroll-loops -fpeel-loops -ftracer -finline-functions -DPREVENT_OPTIMIZATION execution test
XPASS: gcc.dg/guality/example.c -O3 -g -DPREVENT_OPTIMIZATION execution test
XPASS: gcc.dg/guality/example.c -Og -DPREVENT_OPTIMIZATION execution test
XPASS: gcc.dg/guality/guality.c -O0 execution test
XPASS: gcc.dg/guality/guality.c -O1 -DPREVENT_OPTIMIZATION execution test
XPASS: gcc.dg/guality/guality.c -O2 -DPREVENT_OPTIMIZATION execution test
XPASS: gcc.dg/guality/guality.c -O2 -flto -fno-use-linker-plugin -flto-partition=none -DPREVENT_OPTIMIZATION execution test
XPASS: gcc.dg/guality/guality.c -O2 -flto -fuse-linker-plugin -fno-fat-lto-objects -DPREVENT_OPTIMIZATION execution test
XPASS: gcc.dg/guality/guality.c -O3 -g -DPREVENT_OPTIMIZATION execution test
XPASS: gcc.dg/guality/guality.c -Os -DPREVENT_OPTIMIZATION execution test
XPASS: gcc.dg/guality/guality.c -Og -DPREVENT_OPTIMIZATION execution test
XPASS: gcc.dg/guality/inline-params.c -O2 -DPREVENT_OPTIMIZATION execution test
XPASS: gcc.dg/guality/inline-params.c -O2 -flto -fno-use-linker-plugin -flto-partition=none -DPREVENT_OPTIMIZATION execution test
XPASS: gcc.dg/guality/inline-params.c -O2 -flto -fuse-linker-plugin -fno-fat-lto-objects -DPREVENT_OPTIMIZATION execution test
XPASS: gcc.dg/guality/inline-params.c -O3 -g -DPREVENT_OPTIMIZATION execution test
XPASS: gcc.dg/guality/inline-params.c -Os -DPREVENT_OPTIMIZATION execution test
FAIL: gcc.dg/guality/pr41447-1.c -O2 -flto -fuse-linker-plugin -fno-fat-lto-objects -DPREVENT_OPTIMIZATION execution test
FAIL: gcc.dg/guality/pr41447-1.c -O3 -g -DPREVENT_OPTIMIZATION execution test
FAIL: gcc.dg/guality/pr43077-1.c -O0 line 11 varb == 2
FAIL: gcc.dg/guality/pr43077-1.c -O0 line 19 varb == 3
FAIL: gcc.dg/guality/pr43077-1.c -O0 line 42 varb == 2
FAIL: gcc.dg/guality/pr43077-1.c -O1 -DPREVENT_OPTIMIZATION line 11 varb == 2
FAIL: gcc.dg/guality/pr43077-1.c -O1 -DPREVENT_OPTIMIZATION line 19 varb == 3
FAIL: gcc.dg/guality/pr43077-1.c -O1 -DPREVENT_OPTIMIZATION line 42 varb == 2
FAIL: gcc.dg/guality/pr43077-1.c -O2 -DPREVENT_OPTIMIZATION line 11 varb == 2
FAIL: gcc.dg/guality/pr43077-1.c -O2 -DPREVENT_OPTIMIZATION line 19 varb == 3
FAIL: gcc.dg/guality/pr43077-1.c -O2 -DPREVENT_OPTIMIZATION line 42 varb == 2
FAIL: gcc.dg/guality/pr43077-1.c -O2 -flto -fno-use-linker-plugin -flto-partition=none -DPREVENT_OPTIMIZATION line 11 varb == 2
FAIL: gcc.dg/guality/pr43077-1.c -O2 -flto -fno-use-linker-plugin -flto-partition=none -DPREVENT_OPTIMIZATION line 19 varb == 3
FAIL: gcc.dg/guality/pr43077-1.c -O2 -flto -fno-use-linker-plugin -flto-partition=none -DPREVENT_OPTIMIZATION line 42 varb == 2
FAIL: gcc.dg/guality/pr43077-1.c -O2 -flto -fuse-linker-plugin -fno-fat-lto-objects -DPREVENT_OPTIMIZATION line 11 varb == 2
FAIL: gcc.dg/guality/pr43077-1.c -O2 -flto -fuse-linker-plugin -fno-fat-lto-objects -DPREVENT_OPTIMIZATION line 19 varb == 3
FAIL: gcc.dg/guality/pr43077-1.c -O2 -flto -fuse-linker-plugin -fno-fat-lto-objects -DPREVENT_OPTIMIZATION line 42 varb == 2
FAIL: gcc.dg/guality/pr43077-1.c -O3 -g -DPREVENT_OPTIMIZATION line 11 varb == 2
FAIL: gcc.dg/guality/pr43077-1.c -O3 -g -DPREVENT_OPTIMIZATION line 19 varb == 3
FAIL: gcc.dg/guality/pr43077-1.c -O3 -g -DPREVENT_OPTIMIZATION line 42 varb == 2
FAIL: gcc.dg/guality/pr43077-1.c -Os -DPREVENT_OPTIMIZATION line 11 varb == 2
FAIL: gcc.dg/guality/pr43077-1.c -Os -DPREVENT_OPTIMIZATION line 19 varb == 3
FAIL: gcc.dg/guality/pr43077-1.c -Os -DPREVENT_OPTIMIZATION line 42 varb == 2
FAIL: gcc.dg/guality/pr43077-1.c -Og -DPREVENT_OPTIMIZATION line 11 varb == 2
FAIL: gcc.dg/guality/pr43077-1.c -Og -DPREVENT_OPTIMIZATION line 19 varb == 3
FAIL: gcc.dg/guality/pr43077-1.c -Og -DPREVENT_OPTIMIZATION line 42 varb == 2
FAIL: gcc.dg/guality/pr67192.c -O0 line 27 cnt == 5
FAIL: gcc.dg/guality/pr67192.c -O0 line 39 cnt == 10
FAIL: gcc.dg/guality/pr67192.c -O0 line 48 cnt == 15
FAIL: gcc.dg/guality/pr67192.c -O0 line 54 cnt == 15
FAIL: gcc.dg/guality/pr67192.c -O0 line 59 cnt == 20
FAIL: gcc.dg/guality/pr67192.c -O1 -DPREVENT_OPTIMIZATION line 27 cnt == 5
FAIL: gcc.dg/guality/pr67192.c -O1 -DPREVENT_OPTIMIZATION line 39 cnt == 10
FAIL: gcc.dg/guality/pr67192.c -O1 -DPREVENT_OPTIMIZATION line 48 cnt == 15
FAIL: gcc.dg/guality/pr67192.c -O1 -DPREVENT_OPTIMIZATION line 54 cnt == 15
FAIL: gcc.dg/guality/pr67192.c -O1 -DPREVENT_OPTIMIZATION line 59 cnt == 20
FAIL: gcc.dg/guality/pr67192.c -O2 -DPREVENT_OPTIMIZATION line 27 cnt == 5
FAIL: gcc.dg/guality/pr67192.c -O2 -DPREVENT_OPTIMIZATION line 39 cnt == 10
FAIL: gcc.dg/guality/pr67192.c -O2 -DPREVENT_OPTIMIZATION line 48 cnt == 15
FAIL: gcc.dg/guality/pr67192.c -O2 -DPREVENT_OPTIMIZATION line 54 cnt == 15
FAIL: gcc.dg/guality/pr67192.c -O2 -DPREVENT_OPTIMIZATION line 59 cnt == 20
FAIL: gcc.dg/guality/pr67192.c -O2 -flto -fno-use-linker-plugin -flto-partition=none -DPREVENT_OPTIMIZATION line 27 cnt == 5
FAIL: gcc.dg/guality/pr67192.c -O2 -flto -fno-use-linker-plugin -flto-partition=none -DPREVENT_OPTIMIZATION line 39 cnt == 10
FAIL: gcc.dg/guality/pr67192.c -O2 -flto -fno-use-linker-plugin -flto-partition=none -DPREVENT_OPTIMIZATION line 48 cnt == 15
FAIL: gcc.dg/guality/pr67192.c -O2 -flto -fno-use-linker-plugin -flto-partition=none -DPREVENT_OPTIMIZATION line 54 cnt == 15
FAIL: gcc.dg/guality/pr67192.c -O2 -flto -fno-use-linker-plugin -flto-partition=none -DPREVENT_OPTIMIZATION line 59 cnt == 20
FAIL: gcc.dg/guality/pr67192.c -O2 -flto -fuse-linker-plugin -fno-fat-lto-objects -DPREVENT_OPTIMIZATION line 27 cnt == 5
FAIL: gcc.dg/guality/pr67192.c -O2 -flto -fuse-linker-plugin -fno-fat-lto-objects -DPREVENT_OPTIMIZATION line 39 cnt == 10
FAIL: gcc.dg/guality/pr67192.c -O2 -flto -fuse-linker-plugin -fno-fat-lto-objects -DPREVENT_OPTIMIZATION line 48 cnt == 15
FAIL: gcc.dg/guality/pr67192.c -O2 -flto -fuse-linker-plugin -fno-fat-lto-objects -DPREVENT_OPTIMIZATION line 54 cnt == 15
FAIL: gcc.dg/guality/pr67192.c -O2 -flto -fuse-linker-plugin -fno-fat-lto-objects -DPREVENT_OPTIMIZATION line 59 cnt == 20
FAIL: gcc.dg/guality/pr67192.c -O3 -fomit-frame-pointer -funroll-loops -fpeel-loops -ftracer -finline-functions -DPREVENT_OPTIMIZATION line 27 cnt == 5
FAIL: gcc.dg/guality/pr67192.c -O3 -fomit-frame-pointer -funroll-loops -fpeel-loops -ftracer -finline-functions -DPREVENT_OPTIMIZATION line 39 cnt == 10
FAIL: gcc.dg/guality/pr67192.c -O3 -fomit-frame-pointer -funroll-loops -fpeel-loops -ftracer -finline-functions -DPREVENT_OPTIMIZATION line 48 cnt == 15
FAIL: gcc.dg/guality/pr67192.c -O3 -fomit-frame-pointer -funroll-loops -fpeel-loops -ftracer -finline-functions -DPREVENT_OPTIMIZATION line 54 cnt == 15
FAIL: gcc.dg/guality/pr67192.c -O3 -fomit-frame-pointer -funroll-loops -fpeel-loops -ftracer -finline-functions -DPREVENT_OPTIMIZATION line 59 cnt == 20
FAIL: gcc.dg/guality/pr67192.c -O3 -g -DPREVENT_OPTIMIZATION line 27 cnt == 5
FAIL: gcc.dg/guality/pr67192.c -O3 -g -DPREVENT_OPTIMIZATION line 39 cnt == 10
FAIL: gcc.dg/guality/pr67192.c -O3 -g -DPREVENT_OPTIMIZATION line 48 cnt == 15
FAIL: gcc.dg/guality/pr67192.c -O3 -g -DPREVENT_OPTIMIZATION line 54 cnt == 15
FAIL: gcc.dg/guality/pr67192.c -O3 -g -DPREVENT_OPTIMIZATION line 59 cnt == 20
FAIL: gcc.dg/guality/pr67192.c -Os -DPREVENT_OPTIMIZATION line 27 cnt == 5
FAIL: gcc.dg/guality/pr67192.c -Os -DPREVENT_OPTIMIZATION line 39 cnt == 10
FAIL: gcc.dg/guality/pr67192.c -Os -DPREVENT_OPTIMIZATION line 48 cnt == 15
FAIL: gcc.dg/guality/pr67192.c -Os -DPREVENT_OPTIMIZATION line 54 cnt == 15
FAIL: gcc.dg/guality/pr67192.c -Os -DPREVENT_OPTIMIZATION line 59 cnt == 20
FAIL: gcc.dg/guality/pr67192.c -Og -DPREVENT_OPTIMIZATION line 27 cnt == 5
FAIL: gcc.dg/guality/pr67192.c -Og -DPREVENT_OPTIMIZATION line 39 cnt == 10
FAIL: gcc.dg/guality/pr67192.c -Og -DPREVENT_OPTIMIZATION line 48 cnt == 15
FAIL: gcc.dg/guality/pr67192.c -Og -DPREVENT_OPTIMIZATION line 54 cnt == 15
FAIL: gcc.dg/guality/pr67192.c -Og -DPREVENT_OPTIMIZATION line 59 cnt == 20
FAIL: gcc.dg/tree-ssa/builtin-sprintf-warn-18.c (test for warnings, line 120)
FAIL: gcc.dg/tree-ssa/builtin-sprintf-warn-18.c (test for warnings, line 122)
XPASS: gcc.dg/vect/vect-24.c -flto -ffat-lto-objects scan-tree-dump-times vect "vectorized 3 loops" 1
XPASS: gcc.dg/vect/vect-24.c scan-tree-dump-times vect "vectorized 3 loops" 1
UNRESOLVED: gcc.target/aarch64/advsimd-intrinsics/vld1x2.c -O0 compilation failed to produce executable
UNRESOLVED: gcc.target/aarch64/advsimd-intrinsics/vld1x2.c -O1 compilation failed to produce executable
UNRESOLVED: gcc.target/aarch64/advsimd-intrinsics/vld1x2.c -O2 compilation failed to produce executable
UNRESOLVED: gcc.target/aarch64/advsimd-intrinsics/vld1x2.c -O2 -flto -fno-use-linker-plugin -flto-partition=none compilation failed to produce executable
UNRESOLVED: gcc.target/aarch64/advsimd-intrinsics/vld1x2.c -O2 -flto -fuse-linker-plugin -fno-fat-lto-objects compilation failed to produce executable
UNRESOLVED: gcc.target/aarch64/advsimd-intrinsics/vld1x2.c -O3 -fomit-frame-pointer -funroll-loops -fpeel-loops -ftracer -finline-functions compilation failed to produce executable
UNRESOLVED: gcc.target/aarch64/advsimd-intrinsics/vld1x2.c -O3 -g compilation failed to produce executable
UNRESOLVED: gcc.target/aarch64/advsimd-intrinsics/vld1x2.c -Og -g compilation failed to produce executable
UNRESOLVED: gcc.target/aarch64/advsimd-intrinsics/vld1x2.c -Os compilation failed to produce executable
UNRESOLVED: gcc.target/aarch64/advsimd-intrinsics/vld1x3.c -O0 compilation failed to produce executable
UNRESOLVED: gcc.target/aarch64/advsimd-intrinsics/vld1x3.c -O1 compilation failed to produce executable
UNRESOLVED: gcc.target/aarch64/advsimd-intrinsics/vld1x3.c -O2 compilation failed to produce executable
UNRESOLVED: gcc.target/aarch64/advsimd-intrinsics/vld1x3.c -O2 -flto -fno-use-linker-plugin -flto-partition=none compilation failed to produce executable
UNRESOLVED: gcc.target/aarch64/advsimd-intrinsics/vld1x3.c -O2 -flto -fuse-linker-plugin -fno-fat-lto-objects compilation failed to produce executable
UNRESOLVED: gcc.target/aarch64/advsimd-intrinsics/vld1x3.c -O3 -fomit-frame-pointer -funroll-loops -fpeel-loops -ftracer -finline-functions compilation failed to produce executable
UNRESOLVED: gcc.target/aarch64/advsimd-intrinsics/vld1x3.c -O3 -g compilation failed to produce executable
UNRESOLVED: gcc.target/aarch64/advsimd-intrinsics/vld1x3.c -Og -g compilation failed to produce executable
UNRESOLVED: gcc.target/aarch64/advsimd-intrinsics/vld1x3.c -Os compilation failed to produce executable
UNRESOLVED: gcc.target/aarch64/advsimd-intrinsics/vst1x2.c -O0 compilation failed to produce executable
UNRESOLVED: gcc.target/aarch64/advsimd-intrinsics/vst1x2.c -O1 compilation failed to produce executable
UNRESOLVED: gcc.target/aarch64/advsimd-intrinsics/vst1x2.c -O2 compilation failed to produce executable
UNRESOLVED: gcc.target/aarch64/advsimd-intrinsics/vst1x2.c -O2 -flto -fno-use-linker-plugin -flto-partition=none compilation failed to produce executable
UNRESOLVED: gcc.target/aarch64/advsimd-intrinsics/vst1x2.c -O2 -flto -fuse-linker-plugin -fno-fat-lto-objects compilation failed to produce executable
UNRESOLVED: gcc.target/aarch64/advsimd-intrinsics/vst1x2.c -O3 -fomit-frame-pointer -funroll-loops -fpeel-loops -ftracer -finline-functions compilation failed to produce executable
UNRESOLVED: gcc.target/aarch64/advsimd-intrinsics/vst1x2.c -O3 -g compilation failed to produce executable
UNRESOLVED: gcc.target/aarch64/advsimd-intrinsics/vst1x2.c -Og -g compilation failed to produce executable
UNRESOLVED: gcc.target/aarch64/advsimd-intrinsics/vst1x2.c -Os compilation failed to produce executable
UNRESOLVED: gcc.target/aarch64/advsimd-intrinsics/vst1x3.c -O0 compilation failed to produce executable
UNRESOLVED: gcc.target/aarch64/advsimd-intrinsics/vst1x3.c -O1 compilation failed to produce executable
UNRESOLVED: gcc.target/aarch64/advsimd-intrinsics/vst1x3.c -O2 compilation failed to produce executable
UNRESOLVED: gcc.target/aarch64/advsimd-intrinsics/vst1x3.c -O2 -flto -fno-use-linker-plugin -flto-partition=none compilation failed to produce executable
UNRESOLVED: gcc.target/aarch64/advsimd-intrinsics/vst1x3.c -O2 -flto -fuse-linker-plugin -fno-fat-lto-objects compilation failed to produce executable
UNRESOLVED: gcc.target/aarch64/advsimd-intrinsics/vst1x3.c -O3 -fomit-frame-pointer -funroll-loops -fpeel-loops -ftracer -finline-functions compilation failed to produce executable
UNRESOLVED: gcc.target/aarch64/advsimd-intrinsics/vst1x3.c -O3 -g compilation failed to produce executable
UNRESOLVED: gcc.target/aarch64/advsimd-intrinsics/vst1x3.c -Og -g compilation failed to produce executable
UNRESOLVED: gcc.target/aarch64/advsimd-intrinsics/vst1x3.c -Os compilation failed to produce executable
FAIL: gcc.target/arm/pr43920-2.c scan-assembler-times pop 2
=== gcc Summary ===
# of expected passes 120824
# of unexpected failures 174
# of unexpected successes 20
# of expected failures 446
# of unresolved testcases 39
# of unsupported tests 6912
/home/tcwg-buildslave/workspace/tcwg-buildfarm/tcwg-d05_32-build/_build/builds/armv8l-unknown-linux-gnueabihf/armv8l-unknown-linux-gnueabihf/gcc.git~master_rev_48bbcd968d172c4e59d874c5fd831bcbf54cd221-stage2/gcc/xgcc version 9.0.0 20180826 (experimental) [master revision 263863] (GCC)
=== gfortran tests ===
Running target tcwg-local
FAIL: gfortran.dg/associated_target_6.f03 -O3 -g (test for excess errors)
UNRESOLVED: gfortran.dg/associated_target_6.f03 -O3 -g compilation failed to produce executable
FAIL: gfortran.dg/assumed_rank_bounds_2.f90 -O2 (test for excess errors)
UNRESOLVED: gfortran.dg/assumed_rank_bounds_2.f90 -O2 compilation failed to produce executable
FAIL: gfortran.dg/assumed_rank_bounds_2.f90 -O3 -fomit-frame-pointer -funroll-loops -fpeel-loops -ftracer -finline-functions (test for excess errors)
UNRESOLVED: gfortran.dg/assumed_rank_bounds_2.f90 -O3 -fomit-frame-pointer -funroll-loops -fpeel-loops -ftracer -finline-functions compilation failed to produce executable
FAIL: gfortran.dg/assumed_rank_bounds_2.f90 -O3 -g (test for excess errors)
UNRESOLVED: gfortran.dg/assumed_rank_bounds_2.f90 -O3 -g compilation failed to produce executable
FAIL: gfortran.dg/assumed_rank_bounds_2.f90 -Os (test for excess errors)
UNRESOLVED: gfortran.dg/assumed_rank_bounds_2.f90 -Os compilation failed to produce executable
FAIL: gfortran.dg/assumed_shape_ranks_1.f90 -O (test for errors, line 17)
FAIL: gfortran.dg/assumed_shape_ranks_1.f90 -O (test for errors, line 18)
FAIL: gfortran.dg/assumed_shape_ranks_1.f90 -O (test for excess errors)
FAIL: gfortran.dg/assumed_shape_ranks_2.f90 -O0 (test for excess errors)
UNRESOLVED: gfortran.dg/assumed_shape_ranks_2.f90 -O0 compilation failed to produce executable
FAIL: gfortran.dg/assumed_shape_ranks_2.f90 -O1 (test for excess errors)
UNRESOLVED: gfortran.dg/assumed_shape_ranks_2.f90 -O1 compilation failed to produce executable
FAIL: gfortran.dg/assumed_shape_ranks_2.f90 -O2 (test for excess errors)
UNRESOLVED: gfortran.dg/assumed_shape_ranks_2.f90 -O2 compilation failed to produce executable
FAIL: gfortran.dg/automatic_default_init_1.f90 -O3 -fomit-frame-pointer -funroll-loops -fpeel-loops -ftracer -finline-functions (test for excess errors)
UNRESOLVED: gfortran.dg/automatic_default_init_1.f90 -O3 -fomit-frame-pointer -funroll-loops -fpeel-loops -ftracer -finline-functions compilation failed to produce executable
FAIL: gfortran.dg/backspace_11.f90 -O3 -fomit-frame-pointer -funroll-loops -fpeel-loops -ftracer -finline-functions (test for excess errors)
UNRESOLVED: gfortran.dg/backspace_11.f90 -O3 -fomit-frame-pointer -funroll-loops -fpeel-loops -ftracer -finline-functions compilation failed to produce executable
FAIL: gfortran.dg/backspace_11.f90 -O3 -g (test for excess errors)
UNRESOLVED: gfortran.dg/backspace_11.f90 -O3 -g compilation failed to produce executable
FAIL: gfortran.dg/backspace_11.f90 -Os (test for excess errors)
UNRESOLVED: gfortran.dg/backspace_11.f90 -Os compilation failed to produce executable
FAIL: gfortran.dg/backspace_2.f -O0 (test for excess errors)
UNRESOLVED: gfortran.dg/backspace_2.f -O0 compilation failed to produce executable
FAIL: gfortran.dg/backspace_2.f -O1 (test for excess errors)
UNRESOLVED: gfortran.dg/backspace_2.f -O1 compilation failed to produce executable
FAIL: gfortran.dg/backspace_2.f -O2 (test for excess errors)
UNRESOLVED: gfortran.dg/backspace_2.f -O2 compilation failed to produce executable
FAIL: gfortran.dg/backspace_2.f -O3 -fomit-frame-pointer -funroll-loops -fpeel-loops -ftracer -finline-functions (test for excess errors)
UNRESOLVED: gfortran.dg/backspace_2.f -O3 -fomit-frame-pointer -funroll-loops -fpeel-loops -ftracer -finline-functions compilation failed to produce executable
FAIL: gfortran.dg/backspace_7.f90 -Os (test for excess errors)
UNRESOLVED: gfortran.dg/backspace_7.f90 -Os compilation failed to produce executable
FAIL: gfortran.dg/bind_c_usage_16.f03 -O3 -fomit-frame-pointer -funroll-loops -fpeel-loops -ftracer -finline-functions (test for excess errors)
UNRESOLVED: gfortran.dg/bind_c_usage_16.f03 -O3 -fomit-frame-pointer -funroll-loops -fpeel-loops -ftracer -finline-functions compilation failed to produce executable
FAIL: gfortran.dg/binding_label_tests_12.f03 -O3 -fomit-frame-pointer -funroll-loops -fpeel-loops -ftracer -finline-functions (test for excess errors)
UNRESOLVED: gfortran.dg/binding_label_tests_12.f03 -O3 -fomit-frame-pointer -funroll-loops -fpeel-loops -ftracer -finline-functions compilation failed to produce executable
FAIL: gfortran.dg/binding_label_tests_12.f03 -O3 -g (test for excess errors)
UNRESOLVED: gfortran.dg/binding_label_tests_12.f03 -O3 -g compilation failed to produce executable
FAIL: gfortran.dg/binding_label_tests_12.f03 -Os (test for excess errors)
UNRESOLVED: gfortran.dg/binding_label_tests_12.f03 -Os compilation failed to produce executable
FAIL: gfortran.dg/binding_label_tests_13.f03 -O (test for excess errors)
FAIL: gfortran.dg/block_8.f08 -O3 -fomit-frame-pointer -funroll-loops -fpeel-loops -ftracer -finline-functions execution test
FAIL: gfortran.dg/block_8.f08 -O3 -g (test for excess errors)
UNRESOLVED: gfortran.dg/block_8.f08 -O3 -g compilation failed to produce executable
FAIL: gfortran.dg/block_8.f08 -Os (test for excess errors)
UNRESOLVED: gfortran.dg/block_8.f08 -Os compilation failed to produce executable
FAIL: gfortran.dg/block_9.f08 -O (test for excess errors)
FAIL: gfortran.dg/block_end_error_1.f90 -O (test for errors, line 7)
FAIL: gfortran.dg/block_end_error_1.f90 -O (test for errors, line 9)
FAIL: gfortran.dg/block_end_error_1.f90 -O (test for excess errors)
FAIL: gfortran.dg/block_name_1.f90 -O (test for excess errors)
FAIL: gfortran.dg/block_name_2.f90 -O (test for errors, line 12)
FAIL: gfortran.dg/block_name_2.f90 -O (test for errors, line 16)
FAIL: gfortran.dg/block_name_2.f90 -O (test for errors, line 20)
FAIL: gfortran.dg/block_name_2.f90 -O (test for errors, line 24)
FAIL: gfortran.dg/block_name_2.f90 -O (test for errors, line 28)
FAIL: gfortran.dg/block_name_2.f90 -O (test for errors, line 36)
FAIL: gfortran.dg/block_name_2.f90 -O (test for errors, line 40)
FAIL: gfortran.dg/block_name_2.f90 -O (test for errors, line 41)
FAIL: gfortran.dg/block_name_2.f90 -O (test for errors, line 42)
FAIL: gfortran.dg/block_name_2.f90 -O (test for errors, line 46)
FAIL: gfortran.dg/block_name_2.f90 -O (test for errors, line 47)
FAIL: gfortran.dg/block_name_2.f90 -O (test for errors, line 48)
FAIL: gfortran.dg/block_name_2.f90 -O (test for errors, line 52)
FAIL: gfortran.dg/block_name_2.f90 -O (test for errors, line 53)
FAIL: gfortran.dg/block_name_2.f90 -O (test for errors, line 57)
FAIL: gfortran.dg/block_name_2.f90 -O (test for excess errors)
FAIL: gfortran.dg/blockdata_1.f90 -O0 (test for warnings, line 17)
FAIL: gfortran.dg/blockdata_1.f90 -O0 (test for excess errors)
UNRESOLVED: gfortran.dg/blockdata_1.f90 -O0 compilation failed to produce executable
FAIL: gfortran.dg/bound_1.f90 -O3 -fomit-frame-pointer -funroll-loops -fpeel-loops -ftracer -finline-functions (test for excess errors)
UNRESOLVED: gfortran.dg/bound_1.f90 -O3 -fomit-frame-pointer -funroll-loops -fpeel-loops -ftracer -finline-functions compilation failed to produce executable
FAIL: gfortran.dg/bound_7.f90 -O3 -fomit-frame-pointer -funroll-loops -fpeel-loops -ftracer -finline-functions execution test
FAIL: gfortran.dg/bound_7.f90 -O3 -g (test for excess errors)
UNRESOLVED: gfortran.dg/bound_7.f90 -O3 -g compilation failed to produce executable
FAIL: gfortran.dg/bound_7.f90 -Os (test for excess errors)
UNRESOLVED: gfortran.dg/bound_7.f90 -Os compilation failed to produce executable
FAIL: gfortran.dg/bound_8.f90 -O0 (test for excess errors)
UNRESOLVED: gfortran.dg/bound_8.f90 -O0 compilation failed to produce executable
FAIL: gfortran.dg/bound_8.f90 -O1 (test for excess errors)
UNRESOLVED: gfortran.dg/bound_8.f90 -O1 compilation failed to produce executable
FAIL: gfortran.dg/bound_8.f90 -O2 (test for excess errors)
UNRESOLVED: gfortran.dg/bound_8.f90 -O2 compilation failed to produce executable
FAIL: gfortran.dg/bound_8.f90 -O3 -fomit-frame-pointer -funroll-loops -fpeel-loops -ftracer -finline-functions (test for excess errors)
UNRESOLVED: gfortran.dg/bound_8.f90 -O3 -fomit-frame-pointer -funroll-loops -fpeel-loops -ftracer -finline-functions compilation failed to produce executable
FAIL: gfortran.dg/bound_8.f90 -O3 -g (test for excess errors)
UNRESOLVED: gfortran.dg/bound_8.f90 -O3 -g compilation failed to produce executable
FAIL: gfortran.dg/bounds_check_10.f90 -O3 -fomit-frame-pointer -funroll-loops -fpeel-loops -ftracer -finline-functions output pattern test
FAIL: gfortran.dg/bounds_check_10.f90 -O3 -g (test for excess errors)
UNRESOLVED: gfortran.dg/bounds_check_10.f90 -O3 -g compilation failed to produce executable
FAIL: gfortran.dg/bounds_check_10.f90 -Os (test for excess errors)
UNRESOLVED: gfortran.dg/bounds_check_10.f90 -Os compilation failed to produce executable
FAIL: gfortran.dg/bounds_check_11.f90 -O0 (test for warnings, line 18)
FAIL: gfortran.dg/bounds_check_11.f90 -O0 (test for warnings, line 19)
FAIL: gfortran.dg/bounds_check_11.f90 -O0 (test for excess errors)
UNRESOLVED: gfortran.dg/bounds_check_11.f90 -O0 compilation failed to produce executable
FAIL: gfortran.dg/bounds_check_11.f90 -O1 (test for warnings, line 18)
FAIL: gfortran.dg/bounds_check_11.f90 -O1 (test for warnings, line 19)
FAIL: gfortran.dg/bounds_check_11.f90 -O1 (test for excess errors)
UNRESOLVED: gfortran.dg/bounds_check_11.f90 -O1 compilation failed to produce executable
FAIL: gfortran.dg/bounds_check_11.f90 -O2 (test for warnings, line 18)
FAIL: gfortran.dg/bounds_check_11.f90 -O2 (test for warnings, line 19)
FAIL: gfortran.dg/bounds_check_11.f90 -O2 (test for excess errors)
UNRESOLVED: gfortran.dg/bounds_check_11.f90 -O2 compilation failed to produce executable
FAIL: gfortran.dg/bounds_check_11.f90 -O3 -fomit-frame-pointer -funroll-loops -fpeel-loops -ftracer -finline-functions (test for warnings, line 18)
FAIL: gfortran.dg/bounds_check_11.f90 -O3 -fomit-frame-pointer -funroll-loops -fpeel-loops -ftracer -finline-functions (test for warnings, line 19)
FAIL: gfortran.dg/bounds_check_11.f90 -O3 -fomit-frame-pointer -funroll-loops -fpeel-loops -ftracer -finline-functions (test for excess errors)
UNRESOLVED: gfortran.dg/bounds_check_11.f90 -O3 -fomit-frame-pointer -funroll-loops -fpeel-loops -ftracer -finline-functions compilation failed to produce executable
FAIL: gfortran.dg/bounds_check_11.f90 -O3 -g (test for warnings, line 18)
FAIL: gfortran.dg/bounds_check_11.f90 -O3 -g (test for warnings, line 19)
FAIL: gfortran.dg/bounds_check_11.f90 -O3 -g (test for excess errors)
UNRESOLVED: gfortran.dg/bounds_check_11.f90 -O3 -g compilation failed to produce executable
FAIL: gfortran.dg/bounds_check_2.f -O3 -g (test for excess errors)
UNRESOLVED: gfortran.dg/bounds_check_2.f -O3 -g compilation failed to produce executable
FAIL: gfortran.dg/bounds_check_array_ctor_2.f90 -O3 -fomit-frame-pointer -funroll-loops -fpeel-loops -ftracer -finline-functions output pattern test
FAIL: gfortran.dg/bounds_check_array_ctor_2.f90 -O3 -g (test for excess errors)
UNRESOLVED: gfortran.dg/bounds_check_array_ctor_2.f90 -O3 -g compilation failed to produce executable
FAIL: gfortran.dg/bounds_check_array_ctor_2.f90 -Os (test for excess errors)
UNRESOLVED: gfortran.dg/bounds_check_array_ctor_2.f90 -Os compilation failed to produce executable
FAIL: gfortran.dg/bounds_check_array_ctor_3.f90 -O (test for errors, line 7)
FAIL: gfortran.dg/bounds_check_array_ctor_3.f90 -O (test for errors, line 8)
FAIL: gfortran.dg/bounds_check_array_ctor_3.f90 -O (test for excess errors)
FAIL: gfortran.dg/bounds_check_array_ctor_4.f90 -O0 (test for excess errors)
UNRESOLVED: gfortran.dg/bounds_check_array_ctor_4.f90 -O0 compilation failed to produce executable
FAIL: gfortran.dg/bounds_check_array_ctor_4.f90 -O1 (test for excess errors)
UNRESOLVED: gfortran.dg/bounds_check_array_ctor_4.f90 -O1 compilation failed to produce executable
FAIL: gfortran.dg/bounds_check_array_ctor_4.f90 -O2 (test for excess errors)
UNRESOLVED: gfortran.dg/bounds_check_array_ctor_4.f90 -O2 compilation failed to produce executable
FAIL: gfortran.dg/bounds_check_array_ctor_4.f90 -O3 -fomit-frame-pointer -funroll-loops -fpeel-loops -ftracer -finline-functions (test for excess errors)
UNRESOLVED: gfortran.dg/bounds_check_array_ctor_4.f90 -O3 -fomit-frame-pointer -funroll-loops -fpeel-loops -ftracer -finline-functions compilation failed to produce executable
FAIL: gfortran.dg/bounds_check_fail_4.f90 -O3 -fomit-frame-pointer -funroll-loops -fpeel-loops -ftracer -finline-functions (test for excess errors)
UNRESOLVED: gfortran.dg/bounds_check_fail_4.f90 -O3 -fomit-frame-pointer -funroll-loops -fpeel-loops -ftracer -finline-functions compilation failed to produce executable
FAIL: gfortran.dg/boz_1.f90 -O2 (test for excess errors)
UNRESOLVED: gfortran.dg/boz_1.f90 -O2 compilation failed to produce executable
FAIL: gfortran.dg/boz_6.f90 -O1 (test for excess errors)
UNRESOLVED: gfortran.dg/boz_6.f90 -O1 compilation failed to produce executable
FAIL: gfortran.dg/c_by_val_1.f -O0 (test for excess errors)
UNRESOLVED: gfortran.dg/c_by_val_1.f -O0 compilation failed to produce executable
FAIL: gfortran.dg/c_f_pointer_complex.f03 -O0 (test for excess errors)
UNRESOLVED: gfortran.dg/c_f_pointer_complex.f03 -O0 compilation failed to produce executable
UNRESOLVED: gfortran.dg/c_f_pointer_tests_3.f90 -O scan-tree-dump-times original " fprocptr = .integer.kind=4. .\\\\*<.*>. ... cfunptr;" 1
UNRESOLVED: gfortran.dg/c_f_pointer_tests_3.f90 -O scan-tree-dump-times original " fptr = .integer.kind=4. .. cptr" 1
UNRESOLVED: gfortran.dg/c_f_pointer_tests_3.f90 -O scan-tree-dump-times original " fptr_array.data = cptr;" 1
UNRESOLVED: gfortran.dg/c_f_pointer_tests_3.f90 -O scan-tree-dump-times original " fptr_array.dim\\\\[S..\\\\].lbound = 1;" 1
UNRESOLVED: gfortran.dg/c_f_pointer_tests_3.f90 -O scan-tree-dump-times original " fptr_array.dim\\\\[S..\\\\].stride = " 1
UNRESOLVED: gfortran.dg/c_f_pointer_tests_3.f90 -O scan-tree-dump-times original " fptr_array.dim\\\\[S..\\\\].ubound = " 1
UNRESOLVED: gfortran.dg/c_f_pointer_tests_3.f90 -O scan-tree-dump-times original "c_f" 0
UNRESOLVED: gfortran.dg/c_f_pointer_tests_3.f90 -O scan-tree-dump-times original "c_f_pointer" 0
UNRESOLVED: gfortran.dg/c_f_pointer_tests_3.f90 -O scan-tree-dump-times original "c_f_pointer_i4" 0
FAIL: gfortran.dg/c_f_pointer_tests_3.f90 -O (test for excess errors)
FAIL: gfortran.dg/c_f_pointer_tests_4.f90 -O0 (test for excess errors)
UNRESOLVED: gfortran.dg/c_f_pointer_tests_4.f90 -O0 compilation failed to produce executable
FAIL: gfortran.dg/c_f_pointer_tests_4.f90 -O1 (test for excess errors)
UNRESOLVED: gfortran.dg/c_f_pointer_tests_4.f90 -O1 compilation failed to produce executable
FAIL: gfortran.dg/elemental_subroutine_3.f90 -O1 (test for excess errors)
FAIL: gfortran.dg/elemental_subroutine_3.f90 -O2 (test for excess errors)
FAIL: gfortran.dg/elemental_subroutine_3.f90 -O3 -fomit-frame-pointer -funroll-loops -fpeel-loops -ftracer -finline-functions (test for excess errors)
FAIL: gfortran.dg/elemental_subroutine_3.f90 -O3 -g (test for excess errors)
FAIL: gfortran.dg/elemental_subroutine_3.f90 -Os (test for excess errors)
FAIL: gfortran.dg/vect/pr48329.f90 -O scan-tree-dump-times vect "vectorized 1 loops" 1
=== gfortran Summary ===
# of expected passes 46125
# of unexpected failures 103
# of expected failures 99
# of unresolved testcases 62
# of unsupported tests 385
/home/tcwg-buildslave/workspace/tcwg-buildfarm/tcwg-d05_32-build/_build/builds/armv8l-unknown-linux-gnueabihf/armv8l-unknown-linux-gnueabihf/gcc.git~master_rev_48bbcd968d172c4e59d874c5fd831bcbf54cd221-stage2/gcc/gfortran version 9.0.0 20180826 (experimental) [master revision 263863] (GCC)
=== obj-c++ tests ===
Running target tcwg-local
FAIL: obj-c++.dg/proto-lossage-6.mm -fgnu-runtime (test for excess errors)
=== obj-c++ Summary ===
# of expected passes 1463
# of unexpected failures 1
# of expected failures 2
# of unsupported tests 77
/home/tcwg-buildslave/workspace/tcwg-buildfarm/tcwg-d05_32-build/_build/builds/armv8l-unknown-linux-gnueabihf/armv8l-unknown-linux-gnueabihf/gcc.git~master_rev_48bbcd968d172c4e59d874c5fd831bcbf54cd221-stage2/gcc/xg++ version 9.0.0 20180826 (experimental) [master revision 263863] (GCC)
=== objc tests ===
Running target tcwg-local
FAIL: objc/execute/class-13.m compilation, -Os -fgnu-runtime
UNRESOLVED: objc/execute/class-13.m execution, -Os -fgnu-runtime
FAIL: objc/execute/class-7.m compilation, -Os -fgnu-runtime
UNRESOLVED: objc/execute/class-7.m execution, -Os -fgnu-runtime
FAIL: objc/execute/fdecl.m compilation, -O1 -fgnu-runtime
FAIL: objc/execute/fdecl.m compilation, -O2 -fgnu-runtime
FAIL: objc/execute/fdecl.m compilation, -O3 -g -fgnu-runtime
FAIL: objc/execute/fdecl.m compilation, -Os -fgnu-runtime
UNRESOLVED: objc/execute/fdecl.m execution, -O1 -fgnu-runtime
UNRESOLVED: objc/execute/fdecl.m execution, -O2 -fgnu-runtime
UNRESOLVED: objc/execute/fdecl.m execution, -O3 -g -fgnu-runtime
UNRESOLVED: objc/execute/fdecl.m execution, -Os -fgnu-runtime
FAIL: objc/execute/formal_protocol-1.m compilation, -O0 -fgnu-runtime
FAIL: objc/execute/formal_protocol-1.m compilation, -O1 -fgnu-runtime
FAIL: objc/execute/formal_protocol-1.m compilation, -O2 -fgnu-runtime
FAIL: objc/execute/formal_protocol-1.m compilation, -O3 -g -fgnu-runtime
UNRESOLVED: objc/execute/formal_protocol-1.m execution, -O0 -fgnu-runtime
UNRESOLVED: objc/execute/formal_protocol-1.m execution, -O1 -fgnu-runtime
UNRESOLVED: objc/execute/formal_protocol-1.m execution, -O2 -fgnu-runtime
UNRESOLVED: objc/execute/formal_protocol-1.m execution, -O3 -g -fgnu-runtime
FAIL: objc/execute/function-message-1.m compilation, -O3 -g -fgnu-runtime
UNRESOLVED: objc/execute/function-message-1.m execution, -O3 -g -fgnu-runtime
=== objc Summary ===
# of expected passes 2781
# of unexpected failures 11
# of unresolved testcases 11
# of unsupported tests 68
/home/tcwg-buildslave/workspace/tcwg-buildfarm/tcwg-d05_32-build/_build/builds/armv8l-unknown-linux-gnueabihf/armv8l-unknown-linux-gnueabihf/gcc.git~master_rev_48bbcd968d172c4e59d874c5fd831bcbf54cd221-stage2/gcc/xgcc version 9.0.0 20180826 (experimental) [master revision 263863] (GCC)
Compiler version: 9.0.0 20180826 (experimental) [master revision 263863] (GCC)
Platform: armv8l-unknown-linux-gnueabihf
configure flags: SHELL=/bin/bash --with-mpc=/home/tcwg-buildslave/workspace/tcwg-buildfarm/tcwg-d05_32-build/_build/builds/destdir/armv8l-unknown-linux-gnueabihf --with-mpfr=/home/tcwg-buildslave/workspace/tcwg-buildfarm/tcwg-d05_32-build/_build/builds/destdir/armv8l-unknown-linux-gnueabihf --with-gmp=/home/tcwg-buildslave/workspace/tcwg-buildfarm/tcwg-d05_32-build/_build/builds/destdir/armv8l-unknown-linux-gnueabihf --with-gnu-as --with-gnu-ld --disable-libmudflap --enable-lto --enable-shared --without-included-gettext --enable-nls --with-system-zlib --disable-sjlj-exceptions --enable-gnu-unique-object --enable-linker-build-id --disable-libstdcxx-pch --enable-c99 --enable-clocale=gnu --enable-libstdcxx-debug --enable-long-long --with-cloog=no --with-ppl=no --with-isl=no --disable-multilib --with-float=hard --with-fpu=neon-fp-armv8 --with-mode=thumb --with-arch=armv8-a --enable-threads=posix --enable-multiarch --enable-libstdcxx-time=yes --enable-gnu-indirect-function --enable-checki
ng=yes --enable-bootstrap --enable-languages=c,c++,fortran,lto,objc,obj-c++ --build=armv8l-unknown-linux-gnueabihf --host=armv8l-unknown-linux-gnueabihf --target=armv8l-unknown-linux-gnueabihf --prefix=/home/tcwg-buildslave/workspace/tcwg-buildfarm/tcwg-d05_32-build/_build/builds/destdir/armv8l-unknown-linux-gnueabihf