This is the mail archive of the
gcc-testresults@gcc.gnu.org
mailing list for the GCC project.
Results for 8.2.1 20180817 [gcc-8-branch revision 263610] (GCC) testsuite on i386-pc-solaris2.10
- From: Rainer Orth <ro at CeBiTec dot Uni-Bielefeld dot DE>
- To: gcc-testresults at gcc dot gnu dot org
- Date: Sat, 18 Aug 2018 09:06:49 +0200 (MEST)
- Subject: Results for 8.2.1 20180817 [gcc-8-branch revision 263610] (GCC) testsuite on i386-pc-solaris2.10
LAST_UPDATED: Fri Aug 17 09:04:02 UTC 2018 (revision 263610)
=== acats tests ===
=== acats Summary ===
# of expected passes 2320
# of unexpected failures 0
Native configuration is i386-pc-solaris2.10
=== g++ tests ===
Running target unix
FAIL: g++.dg/pr83239.C -std=gnu++98 (test for excess errors)
FAIL: g++.dg/lto/20080904 cp_lto_20080904_0.o-cp_lto_20080904_0.o link, -O0 -flto
FAIL: g++.dg/lto/20080904 cp_lto_20080904_0.o-cp_lto_20080904_0.o link, -O0 -flto -flto-partition=1to1
FAIL: g++.dg/lto/20080904 cp_lto_20080904_0.o-cp_lto_20080904_0.o link, -O0 -flto -flto-partition=none
FAIL: g++.dg/lto/20080904 cp_lto_20080904_0.o-cp_lto_20080904_0.o link, -O2 -flto
FAIL: g++.dg/lto/20080904 cp_lto_20080904_0.o-cp_lto_20080904_0.o link, -O2 -flto -flto-partition=1to1
FAIL: g++.dg/lto/20080904 cp_lto_20080904_0.o-cp_lto_20080904_0.o link, -O2 -flto -flto-partition=none
FAIL: g++.dg/lto/20080908-1 cp_lto_20080908-1_0.o-cp_lto_20080908-1_0.o link, -O0 -flto
FAIL: g++.dg/lto/20080908-1 cp_lto_20080908-1_0.o-cp_lto_20080908-1_0.o link, -O0 -flto -flto-partition=1to1
FAIL: g++.dg/lto/20080908-1 cp_lto_20080908-1_0.o-cp_lto_20080908-1_0.o link, -O0 -flto -flto-partition=none
FAIL: g++.dg/lto/20080908-1 cp_lto_20080908-1_0.o-cp_lto_20080908-1_0.o link, -O2 -flto
FAIL: g++.dg/lto/20080908-1 cp_lto_20080908-1_0.o-cp_lto_20080908-1_0.o link, -O2 -flto -flto-partition=1to1
FAIL: g++.dg/lto/20080908-1 cp_lto_20080908-1_0.o-cp_lto_20080908-1_0.o link, -O2 -flto -flto-partition=none
FAIL: g++.dg/lto/20080908-3 cp_lto_20080908-3_0.o-cp_lto_20080908-3_0.o link, -O0 -flto
FAIL: g++.dg/lto/20080908-3 cp_lto_20080908-3_0.o-cp_lto_20080908-3_0.o link, -O0 -flto -flto-partition=1to1
FAIL: g++.dg/lto/20080908-3 cp_lto_20080908-3_0.o-cp_lto_20080908-3_0.o link, -O0 -flto -flto-partition=none
FAIL: g++.dg/lto/20080908-3 cp_lto_20080908-3_0.o-cp_lto_20080908-3_0.o link, -O2 -flto
FAIL: g++.dg/lto/20080908-3 cp_lto_20080908-3_0.o-cp_lto_20080908-3_0.o link, -O2 -flto -flto-partition=1to1
FAIL: g++.dg/lto/20080908-3 cp_lto_20080908-3_0.o-cp_lto_20080908-3_0.o link, -O2 -flto -flto-partition=none
FAIL: g++.dg/lto/20081022 cp_lto_20081022_0.o-cp_lto_20081022_1.o link, -O0 -flto
FAIL: g++.dg/lto/20081022 cp_lto_20081022_0.o-cp_lto_20081022_1.o link, -O0 -flto -flto-partition=1to1
FAIL: g++.dg/lto/20081022 cp_lto_20081022_0.o-cp_lto_20081022_1.o link, -O2 -flto
FAIL: g++.dg/lto/20081022 cp_lto_20081022_0.o-cp_lto_20081022_1.o link, -O2 -flto -flto-partition=1to1
FAIL: g++.dg/lto/20081109 cp_lto_20081109_0.o-cp_lto_20081109_1.o link, -O0 -flto
FAIL: g++.dg/lto/20081109 cp_lto_20081109_0.o-cp_lto_20081109_1.o link, -O0 -flto -flto-partition=1to1
FAIL: g++.dg/lto/20081109 cp_lto_20081109_0.o-cp_lto_20081109_1.o link, -O0 -flto -flto-partition=none
FAIL: g++.dg/lto/20081109 cp_lto_20081109_0.o-cp_lto_20081109_1.o link, -O2 -flto
FAIL: g++.dg/lto/20081109 cp_lto_20081109_0.o-cp_lto_20081109_1.o link, -O2 -flto -flto-partition=1to1
FAIL: g++.dg/lto/20081109 cp_lto_20081109_0.o-cp_lto_20081109_1.o link, -O2 -flto -flto-partition=none
FAIL: g++.dg/lto/20081118 cp_lto_20081118_0.o-cp_lto_20081118_1.o link, -fPIC -flto -flto-partition=1to1 -r -nostdlib
FAIL: g++.dg/lto/20081118-1 cp_lto_20081118-1_0.o-cp_lto_20081118-1_1.o link, -O0 -flto
FAIL: g++.dg/lto/20081118-1 cp_lto_20081118-1_0.o-cp_lto_20081118-1_1.o link, -O0 -flto -flto-partition=1to1
FAIL: g++.dg/lto/20081118-1 cp_lto_20081118-1_0.o-cp_lto_20081118-1_1.o link, -O0 -flto -flto-partition=none
FAIL: g++.dg/lto/20081118-1 cp_lto_20081118-1_0.o-cp_lto_20081118-1_1.o link, -O2 -flto
FAIL: g++.dg/lto/20081118-1 cp_lto_20081118-1_0.o-cp_lto_20081118-1_1.o link, -O2 -flto -flto-partition=1to1
FAIL: g++.dg/lto/20081118-1 cp_lto_20081118-1_0.o-cp_lto_20081118-1_1.o link, -O2 -flto -flto-partition=none
FAIL: g++.dg/lto/20081119 cp_lto_20081119_0.o-cp_lto_20081119_1.o link, -O0 -flto -flto-partition=1to1
FAIL: g++.dg/lto/20081119 cp_lto_20081119_0.o-cp_lto_20081119_1.o link, -O0 -flto -flto-partition=none
FAIL: g++.dg/lto/20081119 cp_lto_20081119_0.o-cp_lto_20081119_1.o link, -O2 -flto -flto-partition=1to1
FAIL: g++.dg/lto/20081119 cp_lto_20081119_0.o-cp_lto_20081119_1.o link, -O2 -flto -flto-partition=none
FAIL: g++.dg/lto/20081119-1 cp_lto_20081119-1_0.o-cp_lto_20081119-1_1.o link, -fPIC -flto -flto-partition=1to1 -r -nostdlib
FAIL: g++.dg/lto/20081123 cp_lto_20081123_0.o-cp_lto_20081123_1.o link, -flto -flto-partition=1to1 -r -nostdlib -fPIC
FAIL: g++.dg/lto/20081125 cp_lto_20081125_0.o-cp_lto_20081125_1.o link, -flto -flto-partition=1to1
FAIL: g++.dg/lto/20081127 cp_lto_20081127_0.o-cp_lto_20081127_1.o link, -O0 -flto
FAIL: g++.dg/lto/20081127 cp_lto_20081127_0.o-cp_lto_20081127_1.o link, -O0 -flto -flto-partition=1to1
FAIL: g++.dg/lto/20081127 cp_lto_20081127_0.o-cp_lto_20081127_1.o link, -O0 -flto -flto-partition=none
FAIL: g++.dg/lto/20081127 cp_lto_20081127_0.o-cp_lto_20081127_1.o link, -O2 -flto
FAIL: g++.dg/lto/20081127 cp_lto_20081127_0.o-cp_lto_20081127_1.o link, -O2 -flto -flto-partition=1to1
FAIL: g++.dg/lto/20081127 cp_lto_20081127_0.o-cp_lto_20081127_1.o link, -O2 -flto -flto-partition=none
FAIL: g++.dg/lto/20081203 cp_lto_20081203_0.o-cp_lto_20081203_1.o link, -O0 -flto
FAIL: g++.dg/lto/20081203 cp_lto_20081203_0.o-cp_lto_20081203_1.o link, -O0 -flto -flto-partition=1to1
FAIL: g++.dg/lto/20081203 cp_lto_20081203_0.o-cp_lto_20081203_1.o link, -O0 -flto -flto-partition=none
FAIL: g++.dg/lto/20081203 cp_lto_20081203_0.o-cp_lto_20081203_1.o link, -O2 -flto
FAIL: g++.dg/lto/20081203 cp_lto_20081203_0.o-cp_lto_20081203_1.o link, -O2 -flto -flto-partition=1to1
FAIL: g++.dg/lto/20081203 cp_lto_20081203_0.o-cp_lto_20081203_1.o link, -O2 -flto -flto-partition=none
FAIL: g++.dg/lto/20081204-1 cp_lto_20081204-1_0.o-cp_lto_20081204-1_1.o link, -flto -flto-partition=1to1 -fPIC -r -nostdlib
FAIL: g++.dg/lto/20081204-2 cp_lto_20081204-2_0.o-cp_lto_20081204-2_1.o link, -flto -flto-partition=1to1 -O3
FAIL: g++.dg/lto/20081209 cp_lto_20081209_0.o-cp_lto_20081209_1.o link, -O0 -flto -flto-partition=none
FAIL: g++.dg/lto/20081209 cp_lto_20081209_0.o-cp_lto_20081209_1.o link, -O2 -flto -flto-partition=none
FAIL: g++.dg/lto/20081219 cp_lto_20081219_0.o-cp_lto_20081219_1.o link, -fPIC -flto -flto-partition=1to1 -O2
FAIL: g++.dg/lto/20090106 cp_lto_20090106_0.o-cp_lto_20090106_0.o link, -O0 -flto
FAIL: g++.dg/lto/20090106 cp_lto_20090106_0.o-cp_lto_20090106_0.o link, -O0 -flto -flto-partition=1to1
FAIL: g++.dg/lto/20090106 cp_lto_20090106_0.o-cp_lto_20090106_0.o link, -O0 -flto -flto-partition=none
FAIL: g++.dg/lto/20090106 cp_lto_20090106_0.o-cp_lto_20090106_0.o link, -O2 -flto
FAIL: g++.dg/lto/20090106 cp_lto_20090106_0.o-cp_lto_20090106_0.o link, -O2 -flto -flto-partition=1to1
FAIL: g++.dg/lto/20090106 cp_lto_20090106_0.o-cp_lto_20090106_0.o link, -O2 -flto -flto-partition=none
FAIL: g++.dg/lto/20090112 cp_lto_20090112_0.o-cp_lto_20090112_0.o link, -O0 -flto
FAIL: g++.dg/lto/20090112 cp_lto_20090112_0.o-cp_lto_20090112_0.o link, -O0 -flto -flto-partition=1to1
FAIL: g++.dg/lto/20090112 cp_lto_20090112_0.o-cp_lto_20090112_0.o link, -O0 -flto -flto-partition=none
FAIL: g++.dg/lto/20090112 cp_lto_20090112_0.o-cp_lto_20090112_0.o link, -O2 -flto
FAIL: g++.dg/lto/20090112 cp_lto_20090112_0.o-cp_lto_20090112_0.o link, -O2 -flto -flto-partition=1to1
FAIL: g++.dg/lto/20090112 cp_lto_20090112_0.o-cp_lto_20090112_0.o link, -O2 -flto -flto-partition=none
FAIL: g++.dg/lto/20090302 cp_lto_20090302_0.o-cp_lto_20090302_1.o link, -fPIC -flto -flto-partition=1to1 -r -nostdlib
WARNING: program timed out
WARNING: program timed out
WARNING: program timed out
WARNING: program timed out
WARNING: program timed out
WARNING: program timed out
WARNING: program timed out
WARNING: program timed out
WARNING: program timed out
WARNING: program timed out
WARNING: program timed out
WARNING: program timed out
WARNING: program timed out
WARNING: program timed out
WARNING: program timed out
WARNING: program timed out
WARNING: program timed out
WARNING: program timed out
WARNING: program timed out
WARNING: program timed out
WARNING: program timed out
WARNING: program timed out
WARNING: program timed out
WARNING: program timed out
WARNING: program timed out
WARNING: program timed out
WARNING: program timed out
WARNING: program timed out
WARNING: program timed out
WARNING: program timed out
WARNING: program timed out
WARNING: program timed out
WARNING: program timed out
WARNING: program timed out
WARNING: program timed out
WARNING: program timed out
WARNING: program timed out
WARNING: program timed out
WARNING: program timed out
WARNING: program timed out
WARNING: program timed out
WARNING: program timed out
WARNING: program timed out
WARNING: program timed out
WARNING: program timed out
WARNING: program timed out
WARNING: program timed out
WARNING: program timed out
WARNING: program timed out
WARNING: program timed out
WARNING: program timed out
WARNING: program timed out
WARNING: program timed out
WARNING: program timed out
WARNING: program timed out
WARNING: program timed out
WARNING: program timed out
WARNING: program timed out
WARNING: program timed out
WARNING: program timed out
WARNING: program timed out
WARNING: program timed out
WARNING: program timed out
WARNING: program timed out
WARNING: program timed out
WARNING: program timed out
WARNING: program timed out
WARNING: program timed out
WARNING: program timed out
WARNING: program timed out
WARNING: program timed out
WARNING: program timed out
=== g++ Summary for unix ===
# of expected passes 114677
# of unexpected failures 73
# of expected failures 506
# of unsupported tests 4709
Running target unix/-m64
FAIL: g++.dg/pr80481.C -std=gnu++11 scan-assembler-not vmovaps
FAIL: g++.dg/pr80481.C -std=gnu++14 scan-assembler-not vmovaps
FAIL: g++.dg/pr80481.C -std=gnu++98 scan-assembler-not vmovaps
FAIL: g++.dg/pr83239.C -std=gnu++98 (test for excess errors)
FAIL: c-c++-common/torture/builtin-arith-overflow-1.c -O2 -flto (test for excess errors)
FAIL: c-c++-common/torture/builtin-arith-overflow-1.c -O2 -flto -flto-partition=none (test for excess errors)
FAIL: c-c++-common/torture/builtin-arith-overflow-12.c -O2 -flto (test for excess errors)
FAIL: c-c++-common/torture/builtin-arith-overflow-12.c -O2 -flto -flto-partition=none (test for excess errors)
FAIL: c-c++-common/torture/builtin-arith-overflow-13.c -O2 -flto (test for excess errors)
FAIL: c-c++-common/torture/builtin-arith-overflow-13.c -O2 -flto -flto-partition=none (test for excess errors)
FAIL: c-c++-common/torture/builtin-arith-overflow-14.c -O2 -flto (test for excess errors)
FAIL: c-c++-common/torture/builtin-arith-overflow-14.c -O2 -flto -flto-partition=none (test for excess errors)
FAIL: c-c++-common/torture/builtin-arith-overflow-15.c -O2 -flto (test for excess errors)
FAIL: c-c++-common/torture/builtin-arith-overflow-15.c -O2 -flto -flto-partition=none (test for excess errors)
FAIL: c-c++-common/torture/builtin-arith-overflow-16.c -O2 -flto (test for excess errors)
FAIL: c-c++-common/torture/builtin-arith-overflow-16.c -O2 -flto -flto-partition=none (test for excess errors)
FAIL: c-c++-common/torture/builtin-arith-overflow-17.c -O2 -flto (test for excess errors)
FAIL: c-c++-common/torture/builtin-arith-overflow-17.c -O2 -flto -flto-partition=none (test for excess errors)
FAIL: c-c++-common/torture/builtin-arith-overflow-2.c -O2 -flto (test for excess errors)
FAIL: c-c++-common/torture/builtin-arith-overflow-5.c -O2 -flto (test for excess errors)
FAIL: c-c++-common/torture/builtin-arith-overflow-5.c -O2 -flto -flto-partition=none (test for excess errors)
FAIL: c-c++-common/torture/builtin-arith-overflow-6.c -O2 -flto (test for excess errors)
FAIL: c-c++-common/torture/builtin-arith-overflow-6.c -O2 -flto -flto-partition=none (test for excess errors)
FAIL: c-c++-common/torture/builtin-arith-overflow-p-1.c -O2 -flto (test for excess errors)
FAIL: c-c++-common/torture/builtin-arith-overflow-p-1.c -O2 -flto -flto-partition=none (test for excess errors)
FAIL: c-c++-common/torture/builtin-arith-overflow-p-12.c -O2 -flto (test for excess errors)
FAIL: c-c++-common/torture/builtin-arith-overflow-p-12.c -O2 -flto -flto-partition=none (test for excess errors)
FAIL: c-c++-common/torture/builtin-arith-overflow-p-14.c -O2 -flto (test for excess errors)
FAIL: c-c++-common/torture/builtin-arith-overflow-p-14.c -O2 -flto -flto-partition=none (test for excess errors)
FAIL: c-c++-common/torture/builtin-arith-overflow-p-15.c -O2 -flto (test for excess errors)
FAIL: c-c++-common/torture/builtin-arith-overflow-p-15.c -O2 -flto -flto-partition=none (test for excess errors)
FAIL: c-c++-common/torture/builtin-arith-overflow-p-16.c -O2 -flto (test for excess errors)
FAIL: c-c++-common/torture/builtin-arith-overflow-p-16.c -O2 -flto -flto-partition=none (test for excess errors)
FAIL: c-c++-common/torture/builtin-arith-overflow-p-17.c -O2 -flto (test for excess errors)
FAIL: c-c++-common/torture/builtin-arith-overflow-p-17.c -O2 -flto -flto-partition=none (test for excess errors)
FAIL: c-c++-common/torture/builtin-arith-overflow-p-18.c -O2 -flto -flto-partition=none (test for excess errors)
FAIL: c-c++-common/torture/builtin-arith-overflow-p-19.c -O2 -flto -flto-partition=none (test for excess errors)
FAIL: c-c++-common/torture/builtin-arith-overflow-p-6.c -O2 -flto (test for excess errors)
FAIL: c-c++-common/torture/builtin-arith-overflow-p-6.c -O2 -flto -flto-partition=none (test for excess errors)
WARNING: program timed out
WARNING: program timed out
WARNING: program timed out
WARNING: program timed out
WARNING: program timed out
WARNING: program timed out
WARNING: program timed out
WARNING: program timed out
WARNING: program timed out
WARNING: program timed out
WARNING: program timed out
WARNING: program timed out
WARNING: program timed out
WARNING: program timed out
WARNING: program timed out
WARNING: program timed out
WARNING: program timed out
WARNING: program timed out
WARNING: program timed out
WARNING: program timed out
WARNING: program timed out
WARNING: program timed out
WARNING: program timed out
WARNING: program timed out
WARNING: program timed out
WARNING: program timed out
WARNING: program timed out
WARNING: program timed out
WARNING: program timed out
WARNING: program timed out
WARNING: program timed out
WARNING: program timed out
WARNING: program timed out
WARNING: program timed out
WARNING: program timed out
=== g++ Summary for unix/-m64 ===
# of expected passes 116246
# of unexpected failures 39
# of expected failures 509
# of unsupported tests 4911
=== g++ Summary ===
# of expected passes 230923
# of unexpected failures 112
# of expected failures 1015
# of unsupported tests 9620
/var/gcc/regression/gcc-8-branch/10-gcc-gas/build/gcc/xg++ version 8.2.1 20180817 [gcc-8-branch revision 263610] (GCC)
=== gcc tests ===
Running target unix
FAIL: gcc.c-torture/execute/builtins/20010124-1.c compilation, -O2 -flto
FAIL: gcc.c-torture/execute/builtins/20010124-1.c compilation, -O2 -flto -flto-partition=none
UNRESOLVED: gcc.c-torture/execute/builtins/20010124-1.c execution, -O2 -flto
UNRESOLVED: gcc.c-torture/execute/builtins/20010124-1.c execution, -O2 -flto -flto-partition=none
FAIL: gcc.c-torture/execute/builtins/abs-1.c compilation, -O2 -flto
FAIL: gcc.c-torture/execute/builtins/abs-1.c compilation, -O2 -flto -flto-partition=none
UNRESOLVED: gcc.c-torture/execute/builtins/abs-1.c execution, -O2 -flto
UNRESOLVED: gcc.c-torture/execute/builtins/abs-1.c execution, -O2 -flto -flto-partition=none
FAIL: gcc.c-torture/execute/builtins/abs-2.c compilation, -O2 -flto
FAIL: gcc.c-torture/execute/builtins/abs-2.c compilation, -O2 -flto -flto-partition=none
UNRESOLVED: gcc.c-torture/execute/builtins/abs-2.c execution, -O2 -flto
UNRESOLVED: gcc.c-torture/execute/builtins/abs-2.c execution, -O2 -flto -flto-partition=none
FAIL: gcc.c-torture/execute/builtins/abs-3.c compilation, -O2 -flto
FAIL: gcc.c-torture/execute/builtins/abs-3.c compilation, -O2 -flto -flto-partition=none
UNRESOLVED: gcc.c-torture/execute/builtins/abs-3.c execution, -O2 -flto
UNRESOLVED: gcc.c-torture/execute/builtins/abs-3.c execution, -O2 -flto -flto-partition=none
FAIL: gcc.c-torture/execute/builtins/complex-1.c compilation, -O2 -flto
FAIL: gcc.c-torture/execute/builtins/complex-1.c compilation, -O2 -flto -flto-partition=none
UNRESOLVED: gcc.c-torture/execute/builtins/complex-1.c execution, -O2 -flto
UNRESOLVED: gcc.c-torture/execute/builtins/complex-1.c execution, -O2 -flto -flto-partition=none
FAIL: gcc.c-torture/execute/builtins/fprintf.c compilation, -O2 -flto
FAIL: gcc.c-torture/execute/builtins/fprintf.c compilation, -O2 -flto -flto-partition=none
UNRESOLVED: gcc.c-torture/execute/builtins/fprintf.c execution, -O2 -flto
UNRESOLVED: gcc.c-torture/execute/builtins/fprintf.c execution, -O2 -flto -flto-partition=none
FAIL: gcc.c-torture/execute/builtins/fputs.c compilation, -O2 -flto
FAIL: gcc.c-torture/execute/builtins/fputs.c compilation, -O2 -flto -flto-partition=none
UNRESOLVED: gcc.c-torture/execute/builtins/fputs.c execution, -O2 -flto
UNRESOLVED: gcc.c-torture/execute/builtins/fputs.c execution, -O2 -flto -flto-partition=none
FAIL: gcc.c-torture/execute/builtins/memchr.c compilation, -O2 -flto
FAIL: gcc.c-torture/execute/builtins/memchr.c compilation, -O2 -flto -flto-partition=none
UNRESOLVED: gcc.c-torture/execute/builtins/memchr.c execution, -O2 -flto
UNRESOLVED: gcc.c-torture/execute/builtins/memchr.c execution, -O2 -flto -flto-partition=none
FAIL: gcc.c-torture/execute/builtins/memcpy-chk.c compilation, -O2 -flto
FAIL: gcc.c-torture/execute/builtins/memcpy-chk.c compilation, -O2 -flto -flto-partition=none
UNRESOLVED: gcc.c-torture/execute/builtins/memcpy-chk.c execution, -O2 -flto
UNRESOLVED: gcc.c-torture/execute/builtins/memcpy-chk.c execution, -O2 -flto -flto-partition=none
FAIL: gcc.c-torture/execute/builtins/mempcpy-chk.c compilation, -O2 -flto
FAIL: gcc.c-torture/execute/builtins/mempcpy-chk.c compilation, -O2 -flto -flto-partition=none
UNRESOLVED: gcc.c-torture/execute/builtins/mempcpy-chk.c execution, -O2 -flto
UNRESOLVED: gcc.c-torture/execute/builtins/mempcpy-chk.c execution, -O2 -flto -flto-partition=none
WARNING: program timed out
WARNING: program timed out
WARNING: program timed out
WARNING: program timed out
WARNING: program timed out
WARNING: program timed out
WARNING: program timed out
WARNING: program timed out
WARNING: program timed out
WARNING: program timed out
WARNING: program timed out
WARNING: program timed out
WARNING: program timed out
WARNING: program timed out
WARNING: program timed out
WARNING: program timed out
WARNING: program timed out
WARNING: program timed out
WARNING: program timed out
WARNING: program timed out
FAIL: gcc.dg/atomic/c11-atomic-exec-2.c -O2 -flto (test for excess errors)
FAIL: gcc.dg/atomic/c11-atomic-exec-2.c -O2 -flto -flto-partition=none (test for excess errors)
FAIL: gcc.dg/atomic/c11-atomic-exec-3.c -O2 -flto (test for excess errors)
FAIL: gcc.dg/atomic/c11-atomic-exec-3.c -O2 -flto -flto-partition=none (test for excess errors)
FAIL: gcc.dg/atomic/c11-atomic-exec-4.c -O2 -flto (test for excess errors)
FAIL: gcc.dg/atomic/c11-atomic-exec-4.c -O2 -flto -flto-partition=none (test for excess errors)
FAIL: gcc.dg/atomic/c11-atomic-exec-5.c -O2 -flto (test for excess errors)
FAIL: gcc.dg/atomic/c11-atomic-exec-5.c -O2 -flto -flto-partition=none (test for excess errors)
WARNING: program timed out
WARNING: program timed out
WARNING: program timed out
WARNING: program timed out
WARNING: program timed out
WARNING: program timed out
WARNING: program timed out
WARNING: program timed out
WARNING: Could not compile gcc.dg/compat/struct-layout-1 generator
WARNING: Could not compile gcc.dg/compat/struct-layout-1 generator
WARNING: Could not compile gcc.dg/compat/struct-layout-1 generator
WARNING: Could not compile gcc.dg/compat/struct-layout-1 generator
WARNING: Could not compile gcc.dg/compat/struct-layout-1 generator
WARNING: program timed out
WARNING: program timed out
WARNING: program timed out
WARNING: program timed out
WARNING: program timed out
FAIL: gcc.dg/visibility-22.c execution test
FAIL: c-c++-common/torture/builtin-arith-overflow-12.c -O2 -flto (test for excess errors)
FAIL: c-c++-common/torture/builtin-arith-overflow-14.c -O2 -flto (test for excess errors)
FAIL: c-c++-common/torture/builtin-arith-overflow-14.c -O2 -flto (test for excess errors)
FAIL: c-c++-common/torture/builtin-arith-overflow-14.c -O2 -flto -flto-partition=none (test for excess errors)
FAIL: c-c++-common/torture/builtin-arith-overflow-15.c -O2 -flto (test for excess errors)
FAIL: c-c++-common/torture/builtin-arith-overflow-15.c -O2 -flto (test for excess errors)
FAIL: c-c++-common/torture/builtin-arith-overflow-15.c -O2 -flto -flto-partition=none (test for excess errors)
FAIL: c-c++-common/torture/builtin-arith-overflow-15.c -O2 -flto -flto-partition=none (test for excess errors)
FAIL: c-c++-common/torture/builtin-arith-overflow-16.c -O2 -flto (test for excess errors)
FAIL: c-c++-common/torture/builtin-arith-overflow-16.c -O2 -flto -flto-partition=none (test for excess errors)
FAIL: c-c++-common/torture/builtin-arith-overflow-16.c -O2 -flto -flto-partition=none (test for excess errors)
FAIL: c-c++-common/torture/builtin-arith-overflow-3.c -O2 -flto (test for excess errors)
FAIL: c-c++-common/torture/builtin-arith-overflow-3.c -O2 -flto -flto-partition=none (test for excess errors)
FAIL: c-c++-common/torture/builtin-arith-overflow-4.c -O2 -flto (test for excess errors)
FAIL: c-c++-common/torture/builtin-arith-overflow-5.c -O2 -flto -flto-partition=none (test for excess errors)
FAIL: c-c++-common/torture/builtin-arith-overflow-p-13.c -O2 -flto -flto-partition=none (test for excess errors)
FAIL: c-c++-common/torture/builtin-arith-overflow-p-15.c -O2 -flto (test for excess errors)
FAIL: c-c++-common/torture/builtin-arith-overflow-p-15.c -O2 -flto (test for excess errors)
FAIL: c-c++-common/torture/builtin-arith-overflow-p-15.c -O2 -flto -flto-partition=none (test for excess errors)
FAIL: c-c++-common/torture/builtin-arith-overflow-p-16.c -O2 -flto -flto-partition=none (test for excess errors)
WARNING: program timed out
WARNING: program timed out
WARNING: program timed out
WARNING: program timed out
WARNING: program timed out
WARNING: program timed out
WARNING: program timed out
WARNING: program timed out
WARNING: program timed out
WARNING: program timed out
WARNING: program timed out
WARNING: program timed out
WARNING: program timed out
WARNING: program timed out
WARNING: program timed out
WARNING: program timed out
WARNING: program timed out
WARNING: program timed out
WARNING: program timed out
WARNING: program timed out
FAIL: gcc.target/i386/indirect-thunk-7.c scan-assembler jmp[ \\t]*__x86_indirect_thunk_(r|e)ax
FAIL: gcc.target/i386/indirect-thunk-attr-1.c scan-assembler jmp[ \\t]*__x86_indirect_thunk_(r|e)ax
FAIL: gcc.target/i386/indirect-thunk-attr-2.c scan-assembler jmp[ \\t]*__x86_indirect_thunk_(r|e)ax
FAIL: gcc.target/i386/indirect-thunk-attr-5.c scan-assembler call[ \\t]*__x86_indirect_thunk_(r|e)ax
FAIL: gcc.target/i386/indirect-thunk-attr-6.c scan-assembler call[ \\t]*__x86_indirect_thunk_(r|e)ax
FAIL: gcc.target/i386/indirect-thunk-attr-7.c scan-assembler jmp[ \\t]*__x86_indirect_thunk(_nt|)_(r|e)ax
FAIL: gcc.target/i386/indirect-thunk-attr-7.c scan-assembler jmp[ \\t]*__x86_indirect_thunk(_nt|)_(r|e)ax
FAIL: gcc.target/i386/indirect-thunk-bnd-1.c scan-assembler bnd call[ \\t]*__x86_indirect_thunk_bnd_eax
FAIL: gcc.target/i386/indirect-thunk-bnd-1.c scan-assembler bnd call[ \\t]*__x86_indirect_thunk_bnd_eax
FAIL: gcc.target/i386/indirect-thunk-bnd-2.c scan-assembler bnd call[ \\t]*__x86_indirect_thunk_bnd_(r|e)ax
FAIL: gcc.target/i386/indirect-thunk-bnd-2.c scan-assembler bnd call[ \\t]*__x86_indirect_thunk_bnd_(r|e)ax
FAIL: gcc.target/i386/indirect-thunk-extern-1.c scan-assembler jmp[ \\t]*__x86_indirect_thunk_(r|e)ax
FAIL: gcc.target/i386/indirect-thunk-extern-1.c scan-assembler jmp[ \\t]*__x86_indirect_thunk_(r|e)ax
FAIL: gcc.target/i386/indirect-thunk-extern-2.c scan-assembler jmp[ \\t]*__x86_indirect_thunk_(r|e)ax
FAIL: gcc.target/i386/indirect-thunk-extern-2.c scan-assembler jmp[ \\t]*__x86_indirect_thunk_(r|e)ax
FAIL: gcc.target/i386/indirect-thunk-extern-3.c scan-assembler call[ \\t]*__x86_indirect_thunk_(r|e)ax
FAIL: gcc.target/i386/indirect-thunk-extern-4.c scan-assembler call[ \\t]*__x86_indirect_thunk_(r|e)ax
FAIL: gcc.target/i386/indirect-thunk-register-1.c scan-assembler jmp[ \\t]*__x86_indirect_thunk_(r|e)ax
FAIL: gcc.target/i386/indirect-thunk-register-3.c scan-assembler jmp[ \\t]*__x86_indirect_thunk_(r|e)ax
FAIL: gcc.target/i386/ret-thunk-1.c scan-assembler jmp[ \\t]*__x86_return_thunk
FAIL: gcc.target/i386/ret-thunk-10.c scan-assembler __x86_indirect_thunk_(r|e)ax:
FAIL: gcc.target/i386/ret-thunk-10.c scan-assembler call[ \\t]*__x86_indirect_thunk_(r|e)ax
FAIL: gcc.target/i386/ret-thunk-11.c scan-assembler __x86_indirect_thunk_(r|e)ax:
FAIL: gcc.target/i386/ret-thunk-11.c scan-assembler call[ \\t]*__x86_indirect_thunk_(r|e)ax
FAIL: gcc.target/i386/ret-thunk-11.c scan-assembler jmp[ \\t]*__x86_return_thunk
FAIL: gcc.target/i386/ret-thunk-12.c scan-assembler __x86_indirect_thunk_(r|e)ax:
FAIL: gcc.target/i386/ret-thunk-12.c scan-assembler call[ \\t]*__x86_indirect_thunk_(r|e)ax
FAIL: gcc.target/i386/ret-thunk-13.c scan-assembler jmp[ \\t]*__x86_return_thunk
FAIL: gcc.target/i386/ret-thunk-14.c scan-assembler call[ \\t]*__x86_indirect_thunk_(r|e)ax
FAIL: gcc.target/i386/ret-thunk-25.c scan-assembler jmp[ \\t]*__x86_return_thunk_bnd_ecx
FAIL: gcc.target/i386/ret-thunk-26.c (test for excess errors)
UNRESOLVED: gcc.target/i386/ret-thunk-26.c compilation failed to produce executable
FAIL: gcc.target/i386/ret-thunk-3.c scan-assembler jmp[ \\t]*__x86_return_thunk
FAIL: gcc.target/i386/ret-thunk-5.c scan-assembler jmp[ \\t]*__x86_return_thunk
FAIL: gcc.target/i386/ret-thunk-7.c scan-assembler jmp[ \\t]*__x86_return_thunk
FAIL: gcc.target/i386/ret-thunk-9.c scan-assembler __x86_return_thunk:
FAIL: gcc.target/i386/ret-thunk-9.c scan-assembler call[ \\t]*__x86_indirect_thunk_(r|e)ax
FAIL: gcc.target/i386/ret-thunk-9.c scan-assembler jmp[ \\t]*__x86_return_thunk
=== gcc Summary for unix ===
# of expected passes 122495
# of unexpected failures 86
# of expected failures 412
# of unresolved testcases 21
# of unsupported tests 2292
Running target unix/-m64
FAIL: gcc.c-torture/execute/20040709-3.c -O2 -flto (test for excess errors)
WARNING: program timed out
FAIL: gcc.dg/visibility-22.c execution test
FAIL: c-c++-common/torture/builtin-arith-overflow-1.c -O2 -flto (test for excess errors)
FAIL: c-c++-common/torture/builtin-arith-overflow-1.c -O2 -flto -flto-partition=none (test for excess errors)
FAIL: c-c++-common/torture/builtin-arith-overflow-12.c -O2 -flto (test for excess errors)
FAIL: c-c++-common/torture/builtin-arith-overflow-12.c -O2 -flto -flto-partition=none (test for excess errors)
FAIL: c-c++-common/torture/builtin-arith-overflow-13.c -O2 -flto -flto-partition=none (test for excess errors)
FAIL: c-c++-common/torture/builtin-arith-overflow-15.c -O2 -flto (test for excess errors)
FAIL: c-c++-common/torture/builtin-arith-overflow-15.c -O2 -flto -flto-partition=none (test for excess errors)
FAIL: c-c++-common/torture/builtin-arith-overflow-16.c -O2 -flto (test for excess errors)
FAIL: c-c++-common/torture/builtin-arith-overflow-16.c -O2 -flto -flto-partition=none (test for excess errors)
FAIL: c-c++-common/torture/builtin-arith-overflow-17.c -O2 -flto (test for excess errors)
FAIL: c-c++-common/torture/builtin-arith-overflow-17.c -O2 -flto -flto-partition=none (test for excess errors)
FAIL: c-c++-common/torture/builtin-arith-overflow-18.c -O2 -flto (test for excess errors)
FAIL: c-c++-common/torture/builtin-arith-overflow-18.c -O2 -flto -flto-partition=none (test for excess errors)
FAIL: c-c++-common/torture/builtin-arith-overflow-2.c -O2 -flto (test for excess errors)
FAIL: c-c++-common/torture/builtin-arith-overflow-2.c -O2 -flto -flto-partition=none (test for excess errors)
FAIL: c-c++-common/torture/builtin-arith-overflow-3.c -O2 -flto (test for excess errors)
FAIL: c-c++-common/torture/builtin-arith-overflow-3.c -O2 -flto (test for excess errors)
FAIL: c-c++-common/torture/builtin-arith-overflow-3.c -O2 -flto -flto-partition=none (test for excess errors)
FAIL: c-c++-common/torture/builtin-arith-overflow-3.c -O2 -flto -flto-partition=none (test for excess errors)
FAIL: c-c++-common/torture/builtin-arith-overflow-4.c -O2 -flto (test for excess errors)
FAIL: c-c++-common/torture/builtin-arith-overflow-4.c -O2 -flto -flto-partition=none (test for excess errors)
FAIL: c-c++-common/torture/builtin-arith-overflow-p-13.c -O2 -flto (test for excess errors)
FAIL: c-c++-common/torture/builtin-arith-overflow-p-13.c -O2 -flto -flto-partition=none (test for excess errors)
FAIL: c-c++-common/torture/builtin-arith-overflow-p-14.c -O2 -flto (test for excess errors)
FAIL: c-c++-common/torture/builtin-arith-overflow-p-14.c -O2 -flto -flto-partition=none (test for excess errors)
FAIL: c-c++-common/torture/builtin-arith-overflow-p-15.c -O2 -flto -flto-partition=none (test for excess errors)
FAIL: c-c++-common/torture/builtin-arith-overflow-p-17.c -O2 -flto (test for excess errors)
FAIL: c-c++-common/torture/builtin-arith-overflow-p-17.c -O2 -flto -flto-partition=none (test for excess errors)
FAIL: c-c++-common/torture/builtin-arith-overflow-p-18.c -O2 -flto (test for excess errors)
FAIL: c-c++-common/torture/builtin-arith-overflow-p-18.c -O2 -flto -flto-partition=none (test for excess errors)
FAIL: c-c++-common/torture/builtin-arith-overflow-p-19.c -O2 -flto (test for excess errors)
FAIL: c-c++-common/torture/builtin-arith-overflow-p-19.c -O2 -flto -flto-partition=none (test for excess errors)
FAIL: c-c++-common/torture/builtin-arith-overflow-p-2.c -O2 -flto (test for excess errors)
FAIL: c-c++-common/torture/builtin-arith-overflow-p-2.c -O2 -flto -flto-partition=none (test for excess errors)
FAIL: c-c++-common/torture/builtin-arith-overflow-p-3.c -O2 -flto (test for excess errors)
FAIL: c-c++-common/torture/builtin-arith-overflow-p-3.c -O2 -flto -flto-partition=none (test for excess errors)
FAIL: c-c++-common/torture/builtin-arith-overflow-p-4.c -O2 -flto (test for excess errors)
FAIL: c-c++-common/torture/builtin-arith-overflow-p-4.c -O2 -flto -flto-partition=none (test for excess errors)
FAIL: c-c++-common/torture/builtin-arith-overflow-p-5.c -O2 -flto (test for excess errors)
FAIL: c-c++-common/torture/builtin-arith-overflow-p-5.c -O2 -flto -flto-partition=none (test for excess errors)
WARNING: program timed out
WARNING: program timed out
WARNING: program timed out
WARNING: program timed out
WARNING: program timed out
WARNING: program timed out
WARNING: program timed out
WARNING: program timed out
WARNING: program timed out
WARNING: program timed out
WARNING: program timed out
WARNING: program timed out
WARNING: program timed out
WARNING: program timed out
WARNING: program timed out
WARNING: program timed out
WARNING: program timed out
WARNING: program timed out
WARNING: program timed out
WARNING: program timed out
WARNING: program timed out
WARNING: program timed out
WARNING: program timed out
WARNING: program timed out
WARNING: program timed out
WARNING: program timed out
WARNING: program timed out
WARNING: program timed out
WARNING: program timed out
WARNING: program timed out
WARNING: program timed out
WARNING: program timed out
WARNING: program timed out
WARNING: program timed out
WARNING: program timed out
WARNING: program timed out
WARNING: program timed out
WARNING: program timed out
WARNING: program timed out
WARNING: program timed out
FAIL: gcc.dg/vect/bb-slp-pr65935.c -flto -ffat-lto-objects (test for excess errors)
FAIL: gcc.dg/vect/vect-simd-clone-10.c -flto -ffat-lto-objects (test for excess errors)
WARNING: program timed out
WARNING: program timed out
FAIL: gcc.target/i386/indirect-thunk-1.c scan-assembler jmp[ \\t]*__x86_indirect_thunk_(r|e)ax
FAIL: gcc.target/i386/indirect-thunk-1.c scan-assembler jmp[ \\t]*__x86_indirect_thunk_(r|e)ax
FAIL: gcc.target/i386/indirect-thunk-2.c scan-assembler jmp[ \\t]*__x86_indirect_thunk_(r|e)ax
FAIL: gcc.target/i386/indirect-thunk-2.c scan-assembler jmp[ \\t]*__x86_indirect_thunk_(r|e)ax
FAIL: gcc.target/i386/indirect-thunk-3.c scan-assembler call[ \\t]*__x86_indirect_thunk_(r|e)ax
FAIL: gcc.target/i386/indirect-thunk-3.c scan-assembler call[ \\t]*__x86_indirect_thunk_(r|e)ax
FAIL: gcc.target/i386/indirect-thunk-4.c scan-assembler call[ \\t]*__x86_indirect_thunk_(r|e)ax
FAIL: gcc.target/i386/indirect-thunk-4.c scan-assembler call[ \\t]*__x86_indirect_thunk_(r|e)ax
FAIL: gcc.target/i386/indirect-thunk-7.c scan-assembler jmp[ \\t]*__x86_indirect_thunk_(r|e)ax
FAIL: gcc.target/i386/indirect-thunk-attr-2.c scan-assembler jmp[ \\t]*__x86_indirect_thunk_(r|e)ax
FAIL: gcc.target/i386/indirect-thunk-attr-5.c scan-assembler call[ \\t]*__x86_indirect_thunk_(r|e)ax
FAIL: gcc.target/i386/indirect-thunk-attr-6.c scan-assembler call[ \\t]*__x86_indirect_thunk_(r|e)ax
FAIL: gcc.target/i386/indirect-thunk-attr-7.c scan-assembler jmp[ \\t]*__x86_indirect_thunk(_nt|)_(r|e)ax
FAIL: gcc.target/i386/indirect-thunk-bnd-1.c scan-assembler bnd jmp[ \\t]*__x86_indirect_thunk_bnd_rax
FAIL: gcc.target/i386/indirect-thunk-bnd-2.c scan-assembler bnd call[ \\t]*__x86_indirect_thunk_bnd_(r|e)ax
FAIL: gcc.target/i386/indirect-thunk-extern-7.c scan-assembler jmp[ \\t]*__x86_indirect_thunk(_nt|)_(r|e)ax
FAIL: gcc.target/i386/ret-thunk-26.c execution test
FAIL: gcc.target/i386/ret-thunk-3.c scan-assembler jmp[ \\t]*__x86_return_thunk
FAIL: gcc.target/i386/ret-thunk-3.c scan-assembler jmp[ \\t]*__x86_return_thunk
FAIL: gcc.target/i386/ret-thunk-5.c scan-assembler jmp[ \\t]*__x86_return_thunk
FAIL: gcc.target/i386/ret-thunk-5.c scan-assembler jmp[ \\t]*__x86_return_thunk
FAIL: gcc.target/i386/ret-thunk-7.c scan-assembler jmp[ \\t]*__x86_return_thunk
FAIL: gcc.target/i386/ret-thunk-7.c scan-assembler jmp[ \\t]*__x86_return_thunk
FAIL: gcc.target/i386/ret-thunk-9.c scan-assembler __x86_return_thunk:
FAIL: gcc.target/i386/ret-thunk-9.c scan-assembler __x86_return_thunk:
FAIL: gcc.target/i386/ret-thunk-9.c scan-assembler call[ \\t]*__x86_indirect_thunk_(r|e)ax
FAIL: gcc.target/i386/ret-thunk-9.c scan-assembler call[ \\t]*__x86_indirect_thunk_(r|e)ax
FAIL: gcc.target/i386/ret-thunk-9.c scan-assembler jmp[ \\t]*__x86_return_thunk
FAIL: gcc.target/i386/ret-thunk-9.c scan-assembler jmp[ \\t]*__x86_return_thunk
=== gcc Summary for unix/-m64 ===
# of expected passes 123268
# of unexpected failures 73
# of expected failures 365
# of unsupported tests 2205
=== gcc Summary ===
# of expected passes 245763
# of unexpected failures 159
# of expected failures 777
# of unresolved testcases 21
# of unsupported tests 4497
/var/gcc/regression/gcc-8-branch/10-gcc-gas/build/gcc/xgcc version 8.2.1 20180817 [gcc-8-branch revision 263610] (GCC)
=== gfortran tests ===
Running target unix
WARNING: program timed out
WARNING: program timed out
WARNING: program timed out
FAIL: gfortran.dg/extends_6.f03 -O (test for errors, line 33)
FAIL: gfortran.dg/extends_6.f03 -O (test for errors, line 35)
FAIL: gfortran.dg/extends_6.f03 -O (test for errors, line 45)
FAIL: gfortran.dg/extends_6.f03 -O (test for excess errors)
FAIL: gfortran.dg/extends_7.f03 -O (test for errors, line 15)
FAIL: gfortran.dg/extends_7.f03 -O (test for errors, line 19)
FAIL: gfortran.dg/extends_7.f03 -O (test for errors, line 20)
FAIL: gfortran.dg/extends_7.f03 -O (test for excess errors)
FAIL: gfortran.dg/extends_type_of_1.f03 -Os (test for excess errors)
UNRESOLVED: gfortran.dg/extends_type_of_1.f03 -Os compilation failed to produce executable
FAIL: gfortran.dg/extends_type_of_2.f03 -O0 (test for excess errors)
UNRESOLVED: gfortran.dg/extends_type_of_2.f03 -O0 compilation failed to produce executable
FAIL: gfortran.dg/extends_type_of_2.f03 -O1 (test for excess errors)
UNRESOLVED: gfortran.dg/extends_type_of_2.f03 -O1 compilation failed to produce executable
FAIL: gfortran.dg/extends_type_of_2.f03 -O2 (test for excess errors)
UNRESOLVED: gfortran.dg/extends_type_of_2.f03 -O2 compilation failed to produce executable
FAIL: gfortran.dg/extends_type_of_2.f03 -O3 -fomit-frame-pointer -funroll-loops -fpeel-loops -ftracer -finline-functions (test for excess errors)
UNRESOLVED: gfortran.dg/extends_type_of_2.f03 -O3 -fomit-frame-pointer -funroll-loops -fpeel-loops -ftracer -finline-functions compilation failed to produce executable
FAIL: gfortran.dg/extends_type_of_2.f03 -O3 -g (test for excess errors)
UNRESOLVED: gfortran.dg/extends_type_of_2.f03 -O3 -g compilation failed to produce executable
FAIL: gfortran.dg/extends_type_of_2.f03 -Os (test for excess errors)
UNRESOLVED: gfortran.dg/extends_type_of_2.f03 -Os compilation failed to produce executable
UNRESOLVED: gfortran.dg/extends_type_of_3.f90 -O scan-tree-dump-times original "should_not_exist" 0
UNRESOLVED: gfortran.dg/extends_type_of_3.f90 -O scan-tree-dump-times original "stop_numeric" 16
FAIL: gfortran.dg/extends_type_of_3.f90 -O (test for excess errors)
FAIL: gfortran.dg/external_implicit_none.f90 -O (test for errors, line 6)
FAIL: gfortran.dg/external_implicit_none.f90 -O (test for excess errors)
FAIL: gfortran.dg/external_initializer.f90 -O (test for errors, line 4)
FAIL: gfortran.dg/external_initializer.f90 -O (test for excess errors)
FAIL: gfortran.dg/external_procedures_1.f90 -O (test for errors, line 11)
FAIL: gfortran.dg/external_procedures_1.f90 -O (test for errors, line 26)
FAIL: gfortran.dg/external_procedures_1.f90 -O (test for errors, line 31)
FAIL: gfortran.dg/external_procedures_1.f90 -O (test for errors, line 38)
FAIL: gfortran.dg/external_procedures_1.f90 -O (test for errors, line 8)
FAIL: gfortran.dg/external_procedures_1.f90 -O (test for excess errors)
FAIL: gfortran.dg/external_procedures_2.f90 -O (test for excess errors)
FAIL: gfortran.dg/external_procedures_3.f90 -O0 (test for excess errors)
UNRESOLVED: gfortran.dg/external_procedures_3.f90 -O0 compilation failed to produce executable
FAIL: gfortran.dg/external_procedures_3.f90 -O1 (test for excess errors)
UNRESOLVED: gfortran.dg/external_procedures_3.f90 -O1 compilation failed to produce executable
FAIL: gfortran.dg/external_procedures_3.f90 -O2 (test for excess errors)
UNRESOLVED: gfortran.dg/external_procedures_3.f90 -O2 compilation failed to produce executable
FAIL: gfortran.dg/external_procedures_3.f90 -O3 -fomit-frame-pointer -funroll-loops -fpeel-loops -ftracer -finline-functions (test for excess errors)
UNRESOLVED: gfortran.dg/external_procedures_3.f90 -O3 -fomit-frame-pointer -funroll-loops -fpeel-loops -ftracer -finline-functions compilation failed to produce executable
FAIL: gfortran.dg/external_procedures_3.f90 -O3 -g (test for excess errors)
UNRESOLVED: gfortran.dg/external_procedures_3.f90 -O3 -g compilation failed to produce executable
FAIL: gfortran.dg/external_procedures_3.f90 -Os (test for excess errors)
UNRESOLVED: gfortran.dg/external_procedures_3.f90 -Os compilation failed to produce executable
UNRESOLVED: gfortran.dg/extract_recip_1.f -O scan-tree-dump-times optimized "rdiv_expr" 1
FAIL: gfortran.dg/extract_recip_1.f -O (test for excess errors)
FAIL: gfortran.dg/f2003_inquire_1.f03 -O0 (test for excess errors)
UNRESOLVED: gfortran.dg/f2003_inquire_1.f03 -O0 compilation failed to produce executable
FAIL: gfortran.dg/f2003_inquire_1.f03 -O1 (test for excess errors)
UNRESOLVED: gfortran.dg/f2003_inquire_1.f03 -O1 compilation failed to produce executable
FAIL: gfortran.dg/f2003_inquire_1.f03 -O2 (test for excess errors)
UNRESOLVED: gfortran.dg/f2003_inquire_1.f03 -O2 compilation failed to produce executable
FAIL: gfortran.dg/f2003_inquire_1.f03 -O3 -fomit-frame-pointer -funroll-loops -fpeel-loops -ftracer -finline-functions (test for excess errors)
UNRESOLVED: gfortran.dg/f2003_inquire_1.f03 -O3 -fomit-frame-pointer -funroll-loops -fpeel-loops -ftracer -finline-functions compilation failed to produce executable
FAIL: gfortran.dg/f2003_inquire_1.f03 -O3 -g (test for excess errors)
UNRESOLVED: gfortran.dg/f2003_inquire_1.f03 -O3 -g compilation failed to produce executable
FAIL: gfortran.dg/f2003_inquire_1.f03 -Os (test for excess errors)
UNRESOLVED: gfortran.dg/f2003_inquire_1.f03 -Os compilation failed to produce executable
FAIL: gfortran.dg/f2003_io_1.f03 -O0 (test for excess errors)
UNRESOLVED: gfortran.dg/f2003_io_1.f03 -O0 compilation failed to produce executable
FAIL: gfortran.dg/f2003_io_1.f03 -O1 (test for excess errors)
UNRESOLVED: gfortran.dg/f2003_io_1.f03 -O1 compilation failed to produce executable
FAIL: gfortran.dg/f2003_io_1.f03 -O2 (test for excess errors)
UNRESOLVED: gfortran.dg/f2003_io_1.f03 -O2 compilation failed to produce executable
FAIL: gfortran.dg/f2003_io_1.f03 -O3 -fomit-frame-pointer -funroll-loops -fpeel-loops -ftracer -finline-functions (test for excess errors)
UNRESOLVED: gfortran.dg/f2003_io_1.f03 -O3 -fomit-frame-pointer -funroll-loops -fpeel-loops -ftracer -finline-functions compilation failed to produce executable
FAIL: gfortran.dg/f2003_io_1.f03 -O3 -g (test for excess errors)
UNRESOLVED: gfortran.dg/f2003_io_1.f03 -O3 -g compilation failed to produce executable
FAIL: gfortran.dg/f2003_io_1.f03 -Os (test for excess errors)
UNRESOLVED: gfortran.dg/f2003_io_1.f03 -Os compilation failed to produce executable
FAIL: gfortran.dg/f2003_io_2.f03 -O (test for excess errors)
FAIL: gfortran.dg/f2003_io_3.f03 -O (test for excess errors)
FAIL: gfortran.dg/f2003_io_4.f03 -O0 (test for excess errors)
UNRESOLVED: gfortran.dg/f2003_io_4.f03 -O0 compilation failed to produce executable
FAIL: gfortran.dg/f2003_io_4.f03 -O1 (test for excess errors)
UNRESOLVED: gfortran.dg/f2003_io_4.f03 -O1 compilation failed to produce executable
FAIL: gfortran.dg/f2003_io_4.f03 -O2 (test for excess errors)
UNRESOLVED: gfortran.dg/f2003_io_4.f03 -O2 compilation failed to produce executable
FAIL: gfortran.dg/f2003_io_4.f03 -O3 -fomit-frame-pointer -funroll-loops -fpeel-loops -ftracer -finline-functions (test for excess errors)
UNRESOLVED: gfortran.dg/f2003_io_4.f03 -O3 -fomit-frame-pointer -funroll-loops -fpeel-loops -ftracer -finline-functions compilation failed to produce executable
FAIL: gfortran.dg/f2c_1.f90 -O0 (test for excess errors)
UNRESOLVED: gfortran.dg/f2c_1.f90 -O0 compilation failed to produce executable
FAIL: gfortran.dg/f2c_1.f90 -O1 (test for excess errors)
UNRESOLVED: gfortran.dg/f2c_1.f90 -O1 compilation failed to produce executable
FAIL: gfortran.dg/f2c_1.f90 -O2 (test for excess errors)
UNRESOLVED: gfortran.dg/f2c_1.f90 -O2 compilation failed to produce executable
UNRESOLVED: gfortran.dg/feed_2.f90 -O (test for excess errors)
WARNING: program timed out
WARNING: program timed out
WARNING: program timed out
WARNING: program timed out
WARNING: program timed out
WARNING: program timed out
WARNING: program timed out
WARNING: program timed out
WARNING: program timed out
WARNING: program timed out
WARNING: program timed out
WARNING: program timed out
WARNING: program timed out
WARNING: program timed out
WARNING: program timed out
WARNING: program timed out
WARNING: program timed out
WARNING: program timed out
WARNING: program timed out
WARNING: program timed out
WARNING: program timed out
WARNING: program timed out
WARNING: program timed out
WARNING: program timed out
WARNING: program timed out
WARNING: program timed out
WARNING: program timed out
WARNING: program timed out
WARNING: program timed out
WARNING: program timed out
WARNING: program timed out
WARNING: program timed out
WARNING: program timed out
WARNING: program timed out
WARNING: program timed out
WARNING: program timed out
WARNING: program timed out
WARNING: program timed out
WARNING: program timed out
WARNING: program timed out
WARNING: program timed out
WARNING: program timed out
=== gfortran Summary for unix ===
# of expected passes 47148
# of unexpected failures 55
# of expected failures 93
# of unresolved testcases 36
# of unsupported tests 194
Running target unix/-m64
=== gfortran Summary for unix/-m64 ===
# of expected passes 47349
# of expected failures 93
# of unsupported tests 69
=== gfortran Summary ===
# of expected passes 94497
# of unexpected failures 55
# of expected failures 186
# of unresolved testcases 36
# of unsupported tests 263
/var/gcc/regression/gcc-8-branch/10-gcc-gas/build/gcc/gfortran version 8.2.1 20180817 [gcc-8-branch revision 263610] (GCC)
=== gnat tests ===
Running target unix
=== gnat Summary for unix ===
# of expected passes 2700
# of expected failures 24
# of unsupported tests 7
Running target unix/-m64
=== gnat Summary for unix/-m64 ===
# of expected passes 2700
# of expected failures 24
# of unsupported tests 7
=== gnat Summary ===
# of expected passes 5400
# of expected failures 48
# of unsupported tests 14
/var/gcc/regression/gcc-8-branch/10-gcc-gas/build/gcc/gnatmake version 8.2.1 20180817 [gcc-8-branch revision 263610]
=== go tests ===
Running target unix
FAIL: go.go-torture/execute/printnil.go execution, -O0
FAIL: go.go-torture/execute/printnil.go execution, -O1
FAIL: go.go-torture/execute/printnil.go execution, -O2
FAIL: go.go-torture/execute/printnil.go execution, -O2 -fbounds-check
FAIL: go.go-torture/execute/printnil.go execution, -O2 -fomit-frame-pointer -finline-functions
FAIL: go.go-torture/execute/printnil.go execution, -O2 -fomit-frame-pointer -finline-functions -funroll-loops
FAIL: go.go-torture/execute/printnil.go execution, -O3 -g
FAIL: go.go-torture/execute/printnil.go execution, -Os
FAIL: ./index0-out.go execution, -O0 -g -fno-var-tracking-assignments
FAIL: go.test/test/closedchan.go execution, -O2 -g
FAIL: go.test/test/cmp.go execution, -O2 -g
FAIL: go.test/test/divmod.go execution, -O2 -g
FAIL: go.test/test/fixedbugs/bug113.go execution, -O2 -g
FAIL: go.test/test/fixedbugs/bug148.go execution, -O2 -g
FAIL: go.test/test/fixedbugs/bug266.go execution, -O2 -g
FAIL: go.test/test/fixedbugs/bug272.go execution, -O2 -g
FAIL: go.test/test/fixedbugs/bug273.go execution, -O2 -g
FAIL: go.test/test/fixedbugs/bug324.dir/prog.go execution, -O2 -g
FAIL: go.test/test/fixedbugs/bug444.go execution, -O2 -g
FAIL: go.test/test/fixedbugs/issue4066.go execution, -O2 -g
FAIL: go.test/test/fixedbugs/issue4353.go execution, -O2 -g
FAIL: go.test/test/fixedbugs/issue4562.go execution, -O2 -g
FAIL: go.test/test/fixedbugs/issue6055.go execution, -O2 -g
FAIL: go.test/test/interface/fail.go execution, -O2 -g
FAIL: go.test/test/interface/noeq.go execution, -O2 -g
FAIL: go.test/test/interface/returntype.go execution, -O2 -g
FAIL: go.test/test/method.go execution, -O2 -g
FAIL: go.test/test/method5.go execution, -O2 -g
FAIL: go.test/test/nil.go execution, -O2 -g
FAIL: go.test/test/nilptr.go execution, -O2 -g
FAIL: go.test/test/recover.go execution, -O2 -g
FAIL: go.test/test/recover1.go execution, -O2 -g
FAIL: go.test/test/recover2.go execution, -O2 -g
=== go Summary for unix ===
# of expected passes 7364
# of unexpected failures 33
# of expected failures 1
# of untested testcases 10
# of unsupported tests 2
Running target unix/-m64
FAIL: go.go-torture/execute/printnil.go execution, -O0
FAIL: go.go-torture/execute/printnil.go execution, -O1
FAIL: go.go-torture/execute/printnil.go execution, -O2
FAIL: go.go-torture/execute/printnil.go execution, -O2 -fbounds-check
FAIL: go.go-torture/execute/printnil.go execution, -O2 -fomit-frame-pointer -finline-functions
FAIL: go.go-torture/execute/printnil.go execution, -O2 -fomit-frame-pointer -finline-functions -funroll-loops
FAIL: go.go-torture/execute/printnil.go execution, -O3 -g
FAIL: go.go-torture/execute/printnil.go execution, -Os
FAIL: ./index0-out.go execution, -O0 -g -fno-var-tracking-assignments
FAIL: go.test/test/closedchan.go execution, -O2 -g
FAIL: go.test/test/cmp.go execution, -O2 -g
FAIL: go.test/test/divmod.go execution, -O2 -g
FAIL: go.test/test/fixedbugs/bug113.go execution, -O2 -g
FAIL: go.test/test/fixedbugs/bug148.go execution, -O2 -g
FAIL: go.test/test/fixedbugs/bug266.go execution, -O2 -g
FAIL: go.test/test/fixedbugs/bug272.go execution, -O2 -g
FAIL: go.test/test/fixedbugs/bug273.go execution, -O2 -g
FAIL: go.test/test/fixedbugs/bug324.dir/prog.go execution, -O2 -g
FAIL: go.test/test/fixedbugs/bug444.go execution, -O2 -g
FAIL: go.test/test/fixedbugs/issue4066.go execution, -O2 -g
FAIL: go.test/test/fixedbugs/issue4353.go execution, -O2 -g
FAIL: go.test/test/fixedbugs/issue4562.go execution, -O2 -g
FAIL: go.test/test/fixedbugs/issue6055.go execution, -O2 -g
FAIL: go.test/test/interface/fail.go execution, -O2 -g
FAIL: go.test/test/interface/noeq.go execution, -O2 -g
FAIL: go.test/test/interface/returntype.go execution, -O2 -g
FAIL: go.test/test/method.go execution, -O2 -g
FAIL: go.test/test/method5.go execution, -O2 -g
FAIL: go.test/test/nil.go execution, -O2 -g
FAIL: go.test/test/nilptr.go execution, -O2 -g
FAIL: go.test/test/recover.go execution, -O2 -g
FAIL: go.test/test/recover1.go execution, -O2 -g
FAIL: go.test/test/recover2.go execution, -O2 -g
=== go Summary for unix/-m64 ===
# of expected passes 7245
# of unexpected failures 33
# of expected failures 1
# of untested testcases 10
# of unsupported tests 1
=== go Summary ===
# of expected passes 14609
# of unexpected failures 66
# of expected failures 2
# of untested testcases 20
# of unsupported tests 3
=== obj-c++ tests ===
Running target unix
=== obj-c++ Summary for unix ===
# of expected passes 1464
# of expected failures 2
# of unsupported tests 77
Running target unix/-m64
=== obj-c++ Summary for unix/-m64 ===
# of expected passes 1456
# of expected failures 10
# of unsupported tests 77
=== obj-c++ Summary ===
# of expected passes 2920
# of expected failures 12
# of unsupported tests 154
/var/gcc/regression/gcc-8-branch/10-gcc-gas/build/gcc/xg++ version 8.2.1 20180817 [gcc-8-branch revision 263610] (GCC)
=== objc tests ===
Running target unix
FAIL: objc.dg/attributes/invalid-attribute-1.m -fgnu-runtime (test for errors, line 6)
FAIL: objc.dg/attributes/invalid-attribute-1.m -fgnu-runtime (test for excess errors)
WARNING: program timed out
FAIL: objc/execute/object_is_meta_class.m compilation, -Os -fgnu-runtime
UNRESOLVED: objc/execute/object_is_meta_class.m execution, -Os -fgnu-runtime
FAIL: objc/execute/redefining_self.m compilation, -O0 -fgnu-runtime
FAIL: objc/execute/redefining_self.m compilation, -O1 -fgnu-runtime
UNRESOLVED: objc/execute/redefining_self.m execution, -O0 -fgnu-runtime
UNRESOLVED: objc/execute/redefining_self.m execution, -O1 -fgnu-runtime
WARNING: program timed out
WARNING: program timed out
WARNING: program timed out
=== objc Summary for unix ===
# of expected passes 2789
# of unexpected failures 5
# of expected failures 6
# of unresolved testcases 3
# of unsupported tests 68
Running target unix/-m64
=== objc Summary for unix/-m64 ===
# of expected passes 2797
# of expected failures 6
# of unsupported tests 68
=== objc Summary ===
# of expected passes 5586
# of unexpected failures 5
# of expected failures 12
# of unresolved testcases 3
# of unsupported tests 136
/var/gcc/regression/gcc-8-branch/10-gcc-gas/build/gcc/xgcc version 8.2.1 20180817 [gcc-8-branch revision 263610] (GCC)
=== gotools tests ===
FAIL: TestNoCache
FAIL: TestTestRegexps
FAIL: go test cmd/go
FAIL: go test runtime
FAIL: go test misc/cgo/test
FAIL: TestCompileWithoutShared
FAIL: TestEarlySignalHandler
FAIL: TestInstall
FAIL: TestOsSignal
FAIL: TestPIE
FAIL: TestSIGPROF
FAIL: TestSigaltstack
FAIL: TestSignalForwarding
FAIL: TestSignalForwardingExternal
FAIL: go test misc/cgo/testcarchive
=== gotools Summary ===
# of expected passes 159
# of unexpected failures 15
# of untested testcases 141
=== libatomic tests ===
Running target unix
=== libatomic Summary for unix ===
# of expected passes 44
# of unsupported tests 5
Running target unix/-m64
=== libatomic Summary for unix/-m64 ===
# of expected passes 54
=== libatomic Summary ===
# of expected passes 98
# of unsupported tests 5
=== libffi tests ===
Running target unix
=== libffi Summary for unix ===
# of expected passes 2799
Running target unix/-m64
=== libffi Summary for unix/-m64 ===
# of expected passes 2214
=== libffi Summary ===
# of expected passes 5013
=== libgo tests ===
Running target unix
FAIL: fmt
FAIL: reflect
FAIL: runtime
FAIL: time
FAIL: encoding/gob
FAIL: html/template
FAIL: go/build
FAIL: go/constant
FAIL: golang_org/x/crypto/cryptobyte
FAIL: math/big
FAIL: net/http
FAIL: net/rpc
FAIL: runtime/debug
FAIL: sync/atomic
FAIL: text/tabwriter
FAIL: text/template
FAIL: text/template/parse
=== libgo Summary for unix ===
# of expected passes 147
# of unexpected failures 17
Running target unix/-m64
FAIL: fmt
FAIL: math
FAIL: reflect
FAIL: time
FAIL: encoding/gob
FAIL: html/template
FAIL: go/build
FAIL: go/constant
FAIL: golang_org/x/crypto/cryptobyte
FAIL: math/big
FAIL: net/http
FAIL: net/rpc
FAIL: runtime/debug
FAIL: runtime/pprof
FAIL: sync/atomic
FAIL: text/tabwriter
FAIL: text/template
FAIL: text/template/parse
=== libgo Summary for unix/-m64 ===
# of expected passes 146
# of unexpected failures 18
=== libgo Summary ===
# of expected passes 293
# of unexpected failures 35
=== libgomp tests ===
Running target unix
WARNING: program timed out
FAIL: libgomp.oacc-fortran/abort-1.f90 -DACC_DEVICE_TYPE_host=1 -DACC_MEM_SHARED=1 -O (test for excess errors)
UNRESOLVED: libgomp.oacc-fortran/abort-1.f90 -DACC_DEVICE_TYPE_host=1 -DACC_MEM_SHARED=1 -O compilation failed to produce executable
WARNING: program timed out
FAIL: libgomp.oacc-fortran/abort-2.f90 -DACC_DEVICE_TYPE_host=1 -DACC_MEM_SHARED=1 -O (test for excess errors)
UNRESOLVED: libgomp.oacc-fortran/abort-2.f90 -DACC_DEVICE_TYPE_host=1 -DACC_MEM_SHARED=1 -O compilation failed to produce executable
WARNING: program timed out
FAIL: libgomp.oacc-fortran/acc_on_device-1-1.f90 -DACC_DEVICE_TYPE_host=1 -DACC_MEM_SHARED=1 -O (test for excess errors)
UNRESOLVED: libgomp.oacc-fortran/acc_on_device-1-1.f90 -DACC_DEVICE_TYPE_host=1 -DACC_MEM_SHARED=1 -O compilation failed to produce executable
WARNING: program timed out
FAIL: libgomp.oacc-fortran/acc_on_device-1-2.f -DACC_DEVICE_TYPE_host=1 -DACC_MEM_SHARED=1 -O (test for excess errors)
UNRESOLVED: libgomp.oacc-fortran/acc_on_device-1-2.f -DACC_DEVICE_TYPE_host=1 -DACC_MEM_SHARED=1 -O compilation failed to produce executable
WARNING: program timed out
FAIL: libgomp.oacc-fortran/acc_on_device-1-3.f -DACC_DEVICE_TYPE_host=1 -DACC_MEM_SHARED=1 -O (test for excess errors)
UNRESOLVED: libgomp.oacc-fortran/acc_on_device-1-3.f -DACC_DEVICE_TYPE_host=1 -DACC_MEM_SHARED=1 -O compilation failed to produce executable
WARNING: program timed out
FAIL: libgomp.oacc-fortran/asyncwait-1.f90 -DACC_DEVICE_TYPE_host=1 -DACC_MEM_SHARED=1 -O0 (test for excess errors)
UNRESOLVED: libgomp.oacc-fortran/asyncwait-1.f90 -DACC_DEVICE_TYPE_host=1 -DACC_MEM_SHARED=1 -O0 compilation failed to produce executable
WARNING: program timed out
FAIL: libgomp.oacc-fortran/asyncwait-1.f90 -DACC_DEVICE_TYPE_host=1 -DACC_MEM_SHARED=1 -O1 (test for excess errors)
UNRESOLVED: libgomp.oacc-fortran/asyncwait-1.f90 -DACC_DEVICE_TYPE_host=1 -DACC_MEM_SHARED=1 -O1 compilation failed to produce executable
WARNING: program timed out
FAIL: libgomp.oacc-fortran/asyncwait-1.f90 -DACC_DEVICE_TYPE_host=1 -DACC_MEM_SHARED=1 -O2 (test for excess errors)
UNRESOLVED: libgomp.oacc-fortran/asyncwait-1.f90 -DACC_DEVICE_TYPE_host=1 -DACC_MEM_SHARED=1 -O2 compilation failed to produce executable
WARNING: program timed out
FAIL: libgomp.oacc-fortran/asyncwait-1.f90 -DACC_DEVICE_TYPE_host=1 -DACC_MEM_SHARED=1 -O3 -fomit-frame-pointer -funroll-loops -fpeel-loops -ftracer -finline-functions (test for excess errors)
UNRESOLVED: libgomp.oacc-fortran/asyncwait-1.f90 -DACC_DEVICE_TYPE_host=1 -DACC_MEM_SHARED=1 -O3 -fomit-frame-pointer -funroll-loops -fpeel-loops -ftracer -finline-functions compilation failed to produce executable
WARNING: program timed out
FAIL: libgomp.oacc-fortran/asyncwait-1.f90 -DACC_DEVICE_TYPE_host=1 -DACC_MEM_SHARED=1 -O3 -g (test for excess errors)
UNRESOLVED: libgomp.oacc-fortran/asyncwait-1.f90 -DACC_DEVICE_TYPE_host=1 -DACC_MEM_SHARED=1 -O3 -g compilation failed to produce executable
WARNING: program timed out
FAIL: libgomp.oacc-fortran/asyncwait-1.f90 -DACC_DEVICE_TYPE_host=1 -DACC_MEM_SHARED=1 -Os (test for excess errors)
UNRESOLVED: libgomp.oacc-fortran/asyncwait-1.f90 -DACC_DEVICE_TYPE_host=1 -DACC_MEM_SHARED=1 -Os compilation failed to produce executable
WARNING: program timed out
FAIL: libgomp.oacc-fortran/asyncwait-2.f90 -DACC_DEVICE_TYPE_host=1 -DACC_MEM_SHARED=1 -O0 (test for excess errors)
UNRESOLVED: libgomp.oacc-fortran/asyncwait-2.f90 -DACC_DEVICE_TYPE_host=1 -DACC_MEM_SHARED=1 -O0 compilation failed to produce executable
WARNING: program timed out
FAIL: libgomp.oacc-fortran/asyncwait-2.f90 -DACC_DEVICE_TYPE_host=1 -DACC_MEM_SHARED=1 -O1 (test for excess errors)
UNRESOLVED: libgomp.oacc-fortran/asyncwait-2.f90 -DACC_DEVICE_TYPE_host=1 -DACC_MEM_SHARED=1 -O1 compilation failed to produce executable
WARNING: program timed out
FAIL: libgomp.oacc-fortran/asyncwait-2.f90 -DACC_DEVICE_TYPE_host=1 -DACC_MEM_SHARED=1 -O2 (test for excess errors)
UNRESOLVED: libgomp.oacc-fortran/asyncwait-2.f90 -DACC_DEVICE_TYPE_host=1 -DACC_MEM_SHARED=1 -O2 compilation failed to produce executable
WARNING: program timed out
FAIL: libgomp.oacc-fortran/asyncwait-2.f90 -DACC_DEVICE_TYPE_host=1 -DACC_MEM_SHARED=1 -O3 -fomit-frame-pointer -funroll-loops -fpeel-loops -ftracer -finline-functions (test for excess errors)
UNRESOLVED: libgomp.oacc-fortran/asyncwait-2.f90 -DACC_DEVICE_TYPE_host=1 -DACC_MEM_SHARED=1 -O3 -fomit-frame-pointer -funroll-loops -fpeel-loops -ftracer -finline-functions compilation failed to produce executable
WARNING: program timed out
FAIL: libgomp.oacc-fortran/asyncwait-2.f90 -DACC_DEVICE_TYPE_host=1 -DACC_MEM_SHARED=1 -O3 -g (test for excess errors)
UNRESOLVED: libgomp.oacc-fortran/asyncwait-2.f90 -DACC_DEVICE_TYPE_host=1 -DACC_MEM_SHARED=1 -O3 -g compilation failed to produce executable
WARNING: program timed out
FAIL: libgomp.oacc-fortran/asyncwait-2.f90 -DACC_DEVICE_TYPE_host=1 -DACC_MEM_SHARED=1 -Os (test for excess errors)
UNRESOLVED: libgomp.oacc-fortran/asyncwait-2.f90 -DACC_DEVICE_TYPE_host=1 -DACC_MEM_SHARED=1 -Os compilation failed to produce executable
WARNING: program timed out
FAIL: libgomp.oacc-fortran/asyncwait-3.f90 -DACC_DEVICE_TYPE_host=1 -DACC_MEM_SHARED=1 -O0 (test for excess errors)
UNRESOLVED: libgomp.oacc-fortran/asyncwait-3.f90 -DACC_DEVICE_TYPE_host=1 -DACC_MEM_SHARED=1 -O0 compilation failed to produce executable
WARNING: program timed out
FAIL: libgomp.oacc-fortran/asyncwait-3.f90 -DACC_DEVICE_TYPE_host=1 -DACC_MEM_SHARED=1 -O1 (test for excess errors)
UNRESOLVED: libgomp.oacc-fortran/asyncwait-3.f90 -DACC_DEVICE_TYPE_host=1 -DACC_MEM_SHARED=1 -O1 compilation failed to produce executable
WARNING: program timed out
FAIL: libgomp.oacc-fortran/asyncwait-3.f90 -DACC_DEVICE_TYPE_host=1 -DACC_MEM_SHARED=1 -O2 (test for excess errors)
UNRESOLVED: libgomp.oacc-fortran/asyncwait-3.f90 -DACC_DEVICE_TYPE_host=1 -DACC_MEM_SHARED=1 -O2 compilation failed to produce executable
WARNING: program timed out
FAIL: libgomp.oacc-fortran/asyncwait-3.f90 -DACC_DEVICE_TYPE_host=1 -DACC_MEM_SHARED=1 -O3 -fomit-frame-pointer -funroll-loops -fpeel-loops -ftracer -finline-functions (test for excess errors)
UNRESOLVED: libgomp.oacc-fortran/asyncwait-3.f90 -DACC_DEVICE_TYPE_host=1 -DACC_MEM_SHARED=1 -O3 -fomit-frame-pointer -funroll-loops -fpeel-loops -ftracer -finline-functions compilation failed to produce executable
=== libgomp Summary for unix ===
# of expected passes 5525
# of unexpected failures 21
# of expected failures 1
# of unresolved testcases 21
# of unsupported tests 304
Running target unix/-m64
=== libgomp Summary for unix/-m64 ===
# of expected passes 5568
# of expected failures 1
# of unsupported tests 304
=== libgomp Summary ===
# of expected passes 11093
# of unexpected failures 21
# of expected failures 2
# of unresolved testcases 21
# of unsupported tests 608
=== libitm tests ===
Running target unix
=== libitm Summary for unix ===
# of expected passes 42
# of expected failures 3
# of unsupported tests 1
Running target unix/-m64
=== libitm Summary for unix/-m64 ===
# of expected passes 42
# of expected failures 3
# of unsupported tests 1
=== libitm Summary ===
# of expected passes 84
# of expected failures 6
# of unsupported tests 2
=== libstdc++ tests ===
Running target unix
=== libstdc++ Summary for unix ===
# of expected passes 11365
# of expected failures 73
# of unsupported tests 631
Running target unix/-m64
FAIL: 27_io/filesystem/operations/last_write_time.cc execution test
FAIL: experimental/filesystem/operations/last_write_time.cc execution test
=== libstdc++ Summary for unix/-m64 ===
# of expected passes 11356
# of unexpected failures 2
# of expected failures 72
# of unsupported tests 635
=== libstdc++ Summary ===
# of expected passes 22721
# of unexpected failures 2
# of expected failures 145
# of unsupported tests 1266
Compiler version: 8.2.1 20180817 [gcc-8-branch revision 263610] (GCC)
Platform: i386-pc-solaris2.10
configure flags: --prefix=/vol/gcc --target=i386-pc-solaris2.10 --enable-objc-gc --with-target-bdw-gc-include=/vol/gcc/include --with-target-bdw-gc-lib=/vol/gcc/lib,amd64=/vol/gcc/lib/amd64 --with-as=/vol/gcc/bin/gas-2.31 --with-gnu-as --with-gmp-include=/vol/gcc/include --with-gmp-lib=/vol/gcc/lib --with-mpfr-include=/vol/gcc/include --with-mpfr-lib=/vol/gcc/lib --with-mpc-include=/vol/gcc/include --with-mpc-lib=/vol/gcc/lib --enable-languages=all,ada,obj-c++,go --with-isl-include=/vol/gcc/include --with-isl-lib=/vol/gcc/lib --build=i386-pc-solaris2.10 --host=i386-pc-solaris2.10
BOOT_CFLAGS=-g -O2