This is the mail archive of the
gcc-testresults@gcc.gnu.org
mailing list for the GCC project.
Results for 7.3.1 20180809 [gcc-7-branch revision 263449] (GCC) testsuite on powerpc64-unknown-linux-gnu
- From: "Bill Seurer (POWER7)" <seurer at linux dot ibm dot com>
- To: gcc-testresults at gcc dot gnu dot org
- Date: Thu, 9 Aug 2018 11:15:49 -0500
- Subject: Results for 7.3.1 20180809 [gcc-7-branch revision 263449] (GCC) testsuite on powerpc64-unknown-linux-gnu
Linux 4.17.3-100.fc27.ppc64 ppc64
GNU ld version 2.29-13.fc27
GNU assembler version 2.29-13.fc27
GNU Make 4.2.1
DejaGnu:
DejaGnu version 1.6
Expect version 5.45
Tcl version 8.6
64-bit
LAST_UPDATED: Thu Aug 9 15:04:32 UTC 2018 (revision 263449)
Native configuration is powerpc64-unknown-linux-gnu
=== gcc tests ===
Running target unix
FAIL: gcc.c-torture/execute/20040709-1.c -O2 -flto -fno-use-linker-plugin -flto-partition=none (test for excess errors)
UNRESOLVED: gcc.c-torture/execute/20040709-1.c -O2 -flto -fno-use-linker-plugin -flto-partition=none compilation failed to produce executable
FAIL: gcc.c-torture/execute/20040709-1.c -O2 -flto -fuse-linker-plugin -fno-fat-lto-objects (test for excess errors)
UNRESOLVED: gcc.c-torture/execute/20040709-1.c -O2 -flto -fuse-linker-plugin -fno-fat-lto-objects compilation failed to produce executable
FAIL: gcc.c-torture/execute/20040709-1.c -O3 -fomit-frame-pointer -funroll-loops -fpeel-loops -ftracer -finline-functions (test for excess errors)
UNRESOLVED: gcc.c-torture/execute/20040709-1.c -O3 -fomit-frame-pointer -funroll-loops -fpeel-loops -ftracer -finline-functions compilation failed to produce executable
FAIL: gcc.c-torture/execute/20040709-1.c -O3 -g (test for excess errors)
UNRESOLVED: gcc.c-torture/execute/20040709-1.c -O3 -g compilation failed to produce executable
FAIL: gcc.c-torture/execute/20040709-1.c -Os (test for excess errors)
UNRESOLVED: gcc.c-torture/execute/20040709-1.c -Os compilation failed to produce executable
FAIL: gcc.c-torture/execute/950906-1.c -O2 -flto -fno-use-linker-plugin -flto-partition=none (test for excess errors)
UNRESOLVED: gcc.c-torture/execute/950906-1.c -O2 -flto -fno-use-linker-plugin -flto-partition=none compilation failed to produce executable
FAIL: gcc.c-torture/execute/950906-1.c -O2 -flto -fuse-linker-plugin -fno-fat-lto-objects (test for excess errors)
UNRESOLVED: gcc.c-torture/execute/950906-1.c -O2 -flto -fuse-linker-plugin -fno-fat-lto-objects compilation failed to produce executable
FAIL: gcc.c-torture/execute/950906-1.c -O3 -fomit-frame-pointer -funroll-loops -fpeel-loops -ftracer -finline-functions execution test
FAIL: gcc.c-torture/execute/950906-1.c -O3 -g (test for excess errors)
UNRESOLVED: gcc.c-torture/execute/950906-1.c -O3 -g compilation failed to produce executable
FAIL: gcc.c-torture/execute/950906-1.c -Os (test for excess errors)
UNRESOLVED: gcc.c-torture/execute/950906-1.c -Os compilation failed to produce executable
FAIL: gcc.c-torture/execute/960215-1.c -O2 -flto -fuse-linker-plugin -fno-fat-lto-objects execution test
FAIL: gcc.c-torture/execute/960218-1.c -O0 (test for excess errors)
UNRESOLVED: gcc.c-torture/execute/960218-1.c -O0 compilation failed to produce executable
FAIL: gcc.c-torture/execute/960218-1.c -O1 (test for excess errors)
UNRESOLVED: gcc.c-torture/execute/960218-1.c -O1 compilation failed to produce executable
FAIL: gcc.c-torture/execute/960218-1.c -O2 (test for excess errors)
UNRESOLVED: gcc.c-torture/execute/960218-1.c -O2 compilation failed to produce executable
FAIL: gcc.c-torture/execute/960218-1.c -O2 -flto -fno-use-linker-plugin -flto-partition=none (test for excess errors)
UNRESOLVED: gcc.c-torture/execute/960218-1.c -O2 -flto -fno-use-linker-plugin -flto-partition=none compilation failed to produce executable
FAIL: gcc.c-torture/execute/960218-1.c -O2 -flto -fuse-linker-plugin -fno-fat-lto-objects (test for excess errors)
UNRESOLVED: gcc.c-torture/execute/960218-1.c -O2 -flto -fuse-linker-plugin -fno-fat-lto-objects compilation failed to produce executable
FAIL: gcc.c-torture/execute/960218-1.c -O3 -fomit-frame-pointer -funroll-loops -fpeel-loops -ftracer -finline-functions (test for excess errors)
UNRESOLVED: gcc.c-torture/execute/960218-1.c -O3 -fomit-frame-pointer -funroll-loops -fpeel-loops -ftracer -finline-functions compilation failed to produce executable
FAIL: gcc.c-torture/execute/960218-1.c -O3 -g (test for excess errors)
UNRESOLVED: gcc.c-torture/execute/960218-1.c -O3 -g compilation failed to produce executable
FAIL: gcc.c-torture/execute/960218-1.c -Os (test for excess errors)
UNRESOLVED: gcc.c-torture/execute/960218-1.c -Os compilation failed to produce executable
FAIL: gcc.c-torture/execute/960512-1.c -O3 -g (test for excess errors)
FAIL: gcc.c-torture/execute/980506-2.c -O2 -flto -fno-use-linker-plugin -flto-partition=none execution test
FAIL: gcc.c-torture/execute/980506-2.c -O2 -flto -fuse-linker-plugin -fno-fat-lto-objects (test for excess errors)
UNRESOLVED: gcc.c-torture/execute/980506-2.c -O2 -flto -fuse-linker-plugin -fno-fat-lto-objects compilation failed to produce executable
FAIL: gcc.c-torture/execute/980506-3.c -O0 (test for excess errors)
UNRESOLVED: gcc.c-torture/execute/980506-3.c -O0 compilation failed to produce executable
FAIL: gcc.c-torture/execute/980506-3.c -O1 (test for excess errors)
UNRESOLVED: gcc.c-torture/execute/980506-3.c -O1 compilation failed to produce executable
FAIL: gcc.c-torture/execute/980506-3.c -O2 (test for excess errors)
UNRESOLVED: gcc.c-torture/execute/980506-3.c -O2 compilation failed to produce executable
FAIL: gcc.c-torture/execute/980506-3.c -O2 -flto -fno-use-linker-plugin -flto-partition=none (test for excess errors)
UNRESOLVED: gcc.c-torture/execute/980506-3.c -O2 -flto -fno-use-linker-plugin -flto-partition=none compilation failed to produce executable
FAIL: gcc.c-torture/execute/980506-3.c -O2 -flto -fuse-linker-plugin -fno-fat-lto-objects (test for excess errors)
UNRESOLVED: gcc.c-torture/execute/980506-3.c -O2 -flto -fuse-linker-plugin -fno-fat-lto-objects compilation failed to produce executable
FAIL: gcc.c-torture/execute/980506-3.c -O3 -g (test for excess errors)
UNRESOLVED: gcc.c-torture/execute/980506-3.c -O3 -g compilation failed to produce executable
FAIL: gcc.c-torture/execute/980506-3.c -Os (test for excess errors)
UNRESOLVED: gcc.c-torture/execute/980506-3.c -Os compilation failed to produce executable
FAIL: gcc.c-torture/execute/980526-1.c -O0 (test for excess errors)
UNRESOLVED: gcc.c-torture/execute/980526-1.c -O0 compilation failed to produce executable
FAIL: gcc.c-torture/execute/980526-1.c -O1 (test for excess errors)
UNRESOLVED: gcc.c-torture/execute/980526-1.c -O1 compilation failed to produce executable
FAIL: gcc.c-torture/execute/980526-1.c -O2 (test for excess errors)
UNRESOLVED: gcc.c-torture/execute/980526-1.c -O2 compilation failed to produce executable
FAIL: gcc.c-torture/execute/980526-1.c -O2 -flto -fno-use-linker-plugin -flto-partition=none (test for excess errors)
UNRESOLVED: gcc.c-torture/execute/980526-1.c -O2 -flto -fno-use-linker-plugin -flto-partition=none compilation failed to produce executable
FAIL: gcc.c-torture/execute/980526-1.c -O2 -flto -fuse-linker-plugin -fno-fat-lto-objects (test for excess errors)
UNRESOLVED: gcc.c-torture/execute/980526-1.c -O2 -flto -fuse-linker-plugin -fno-fat-lto-objects compilation failed to produce executable
FAIL: gcc.c-torture/execute/980526-1.c -O3 -g (test for excess errors)
UNRESOLVED: gcc.c-torture/execute/980526-1.c -O3 -g compilation failed to produce executable
FAIL: gcc.c-torture/execute/980526-1.c -Os (test for excess errors)
UNRESOLVED: gcc.c-torture/execute/980526-1.c -Os compilation failed to produce executable
FAIL: gcc.c-torture/execute/980526-2.c -O0 (test for excess errors)
UNRESOLVED: gcc.c-torture/execute/980526-2.c -O0 compilation failed to produce executable
FAIL: gcc.c-torture/execute/980526-2.c -O1 (test for excess errors)
UNRESOLVED: gcc.c-torture/execute/980526-2.c -O1 compilation failed to produce executable
FAIL: gcc.c-torture/execute/980526-2.c -O2 (test for excess errors)
UNRESOLVED: gcc.c-torture/execute/980526-2.c -O2 compilation failed to produce executable
FAIL: gcc.c-torture/execute/980526-2.c -O2 -flto -fno-use-linker-plugin -flto-partition=none (test for excess errors)
UNRESOLVED: gcc.c-torture/execute/980526-2.c -O2 -flto -fno-use-linker-plugin -flto-partition=none compilation failed to produce executable
FAIL: gcc.c-torture/execute/980526-2.c -O2 -flto -fuse-linker-plugin -fno-fat-lto-objects (test for excess errors)
UNRESOLVED: gcc.c-torture/execute/980526-2.c -O2 -flto -fuse-linker-plugin -fno-fat-lto-objects compilation failed to produce executable
FAIL: gcc.c-torture/execute/980526-2.c -O3 -g (test for excess errors)
UNRESOLVED: gcc.c-torture/execute/980526-2.c -O3 -g compilation failed to produce executable
FAIL: gcc.c-torture/execute/980526-2.c -Os (test for excess errors)
UNRESOLVED: gcc.c-torture/execute/980526-2.c -Os compilation failed to produce executable
FAIL: gcc.c-torture/execute/980526-3.c -O0 (test for excess errors)
UNRESOLVED: gcc.c-torture/execute/980526-3.c -O0 compilation failed to produce executable
FAIL: gcc.c-torture/execute/980526-3.c -O1 (test for excess errors)
UNRESOLVED: gcc.c-torture/execute/980526-3.c -O1 compilation failed to produce executable
FAIL: gcc.c-torture/execute/980526-3.c -O2 (test for excess errors)
UNRESOLVED: gcc.c-torture/execute/980526-3.c -O2 compilation failed to produce executable
FAIL: gcc.c-torture/execute/980526-3.c -O2 -flto -fno-use-linker-plugin -flto-partition=none (test for excess errors)
UNRESOLVED: gcc.c-torture/execute/980526-3.c -O2 -flto -fno-use-linker-plugin -flto-partition=none compilation failed to produce executable
FAIL: gcc.c-torture/execute/980526-3.c -O2 -flto -fuse-linker-plugin -fno-fat-lto-objects (test for excess errors)
UNRESOLVED: gcc.c-torture/execute/980526-3.c -O2 -flto -fuse-linker-plugin -fno-fat-lto-objects compilation failed to produce executable
FAIL: gcc.c-torture/execute/980526-3.c -O3 -g (test for excess errors)
UNRESOLVED: gcc.c-torture/execute/980526-3.c -O3 -g compilation failed to produce executable
FAIL: gcc.c-torture/execute/980526-3.c -Os (test for excess errors)
UNRESOLVED: gcc.c-torture/execute/980526-3.c -Os compilation failed to produce executable
FAIL: gcc.c-torture/execute/980612-1.c -O1 execution test
FAIL: gcc.c-torture/execute/980612-1.c -O2 (test for excess errors)
UNRESOLVED: gcc.c-torture/execute/980612-1.c -O2 compilation failed to produce executable
FAIL: gcc.c-torture/execute/980612-1.c -O2 -flto -fno-use-linker-plugin -flto-partition=none (test for excess errors)
UNRESOLVED: gcc.c-torture/execute/980612-1.c -O2 -flto -fno-use-linker-plugin -flto-partition=none compilation failed to produce executable
FAIL: gcc.c-torture/execute/980612-1.c -O2 -flto -fuse-linker-plugin -fno-fat-lto-objects (test for excess errors)
UNRESOLVED: gcc.c-torture/execute/980612-1.c -O2 -flto -fuse-linker-plugin -fno-fat-lto-objects compilation failed to produce executable
FAIL: gcc.c-torture/execute/980612-1.c -O3 -g (test for excess errors)
UNRESOLVED: gcc.c-torture/execute/980612-1.c -O3 -g compilation failed to produce executable
FAIL: gcc.c-torture/execute/980612-1.c -Os (test for excess errors)
UNRESOLVED: gcc.c-torture/execute/980612-1.c -Os compilation failed to produce executable
FAIL: gcc.c-torture/execute/980617-1.c -O0 (test for excess errors)
UNRESOLVED: gcc.c-torture/execute/980617-1.c -O0 compilation failed to produce executable
FAIL: gcc.c-torture/execute/980617-1.c -O1 (test for excess errors)
UNRESOLVED: gcc.c-torture/execute/980617-1.c -O1 compilation failed to produce executable
FAIL: gcc.c-torture/execute/980617-1.c -O2 (test for excess errors)
UNRESOLVED: gcc.c-torture/execute/980617-1.c -O2 compilation failed to produce executable
FAIL: gcc.c-torture/execute/980617-1.c -O2 -flto -fno-use-linker-plugin -flto-partition=none (test for excess errors)
UNRESOLVED: gcc.c-torture/execute/980617-1.c -O2 -flto -fno-use-linker-plugin -flto-partition=none compilation failed to produce executable
FAIL: gcc.c-torture/execute/980617-1.c -O2 -flto -fuse-linker-plugin -fno-fat-lto-objects (test for excess errors)
UNRESOLVED: gcc.c-torture/execute/980617-1.c -O2 -flto -fuse-linker-plugin -fno-fat-lto-objects compilation failed to produce executable
FAIL: gcc.c-torture/execute/980617-1.c -O3 -g (test for excess errors)
UNRESOLVED: gcc.c-torture/execute/980617-1.c -O3 -g compilation failed to produce executable
FAIL: gcc.c-torture/execute/980617-1.c -Os (test for excess errors)
UNRESOLVED: gcc.c-torture/execute/980617-1.c -Os compilation failed to produce executable
FAIL: gcc.c-torture/execute/980618-1.c -O0 (test for excess errors)
UNRESOLVED: gcc.c-torture/execute/980618-1.c -O0 compilation failed to produce executable
FAIL: gcc.c-torture/execute/980618-1.c -O1 (test for excess errors)
UNRESOLVED: gcc.c-torture/execute/980618-1.c -O1 compilation failed to produce executable
FAIL: gcc.c-torture/execute/980618-1.c -O2 (test for excess errors)
UNRESOLVED: gcc.c-torture/execute/980618-1.c -O2 compilation failed to produce executable
FAIL: gcc.c-torture/execute/980618-1.c -O2 -flto -fno-use-linker-plugin -flto-partition=none (test for excess errors)
UNRESOLVED: gcc.c-torture/execute/980618-1.c -O2 -flto -fno-use-linker-plugin -flto-partition=none compilation failed to produce executable
FAIL: gcc.c-torture/execute/980618-1.c -O2 -flto -fuse-linker-plugin -fno-fat-lto-objects (test for excess errors)
UNRESOLVED: gcc.c-torture/execute/980618-1.c -O2 -flto -fuse-linker-plugin -fno-fat-lto-objects compilation failed to produce executable
FAIL: gcc.c-torture/execute/980618-1.c -O3 -g (test for excess errors)
UNRESOLVED: gcc.c-torture/execute/980618-1.c -O3 -g compilation failed to produce executable
FAIL: gcc.c-torture/execute/980618-1.c -Os (test for excess errors)
UNRESOLVED: gcc.c-torture/execute/980618-1.c -Os compilation failed to produce executable
FAIL: gcc.c-torture/execute/980701-1.c -O0 (test for excess errors)
UNRESOLVED: gcc.c-torture/execute/980701-1.c -O0 compilation failed to produce executable
FAIL: gcc.c-torture/execute/980701-1.c -O1 (test for excess errors)
UNRESOLVED: gcc.c-torture/execute/980701-1.c -O1 compilation failed to produce executable
FAIL: gcc.c-torture/execute/980701-1.c -O2 (test for excess errors)
UNRESOLVED: gcc.c-torture/execute/980701-1.c -O2 compilation failed to produce executable
FAIL: gcc.c-torture/execute/980701-1.c -O2 -flto -fno-use-linker-plugin -flto-partition=none (test for excess errors)
UNRESOLVED: gcc.c-torture/execute/980701-1.c -O2 -flto -fno-use-linker-plugin -flto-partition=none compilation failed to produce executable
FAIL: gcc.c-torture/execute/980701-1.c -O2 -flto -fuse-linker-plugin -fno-fat-lto-objects (test for excess errors)
UNRESOLVED: gcc.c-torture/execute/980701-1.c -O2 -flto -fuse-linker-plugin -fno-fat-lto-objects compilation failed to produce executable
FAIL: gcc.c-torture/execute/980701-1.c -O3 -g (test for excess errors)
UNRESOLVED: gcc.c-torture/execute/980701-1.c -O3 -g compilation failed to produce executable
FAIL: gcc.c-torture/execute/980701-1.c -Os (test for excess errors)
UNRESOLVED: gcc.c-torture/execute/980701-1.c -Os compilation failed to produce executable
FAIL: gcc.c-torture/execute/980707-1.c -O0 (test for excess errors)
UNRESOLVED: gcc.c-torture/execute/980707-1.c -O0 compilation failed to produce executable
FAIL: gcc.c-torture/execute/980707-1.c -O1 (test for excess errors)
UNRESOLVED: gcc.c-torture/execute/980707-1.c -O1 compilation failed to produce executable
FAIL: gcc.c-torture/execute/980707-1.c -O2 (test for excess errors)
UNRESOLVED: gcc.c-torture/execute/980707-1.c -O2 compilation failed to produce executable
FAIL: gcc.c-torture/execute/980707-1.c -O2 -flto -fno-use-linker-plugin -flto-partition=none (test for excess errors)
UNRESOLVED: gcc.c-torture/execute/980707-1.c -O2 -flto -fno-use-linker-plugin -flto-partition=none compilation failed to produce executable
FAIL: gcc.c-torture/execute/980707-1.c -O2 -flto -fuse-linker-plugin -fno-fat-lto-objects (test for excess errors)
UNRESOLVED: gcc.c-torture/execute/980707-1.c -O2 -flto -fuse-linker-plugin -fno-fat-lto-objects compilation failed to produce executable
FAIL: gcc.c-torture/execute/980707-1.c -O3 -fomit-frame-pointer -funroll-loops -fpeel-loops -ftracer -finline-functions (test for excess errors)
UNRESOLVED: gcc.c-torture/execute/980707-1.c -O3 -fomit-frame-pointer -funroll-loops -fpeel-loops -ftracer -finline-functions compilation failed to produce executable
FAIL: gcc.c-torture/execute/980707-1.c -O3 -g (test for excess errors)
UNRESOLVED: gcc.c-torture/execute/980707-1.c -O3 -g compilation failed to produce executable
FAIL: gcc.c-torture/execute/980707-1.c -Os (test for excess errors)
UNRESOLVED: gcc.c-torture/execute/980707-1.c -Os compilation failed to produce executable
FAIL: gcc.c-torture/execute/990208-1.c -O2 -flto -fno-use-linker-plugin -flto-partition=none (test for excess errors)
UNRESOLVED: gcc.c-torture/execute/990208-1.c -O2 -flto -fno-use-linker-plugin -flto-partition=none compilation failed to produce executable
FAIL: gcc.c-torture/execute/990208-1.c -O2 -flto -fuse-linker-plugin -fno-fat-lto-objects (test for excess errors)
UNRESOLVED: gcc.c-torture/execute/990208-1.c -O2 -flto -fuse-linker-plugin -fno-fat-lto-objects compilation failed to produce executable
FAIL: gcc.c-torture/execute/990208-1.c -Os execution test
FAIL: gcc.c-torture/execute/990211-1.c -O0 (test for excess errors)
UNRESOLVED: gcc.c-torture/execute/990211-1.c -O0 compilation failed to produce executable
FAIL: gcc.c-torture/execute/990211-1.c -O1 (test for excess errors)
UNRESOLVED: gcc.c-torture/execute/990211-1.c -O1 compilation failed to produce executable
FAIL: gcc.c-torture/execute/990211-1.c -O2 (test for excess errors)
UNRESOLVED: gcc.c-torture/execute/990211-1.c -O2 compilation failed to produce executable
FAIL: gcc.c-torture/execute/990211-1.c -O2 -flto -fno-use-linker-plugin -flto-partition=none (test for excess errors)
UNRESOLVED: gcc.c-torture/execute/990211-1.c -O2 -flto -fno-use-linker-plugin -flto-partition=none compilation failed to produce executable
FAIL: gcc.c-torture/execute/990211-1.c -O2 -flto -fuse-linker-plugin -fno-fat-lto-objects (test for excess errors)
UNRESOLVED: gcc.c-torture/execute/990211-1.c -O2 -flto -fuse-linker-plugin -fno-fat-lto-objects compilation failed to produce executable
FAIL: gcc.c-torture/execute/990211-1.c -O3 -g (test for excess errors)
UNRESOLVED: gcc.c-torture/execute/990211-1.c -O3 -g compilation failed to produce executable
FAIL: gcc.c-torture/execute/990211-1.c -Os (test for excess errors)
UNRESOLVED: gcc.c-torture/execute/990211-1.c -Os compilation failed to produce executable
FAIL: gcc.c-torture/execute/990222-1.c -O0 (test for excess errors)
UNRESOLVED: gcc.c-torture/execute/990222-1.c -O0 compilation failed to produce executable
FAIL: gcc.c-torture/execute/990222-1.c -O1 (test for excess errors)
UNRESOLVED: gcc.c-torture/execute/990222-1.c -O1 compilation failed to produce executable
FAIL: gcc.c-torture/execute/990222-1.c -O2 (test for excess errors)
UNRESOLVED: gcc.c-torture/execute/990222-1.c -O2 compilation failed to produce executable
FAIL: gcc.c-torture/execute/990222-1.c -O2 -flto -fno-use-linker-plugin -flto-partition=none (test for excess errors)
UNRESOLVED: gcc.c-torture/execute/990222-1.c -O2 -flto -fno-use-linker-plugin -flto-partition=none compilation failed to produce executable
FAIL: gcc.c-torture/execute/990222-1.c -O2 -flto -fuse-linker-plugin -fno-fat-lto-objects (test for excess errors)
UNRESOLVED: gcc.c-torture/execute/990222-1.c -O2 -flto -fuse-linker-plugin -fno-fat-lto-objects compilation failed to produce executable
FAIL: gcc.c-torture/execute/990222-1.c -O3 -fomit-frame-pointer -funroll-loops -fpeel-loops -ftracer -finline-functions (test for excess errors)
UNRESOLVED: gcc.c-torture/execute/990222-1.c -O3 -fomit-frame-pointer -funroll-loops -fpeel-loops -ftracer -finline-functions compilation failed to produce executable
FAIL: gcc.c-torture/execute/990222-1.c -O3 -g (test for excess errors)
UNRESOLVED: gcc.c-torture/execute/990222-1.c -O3 -g compilation failed to produce executable
FAIL: gcc.c-torture/execute/990222-1.c -Os (test for excess errors)
UNRESOLVED: gcc.c-torture/execute/990222-1.c -Os compilation failed to produce executable
FAIL: gcc.c-torture/execute/990324-1.c -O0 (test for excess errors)
UNRESOLVED: gcc.c-torture/execute/990324-1.c -O0 compilation failed to produce executable
FAIL: gcc.c-torture/execute/990324-1.c -O1 (test for excess errors)
UNRESOLVED: gcc.c-torture/execute/990324-1.c -O1 compilation failed to produce executable
FAIL: gcc.c-torture/execute/990324-1.c -O2 (test for excess errors)
UNRESOLVED: gcc.c-torture/execute/990324-1.c -O2 compilation failed to produce executable
FAIL: gcc.c-torture/execute/990324-1.c -O2 -flto -fno-use-linker-plugin -flto-partition=none (test for excess errors)
UNRESOLVED: gcc.c-torture/execute/990324-1.c -O2 -flto -fno-use-linker-plugin -flto-partition=none compilation failed to produce executable
FAIL: gcc.c-torture/execute/990324-1.c -O2 -flto -fuse-linker-plugin -fno-fat-lto-objects (test for excess errors)
UNRESOLVED: gcc.c-torture/execute/990324-1.c -O2 -flto -fuse-linker-plugin -fno-fat-lto-objects compilation failed to produce executable
FAIL: gcc.c-torture/execute/990324-1.c -O3 -g (test for excess errors)
UNRESOLVED: gcc.c-torture/execute/990324-1.c -O3 -g compilation failed to produce executable
FAIL: gcc.c-torture/execute/990324-1.c -Os (test for excess errors)
UNRESOLVED: gcc.c-torture/execute/990324-1.c -Os compilation failed to produce executable
FAIL: gcc.c-torture/execute/990326-1.c -O0 (test for excess errors)
UNRESOLVED: gcc.c-torture/execute/990326-1.c -O0 compilation failed to produce executable
FAIL: gcc.c-torture/execute/990326-1.c -O1 (test for excess errors)
UNRESOLVED: gcc.c-torture/execute/990326-1.c -O1 compilation failed to produce executable
FAIL: gcc.c-torture/execute/990326-1.c -O2 (test for excess errors)
UNRESOLVED: gcc.c-torture/execute/990326-1.c -O2 compilation failed to produce executable
FAIL: gcc.c-torture/execute/990326-1.c -O2 -flto -fno-use-linker-plugin -flto-partition=none (test for excess errors)
UNRESOLVED: gcc.c-torture/execute/990326-1.c -O2 -flto -fno-use-linker-plugin -flto-partition=none compilation failed to produce executable
FAIL: gcc.c-torture/execute/990326-1.c -O2 -flto -fuse-linker-plugin -fno-fat-lto-objects (test for excess errors)
UNRESOLVED: gcc.c-torture/execute/990326-1.c -O2 -flto -fuse-linker-plugin -fno-fat-lto-objects compilation failed to produce executable
FAIL: gcc.c-torture/execute/990326-1.c -O3 -g (test for excess errors)
UNRESOLVED: gcc.c-torture/execute/990326-1.c -O3 -g compilation failed to produce executable
FAIL: gcc.c-torture/execute/990326-1.c -Os (test for excess errors)
UNRESOLVED: gcc.c-torture/execute/990326-1.c -Os compilation failed to produce executable
FAIL: gcc.c-torture/execute/990404-1.c -O0 (test for excess errors)
UNRESOLVED: gcc.c-torture/execute/990404-1.c -O0 compilation failed to produce executable
FAIL: gcc.c-torture/execute/990404-1.c -O1 (test for excess errors)
UNRESOLVED: gcc.c-torture/execute/990404-1.c -O1 compilation failed to produce executable
FAIL: gcc.c-torture/execute/990404-1.c -O2 (test for excess errors)
UNRESOLVED: gcc.c-torture/execute/990404-1.c -O2 compilation failed to produce executable
FAIL: gcc.c-torture/execute/990404-1.c -O3 -fomit-frame-pointer -funroll-loops -fpeel-loops -ftracer -finline-functions (test for excess errors)
UNRESOLVED: gcc.c-torture/execute/990404-1.c -O3 -fomit-frame-pointer -funroll-loops -fpeel-loops -ftracer -finline-functions compilation failed to produce executable
FAIL: gcc.c-torture/execute/arith-rand-ll.c -O2 execution test
FAIL: gcc.c-torture/execute/arith-rand-ll.c -O2 -flto -fno-use-linker-plugin -flto-partition=none (test for excess errors)
UNRESOLVED: gcc.c-torture/execute/arith-rand-ll.c -O2 -flto -fno-use-linker-plugin -flto-partition=none compilation failed to produce executable
FAIL: gcc.c-torture/execute/arith-rand-ll.c -O2 -flto -fuse-linker-plugin -fno-fat-lto-objects (test for excess errors)
UNRESOLVED: gcc.c-torture/execute/arith-rand-ll.c -O2 -flto -fuse-linker-plugin -fno-fat-lto-objects compilation failed to produce executable
FAIL: gcc.c-torture/execute/arith-rand-ll.c -O3 -fomit-frame-pointer -funroll-loops -fpeel-loops -ftracer -finline-functions (test for excess errors)
UNRESOLVED: gcc.c-torture/execute/arith-rand-ll.c -O3 -fomit-frame-pointer -funroll-loops -fpeel-loops -ftracer -finline-functions compilation failed to produce executable
FAIL: gcc.c-torture/execute/arith-rand-ll.c -O3 -g (test for excess errors)
UNRESOLVED: gcc.c-torture/execute/arith-rand-ll.c -O3 -g compilation failed to produce executable
FAIL: gcc.c-torture/execute/arith-rand-ll.c -Os (test for excess errors)
UNRESOLVED: gcc.c-torture/execute/arith-rand-ll.c -Os compilation failed to produce executable
FAIL: gcc.c-torture/execute/arith-rand.c -O0 (test for excess errors)
UNRESOLVED: gcc.c-torture/execute/arith-rand.c -O0 compilation failed to produce executable
FAIL: gcc.c-torture/execute/arith-rand.c -O1 (test for excess errors)
UNRESOLVED: gcc.c-torture/execute/arith-rand.c -O1 compilation failed to produce executable
FAIL: gcc.c-torture/execute/arith-rand.c -O2 (test for excess errors)
UNRESOLVED: gcc.c-torture/execute/arith-rand.c -O2 compilation failed to produce executable
FAIL: gcc.c-torture/execute/arith-rand.c -O2 -flto -fno-use-linker-plugin -flto-partition=none (test for excess errors)
UNRESOLVED: gcc.c-torture/execute/arith-rand.c -O2 -flto -fno-use-linker-plugin -flto-partition=none compilation failed to produce executable
FAIL: gcc.c-torture/execute/arith-rand.c -O2 -flto -fuse-linker-plugin -fno-fat-lto-objects (test for excess errors)
UNRESOLVED: gcc.c-torture/execute/arith-rand.c -O2 -flto -fuse-linker-plugin -fno-fat-lto-objects compilation failed to produce executable
FAIL: gcc.c-torture/execute/arith-rand.c -O3 -fomit-frame-pointer -funroll-loops -fpeel-loops -ftracer -finline-functions (test for excess errors)
UNRESOLVED: gcc.c-torture/execute/arith-rand.c -O3 -fomit-frame-pointer -funroll-loops -fpeel-loops -ftracer -finline-functions compilation failed to produce executable
FAIL: gcc.c-torture/execute/arith-rand.c -O3 -g (test for excess errors)
UNRESOLVED: gcc.c-torture/execute/arith-rand.c -O3 -g compilation failed to produce executable
FAIL: gcc.c-torture/execute/arith-rand.c -Os (test for excess errors)
UNRESOLVED: gcc.c-torture/execute/arith-rand.c -Os compilation failed to produce executable
FAIL: gcc.c-torture/execute/ashldi-1.c -O0 (test for excess errors)
UNRESOLVED: gcc.c-torture/execute/ashldi-1.c -O0 compilation failed to produce executable
FAIL: gcc.c-torture/execute/ashldi-1.c -O1 (test for excess errors)
UNRESOLVED: gcc.c-torture/execute/ashldi-1.c -O1 compilation failed to produce executable
FAIL: gcc.c-torture/execute/ashldi-1.c -O2 (test for excess errors)
UNRESOLVED: gcc.c-torture/execute/ashldi-1.c -O2 compilation failed to produce executable
FAIL: gcc.c-torture/execute/ashldi-1.c -O2 -flto -fno-use-linker-plugin -flto-partition=none (test for excess errors)
UNRESOLVED: gcc.c-torture/execute/ashldi-1.c -O2 -flto -fno-use-linker-plugin -flto-partition=none compilation failed to produce executable
FAIL: gcc.c-torture/execute/ashldi-1.c -O2 -flto -fuse-linker-plugin -fno-fat-lto-objects (test for excess errors)
UNRESOLVED: gcc.c-torture/execute/ashldi-1.c -O2 -flto -fuse-linker-plugin -fno-fat-lto-objects compilation failed to produce executable
FAIL: gcc.c-torture/execute/ashldi-1.c -O3 -fomit-frame-pointer -funroll-loops -fpeel-loops -ftracer -finline-functions (test for excess errors)
UNRESOLVED: gcc.c-torture/execute/ashldi-1.c -O3 -fomit-frame-pointer -funroll-loops -fpeel-loops -ftracer -finline-functions compilation failed to produce executable
FAIL: gcc.c-torture/execute/ashldi-1.c -O3 -g (test for excess errors)
UNRESOLVED: gcc.c-torture/execute/ashldi-1.c -O3 -g compilation failed to produce executable
FAIL: gcc.c-torture/execute/ashldi-1.c -Os (test for excess errors)
UNRESOLVED: gcc.c-torture/execute/ashldi-1.c -Os compilation failed to produce executable
FAIL: gcc.c-torture/execute/ashrdi-1.c -O0 (test for excess errors)
UNRESOLVED: gcc.c-torture/execute/ashrdi-1.c -O0 compilation failed to produce executable
FAIL: gcc.c-torture/execute/ashrdi-1.c -O1 (test for excess errors)
UNRESOLVED: gcc.c-torture/execute/ashrdi-1.c -O1 compilation failed to produce executable
FAIL: gcc.c-torture/execute/ashrdi-1.c -O2 (test for excess errors)
UNRESOLVED: gcc.c-torture/execute/ashrdi-1.c -O2 compilation failed to produce executable
FAIL: gcc.c-torture/execute/ashrdi-1.c -O2 -flto -fno-use-linker-plugin -flto-partition=none (test for excess errors)
UNRESOLVED: gcc.c-torture/execute/ashrdi-1.c -O2 -flto -fno-use-linker-plugin -flto-partition=none compilation failed to produce executable
FAIL: gcc.c-torture/execute/ashrdi-1.c -O2 -flto -fuse-linker-plugin -fno-fat-lto-objects (test for excess errors)
UNRESOLVED: gcc.c-torture/execute/ashrdi-1.c -O2 -flto -fuse-linker-plugin -fno-fat-lto-objects compilation failed to produce executable
FAIL: gcc.c-torture/execute/ashrdi-1.c -O3 -fomit-frame-pointer -funroll-loops -fpeel-loops -ftracer -finline-functions (test for excess errors)
UNRESOLVED: gcc.c-torture/execute/ashrdi-1.c -O3 -fomit-frame-pointer -funroll-loops -fpeel-loops -ftracer -finline-functions compilation failed to produce executable
FAIL: gcc.c-torture/execute/ashrdi-1.c -O3 -g (test for excess errors)
UNRESOLVED: gcc.c-torture/execute/ashrdi-1.c -O3 -g compilation failed to produce executable
FAIL: gcc.c-torture/execute/ashrdi-1.c -Os (test for excess errors)
UNRESOLVED: gcc.c-torture/execute/ashrdi-1.c -Os compilation failed to produce executable
FAIL: gcc.c-torture/execute/bcp-1.c -O0 (test for excess errors)
UNRESOLVED: gcc.c-torture/execute/bcp-1.c -O0 compilation failed to produce executable
FAIL: gcc.c-torture/execute/bcp-1.c -O1 (test for excess errors)
UNRESOLVED: gcc.c-torture/execute/bcp-1.c -O1 compilation failed to produce executable
FAIL: gcc.c-torture/execute/bcp-1.c -O2 (test for excess errors)
UNRESOLVED: gcc.c-torture/execute/bcp-1.c -O2 compilation failed to produce executable
FAIL: gcc.c-torture/execute/bcp-1.c -O3 -fomit-frame-pointer -funroll-loops -fpeel-loops -ftracer -finline-functions (test for excess errors)
UNRESOLVED: gcc.c-torture/execute/bcp-1.c -O3 -fomit-frame-pointer -funroll-loops -fpeel-loops -ftracer -finline-functions compilation failed to produce executable
FAIL: gcc.c-torture/execute/bcp-1.c -O3 -g (test for excess errors)
UNRESOLVED: gcc.c-torture/execute/bcp-1.c -O3 -g compilation failed to produce executable
FAIL: gcc.c-torture/execute/bcp-1.c -Os (test for excess errors)
UNRESOLVED: gcc.c-torture/execute/bcp-1.c -Os compilation failed to produce executable
FAIL: gcc.c-torture/execute/bitfld-1.c -O2 -flto -fno-use-linker-plugin -flto-partition=none (test for excess errors)
UNRESOLVED: gcc.c-torture/execute/bitfld-1.c -O2 -flto -fno-use-linker-plugin -flto-partition=none compilation failed to produce executable
FAIL: gcc.c-torture/execute/bitfld-1.c -O2 -flto -fuse-linker-plugin -fno-fat-lto-objects (test for excess errors)
UNRESOLVED: gcc.c-torture/execute/bitfld-1.c -O2 -flto -fuse-linker-plugin -fno-fat-lto-objects compilation failed to produce executable
FAIL: gcc.c-torture/execute/bitfld-1.c -O3 -g execution test
FAIL: gcc.c-torture/execute/bitfld-1.c -Os (test for excess errors)
UNRESOLVED: gcc.c-torture/execute/bitfld-1.c -Os compilation failed to produce executable
FAIL: gcc.c-torture/execute/bitfld-2.c -O0 (test for excess errors)
UNRESOLVED: gcc.c-torture/execute/bitfld-2.c -O0 compilation failed to produce executable
FAIL: gcc.c-torture/execute/bitfld-2.c -O1 (test for excess errors)
UNRESOLVED: gcc.c-torture/execute/bitfld-2.c -O1 compilation failed to produce executable
FAIL: gcc.c-torture/execute/bitfld-2.c -O2 (test for excess errors)
UNRESOLVED: gcc.c-torture/execute/bitfld-2.c -O2 compilation failed to produce executable
FAIL: gcc.c-torture/execute/bitfld-2.c -O2 -flto -fno-use-linker-plugin -flto-partition=none (test for excess errors)
UNRESOLVED: gcc.c-torture/execute/bitfld-2.c -O2 -flto -fno-use-linker-plugin -flto-partition=none compilation failed to produce executable
FAIL: gcc.c-torture/execute/bitfld-2.c -O2 -flto -fuse-linker-plugin -fno-fat-lto-objects (test for excess errors)
UNRESOLVED: gcc.c-torture/execute/bitfld-2.c -O2 -flto -fuse-linker-plugin -fno-fat-lto-objects compilation failed to produce executable
FAIL: gcc.c-torture/execute/bitfld-2.c -O3 -g (test for excess errors)
UNRESOLVED: gcc.c-torture/execute/bitfld-2.c -O3 -g compilation failed to produce executable
FAIL: gcc.c-torture/execute/bitfld-2.c -Os (test for excess errors)
UNRESOLVED: gcc.c-torture/execute/bitfld-2.c -Os compilation failed to produce executable
FAIL: gcc.c-torture/execute/bitfld-3.c -O0 (test for excess errors)
UNRESOLVED: gcc.c-torture/execute/bitfld-3.c -O0 compilation failed to produce executable
FAIL: gcc.c-torture/execute/bitfld-3.c -O1 (test for excess errors)
UNRESOLVED: gcc.c-torture/execute/bitfld-3.c -O1 compilation failed to produce executable
FAIL: gcc.c-torture/execute/bitfld-3.c -O2 (test for excess errors)
UNRESOLVED: gcc.c-torture/execute/bitfld-3.c -O2 compilation failed to produce executable
FAIL: gcc.c-torture/execute/bitfld-3.c -O2 -flto -fno-use-linker-plugin -flto-partition=none (test for excess errors)
UNRESOLVED: gcc.c-torture/execute/bitfld-3.c -O2 -flto -fno-use-linker-plugin -flto-partition=none compilation failed to produce executable
FAIL: gcc.c-torture/execute/bitfld-3.c -O2 -flto -fuse-linker-plugin -fno-fat-lto-objects (test for excess errors)
UNRESOLVED: gcc.c-torture/execute/bitfld-3.c -O2 -flto -fuse-linker-plugin -fno-fat-lto-objects compilation failed to produce executable
FAIL: gcc.c-torture/execute/bitfld-3.c -O3 -g (test for excess errors)
UNRESOLVED: gcc.c-torture/execute/bitfld-3.c -O3 -g compilation failed to produce executable
FAIL: gcc.c-torture/execute/bitfld-3.c -Os (test for excess errors)
UNRESOLVED: gcc.c-torture/execute/bitfld-3.c -Os compilation failed to produce executable
FAIL: gcc.c-torture/execute/bitfld-4.c -O0 (test for excess errors)
UNRESOLVED: gcc.c-torture/execute/bitfld-4.c -O0 compilation failed to produce executable
FAIL: gcc.c-torture/execute/bitfld-4.c -O1 (test for excess errors)
UNRESOLVED: gcc.c-torture/execute/bitfld-4.c -O1 compilation failed to produce executable
FAIL: gcc.c-torture/execute/bitfld-4.c -O2 (test for excess errors)
UNRESOLVED: gcc.c-torture/execute/bitfld-4.c -O2 compilation failed to produce executable
FAIL: gcc.c-torture/execute/bitfld-4.c -O2 -flto -fno-use-linker-plugin -flto-partition=none (test for excess errors)
UNRESOLVED: gcc.c-torture/execute/bitfld-4.c -O2 -flto -fno-use-linker-plugin -flto-partition=none compilation failed to produce executable
FAIL: gcc.c-torture/execute/bitfld-4.c -O2 -flto -fuse-linker-plugin -fno-fat-lto-objects (test for excess errors)
UNRESOLVED: gcc.c-torture/execute/bitfld-4.c -O2 -flto -fuse-linker-plugin -fno-fat-lto-objects compilation failed to produce executable
FAIL: gcc.c-torture/execute/bitfld-4.c -O3 -g (test for excess errors)
UNRESOLVED: gcc.c-torture/execute/bitfld-4.c -O3 -g compilation failed to produce executable
FAIL: gcc.c-torture/execute/bitfld-4.c -Os (test for excess errors)
UNRESOLVED: gcc.c-torture/execute/bitfld-4.c -Os compilation failed to produce executable
FAIL: gcc.c-torture/execute/bitfld-5.c -O0 (test for excess errors)
UNRESOLVED: gcc.c-torture/execute/bitfld-5.c -O0 compilation failed to produce executable
FAIL: gcc.c-torture/execute/bitfld-5.c -O1 (test for excess errors)
UNRESOLVED: gcc.c-torture/execute/bitfld-5.c -O1 compilation failed to produce executable
FAIL: gcc.c-torture/execute/bitfld-5.c -O2 (test for excess errors)
UNRESOLVED: gcc.c-torture/execute/bitfld-5.c -O2 compilation failed to produce executable
FAIL: gcc.c-torture/execute/bitfld-5.c -O2 -flto -fno-use-linker-plugin -flto-partition=none (test for excess errors)
UNRESOLVED: gcc.c-torture/execute/bitfld-5.c -O2 -flto -fno-use-linker-plugin -flto-partition=none compilation failed to produce executable
FAIL: gcc.c-torture/execute/bitfld-5.c -O2 -flto -fuse-linker-plugin -fno-fat-lto-objects (test for excess errors)
UNRESOLVED: gcc.c-torture/execute/bitfld-5.c -O2 -flto -fuse-linker-plugin -fno-fat-lto-objects compilation failed to produce executable
FAIL: gcc.c-torture/execute/bitfld-5.c -O3 -g (test for excess errors)
UNRESOLVED: gcc.c-torture/execute/bitfld-5.c -O3 -g compilation failed to produce executable
FAIL: gcc.c-torture/execute/bitfld-5.c -Os (test for excess errors)
UNRESOLVED: gcc.c-torture/execute/bitfld-5.c -Os compilation failed to produce executable
FAIL: gcc.c-torture/execute/bitfld-6.c -O0 (test for excess errors)
UNRESOLVED: gcc.c-torture/execute/bitfld-6.c -O0 compilation failed to produce executable
FAIL: gcc.c-torture/execute/bitfld-6.c -O1 (test for excess errors)
UNRESOLVED: gcc.c-torture/execute/bitfld-6.c -O1 compilation failed to produce executable
FAIL: gcc.c-torture/execute/bitfld-6.c -O2 (test for excess errors)
UNRESOLVED: gcc.c-torture/execute/bitfld-6.c -O2 compilation failed to produce executable
FAIL: gcc.c-torture/execute/bitfld-6.c -O3 -g (test for excess errors)
UNRESOLVED: gcc.c-torture/execute/bitfld-6.c -O3 -g compilation failed to produce executable
FAIL: gcc.c-torture/execute/call-trap-1.c -O0 execution test
FAIL: gcc.c-torture/execute/call-trap-1.c -O1 (test for excess errors)
UNRESOLVED: gcc.c-torture/execute/call-trap-1.c -O1 compilation failed to produce executable
FAIL: gcc.c-torture/execute/call-trap-1.c -O2 (test for excess errors)
UNRESOLVED: gcc.c-torture/execute/call-trap-1.c -O2 compilation failed to produce executable
FAIL: gcc.c-torture/execute/call-trap-1.c -O2 -flto -fno-use-linker-plugin -flto-partition=none (test for excess errors)
UNRESOLVED: gcc.c-torture/execute/call-trap-1.c -O2 -flto -fno-use-linker-plugin -flto-partition=none compilation failed to produce executable
FAIL: gcc.c-torture/execute/call-trap-1.c -O2 -flto -fuse-linker-plugin -fno-fat-lto-objects (test for excess errors)
UNRESOLVED: gcc.c-torture/execute/call-trap-1.c -O2 -flto -fuse-linker-plugin -fno-fat-lto-objects compilation failed to produce executable
FAIL: gcc.c-torture/execute/call-trap-1.c -O3 -g (test for excess errors)
UNRESOLVED: gcc.c-torture/execute/call-trap-1.c -O3 -g compilation failed to produce executable
FAIL: gcc.c-torture/execute/call-trap-1.c -Os (test for excess errors)
UNRESOLVED: gcc.c-torture/execute/call-trap-1.c -Os compilation failed to produce executable
FAIL: gcc.c-torture/execute/cbrt.c -O0 (test for excess errors)
UNRESOLVED: gcc.c-torture/execute/cbrt.c -O0 compilation failed to produce executable
FAIL: gcc.c-torture/execute/cbrt.c -O1 (test for excess errors)
UNRESOLVED: gcc.c-torture/execute/cbrt.c -O1 compilation failed to produce executable
FAIL: gcc.c-torture/execute/cbrt.c -O2 (test for excess errors)
UNRESOLVED: gcc.c-torture/execute/cbrt.c -O2 compilation failed to produce executable
FAIL: gcc.c-torture/execute/cbrt.c -O2 -flto -fno-use-linker-plugin -flto-partition=none (test for excess errors)
UNRESOLVED: gcc.c-torture/execute/cbrt.c -O2 -flto -fno-use-linker-plugin -flto-partition=none compilation failed to produce executable
FAIL: gcc.c-torture/execute/cbrt.c -O2 -flto -fuse-linker-plugin -fno-fat-lto-objects (test for excess errors)
UNRESOLVED: gcc.c-torture/execute/cbrt.c -O2 -flto -fuse-linker-plugin -fno-fat-lto-objects compilation failed to produce executable
FAIL: gcc.c-torture/execute/cbrt.c -O3 -g (test for excess errors)
UNRESOLVED: gcc.c-torture/execute/cbrt.c -O3 -g compilation failed to produce executable
FAIL: gcc.c-torture/execute/cbrt.c -Os (test for excess errors)
UNRESOLVED: gcc.c-torture/execute/cbrt.c -Os compilation failed to produce executable
FAIL: gcc.c-torture/execute/cmpdi-1.c -O0 (test for excess errors)
UNRESOLVED: gcc.c-torture/execute/cmpdi-1.c -O0 compilation failed to produce executable
FAIL: gcc.c-torture/execute/cmpdi-1.c -O1 (test for excess errors)
UNRESOLVED: gcc.c-torture/execute/cmpdi-1.c -O1 compilation failed to produce executable
FAIL: gcc.c-torture/execute/cmpdi-1.c -O2 (test for excess errors)
UNRESOLVED: gcc.c-torture/execute/cmpdi-1.c -O2 compilation failed to produce executable
FAIL: gcc.c-torture/execute/cmpdi-1.c -O2 -flto -fno-use-linker-plugin -flto-partition=none (test for excess errors)
UNRESOLVED: gcc.c-torture/execute/cmpdi-1.c -O2 -flto -fno-use-linker-plugin -flto-partition=none compilation failed to produce executable
FAIL: gcc.c-torture/execute/cmpdi-1.c -O2 -flto -fuse-linker-plugin -fno-fat-lto-objects (test for excess errors)
UNRESOLVED: gcc.c-torture/execute/cmpdi-1.c -O2 -flto -fuse-linker-plugin -fno-fat-lto-objects compilation failed to produce executable
FAIL: gcc.c-torture/execute/cmpdi-1.c -O3 -fomit-frame-pointer -funroll-loops -fpeel-loops -ftracer -finline-functions (test for excess errors)
UNRESOLVED: gcc.c-torture/execute/cmpdi-1.c -O3 -fomit-frame-pointer -funroll-loops -fpeel-loops -ftracer -finline-functions compilation failed to produce executable
FAIL: gcc.c-torture/execute/cmpdi-1.c -O3 -g (test for excess errors)
UNRESOLVED: gcc.c-torture/execute/cmpdi-1.c -O3 -g compilation failed to produce executable
FAIL: gcc.c-torture/execute/cmpdi-1.c -Os (test for excess errors)
UNRESOLVED: gcc.c-torture/execute/cmpdi-1.c -Os compilation failed to produce executable
FAIL: gcc.c-torture/execute/cmpsf-1.c -O0 (test for excess errors)
UNRESOLVED: gcc.c-torture/execute/cmpsf-1.c -O0 compilation failed to produce executable
FAIL: gcc.c-torture/execute/cmpsf-1.c -O1 (test for excess errors)
UNRESOLVED: gcc.c-torture/execute/cmpsf-1.c -O1 compilation failed to produce executable
FAIL: gcc.c-torture/execute/cmpsf-1.c -O2 (test for excess errors)
UNRESOLVED: gcc.c-torture/execute/cmpsf-1.c -O2 compilation failed to produce executable
FAIL: gcc.c-torture/execute/cmpsf-1.c -O2 -flto -fno-use-linker-plugin -flto-partition=none (test for excess errors)
UNRESOLVED: gcc.c-torture/execute/cmpsf-1.c -O2 -flto -fno-use-linker-plugin -flto-partition=none compilation failed to produce executable
FAIL: gcc.c-torture/execute/cmpsf-1.c -O2 -flto -fuse-linker-plugin -fno-fat-lto-objects (test for excess errors)
UNRESOLVED: gcc.c-torture/execute/cmpsf-1.c -O2 -flto -fuse-linker-plugin -fno-fat-lto-objects compilation failed to produce executable
FAIL: gcc.c-torture/execute/cmpsf-1.c -O3 -fomit-frame-pointer -funroll-loops -fpeel-loops -ftracer -finline-functions (test for excess errors)
UNRESOLVED: gcc.c-torture/execute/cmpsf-1.c -O3 -fomit-frame-pointer -funroll-loops -fpeel-loops -ftracer -finline-functions compilation failed to produce executable
FAIL: gcc.c-torture/execute/cmpsf-1.c -O3 -g (test for excess errors)
UNRESOLVED: gcc.c-torture/execute/cmpsf-1.c -O3 -g compilation failed to produce executable
FAIL: gcc.c-torture/execute/cmpsf-1.c -Os (test for excess errors)
UNRESOLVED: gcc.c-torture/execute/cmpsf-1.c -Os compilation failed to produce executable
FAIL: gcc.c-torture/execute/cmpsi-1.c -O0 (test for excess errors)
UNRESOLVED: gcc.c-torture/execute/cmpsi-1.c -O0 compilation failed to produce executable
FAIL: gcc.c-torture/execute/cmpsi-1.c -O1 (test for excess errors)
UNRESOLVED: gcc.c-torture/execute/cmpsi-1.c -O1 compilation failed to produce executable
FAIL: gcc.c-torture/execute/cmpsi-1.c -O2 (test for excess errors)
UNRESOLVED: gcc.c-torture/execute/cmpsi-1.c -O2 compilation failed to produce executable
FAIL: gcc.c-torture/execute/cmpsi-1.c -O2 -flto -fno-use-linker-plugin -flto-partition=none (test for excess errors)
UNRESOLVED: gcc.c-torture/execute/cmpsi-1.c -O2 -flto -fno-use-linker-plugin -flto-partition=none compilation failed to produce executable
FAIL: gcc.c-torture/execute/cmpsi-1.c -O3 -g (test for excess errors)
UNRESOLVED: gcc.c-torture/execute/cmpsi-1.c -O3 -g compilation failed to produce executable
FAIL: gcc.c-torture/execute/cmpsi-1.c -Os (test for excess errors)
UNRESOLVED: gcc.c-torture/execute/cmpsi-1.c -Os compilation failed to produce executable
FAIL: gcc.c-torture/execute/divconst-1.c -O0 (test for excess errors)
UNRESOLVED: gcc.c-torture/execute/divconst-1.c -O0 compilation failed to produce executable
FAIL: gcc.c-torture/execute/divconst-1.c -O1 (test for excess errors)
UNRESOLVED: gcc.c-torture/execute/divconst-1.c -O1 compilation failed to produce executable
FAIL: gcc.c-torture/execute/divconst-1.c -O2 (test for excess errors)
UNRESOLVED: gcc.c-torture/execute/divconst-1.c -O2 compilation failed to produce executable
FAIL: gcc.c-torture/execute/divconst-1.c -O2 -flto -fno-use-linker-plugin -flto-partition=none (test for excess errors)
UNRESOLVED: gcc.c-torture/execute/divconst-1.c -O2 -flto -fno-use-linker-plugin -flto-partition=none compilation failed to produce executable
FAIL: gcc.c-torture/execute/divconst-1.c -O2 -flto -fuse-linker-plugin -fno-fat-lto-objects (test for excess errors)
UNRESOLVED: gcc.c-torture/execute/divconst-1.c -O2 -flto -fuse-linker-plugin -fno-fat-lto-objects compilation failed to produce executable
FAIL: gcc.c-torture/execute/divconst-1.c -O3 -g (test for excess errors)
UNRESOLVED: gcc.c-torture/execute/divconst-1.c -O3 -g compilation failed to produce executable
FAIL: gcc.c-torture/execute/divconst-1.c -Os (test for excess errors)
UNRESOLVED: gcc.c-torture/execute/divconst-1.c -Os compilation failed to produce executable
FAIL: gcc.c-torture/execute/divconst-2.c -O0 (test for excess errors)
UNRESOLVED: gcc.c-torture/execute/divconst-2.c -O0 compilation failed to produce executable
FAIL: gcc.c-torture/execute/divconst-2.c -O1 (test for excess errors)
UNRESOLVED: gcc.c-torture/execute/divconst-2.c -O1 compilation failed to produce executable
FAIL: gcc.c-torture/execute/divconst-2.c -O2 (test for excess errors)
UNRESOLVED: gcc.c-torture/execute/divconst-2.c -O2 compilation failed to produce executable
FAIL: gcc.c-torture/execute/divconst-2.c -O2 -flto -fno-use-linker-plugin -flto-partition=none (test for excess errors)
UNRESOLVED: gcc.c-torture/execute/divconst-2.c -O2 -flto -fno-use-linker-plugin -flto-partition=none compilation failed to produce executable
FAIL: gcc.c-torture/execute/divconst-2.c -O2 -flto -fuse-linker-plugin -fno-fat-lto-objects (test for excess errors)
UNRESOLVED: gcc.c-torture/execute/divconst-2.c -O2 -flto -fuse-linker-plugin -fno-fat-lto-objects compilation failed to produce executable
FAIL: gcc.c-torture/execute/divconst-2.c -O3 -fomit-frame-pointer -funroll-loops -fpeel-loops -ftracer -finline-functions (test for excess errors)
UNRESOLVED: gcc.c-torture/execute/divconst-2.c -O3 -fomit-frame-pointer -funroll-loops -fpeel-loops -ftracer -finline-functions compilation failed to produce executable
FAIL: gcc.c-torture/execute/divconst-2.c -O3 -g (test for excess errors)
UNRESOLVED: gcc.c-torture/execute/divconst-2.c -O3 -g compilation failed to produce executable
FAIL: gcc.c-torture/execute/divconst-2.c -Os (test for excess errors)
UNRESOLVED: gcc.c-torture/execute/divconst-2.c -Os compilation failed to produce executable
FAIL: gcc.c-torture/execute/divconst-3.c -O0 (test for excess errors)
UNRESOLVED: gcc.c-torture/execute/divconst-3.c -O0 compilation failed to produce executable
FAIL: gcc.c-torture/execute/divconst-3.c -O1 (test for excess errors)
UNRESOLVED: gcc.c-torture/execute/divconst-3.c -O1 compilation failed to produce executable
FAIL: gcc.c-torture/execute/divconst-3.c -O2 (test for excess errors)
UNRESOLVED: gcc.c-torture/execute/divconst-3.c -O2 compilation failed to produce executable
FAIL: gcc.c-torture/execute/divconst-3.c -O2 -flto -fno-use-linker-plugin -flto-partition=none (test for excess errors)
UNRESOLVED: gcc.c-torture/execute/divconst-3.c -O2 -flto -fno-use-linker-plugin -flto-partition=none compilation failed to produce executable
FAIL: gcc.c-torture/execute/divconst-3.c -O2 -flto -fuse-linker-plugin -fno-fat-lto-objects (test for excess errors)
UNRESOLVED: gcc.c-torture/execute/divconst-3.c -O2 -flto -fuse-linker-plugin -fno-fat-lto-objects compilation failed to produce executable
FAIL: gcc.c-torture/execute/divconst-3.c -O3 -g (test for excess errors)
UNRESOLVED: gcc.c-torture/execute/divconst-3.c -O3 -g compilation failed to produce executable
FAIL: gcc.c-torture/execute/divconst-3.c -Os (test for excess errors)
UNRESOLVED: gcc.c-torture/execute/divconst-3.c -Os compilation failed to produce executable
FAIL: gcc.c-torture/execute/divmod-1.c -O0 (test for excess errors)
UNRESOLVED: gcc.c-torture/execute/divmod-1.c -O0 compilation failed to produce executable
FAIL: gcc.c-torture/execute/divmod-1.c -O1 (test for excess errors)
UNRESOLVED: gcc.c-torture/execute/divmod-1.c -O1 compilation failed to produce executable
FAIL: gcc.c-torture/execute/divmod-1.c -O2 (test for excess errors)
UNRESOLVED: gcc.c-torture/execute/divmod-1.c -O2 compilation failed to produce executable
FAIL: gcc.c-torture/execute/divmod-1.c -O2 -flto -fno-use-linker-plugin -flto-partition=none (test for excess errors)
UNRESOLVED: gcc.c-torture/execute/divmod-1.c -O2 -flto -fno-use-linker-plugin -flto-partition=none compilation failed to produce executable
FAIL: gcc.c-torture/execute/divmod-1.c -O2 -flto -fuse-linker-plugin -fno-fat-lto-objects (test for excess errors)
UNRESOLVED: gcc.c-torture/execute/divmod-1.c -O2 -flto -fuse-linker-plugin -fno-fat-lto-objects compilation failed to produce executable
FAIL: gcc.c-torture/execute/divmod-1.c -O3 -g (test for excess errors)
UNRESOLVED: gcc.c-torture/execute/divmod-1.c -O3 -g compilation failed to produce executable
FAIL: gcc.c-torture/execute/divmod-1.c -Os (test for excess errors)
UNRESOLVED: gcc.c-torture/execute/divmod-1.c -Os compilation failed to produce executable
FAIL: gcc.c-torture/execute/doloop-1.c -O0 (test for excess errors)
UNRESOLVED: gcc.c-torture/execute/doloop-1.c -O0 compilation failed to produce executable
FAIL: gcc.c-torture/execute/extzvsi.c -O0 (test for excess errors)
UNRESOLVED: gcc.c-torture/execute/extzvsi.c -O0 compilation failed to produce executable
FAIL: gcc.c-torture/execute/extzvsi.c -O1 (test for excess errors)
UNRESOLVED: gcc.c-torture/execute/extzvsi.c -O1 compilation failed to produce executable
FAIL: gcc.c-torture/execute/extzvsi.c -O2 (test for excess errors)
UNRESOLVED: gcc.c-torture/execute/extzvsi.c -O2 compilation failed to produce executable
FAIL: gcc.c-torture/execute/extzvsi.c -O2 -flto -fno-use-linker-plugin -flto-partition=none (test for excess errors)
UNRESOLVED: gcc.c-torture/execute/extzvsi.c -O2 -flto -fno-use-linker-plugin -flto-partition=none compilation failed to produce executable
FAIL: gcc.c-torture/execute/extzvsi.c -O2 -flto -fuse-linker-plugin -fno-fat-lto-objects (test for excess errors)
UNRESOLVED: gcc.c-torture/execute/extzvsi.c -O2 -flto -fuse-linker-plugin -fno-fat-lto-objects compilation failed to produce executable
FAIL: gcc.c-torture/execute/extzvsi.c -O3 -g (test for excess errors)
UNRESOLVED: gcc.c-torture/execute/extzvsi.c -O3 -g compilation failed to produce executable
FAIL: gcc.c-torture/execute/extzvsi.c -Os (test for excess errors)
UNRESOLVED: gcc.c-torture/execute/extzvsi.c -Os compilation failed to produce executable
FAIL: gcc.c-torture/execute/ffs-1.c -O0 (test for excess errors)
UNRESOLVED: gcc.c-torture/execute/ffs-1.c -O0 compilation failed to produce executable
FAIL: gcc.c-torture/execute/ffs-1.c -O1 (test for excess errors)
UNRESOLVED: gcc.c-torture/execute/ffs-1.c -O1 compilation failed to produce executable
FAIL: gcc.c-torture/execute/ffs-1.c -O2 (test for excess errors)
UNRESOLVED: gcc.c-torture/execute/ffs-1.c -O2 compilation failed to produce executable
FAIL: gcc.c-torture/execute/ffs-1.c -O2 -flto -fno-use-linker-plugin -flto-partition=none (test for excess errors)
UNRESOLVED: gcc.c-torture/execute/ffs-1.c -O2 -flto -fno-use-linker-plugin -flto-partition=none compilation failed to produce executable
FAIL: gcc.c-torture/execute/ffs-1.c -O2 -flto -fuse-linker-plugin -fno-fat-lto-objects (test for excess errors)
UNRESOLVED: gcc.c-torture/execute/ffs-1.c -O2 -flto -fuse-linker-plugin -fno-fat-lto-objects compilation failed to produce executable
FAIL: gcc.c-torture/execute/ffs-1.c -O3 -g (test for excess errors)
UNRESOLVED: gcc.c-torture/execute/ffs-1.c -O3 -g compilation failed to produce executable
FAIL: gcc.c-torture/execute/ffs-1.c -Os (test for excess errors)
UNRESOLVED: gcc.c-torture/execute/ffs-1.c -Os compilation failed to produce executable
FAIL: gcc.c-torture/execute/ffs-2.c -O0 (test for excess errors)
UNRESOLVED: gcc.c-torture/execute/ffs-2.c -O0 compilation failed to produce executable
FAIL: gcc.c-torture/execute/ffs-2.c -O1 (test for excess errors)
UNRESOLVED: gcc.c-torture/execute/ffs-2.c -O1 compilation failed to produce executable
FAIL: gcc.c-torture/execute/ffs-2.c -O2 (test for excess errors)
UNRESOLVED: gcc.c-torture/execute/ffs-2.c -O2 compilation failed to produce executable
FAIL: gcc.c-torture/execute/ffs-2.c -O2 -flto -fno-use-linker-plugin -flto-partition=none (test for excess errors)
UNRESOLVED: gcc.c-torture/execute/ffs-2.c -O2 -flto -fno-use-linker-plugin -flto-partition=none compilation failed to produce executable
FAIL: gcc.c-torture/execute/ffs-2.c -O2 -flto -fuse-linker-plugin -fno-fat-lto-objects (test for excess errors)
UNRESOLVED: gcc.c-torture/execute/ffs-2.c -O2 -flto -fuse-linker-plugin -fno-fat-lto-objects compilation failed to produce executable
FAIL: gcc.c-torture/execute/ffs-2.c -O3 -fomit-frame-pointer -funroll-loops -fpeel-loops -ftracer -finline-functions (test for excess errors)
UNRESOLVED: gcc.c-torture/execute/ffs-2.c -O3 -fomit-frame-pointer -funroll-loops -fpeel-loops -ftracer -finline-functions compilation failed to produce executable
FAIL: gcc.c-torture/execute/ffs-2.c -O3 -g (test for excess errors)
UNRESOLVED: gcc.c-torture/execute/ffs-2.c -O3 -g compilation failed to produce executable
FAIL: gcc.c-torture/execute/ffs-2.c -Os (test for excess errors)
UNRESOLVED: gcc.c-torture/execute/ffs-2.c -Os compilation failed to produce executable
FAIL: gcc.c-torture/execute/float-floor.c -O0 (test for excess errors)
UNRESOLVED: gcc.c-torture/execute/float-floor.c -O0 compilation failed to produce executable
FAIL: gcc.c-torture/execute/float-floor.c -O1 (test for excess errors)
UNRESOLVED: gcc.c-torture/execute/float-floor.c -O1 compilation failed to produce executable
FAIL: gcc.c-torture/execute/float-floor.c -O2 (test for excess errors)
UNRESOLVED: gcc.c-torture/execute/float-floor.c -O2 compilation failed to produce executable
FAIL: gcc.c-torture/execute/float-floor.c -O3 -g (test for excess errors)
UNRESOLVED: gcc.c-torture/execute/float-floor.c -O3 -g compilation failed to produce executable
FAIL: gcc.c-torture/execute/float-floor.c -Os (test for excess errors)
UNRESOLVED: gcc.c-torture/execute/float-floor.c -Os compilation failed to produce executable
FAIL: gcc.c-torture/execute/ifcvt-onecmpl-abs-1.c -O0 (test for excess errors)
UNRESOLVED: gcc.c-torture/execute/ifcvt-onecmpl-abs-1.c -O0 compilation failed to produce executable
FAIL: gcc.c-torture/execute/ifcvt-onecmpl-abs-1.c -O1 (test for excess errors)
UNRESOLVED: gcc.c-torture/execute/ifcvt-onecmpl-abs-1.c -O1 compilation failed to produce executable
FAIL: gcc.c-torture/execute/ifcvt-onecmpl-abs-1.c -O2 (test for excess errors)
UNRESOLVED: gcc.c-torture/execute/ifcvt-onecmpl-abs-1.c -O2 compilation failed to produce executable
FAIL: gcc.c-torture/execute/ifcvt-onecmpl-abs-1.c -O2 -flto -fno-use-linker-plugin -flto-partition=none (test for excess errors)
UNRESOLVED: gcc.c-torture/execute/ifcvt-onecmpl-abs-1.c -O2 -flto -fno-use-linker-plugin -flto-partition=none compilation failed to produce executable
FAIL: gcc.c-torture/execute/ifcvt-onecmpl-abs-1.c -O2 -flto -fuse-linker-plugin -fno-fat-lto-objects (test for excess errors)
UNRESOLVED: gcc.c-torture/execute/ifcvt-onecmpl-abs-1.c -O2 -flto -fuse-linker-plugin -fno-fat-lto-objects compilation failed to produce executable
FAIL: gcc.c-torture/execute/ifcvt-onecmpl-abs-1.c -O3 -g (test for excess errors)
UNRESOLVED: gcc.c-torture/execute/ifcvt-onecmpl-abs-1.c -O3 -g compilation failed to produce executable
FAIL: gcc.c-torture/execute/ifcvt-onecmpl-abs-1.c -Os (test for excess errors)
UNRESOLVED: gcc.c-torture/execute/ifcvt-onecmpl-abs-1.c -Os compilation failed to produce executable
FAIL: gcc.c-torture/execute/index-1.c -O0 (test for excess errors)
UNRESOLVED: gcc.c-torture/execute/index-1.c -O0 compilation failed to produce executable
FAIL: gcc.c-torture/execute/index-1.c -O1 (test for excess errors)
UNRESOLVED: gcc.c-torture/execute/index-1.c -O1 compilation failed to produce executable
FAIL: gcc.c-torture/execute/index-1.c -O2 (test for excess errors)
UNRESOLVED: gcc.c-torture/execute/index-1.c -O2 compilation failed to produce executable
FAIL: gcc.c-torture/execute/index-1.c -O2 -flto -fno-use-linker-plugin -flto-partition=none (test for excess errors)
UNRESOLVED: gcc.c-torture/execute/index-1.c -O2 -flto -fno-use-linker-plugin -flto-partition=none compilation failed to produce executable
FAIL: gcc.c-torture/execute/index-1.c -O2 -flto -fuse-linker-plugin -fno-fat-lto-objects (test for excess errors)
UNRESOLVED: gcc.c-torture/execute/index-1.c -O2 -flto -fuse-linker-plugin -fno-fat-lto-objects compilation failed to produce executable
FAIL: gcc.c-torture/execute/index-1.c -O3 -g (test for excess errors)
UNRESOLVED: gcc.c-torture/execute/index-1.c -O3 -g compilation failed to produce executable
FAIL: gcc.c-torture/execute/index-1.c -Os (test for excess errors)
UNRESOLVED: gcc.c-torture/execute/index-1.c -Os compilation failed to produce executable
FAIL: gcc.c-torture/execute/inst-check.c -O0 (test for excess errors)
UNRESOLVED: gcc.c-torture/execute/inst-check.c -O0 compilation failed to produce executable
FAIL: gcc.c-torture/execute/inst-check.c -O1 (test for excess errors)
UNRESOLVED: gcc.c-torture/execute/inst-check.c -O1 compilation failed to produce executable
FAIL: gcc.c-torture/execute/inst-check.c -O2 (test for excess errors)
UNRESOLVED: gcc.c-torture/execute/inst-check.c -O2 compilation failed to produce executable
FAIL: gcc.c-torture/execute/inst-check.c -O2 -flto -fno-use-linker-plugin -flto-partition=none (test for excess errors)
UNRESOLVED: gcc.c-torture/execute/inst-check.c -O2 -flto -fno-use-linker-plugin -flto-partition=none compilation failed to produce executable
FAIL: gcc.c-torture/execute/inst-check.c -O2 -flto -fuse-linker-plugin -fno-fat-lto-objects (test for excess errors)
UNRESOLVED: gcc.c-torture/execute/inst-check.c -O2 -flto -fuse-linker-plugin -fno-fat-lto-objects compilation failed to produce executable
FAIL: gcc.c-torture/execute/inst-check.c -O3 -fomit-frame-pointer -funroll-loops -fpeel-loops -ftracer -finline-functions (test for excess errors)
UNRESOLVED: gcc.c-torture/execute/inst-check.c -O3 -fomit-frame-pointer -funroll-loops -fpeel-loops -ftracer -finline-functions compilation failed to produce executable
FAIL: gcc.c-torture/execute/inst-check.c -O3 -g (test for excess errors)
UNRESOLVED: gcc.c-torture/execute/inst-check.c -O3 -g compilation failed to produce executable
FAIL: gcc.c-torture/execute/inst-check.c -Os (test for excess errors)
UNRESOLVED: gcc.c-torture/execute/inst-check.c -Os compilation failed to produce executable
FAIL: gcc.c-torture/execute/int-compare.c -O0 (test for excess errors)
UNRESOLVED: gcc.c-torture/execute/int-compare.c -O0 compilation failed to produce executable
FAIL: gcc.c-torture/execute/int-compare.c -O1 (test for excess errors)
UNRESOLVED: gcc.c-torture/execute/int-compare.c -O1 compilation failed to produce executable
FAIL: gcc.c-torture/execute/int-compare.c -O2 (test for excess errors)
UNRESOLVED: gcc.c-torture/execute/int-compare.c -O2 compilation failed to produce executable
FAIL: gcc.c-torture/execute/int-compare.c -O2 -flto -fno-use-linker-plugin -flto-partition=none (test for excess errors)
UNRESOLVED: gcc.c-torture/execute/int-compare.c -O2 -flto -fno-use-linker-plugin -flto-partition=none compilation failed to produce executable
FAIL: gcc.c-torture/execute/int-compare.c -O2 -flto -fuse-linker-plugin -fno-fat-lto-objects (test for excess errors)
UNRESOLVED: gcc.c-torture/execute/int-compare.c -O2 -flto -fuse-linker-plugin -fno-fat-lto-objects compilation failed to produce executable
FAIL: gcc.c-torture/execute/int-compare.c -O3 -g (test for excess errors)
UNRESOLVED: gcc.c-torture/execute/int-compare.c -O3 -g compilation failed to produce executable
FAIL: gcc.c-torture/execute/int-compare.c -Os (test for excess errors)
UNRESOLVED: gcc.c-torture/execute/int-compare.c -Os compilation failed to produce executable
FAIL: gcc.c-torture/execute/ipa-sra-1.c -O0 (test for excess errors)
UNRESOLVED: gcc.c-torture/execute/ipa-sra-1.c -O0 compilation failed to produce executable
FAIL: gcc.c-torture/execute/ipa-sra-1.c -O1 (test for excess errors)
UNRESOLVED: gcc.c-torture/execute/ipa-sra-1.c -O1 compilation failed to produce executable
FAIL: gcc.c-torture/execute/loop-12.c -O0 (test for excess errors)
UNRESOLVED: gcc.c-torture/execute/loop-12.c -O0 compilation failed to produce executable
FAIL: gcc.c-torture/execute/loop-12.c -O1 (test for excess errors)
UNRESOLVED: gcc.c-torture/execute/loop-12.c -O1 compilation failed to produce executable
FAIL: gcc.c-torture/execute/loop-12.c -O2 (test for excess errors)
UNRESOLVED: gcc.c-torture/execute/loop-12.c -O2 compilation failed to produce executable
FAIL: gcc.c-torture/execute/loop-12.c -O3 -fomit-frame-pointer -funroll-loops -fpeel-loops -ftracer -finline-functions (test for excess errors)
UNRESOLVED: gcc.c-torture/execute/loop-12.c -O3 -fomit-frame-pointer -funroll-loops -fpeel-loops -ftracer -finline-functions compilation failed to produce executable
FAIL: gcc.c-torture/execute/loop-12.c -O3 -g (test for excess errors)
UNRESOLVED: gcc.c-torture/execute/loop-12.c -O3 -g compilation failed to produce executable
FAIL: gcc.c-torture/execute/loop-12.c -Os (test for excess errors)
UNRESOLVED: gcc.c-torture/execute/loop-12.c -Os compilation failed to produce executable
FAIL: gcc.dg/sms-4.c scan-rtl-dump-times sms "SMS succeeded" 1
XPASS: gcc.dg/guality/example.c -O0 execution test
XPASS: gcc.dg/guality/example.c -O1 execution test
XPASS: gcc.dg/guality/guality.c -O0 execution test
XPASS: gcc.dg/guality/guality.c -O1 execution test
XPASS: gcc.dg/guality/guality.c -O2 execution test
XPASS: gcc.dg/guality/guality.c -O2 -flto -fno-use-linker-plugin -flto-partition=none execution test
XPASS: gcc.dg/guality/guality.c -O2 -flto -fuse-linker-plugin -fno-fat-lto-objects execution test
XPASS: gcc.dg/guality/guality.c -O3 -g execution test
XPASS: gcc.dg/guality/guality.c -Os execution test
XPASS: gcc.dg/guality/inline-params.c -O2 execution test
XPASS: gcc.dg/guality/inline-params.c -O2 -flto -fno-use-linker-plugin -flto-partition=none execution test
XPASS: gcc.dg/guality/inline-params.c -O3 -g execution test
XPASS: gcc.dg/guality/inline-params.c -Os execution test
FAIL: gcc.dg/guality/nrv-1.c -O2 -flto -fuse-linker-plugin -fno-fat-lto-objects line 20 a2.i[0] == 42
FAIL: gcc.dg/guality/pr36728-1.c -O2 line 16 y == 2
FAIL: gcc.dg/guality/pr36728-1.c -O2 line 18 y == 2
FAIL: gcc.dg/guality/pr36728-1.c -O2 -flto -fno-use-linker-plugin -flto-partition=none line 16 y == 2
FAIL: gcc.dg/guality/pr36728-1.c -O2 -flto -fno-use-linker-plugin -flto-partition=none line 18 y == 2
FAIL: gcc.dg/guality/pr36728-1.c -O2 -flto -fuse-linker-plugin -fno-fat-lto-objects line 16 y == 2
FAIL: gcc.dg/guality/pr36728-1.c -O3 -g line 16 y == 2
FAIL: gcc.dg/guality/pr36728-1.c -O3 -g line 18 *x == (char) 25
FAIL: gcc.dg/guality/pr36728-1.c -O3 -g line 18 y == 2
FAIL: gcc.dg/guality/pr36728-2.c -O2 line 16 y == 2
FAIL: gcc.dg/guality/pr36728-2.c -O2 line 18 *x == (char) 25
FAIL: gcc.dg/guality/pr36728-2.c -O2 -flto -fno-use-linker-plugin -flto-partition=none line 16 y == 2
FAIL: gcc.dg/guality/pr36728-2.c -O2 -flto -fno-use-linker-plugin -flto-partition=none line 18 *x == (char) 25
FAIL: gcc.dg/guality/pr36728-2.c -O2 -flto -fuse-linker-plugin -fno-fat-lto-objects line 16 arg1 == 1
FAIL: gcc.dg/guality/pr36728-2.c -O2 -flto -fuse-linker-plugin -fno-fat-lto-objects line 16 arg2 == 2
FAIL: gcc.dg/guality/pr36728-2.c -O2 -flto -fuse-linker-plugin -fno-fat-lto-objects line 16 arg3 == 3
FAIL: gcc.dg/guality/pr36728-2.c -O2 -flto -fuse-linker-plugin -fno-fat-lto-objects line 16 arg4 == 4
FAIL: gcc.dg/guality/pr36728-2.c -O2 -flto -fuse-linker-plugin -fno-fat-lto-objects line 16 arg5 == 5
FAIL: gcc.dg/guality/pr36728-2.c -O2 -flto -fuse-linker-plugin -fno-fat-lto-objects line 16 arg6 == 6
FAIL: gcc.dg/guality/pr36728-2.c -O2 -flto -fuse-linker-plugin -fno-fat-lto-objects line 16 arg7 == 30
FAIL: gcc.dg/guality/pr36728-2.c -O2 -flto -fuse-linker-plugin -fno-fat-lto-objects line 18 arg1 == 1
FAIL: gcc.dg/guality/pr36728-2.c -O2 -flto -fuse-linker-plugin -fno-fat-lto-objects line 18 arg2 == 2
FAIL: gcc.dg/guality/pr36728-2.c -O2 -flto -fuse-linker-plugin -fno-fat-lto-objects line 18 arg3 == 3
FAIL: gcc.dg/guality/pr36728-2.c -O2 -flto -fuse-linker-plugin -fno-fat-lto-objects line 18 arg4 == 4
FAIL: gcc.dg/guality/pr36728-2.c -O2 -flto -fuse-linker-plugin -fno-fat-lto-objects line 18 arg5 == 5
FAIL: gcc.dg/guality/pr36728-2.c -O2 -flto -fuse-linker-plugin -fno-fat-lto-objects line 18 arg6 == 6
FAIL: gcc.dg/guality/pr36728-2.c -O2 -flto -fuse-linker-plugin -fno-fat-lto-objects line 18 arg7 == 30
FAIL: gcc.dg/guality/pr36728-2.c -O3 -g line 16 arg1 == 1
FAIL: gcc.dg/guality/pr36728-2.c -O3 -g line 16 arg2 == 2
FAIL: gcc.dg/guality/pr36728-2.c -O3 -g line 16 arg3 == 3
FAIL: gcc.dg/guality/pr36728-2.c -O3 -g line 16 arg4 == 4
FAIL: gcc.dg/guality/pr36728-2.c -O3 -g line 16 arg5 == 5
FAIL: gcc.dg/guality/pr36728-2.c -O3 -g line 16 arg6 == 6
FAIL: gcc.dg/guality/pr36728-2.c -O3 -g line 16 arg7 == 30
FAIL: gcc.dg/guality/pr36728-2.c -O3 -g line 16 y == 2
FAIL: gcc.dg/guality/pr36728-2.c -O3 -g line 18 *x == (char) 25
FAIL: gcc.dg/guality/pr36728-2.c -O3 -g line 18 arg1 == 1
FAIL: gcc.dg/guality/pr36728-2.c -O3 -g line 18 arg2 == 2
FAIL: gcc.dg/guality/pr36728-2.c -O3 -g line 18 arg3 == 3
FAIL: gcc.dg/guality/pr36728-2.c -O3 -g line 18 arg4 == 4
FAIL: gcc.dg/guality/pr36728-2.c -O3 -g line 18 arg5 == 5
FAIL: gcc.dg/guality/pr36728-2.c -O3 -g line 18 arg6 == 6
FAIL: gcc.dg/guality/pr36728-2.c -O3 -g line 18 arg7 == 30
XPASS: gcc.dg/guality/pr41353-1.c -O0 line 28 j == 28 + 37
FAIL: gcc.dg/guality/pr41353-1.c -O1 line 28 i == 37
FAIL: gcc.dg/guality/pr41353-1.c -O1 line 28 i1 == 2 * 37
FAIL: gcc.dg/guality/pr41353-1.c -O1 line 28 i2 == 3 * 37
XPASS: gcc.dg/guality/pr41353-1.c -O1 line 28 j == 28 + 37
FAIL: gcc.dg/guality/pr41353-1.c -O2 line 28 i == 37
FAIL: gcc.dg/guality/pr41353-1.c -O2 line 28 i1 == 2 * 37
FAIL: gcc.dg/guality/pr41353-1.c -O2 line 28 i2 == 3 * 37
XPASS: gcc.dg/guality/pr41353-1.c -O2 line 28 j == 28 + 37
FAIL: gcc.dg/guality/pr41353-1.c -O2 -flto -fno-use-linker-plugin -flto-partition=none line 28 i == 37
FAIL: gcc.dg/guality/pr41353-1.c -O2 -flto -fno-use-linker-plugin -flto-partition=none line 28 i1 == 2 * 37
FAIL: gcc.dg/guality/pr41353-1.c -O2 -flto -fno-use-linker-plugin -flto-partition=none line 28 i2 == 3 * 37
XPASS: gcc.dg/guality/pr41353-1.c -O2 -flto -fno-use-linker-plugin -flto-partition=none line 28 j == 28 + 37
FAIL: gcc.dg/guality/pr41353-1.c -O2 -flto -fuse-linker-plugin -fno-fat-lto-objects line 28 i == 37
FAIL: gcc.dg/guality/pr41353-1.c -O2 -flto -fuse-linker-plugin -fno-fat-lto-objects line 28 i1 == 2 * 37
FAIL: gcc.dg/guality/pr41353-1.c -O2 -flto -fuse-linker-plugin -fno-fat-lto-objects line 28 i2 == 3 * 37
XPASS: gcc.dg/guality/pr41353-1.c -O2 -flto -fuse-linker-plugin -fno-fat-lto-objects line 28 j == 28 + 37
FAIL: gcc.dg/guality/pr41353-1.c -O3 -g line 28 i == 37
FAIL: gcc.dg/guality/pr41353-1.c -O3 -g line 28 i1 == 2 * 37
FAIL: gcc.dg/guality/pr41353-1.c -O3 -g line 28 i2 == 3 * 37
XPASS: gcc.dg/guality/pr41353-1.c -O3 -g line 28 j == 28 + 37
FAIL: gcc.dg/guality/pr41353-1.c -Os line 28 i == 37
FAIL: gcc.dg/guality/pr41353-1.c -Os line 28 i1 == 2 * 37
FAIL: gcc.dg/guality/pr41353-1.c -Os line 28 i2 == 3 * 37
XPASS: gcc.dg/guality/pr41353-1.c -Os line 28 j == 28 + 37
FAIL: gcc.dg/guality/pr41616-1.c -O2 -flto -fuse-linker-plugin -fno-fat-lto-objects execution test
FAIL: gcc.dg/guality/pr43051-1.c -O1 line 40 v == 1
FAIL: gcc.dg/guality/pr43051-1.c -O2 line 35 v == 1
FAIL: gcc.dg/guality/pr43051-1.c -O2 line 40 v == 1
FAIL: gcc.dg/guality/pr43051-1.c -O2 -flto -fno-use-linker-plugin -flto-partition=none line 35 v == 1
FAIL: gcc.dg/guality/pr43051-1.c -O2 -flto -fno-use-linker-plugin -flto-partition=none line 40 v == 1
FAIL: gcc.dg/guality/pr43051-1.c -O2 -flto -fuse-linker-plugin -fno-fat-lto-objects line 35 v == 1
FAIL: gcc.dg/guality/pr43051-1.c -O2 -flto -fuse-linker-plugin -fno-fat-lto-objects line 40 v == 1
FAIL: gcc.dg/guality/pr43051-1.c -O3 -fomit-frame-pointer -funroll-loops -fpeel-loops -ftracer -finline-functions line 35 v == 1
FAIL: gcc.dg/guality/pr43051-1.c -O3 -fomit-frame-pointer -funroll-loops -fpeel-loops -ftracer -finline-functions line 40 v == 1
FAIL: gcc.dg/guality/pr43051-1.c -O3 -g line 35 v == 1
FAIL: gcc.dg/guality/pr43051-1.c -O3 -g line 40 v == 1
FAIL: gcc.dg/guality/pr43051-1.c -Os line 40 v == 1
FAIL: gcc.dg/guality/pr45882.c -O2 -flto -fuse-linker-plugin -fno-fat-lto-objects line 16 d == 112
FAIL: gcc.dg/guality/pr45882.c -O2 -flto -fuse-linker-plugin -fno-fat-lto-objects line 16 e == 142
FAIL: gcc.dg/guality/pr54200.c -O1 line 20 z == 3
FAIL: gcc.dg/guality/pr54200.c -O2 line 20 z == 3
FAIL: gcc.dg/guality/pr54200.c -O2 -flto -fno-use-linker-plugin -flto-partition=none line 20 z == 3
FAIL: gcc.dg/guality/pr54200.c -O3 -g line 20 z == 3
FAIL: gcc.dg/guality/pr54200.c -Os line 20 z == 3
FAIL: gcc.dg/guality/pr54519-1.c -O1 line 20 x == 36
FAIL: gcc.dg/guality/pr54519-1.c -O1 line 20 y == 25
FAIL: gcc.dg/guality/pr54519-1.c -O1 line 23 x == 98
FAIL: gcc.dg/guality/pr54519-1.c -O1 line 23 y == 117
FAIL: gcc.dg/guality/pr54519-1.c -O2 line 20 x == 36
FAIL: gcc.dg/guality/pr54519-1.c -O2 line 23 x == 98
FAIL: gcc.dg/guality/pr54519-1.c -O2 -flto -fno-use-linker-plugin -flto-partition=none line 20 x == 36
FAIL: gcc.dg/guality/pr54519-1.c -O2 -flto -fno-use-linker-plugin -flto-partition=none line 20 y == 25
FAIL: gcc.dg/guality/pr54519-1.c -O2 -flto -fno-use-linker-plugin -flto-partition=none line 20 z == 6
FAIL: gcc.dg/guality/pr54519-1.c -O2 -flto -fno-use-linker-plugin -flto-partition=none line 23 x == 98
FAIL: gcc.dg/guality/pr54519-1.c -O2 -flto -fno-use-linker-plugin -flto-partition=none line 23 y == 117
FAIL: gcc.dg/guality/pr54519-1.c -O2 -flto -fno-use-linker-plugin -flto-partition=none line 23 z == 8
FAIL: gcc.dg/guality/pr54519-1.c -Os line 20 x == 36
FAIL: gcc.dg/guality/pr54519-1.c -Os line 23 x == 98
FAIL: gcc.dg/guality/pr54519-2.c -O1 line 17 x == 6
FAIL: gcc.dg/guality/pr54519-2.c -O2 -flto -fno-use-linker-plugin -flto-partition=none line 17 y == 25
FAIL: gcc.dg/guality/pr54519-2.c -O2 -flto -fuse-linker-plugin -fno-fat-lto-objects line 17 y == 25
FAIL: gcc.dg/guality/pr54519-3.c -O1 line 20 x == 36
FAIL: gcc.dg/guality/pr54519-3.c -O1 line 20 y == 25
FAIL: gcc.dg/guality/pr54519-3.c -O1 line 20 z == 6
FAIL: gcc.dg/guality/pr54519-3.c -O1 line 23 x == 98
FAIL: gcc.dg/guality/pr54519-3.c -O1 line 23 y == 117
FAIL: gcc.dg/guality/pr54519-3.c -O1 line 23 z == 8
FAIL: gcc.dg/guality/pr54519-3.c -O2 line 20 z == 6
FAIL: gcc.dg/guality/pr54519-3.c -O2 line 23 z == 8
FAIL: gcc.dg/guality/pr54519-3.c -O2 -flto -fno-use-linker-plugin -flto-partition=none line 20 y == 25
FAIL: gcc.dg/guality/pr54519-3.c -O2 -flto -fno-use-linker-plugin -flto-partition=none line 20 z == 6
FAIL: gcc.dg/guality/pr54519-3.c -O2 -flto -fno-use-linker-plugin -flto-partition=none line 23 y == 117
FAIL: gcc.dg/guality/pr54519-3.c -O2 -flto -fno-use-linker-plugin -flto-partition=none line 23 z == 8
FAIL: gcc.dg/guality/pr54519-3.c -O2 -flto -fuse-linker-plugin -fno-fat-lto-objects line 20 y == 25
FAIL: gcc.dg/guality/pr54519-3.c -O2 -flto -fuse-linker-plugin -fno-fat-lto-objects line 20 z == 6
FAIL: gcc.dg/guality/pr54519-3.c -O2 -flto -fuse-linker-plugin -fno-fat-lto-objects line 23 y == 117
FAIL: gcc.dg/guality/pr54519-3.c -O2 -flto -fuse-linker-plugin -fno-fat-lto-objects line 23 z == 8
FAIL: gcc.dg/guality/pr54519-3.c -O3 -g line 20 z == 6
FAIL: gcc.dg/guality/pr54519-3.c -O3 -g line 23 z == 8
FAIL: gcc.dg/guality/pr54519-3.c -Os line 20 z == 6
FAIL: gcc.dg/guality/pr54519-3.c -Os line 23 z == 8
FAIL: gcc.dg/guality/pr54519-4.c -O1 line 17 x == 6
FAIL: gcc.dg/guality/pr54519-4.c -O1 line 17 y == 25
FAIL: gcc.dg/guality/pr54519-4.c -O2 line 17 y == 25
FAIL: gcc.dg/guality/pr54519-4.c -O2 -flto -fno-use-linker-plugin -flto-partition=none line 17 y == 25
FAIL: gcc.dg/guality/pr54519-4.c -O2 -flto -fuse-linker-plugin -fno-fat-lto-objects line 17 y == 25
FAIL: gcc.dg/guality/pr54519-4.c -O3 -g line 17 y == 25
FAIL: gcc.dg/guality/pr54519-4.c -Os line 17 y == 25
FAIL: gcc.dg/guality/pr54519-5.c -O1 line 17 x == 6
FAIL: gcc.dg/guality/pr54519-5.c -O1 line 17 y == 25
FAIL: gcc.dg/guality/pr54519-5.c -O2 line 17 y == 25
FAIL: gcc.dg/guality/pr54519-5.c -O2 -flto -fno-use-linker-plugin -flto-partition=none line 17 y == 25
FAIL: gcc.dg/guality/pr54519-5.c -O2 -flto -fuse-linker-plugin -fno-fat-lto-objects line 17 y == 25
FAIL: gcc.dg/guality/pr54519-5.c -O3 -g line 17 y == 25
FAIL: gcc.dg/guality/pr54519-5.c -Os line 17 y == 25
FAIL: gcc.dg/guality/pr54551.c -O1 line 18 a == 4
FAIL: gcc.dg/guality/pr54551.c -O2 line 18 a == 4
FAIL: gcc.dg/guality/pr54551.c -O2 -flto -fno-use-linker-plugin -flto-partition=none line 18 a == 4
FAIL: gcc.dg/guality/pr54551.c -O3 -g line 18 a == 4
FAIL: gcc.dg/guality/pr54551.c -Os line 18 a == 4
FAIL: gcc.dg/guality/pr54693-2.c -O1 line 21 x == 10 - i
FAIL: gcc.dg/guality/pr54693-2.c -O1 line 21 y == 20 - 2 * i
FAIL: gcc.dg/guality/pr54693-2.c -O2 line 21 x == 10 - i
FAIL: gcc.dg/guality/pr54693-2.c -O2 line 21 y == 20 - 2 * i
FAIL: gcc.dg/guality/pr54693-2.c -O2 line 21 z == 30 - 3 * i
FAIL: gcc.dg/guality/pr54693-2.c -O2 -flto -fno-use-linker-plugin -flto-partition=none line 21 x == 10 - i
FAIL: gcc.dg/guality/pr54693-2.c -O2 -flto -fno-use-linker-plugin -flto-partition=none line 21 y == 20 - 2 * i
FAIL: gcc.dg/guality/pr54693-2.c -O2 -flto -fno-use-linker-plugin -flto-partition=none line 21 z == 30 - 3 * i
FAIL: gcc.dg/guality/pr54693-2.c -O2 -flto -fuse-linker-plugin -fno-fat-lto-objects line 21 y == 20 - 2 * i
FAIL: gcc.dg/guality/pr54693-2.c -O2 -flto -fuse-linker-plugin -fno-fat-lto-objects line 21 z == 30 - 3 * i
FAIL: gcc.dg/guality/pr54693-2.c -O3 -fomit-frame-pointer -funroll-loops -fpeel-loops -ftracer -finline-functions line 21 x == 10 - i
FAIL: gcc.dg/guality/pr54693-2.c -O3 -fomit-frame-pointer -funroll-loops -fpeel-loops -ftracer -finline-functions line 21 y == 20 - 2 * i
FAIL: gcc.dg/guality/pr54693-2.c -O3 -fomit-frame-pointer -funroll-loops -fpeel-loops -ftracer -finline-functions line 21 z == 30 - 3 * i
FAIL: gcc.dg/guality/pr54693-2.c -O3 -g line 21 x == 10 - i
FAIL: gcc.dg/guality/pr54693-2.c -O3 -g line 21 y == 20 - 2 * i
FAIL: gcc.dg/guality/pr54693-2.c -O3 -g line 21 z == 30 - 3 * i
FAIL: gcc.dg/guality/pr54693-2.c -Os line 21 y == 20 - 2 * i
FAIL: gcc.dg/guality/pr54693-2.c -Os line 21 z == 30 - 3 * i
FAIL: gcc.dg/guality/pr54693.c -O1 line 22 i == c - 48
FAIL: gcc.dg/guality/pr54693.c -O2 line 22 i == c - 48
FAIL: gcc.dg/guality/pr54693.c -O2 -flto -fno-use-linker-plugin -flto-partition=none line 22 i == c - 48
FAIL: gcc.dg/guality/pr54693.c -O2 -flto -fuse-linker-plugin -fno-fat-lto-objects line 22 i == c - 48
FAIL: gcc.dg/guality/pr54693.c -O3 -fomit-frame-pointer -funroll-loops -fpeel-loops -ftracer -finline-functions line 22 i == c - 48
FAIL: gcc.dg/guality/pr54693.c -O3 -g line 22 i == c - 48
FAIL: gcc.dg/guality/pr54693.c -Os line 22 i == c - 48
FAIL: gcc.dg/guality/pr58791-2.c -O2 -flto -fno-use-linker-plugin -flto-partition=none line pr58791-2.c:27 d & 1 == 1
FAIL: gcc.dg/guality/pr68860-1.c -O2 -flto -fno-use-linker-plugin -flto-partition=none line 14 arg1 == 1
FAIL: gcc.dg/guality/pr68860-1.c -O2 -flto -fno-use-linker-plugin -flto-partition=none line 14 arg2 == 2
FAIL: gcc.dg/guality/pr68860-1.c -O2 -flto -fno-use-linker-plugin -flto-partition=none line 14 arg3 == 3
FAIL: gcc.dg/guality/pr68860-1.c -O2 -flto -fno-use-linker-plugin -flto-partition=none line 14 arg4 == 4
FAIL: gcc.dg/guality/pr68860-1.c -O2 -flto -fno-use-linker-plugin -flto-partition=none line 14 arg5 == 5
FAIL: gcc.dg/guality/pr68860-1.c -O2 -flto -fno-use-linker-plugin -flto-partition=none line 14 arg6 == 6
FAIL: gcc.dg/guality/pr68860-1.c -O2 -flto -fno-use-linker-plugin -flto-partition=none line 16 arg1 == 1
FAIL: gcc.dg/guality/pr68860-1.c -O2 -flto -fno-use-linker-plugin -flto-partition=none line 16 arg2 == 2
FAIL: gcc.dg/guality/pr68860-1.c -O2 -flto -fno-use-linker-plugin -flto-partition=none line 16 arg3 == 3
FAIL: gcc.dg/guality/pr68860-1.c -O2 -flto -fno-use-linker-plugin -flto-partition=none line 16 arg4 == 4
FAIL: gcc.dg/guality/pr68860-1.c -O2 -flto -fno-use-linker-plugin -flto-partition=none line 16 arg5 == 5
FAIL: gcc.dg/guality/pr68860-1.c -O2 -flto -fno-use-linker-plugin -flto-partition=none line 16 arg6 == 6
FAIL: gcc.dg/guality/pr68860-1.c -O2 -flto -fuse-linker-plugin -fno-fat-lto-objects line 14 arg1 == 1
FAIL: gcc.dg/guality/pr68860-1.c -O2 -flto -fuse-linker-plugin -fno-fat-lto-objects line 14 arg2 == 2
FAIL: gcc.dg/guality/pr68860-1.c -O2 -flto -fuse-linker-plugin -fno-fat-lto-objects line 14 arg3 == 3
FAIL: gcc.dg/guality/pr68860-1.c -O2 -flto -fuse-linker-plugin -fno-fat-lto-objects line 14 arg4 == 4
FAIL: gcc.dg/guality/pr68860-1.c -O2 -flto -fuse-linker-plugin -fno-fat-lto-objects line 14 arg5 == 5
FAIL: gcc.dg/guality/pr68860-1.c -O2 -flto -fuse-linker-plugin -fno-fat-lto-objects line 14 arg6 == 6
FAIL: gcc.dg/guality/pr68860-1.c -O2 -flto -fuse-linker-plugin -fno-fat-lto-objects line 16 arg1 == 1
FAIL: gcc.dg/guality/pr68860-1.c -O2 -flto -fuse-linker-plugin -fno-fat-lto-objects line 16 arg2 == 2
FAIL: gcc.dg/guality/pr68860-1.c -O2 -flto -fuse-linker-plugin -fno-fat-lto-objects line 16 arg3 == 3
FAIL: gcc.dg/guality/pr68860-1.c -O2 -flto -fuse-linker-plugin -fno-fat-lto-objects line 16 arg4 == 4
FAIL: gcc.dg/guality/pr68860-1.c -O2 -flto -fuse-linker-plugin -fno-fat-lto-objects line 16 arg5 == 5
FAIL: gcc.dg/guality/pr68860-1.c -O2 -flto -fuse-linker-plugin -fno-fat-lto-objects line 16 arg6 == 6
FAIL: gcc.dg/guality/sra-1.c -O1 line 43 a.j == 14
FAIL: gcc.dg/guality/sra-1.c -Os line 43 a.j == 14
FAIL: gcc.dg/guality/vla-1.c -O1 line 17 sizeof (a) == 6
FAIL: gcc.dg/guality/vla-1.c -O2 line 17 sizeof (a) == 6
FAIL: gcc.dg/guality/vla-1.c -O2 -flto -fno-use-linker-plugin -flto-partition=none line 17 sizeof (a) == 6
FAIL: gcc.dg/guality/vla-1.c -O2 -flto -fuse-linker-plugin -fno-fat-lto-objects line 17 sizeof (a) == 6
FAIL: gcc.dg/guality/vla-1.c -O3 -g line 17 sizeof (a) == 6
FAIL: gcc.dg/guality/vla-1.c -Os line 17 sizeof (a) == 6
FAIL: gcc.dg/ipa/iinline-attr.c scan-ipa-dump inline "hooray[^\\\\n]*inline copy in test"
XPASS: gcc.dg/tree-ssa/ssa-dom-cse-2.c scan-tree-dump optimized "return 28;"
FAIL: gcc.dg/vect/bb-slp-pr65935.c -flto -ffat-lto-objects scan-tree-dump-times slp1 "basic block vectorized" 1
FAIL: gcc.dg/vect/bb-slp-pr65935.c scan-tree-dump-times slp1 "basic block vectorized" 1
FAIL: gcc.dg/vect/bb-slp-subgroups-1.c -flto -ffat-lto-objects scan-tree-dump-times slp2 "Basic block will be vectorized using SLP" 1
FAIL: gcc.dg/vect/bb-slp-subgroups-1.c -flto -ffat-lto-objects scan-tree-dump-times slp2 "basic block vectorized" 1
FAIL: gcc.dg/vect/bb-slp-subgroups-1.c scan-tree-dump-times slp2 "Basic block will be vectorized using SLP" 1
FAIL: gcc.dg/vect/bb-slp-subgroups-1.c scan-tree-dump-times slp2 "basic block vectorized" 1
FAIL: gcc.dg/vect/bb-slp-subgroups-2.c -flto -ffat-lto-objects scan-tree-dump-times slp2 "Basic block will be vectorized using SLP" 1
FAIL: gcc.dg/vect/bb-slp-subgroups-2.c -flto -ffat-lto-objects scan-tree-dump-times slp2 "basic block vectorized" 1
FAIL: gcc.dg/vect/bb-slp-subgroups-2.c scan-tree-dump-times slp2 "Basic block will be vectorized using SLP" 1
FAIL: gcc.dg/vect/bb-slp-subgroups-2.c scan-tree-dump-times slp2 "basic block vectorized" 1
FAIL: gcc.dg/vect/bb-slp-subgroups-3.c -flto -ffat-lto-objects scan-tree-dump-times slp2 "Basic block will be vectorized using SLP" 1
FAIL: gcc.dg/vect/bb-slp-subgroups-3.c -flto -ffat-lto-objects scan-tree-dump-times slp2 "basic block vectorized" 1
FAIL: gcc.dg/vect/bb-slp-subgroups-3.c scan-tree-dump-times slp2 "Basic block will be vectorized using SLP" 1
FAIL: gcc.dg/vect/bb-slp-subgroups-3.c scan-tree-dump-times slp2 "basic block vectorized" 1
FAIL: gcc.dg/vect/no-tree-sra-bb-slp-pr50730.c scan-tree-dump-times slp2 "basic block vectorized" 1
FAIL: gcc.dg/vect/no-vfa-vect-depend-2.c scan-tree-dump-times vect "vectorized 1 loops" 1
FAIL: gcc.dg/vect/no-vfa-vect-depend-3.c scan-tree-dump-times vect "vectorized 1 loops" 4
FAIL: gcc.dg/vect/pr46032.c -flto -ffat-lto-objects scan-tree-dump-times vect "note: vectorized 1 loop" 1
FAIL: gcc.dg/vect/pr46032.c scan-tree-dump-times vect "note: vectorized 1 loop" 1
FAIL: gcc.dg/vect/pr62171.c -flto -ffat-lto-objects scan-tree-dump-not vect "versioned"
FAIL: gcc.dg/vect/pr62171.c scan-tree-dump-not vect "versioned"
FAIL: gcc.dg/vect/slp-43.c -flto -ffat-lto-objects scan-tree-dump-times vect "vectorized 1 loops" 2
FAIL: gcc.dg/vect/slp-43.c scan-tree-dump-times vect "vectorized 1 loops" 2
FAIL: gcc.dg/vect/vect-117.c -flto -ffat-lto-objects scan-tree-dump-times vect "vectorized 1 loops" 1
FAIL: gcc.dg/vect/vect-117.c scan-tree-dump-times vect "vectorized 1 loops" 1
XPASS: gcc.dg/vect/vect-24.c -flto -ffat-lto-objects scan-tree-dump-times vect "vectorized 3 loops" 1
XPASS: gcc.dg/vect/vect-24.c scan-tree-dump-times vect "vectorized 3 loops" 1
FAIL: gcc.dg/vect/vect-31.c -flto -ffat-lto-objects scan-tree-dump-times vect "vectorized 4 loops" 1
FAIL: gcc.dg/vect/vect-31.c scan-tree-dump-times vect "vectorized 4 loops" 1
FAIL: gcc.dg/vect/vect-strided-a-u8-i2-gap.c -flto -ffat-lto-objects scan-tree-dump-times vect "vectorized 1 loops" 1
FAIL: gcc.dg/vect/vect-strided-a-u8-i2-gap.c scan-tree-dump-times vect "vectorized 1 loops" 1
UNRESOLVED: gcc.target/powerpc/altivec-consts.c scan-assembler-not lvx
FAIL: gcc.target/powerpc/pr58673-2.c (test for excess errors)
FAIL: gcc.target/powerpc/vec-cmpne-long.c execution test
=== gcc Summary ===
# of expected passes 113851
# of unexpected failures 551
# of unexpected successes 23
# of expected failures 342
# of unresolved testcases 315
# of unsupported tests 2497
/home/gccbuild/build/nightly/build-gcc-7/gcc/xgcc version 7.3.1 20180809 [gcc-7-branch revision 263449] (GCC)
=== gfortran tests ===
Running target unix
FAIL: gfortran.dg/defined_assignment_3.f90 -O3 -fomit-frame-pointer -funroll-loops -fpeel-loops -ftracer -finline-functions execution test
FAIL: gfortran.dg/defined_assignment_3.f90 -O3 -g (test for excess errors)
UNRESOLVED: gfortran.dg/defined_assignment_3.f90 -O3 -g compilation failed to produce executable
FAIL: gfortran.dg/defined_assignment_3.f90 -Os (test for excess errors)
UNRESOLVED: gfortran.dg/defined_assignment_3.f90 -Os compilation failed to produce executable
FAIL: gfortran.dg/defined_assignment_4.f90 -O0 (test for excess errors)
UNRESOLVED: gfortran.dg/defined_assignment_4.f90 -O0 compilation failed to produce executable
FAIL: gfortran.dg/defined_assignment_4.f90 -O1 (test for excess errors)
UNRESOLVED: gfortran.dg/defined_assignment_4.f90 -O1 compilation failed to produce executable
FAIL: gfortran.dg/defined_assignment_4.f90 -O2 (test for excess errors)
UNRESOLVED: gfortran.dg/defined_assignment_4.f90 -O2 compilation failed to produce executable
FAIL: gfortran.dg/defined_assignment_4.f90 -O3 -fomit-frame-pointer -funroll-loops -fpeel-loops -ftracer -finline-functions (test for excess errors)
UNRESOLVED: gfortran.dg/defined_assignment_4.f90 -O3 -fomit-frame-pointer -funroll-loops -fpeel-loops -ftracer -finline-functions compilation failed to produce executable
FAIL: gfortran.dg/defined_assignment_4.f90 -O3 -g (test for excess errors)
UNRESOLVED: gfortran.dg/defined_assignment_4.f90 -O3 -g compilation failed to produce executable
FAIL: gfortran.dg/defined_assignment_4.f90 -Os (test for excess errors)
UNRESOLVED: gfortran.dg/defined_assignment_4.f90 -Os compilation failed to produce executable
FAIL: gfortran.dg/direct_io_6.f90 -O0 execution test
FAIL: gfortran.dg/direct_io_6.f90 -O1 (test for excess errors)
UNRESOLVED: gfortran.dg/direct_io_6.f90 -O1 compilation failed to produce executable
FAIL: gfortran.dg/direct_io_6.f90 -O2 (test for excess errors)
UNRESOLVED: gfortran.dg/direct_io_6.f90 -O2 compilation failed to produce executable
FAIL: gfortran.dg/direct_io_6.f90 -O3 -fomit-frame-pointer -funroll-loops -fpeel-loops -ftracer -finline-functions (test for excess errors)
UNRESOLVED: gfortran.dg/direct_io_6.f90 -O3 -fomit-frame-pointer -funroll-loops -fpeel-loops -ftracer -finline-functions compilation failed to produce executable
FAIL: gfortran.dg/direct_io_6.f90 -O3 -g (test for excess errors)
UNRESOLVED: gfortran.dg/direct_io_6.f90 -O3 -g compilation failed to produce executable
FAIL: gfortran.dg/direct_io_6.f90 -Os (test for excess errors)
UNRESOLVED: gfortran.dg/direct_io_6.f90 -Os compilation failed to produce executable
FAIL: gfortran.dg/direct_io_7.f90 -O0 (test for excess errors)
UNRESOLVED: gfortran.dg/direct_io_7.f90 -O0 compilation failed to produce executable
FAIL: gfortran.dg/direct_io_7.f90 -O1 (test for excess errors)
UNRESOLVED: gfortran.dg/direct_io_7.f90 -O1 compilation failed to produce executable
FAIL: gfortran.dg/direct_io_7.f90 -O2 (test for excess errors)
UNRESOLVED: gfortran.dg/direct_io_7.f90 -O2 compilation failed to produce executable
FAIL: gfortran.dg/direct_io_7.f90 -O3 -fomit-frame-pointer -funroll-loops -fpeel-loops -ftracer -finline-functions (test for excess errors)
UNRESOLVED: gfortran.dg/direct_io_7.f90 -O3 -fomit-frame-pointer -funroll-loops -fpeel-loops -ftracer -finline-functions compilation failed to produce executable
FAIL: gfortran.dg/direct_io_7.f90 -O3 -g (test for excess errors)
UNRESOLVED: gfortran.dg/direct_io_7.f90 -O3 -g compilation failed to produce executable
FAIL: gfortran.dg/direct_io_7.f90 -Os (test for excess errors)
UNRESOLVED: gfortran.dg/direct_io_7.f90 -Os compilation failed to produce executable
FAIL: gfortran.dg/direct_io_8.f90 -O0 (test for excess errors)
UNRESOLVED: gfortran.dg/direct_io_8.f90 -O0 compilation failed to produce executable
FAIL: gfortran.dg/direct_io_8.f90 -O1 (test for excess errors)
UNRESOLVED: gfortran.dg/direct_io_8.f90 -O1 compilation failed to produce executable
FAIL: gfortran.dg/direct_io_8.f90 -O2 (test for excess errors)
UNRESOLVED: gfortran.dg/direct_io_8.f90 -O2 compilation failed to produce executable
FAIL: gfortran.dg/direct_io_8.f90 -O3 -fomit-frame-pointer -funroll-loops -fpeel-loops -ftracer -finline-functions (test for excess errors)
UNRESOLVED: gfortran.dg/direct_io_8.f90 -O3 -fomit-frame-pointer -funroll-loops -fpeel-loops -ftracer -finline-functions compilation failed to produce executable
FAIL: gfortran.dg/direct_io_8.f90 -O3 -g (test for excess errors)
UNRESOLVED: gfortran.dg/direct_io_8.f90 -O3 -g compilation failed to produce executable
FAIL: gfortran.dg/direct_io_8.f90 -Os (test for excess errors)
UNRESOLVED: gfortran.dg/direct_io_8.f90 -Os compilation failed to produce executable
FAIL: gfortran.dg/direct_io_9.f -O0 (test for excess errors)
UNRESOLVED: gfortran.dg/direct_io_9.f -O0 compilation failed to produce executable
FAIL: gfortran.dg/direct_io_9.f -O1 (test for excess errors)
UNRESOLVED: gfortran.dg/direct_io_9.f -O1 compilation failed to produce executable
FAIL: gfortran.dg/direct_io_9.f -O2 (test for excess errors)
UNRESOLVED: gfortran.dg/direct_io_9.f -O2 compilation failed to produce executable
FAIL: gfortran.dg/direct_io_9.f -O3 -fomit-frame-pointer -funroll-loops -fpeel-loops -ftracer -finline-functions (test for excess errors)
UNRESOLVED: gfortran.dg/direct_io_9.f -O3 -fomit-frame-pointer -funroll-loops -fpeel-loops -ftracer -finline-functions compilation failed to produce executable
FAIL: gfortran.dg/direct_io_9.f -O3 -g (test for excess errors)
UNRESOLVED: gfortran.dg/direct_io_9.f -O3 -g compilation failed to produce executable
FAIL: gfortran.dg/direct_io_9.f -Os (test for excess errors)
UNRESOLVED: gfortran.dg/direct_io_9.f -Os compilation failed to produce executable
FAIL: gfortran.dg/do_check_2.f90 -O2 output pattern test
FAIL: gfortran.dg/do_check_2.f90 -O3 -fomit-frame-pointer -funroll-loops -fpeel-loops -ftracer -finline-functions (test for excess errors)
UNRESOLVED: gfortran.dg/do_check_2.f90 -O3 -fomit-frame-pointer -funroll-loops -fpeel-loops -ftracer -finline-functions compilation failed to produce executable
FAIL: gfortran.dg/do_check_2.f90 -O3 -g (test for excess errors)
UNRESOLVED: gfortran.dg/do_check_2.f90 -O3 -g compilation failed to produce executable
FAIL: gfortran.dg/do_check_2.f90 -Os (test for excess errors)
UNRESOLVED: gfortran.dg/do_check_2.f90 -Os compilation failed to produce executable
FAIL: gfortran.dg/dynamic_dispatch_12.f90 -O1 execution test
FAIL: gfortran.dg/dynamic_dispatch_12.f90 -O2 (test for excess errors)
UNRESOLVED: gfortran.dg/dynamic_dispatch_12.f90 -O2 compilation failed to produce executable
FAIL: gfortran.dg/dynamic_dispatch_12.f90 -O3 -fomit-frame-pointer -funroll-loops -fpeel-loops -ftracer -finline-functions (test for excess errors)
UNRESOLVED: gfortran.dg/dynamic_dispatch_12.f90 -O3 -fomit-frame-pointer -funroll-loops -fpeel-loops -ftracer -finline-functions compilation failed to produce executable
FAIL: gfortran.dg/dynamic_dispatch_12.f90 -O3 -g (test for excess errors)
UNRESOLVED: gfortran.dg/dynamic_dispatch_12.f90 -O3 -g compilation failed to produce executable
FAIL: gfortran.dg/dynamic_dispatch_12.f90 -Os (test for excess errors)
UNRESOLVED: gfortran.dg/dynamic_dispatch_12.f90 -Os compilation failed to produce executable
FAIL: gfortran.dg/dynamic_dispatch_2.f03 -O0 (test for excess errors)
UNRESOLVED: gfortran.dg/dynamic_dispatch_2.f03 -O0 compilation failed to produce executable
FAIL: gfortran.dg/dynamic_dispatch_2.f03 -O1 (test for excess errors)
UNRESOLVED: gfortran.dg/dynamic_dispatch_2.f03 -O1 compilation failed to produce executable
FAIL: gfortran.dg/dynamic_dispatch_2.f03 -O2 (test for excess errors)
UNRESOLVED: gfortran.dg/dynamic_dispatch_2.f03 -O2 compilation failed to produce executable
FAIL: gfortran.dg/dynamic_dispatch_2.f03 -O3 -fomit-frame-pointer -funroll-loops -fpeel-loops -ftracer -finline-functions (test for excess errors)
UNRESOLVED: gfortran.dg/dynamic_dispatch_2.f03 -O3 -fomit-frame-pointer -funroll-loops -fpeel-loops -ftracer -finline-functions compilation failed to produce executable
FAIL: gfortran.dg/dynamic_dispatch_2.f03 -O3 -g (test for excess errors)
UNRESOLVED: gfortran.dg/dynamic_dispatch_2.f03 -O3 -g compilation failed to produce executable
FAIL: gfortran.dg/dynamic_dispatch_2.f03 -Os (test for excess errors)
UNRESOLVED: gfortran.dg/dynamic_dispatch_2.f03 -Os compilation failed to produce executable
FAIL: gfortran.dg/dynamic_dispatch_3.f03 -O0 (test for excess errors)
UNRESOLVED: gfortran.dg/dynamic_dispatch_3.f03 -O0 compilation failed to produce executable
FAIL: gfortran.dg/dynamic_dispatch_3.f03 -O1 (test for excess errors)
UNRESOLVED: gfortran.dg/dynamic_dispatch_3.f03 -O1 compilation failed to produce executable
FAIL: gfortran.dg/dynamic_dispatch_3.f03 -O2 (test for excess errors)
UNRESOLVED: gfortran.dg/dynamic_dispatch_3.f03 -O2 compilation failed to produce executable
FAIL: gfortran.dg/dynamic_dispatch_3.f03 -O3 -fomit-frame-pointer -funroll-loops -fpeel-loops -ftracer -finline-functions (test for excess errors)
UNRESOLVED: gfortran.dg/dynamic_dispatch_3.f03 -O3 -fomit-frame-pointer -funroll-loops -fpeel-loops -ftracer -finline-functions compilation failed to produce executable
FAIL: gfortran.dg/dynamic_dispatch_3.f03 -O3 -g (test for excess errors)
UNRESOLVED: gfortran.dg/dynamic_dispatch_3.f03 -O3 -g compilation failed to produce executable
FAIL: gfortran.dg/dynamic_dispatch_3.f03 -Os (test for excess errors)
UNRESOLVED: gfortran.dg/dynamic_dispatch_3.f03 -Os compilation failed to produce executable
FAIL: gfortran.dg/dynamic_dispatch_4.f03 -O0 (test for excess errors)
UNRESOLVED: gfortran.dg/dynamic_dispatch_4.f03 -O0 compilation failed to produce executable
FAIL: gfortran.dg/dynamic_dispatch_4.f03 -O1 (test for excess errors)
UNRESOLVED: gfortran.dg/dynamic_dispatch_4.f03 -O1 compilation failed to produce executable
FAIL: gfortran.dg/dynamic_dispatch_4.f03 -O2 (test for excess errors)
UNRESOLVED: gfortran.dg/dynamic_dispatch_4.f03 -O2 compilation failed to produce executable
FAIL: gfortran.dg/dynamic_dispatch_4.f03 -O3 -fomit-frame-pointer -funroll-loops -fpeel-loops -ftracer -finline-functions (test for excess errors)
UNRESOLVED: gfortran.dg/dynamic_dispatch_4.f03 -O3 -fomit-frame-pointer -funroll-loops -fpeel-loops -ftracer -finline-functions compilation failed to produce executable
FAIL: gfortran.dg/dynamic_dispatch_4.f03 -O3 -g (test for excess errors)
UNRESOLVED: gfortran.dg/dynamic_dispatch_4.f03 -O3 -g compilation failed to produce executable
FAIL: gfortran.dg/dynamic_dispatch_4.f03 -Os (test for excess errors)
UNRESOLVED: gfortran.dg/dynamic_dispatch_4.f03 -Os compilation failed to produce executable
FAIL: gfortran.dg/dynamic_dispatch_5.f03 -O0 (test for excess errors)
UNRESOLVED: gfortran.dg/dynamic_dispatch_5.f03 -O0 compilation failed to produce executable
FAIL: gfortran.dg/dynamic_dispatch_5.f03 -O1 (test for excess errors)
UNRESOLVED: gfortran.dg/dynamic_dispatch_5.f03 -O1 compilation failed to produce executable
FAIL: gfortran.dg/dynamic_dispatch_5.f03 -O2 (test for excess errors)
UNRESOLVED: gfortran.dg/dynamic_dispatch_5.f03 -O2 compilation failed to produce executable
FAIL: gfortran.dg/dynamic_dispatch_5.f03 -O3 -fomit-frame-pointer -funroll-loops -fpeel-loops -ftracer -finline-functions (test for excess errors)
UNRESOLVED: gfortran.dg/dynamic_dispatch_5.f03 -O3 -fomit-frame-pointer -funroll-loops -fpeel-loops -ftracer -finline-functions compilation failed to produce executable
FAIL: gfortran.dg/dynamic_dispatch_5.f03 -O3 -g (test for excess errors)
UNRESOLVED: gfortran.dg/dynamic_dispatch_5.f03 -O3 -g compilation failed to produce executable
FAIL: gfortran.dg/dynamic_dispatch_5.f03 -Os (test for excess errors)
UNRESOLVED: gfortran.dg/dynamic_dispatch_5.f03 -Os compilation failed to produce executable
FAIL: gfortran.dg/dynamic_dispatch_6.f03 -O0 (test for excess errors)
UNRESOLVED: gfortran.dg/dynamic_dispatch_6.f03 -O0 compilation failed to produce executable
FAIL: gfortran.dg/dynamic_dispatch_6.f03 -O1 (test for excess errors)
UNRESOLVED: gfortran.dg/dynamic_dispatch_6.f03 -O1 compilation failed to produce executable
FAIL: gfortran.dg/dynamic_dispatch_6.f03 -O2 (test for excess errors)
UNRESOLVED: gfortran.dg/dynamic_dispatch_6.f03 -O2 compilation failed to produce executable
FAIL: gfortran.dg/dynamic_dispatch_6.f03 -O3 -fomit-frame-pointer -funroll-loops -fpeel-loops -ftracer -finline-functions (test for excess errors)
UNRESOLVED: gfortran.dg/dynamic_dispatch_6.f03 -O3 -fomit-frame-pointer -funroll-loops -fpeel-loops -ftracer -finline-functions compilation failed to produce executable
FAIL: gfortran.dg/dynamic_dispatch_6.f03 -O3 -g (test for excess errors)
UNRESOLVED: gfortran.dg/dynamic_dispatch_6.f03 -O3 -g compilation failed to produce executable
FAIL: gfortran.dg/dynamic_dispatch_6.f03 -Os (test for excess errors)
UNRESOLVED: gfortran.dg/dynamic_dispatch_6.f03 -Os compilation failed to produce executable
FAIL: gfortran.dg/dynamic_dispatch_7.f03 -O0 (test for excess errors)
UNRESOLVED: gfortran.dg/dynamic_dispatch_7.f03 -O0 compilation failed to produce executable
FAIL: gfortran.dg/entry_6.f90 -O2 execution test
FAIL: gfortran.dg/entry_6.f90 -O3 -fomit-frame-pointer -funroll-loops -fpeel-loops -ftracer -finline-functions (test for excess errors)
UNRESOLVED: gfortran.dg/entry_6.f90 -O3 -fomit-frame-pointer -funroll-loops -fpeel-loops -ftracer -finline-functions compilation failed to produce executable
FAIL: gfortran.dg/entry_6.f90 -O3 -g (test for excess errors)
UNRESOLVED: gfortran.dg/entry_6.f90 -O3 -g compilation failed to produce executable
FAIL: gfortran.dg/entry_6.f90 -Os (test for excess errors)
UNRESOLVED: gfortran.dg/entry_6.f90 -Os compilation failed to produce executable
FAIL: gfortran.dg/entry_7.f90 -O (test for errors, line 14)
FAIL: gfortran.dg/entry_7.f90 -O (test for errors, line 18)
FAIL: gfortran.dg/entry_7.f90 -O (test for excess errors)
FAIL: gfortran.dg/eof_1.f90 -O3 -fomit-frame-pointer -funroll-loops -fpeel-loops -ftracer -finline-functions execution test
FAIL: gfortran.dg/eof_1.f90 -O3 -g (test for excess errors)
UNRESOLVED: gfortran.dg/eof_1.f90 -O3 -g compilation failed to produce executable
FAIL: gfortran.dg/eof_1.f90 -Os (test for excess errors)
UNRESOLVED: gfortran.dg/eof_1.f90 -Os compilation failed to produce executable
FAIL: gfortran.dg/eof_2.f90 -O0 (test for excess errors)
UNRESOLVED: gfortran.dg/eof_2.f90 -O0 compilation failed to produce executable
FAIL: gfortran.dg/eof_2.f90 -O1 (test for excess errors)
UNRESOLVED: gfortran.dg/eof_2.f90 -O1 compilation failed to produce executable
FAIL: gfortran.dg/eof_2.f90 -O2 (test for excess errors)
UNRESOLVED: gfortran.dg/eof_2.f90 -O2 compilation failed to produce executable
FAIL: gfortran.dg/eof_2.f90 -O3 -fomit-frame-pointer -funroll-loops -fpeel-loops -ftracer -finline-functions (test for excess errors)
UNRESOLVED: gfortran.dg/eof_2.f90 -O3 -fomit-frame-pointer -funroll-loops -fpeel-loops -ftracer -finline-functions compilation failed to produce executable
FAIL: gfortran.dg/eof_2.f90 -O3 -g (test for excess errors)
UNRESOLVED: gfortran.dg/eof_2.f90 -O3 -g compilation failed to produce executable
FAIL: gfortran.dg/eof_2.f90 -Os (test for excess errors)
UNRESOLVED: gfortran.dg/eof_2.f90 -Os compilation failed to produce executable
FAIL: gfortran.dg/equiv_constraint_4.f90 -O3 -fomit-frame-pointer -funroll-loops -fpeel-loops -ftracer -finline-functions execution test
FAIL: gfortran.dg/equiv_constraint_4.f90 -O3 -g (test for excess errors)
UNRESOLVED: gfortran.dg/equiv_constraint_4.f90 -O3 -g compilation failed to produce executable
FAIL: gfortran.dg/equiv_constraint_4.f90 -Os (test for excess errors)
UNRESOLVED: gfortran.dg/equiv_constraint_4.f90 -Os compilation failed to produce executable
FAIL: gfortran.dg/equiv_constraint_5.f90 -O (test for errors, line 28)
FAIL: gfortran.dg/equiv_constraint_5.f90 -O (test for excess errors)
FAIL: gfortran.dg/equiv_constraint_6.f90 -O (test for errors, line 6)
FAIL: gfortran.dg/equiv_constraint_6.f90 -O (test for excess errors)
FAIL: gfortran.dg/equiv_constraint_7.f90 -O (test for errors, line 9)
FAIL: gfortran.dg/equiv_constraint_7.f90 -O (test for excess errors)
FAIL: gfortran.dg/equiv_constraint_8.f90 -O (test for errors, line 11)
FAIL: gfortran.dg/equiv_constraint_8.f90 -O (test for errors, line 12)
FAIL: gfortran.dg/equiv_constraint_8.f90 -O (test for excess errors)
FAIL: gfortran.dg/equiv_constraint_9.f90 -O (test for errors, line 23)
FAIL: gfortran.dg/equiv_constraint_9.f90 -O (test for excess errors)
FAIL: gfortran.dg/equiv_constraint_bind_c.f90 -O (test for errors, line 9)
FAIL: gfortran.dg/equiv_constraint_bind_c.f90 -O (test for excess errors)
FAIL: gfortran.dg/erf_2.F90 -O2 execution test
FAIL: gfortran.dg/erf_2.F90 -O3 -fomit-frame-pointer -funroll-loops -fpeel-loops -ftracer -finline-functions (test for excess errors)
UNRESOLVED: gfortran.dg/erf_2.F90 -O3 -fomit-frame-pointer -funroll-loops -fpeel-loops -ftracer -finline-functions compilation failed to produce executable
FAIL: gfortran.dg/erf_2.F90 -O3 -g (test for excess errors)
UNRESOLVED: gfortran.dg/erf_2.F90 -O3 -g compilation failed to produce executable
FAIL: gfortran.dg/erf_2.F90 -Os (test for excess errors)
UNRESOLVED: gfortran.dg/erf_2.F90 -Os compilation failed to produce executable
FAIL: gfortran.dg/erf_3.F90 -O0 (test for excess errors)
UNRESOLVED: gfortran.dg/erf_3.F90 -O0 compilation failed to produce executable
FAIL: gfortran.dg/erf_3.F90 -O1 (test for excess errors)
UNRESOLVED: gfortran.dg/erf_3.F90 -O1 compilation failed to produce executable
FAIL: gfortran.dg/erf_3.F90 -O2 (test for excess errors)
UNRESOLVED: gfortran.dg/erf_3.F90 -O2 compilation failed to produce executable
FAIL: gfortran.dg/erf_3.F90 -O3 -fomit-frame-pointer -funroll-loops -fpeel-loops -ftracer -finline-functions (test for excess errors)
UNRESOLVED: gfortran.dg/erf_3.F90 -O3 -fomit-frame-pointer -funroll-loops -fpeel-loops -ftracer -finline-functions compilation failed to produce executable
FAIL: gfortran.dg/erf_3.F90 -O3 -g (test for excess errors)
UNRESOLVED: gfortran.dg/erf_3.F90 -O3 -g compilation failed to produce executable
FAIL: gfortran.dg/erf_3.F90 -Os (test for excess errors)
UNRESOLVED: gfortran.dg/erf_3.F90 -Os compilation failed to produce executable
FAIL: gfortran.dg/erfc_scaled_1.f90 -O0 (test for excess errors)
UNRESOLVED: gfortran.dg/erfc_scaled_1.f90 -O0 compilation failed to produce executable
FAIL: gfortran.dg/erfc_scaled_1.f90 -O1 (test for excess errors)
UNRESOLVED: gfortran.dg/erfc_scaled_1.f90 -O1 compilation failed to produce executable
FAIL: gfortran.dg/erfc_scaled_1.f90 -O2 (test for excess errors)
UNRESOLVED: gfortran.dg/erfc_scaled_1.f90 -O2 compilation failed to produce executable
FAIL: gfortran.dg/erfc_scaled_1.f90 -O3 -fomit-frame-pointer -funroll-loops -fpeel-loops -ftracer -finline-functions (test for excess errors)
UNRESOLVED: gfortran.dg/erfc_scaled_1.f90 -O3 -fomit-frame-pointer -funroll-loops -fpeel-loops -ftracer -finline-functions compilation failed to produce executable
FAIL: gfortran.dg/erfc_scaled_1.f90 -O3 -g (test for excess errors)
UNRESOLVED: gfortran.dg/erfc_scaled_1.f90 -O3 -g compilation failed to produce executable
FAIL: gfortran.dg/erfc_scaled_1.f90 -Os (test for excess errors)
UNRESOLVED: gfortran.dg/erfc_scaled_1.f90 -Os compilation failed to produce executable
FAIL: gfortran.dg/erfc_scaled_2.f90 -O (test for excess errors)
FAIL: gfortran.dg/error_format.f90 -O0 (test for excess errors)
UNRESOLVED: gfortran.dg/error_format.f90 -O0 compilation failed to produce executable
FAIL: gfortran.dg/error_format.f90 -O1 (test for excess errors)
UNRESOLVED: gfortran.dg/error_format.f90 -O1 compilation failed to produce executable
FAIL: gfortran.dg/error_format.f90 -O2 (test for excess errors)
UNRESOLVED: gfortran.dg/error_format.f90 -O2 compilation failed to produce executable
FAIL: gfortran.dg/error_format.f90 -O3 -fomit-frame-pointer -funroll-loops -fpeel-loops -ftracer -finline-functions (test for excess errors)
UNRESOLVED: gfortran.dg/error_format.f90 -O3 -fomit-frame-pointer -funroll-loops -fpeel-loops -ftracer -finline-functions compilation failed to produce executable
FAIL: gfortran.dg/error_format.f90 -O3 -g (test for excess errors)
UNRESOLVED: gfortran.dg/error_format.f90 -O3 -g compilation failed to produce executable
FAIL: gfortran.dg/error_format.f90 -Os (test for excess errors)
UNRESOLVED: gfortran.dg/error_format.f90 -Os compilation failed to produce executable
FAIL: gfortran.dg/error_format_2.f90 -O0 (test for excess errors)
UNRESOLVED: gfortran.dg/error_format_2.f90 -O0 compilation failed to produce executable
FAIL: gfortran.dg/error_format_2.f90 -O1 (test for excess errors)
UNRESOLVED: gfortran.dg/error_format_2.f90 -O1 compilation failed to produce executable
FAIL: gfortran.dg/error_format_2.f90 -O2 (test for excess errors)
UNRESOLVED: gfortran.dg/error_format_2.f90 -O2 compilation failed to produce executable
FAIL: gfortran.dg/error_format_2.f90 -O3 -fomit-frame-pointer -funroll-loops -fpeel-loops -ftracer -finline-functions (test for excess errors)
UNRESOLVED: gfortran.dg/error_format_2.f90 -O3 -fomit-frame-pointer -funroll-loops -fpeel-loops -ftracer -finline-functions compilation failed to produce executable
FAIL: gfortran.dg/error_format_2.f90 -O3 -g (test for excess errors)
UNRESOLVED: gfortran.dg/error_format_2.f90 -O3 -g compilation failed to produce executable
FAIL: gfortran.dg/error_format_2.f90 -Os (test for excess errors)
UNRESOLVED: gfortran.dg/error_format_2.f90 -Os compilation failed to produce executable
FAIL: gfortran.dg/error_recovery_1.f90 -O (test for errors, line 13)
FAIL: gfortran.dg/error_recovery_1.f90 -O (test for errors, line 6)
FAIL: gfortran.dg/error_recovery_1.f90 -O (test for errors, line 7)
FAIL: gfortran.dg/error_recovery_1.f90 -O (test for excess errors)
FAIL: gfortran.dg/error_recovery_2.f90 -O (test for errors, line 10)
FAIL: gfortran.dg/error_recovery_2.f90 -O (test for errors, line 11)
FAIL: gfortran.dg/error_recovery_2.f90 -O (test for errors, line 17)
FAIL: gfortran.dg/error_recovery_2.f90 -O (test for errors, line 18)
FAIL: gfortran.dg/error_recovery_2.f90 -O (test for errors, line 5)
FAIL: gfortran.dg/error_recovery_2.f90 -O (test for errors, line 6)
FAIL: gfortran.dg/error_recovery_2.f90 -O (test for excess errors)
FAIL: gfortran.dg/error_recovery_3.f90 -O (test for errors, line 9)
FAIL: gfortran.dg/error_recovery_3.f90 -O (test for excess errors)
FAIL: gfortran.dg/error_recovery_4.f90 -O (test for errors, line 4)
FAIL: gfortran.dg/error_recovery_4.f90 -O (test for excess errors)
FAIL: gfortran.dg/error_recovery_5.f90 -O0 (test for excess errors)
UNRESOLVED: gfortran.dg/error_recovery_5.f90 -O0 compilation failed to produce executable
FAIL: gfortran.dg/error_recovery_5.f90 -O1 (test for excess errors)
UNRESOLVED: gfortran.dg/error_recovery_5.f90 -O1 compilation failed to produce executable
FAIL: gfortran.dg/error_recovery_5.f90 -O2 (test for excess errors)
UNRESOLVED: gfortran.dg/error_recovery_5.f90 -O2 compilation failed to produce executable
FAIL: gfortran.dg/error_recovery_5.f90 -O3 -fomit-frame-pointer -funroll-loops -fpeel-loops -ftracer -finline-functions (test for excess errors)
UNRESOLVED: gfortran.dg/error_recovery_5.f90 -O3 -fomit-frame-pointer -funroll-loops -fpeel-loops -ftracer -finline-functions compilation failed to produce executable
FAIL: gfortran.dg/error_recovery_5.f90 -O3 -g (test for excess errors)
UNRESOLVED: gfortran.dg/error_recovery_5.f90 -O3 -g compilation failed to produce executable
FAIL: gfortran.dg/error_recovery_5.f90 -Os (test for excess errors)
UNRESOLVED: gfortran.dg/error_recovery_5.f90 -Os compilation failed to produce executable
FAIL: gfortran.dg/error_stop_1.f08 -O0 (test for excess errors)
UNRESOLVED: gfortran.dg/error_stop_1.f08 -O0 compilation failed to produce executable
FAIL: gfortran.dg/error_stop_1.f08 -O1 (test for excess errors)
UNRESOLVED: gfortran.dg/error_stop_1.f08 -O1 compilation failed to produce executable
FAIL: gfortran.dg/error_stop_1.f08 -O2 (test for excess errors)
UNRESOLVED: gfortran.dg/error_stop_1.f08 -O2 compilation failed to produce executable
FAIL: gfortran.dg/error_stop_1.f08 -O3 -fomit-frame-pointer -funroll-loops -fpeel-loops -ftracer -finline-functions (test for excess errors)
UNRESOLVED: gfortran.dg/error_stop_1.f08 -O3 -fomit-frame-pointer -funroll-loops -fpeel-loops -ftracer -finline-functions compilation failed to produce executable
FAIL: gfortran.dg/error_stop_1.f08 -O3 -g (test for excess errors)
UNRESOLVED: gfortran.dg/error_stop_1.f08 -O3 -g compilation failed to produce executable
FAIL: gfortran.dg/error_stop_1.f08 -Os (test for excess errors)
UNRESOLVED: gfortran.dg/error_stop_1.f08 -Os compilation failed to produce executable
FAIL: gfortran.dg/error_stop_2.f08 -O (test for errors, line 10)
FAIL: gfortran.dg/error_stop_2.f08 -O (test for excess errors)
FAIL: gfortran.dg/error_stop_3.f90 -O (test for excess errors)
FAIL: gfortran.dg/error_stop_4.f90 -O (test for errors, line 8)
FAIL: gfortran.dg/error_stop_4.f90 -O (test for excess errors)
FAIL: gfortran.dg/execute_command_line_1.f90 -O (test for excess errors)
FAIL: gfortran.dg/execute_command_line_2.f90 -O0 (test for excess errors)
UNRESOLVED: gfortran.dg/execute_command_line_2.f90 -O0 compilation failed to produce executable
FAIL: gfortran.dg/execute_command_line_2.f90 -O1 (test for excess errors)
UNRESOLVED: gfortran.dg/execute_command_line_2.f90 -O1 compilation failed to produce executable
FAIL: gfortran.dg/execute_command_line_2.f90 -O2 (test for excess errors)
UNRESOLVED: gfortran.dg/execute_command_line_2.f90 -O2 compilation failed to produce executable
FAIL: gfortran.dg/execute_command_line_2.f90 -O3 -fomit-frame-pointer -funroll-loops -fpeel-loops -ftracer -finline-functions (test for excess errors)
UNRESOLVED: gfortran.dg/execute_command_line_2.f90 -O3 -fomit-frame-pointer -funroll-loops -fpeel-loops -ftracer -finline-functions compilation failed to produce executable
FAIL: gfortran.dg/execute_command_line_2.f90 -O3 -g (test for excess errors)
UNRESOLVED: gfortran.dg/execute_command_line_2.f90 -O3 -g compilation failed to produce executable
FAIL: gfortran.dg/execute_command_line_2.f90 -Os (test for excess errors)
UNRESOLVED: gfortran.dg/execute_command_line_2.f90 -Os compilation failed to produce executable
FAIL: gfortran.dg/execute_command_line_3.f90 -O (test for excess errors)
UNRESOLVED: gfortran.dg/execute_command_line_3.f90 -O compilation failed to produce executable
FAIL: gfortran.dg/exit_1.f08 -O0 (test for excess errors)
UNRESOLVED: gfortran.dg/exit_1.f08 -O0 compilation failed to produce executable
FAIL: gfortran.dg/exit_1.f08 -O1 (test for excess errors)
UNRESOLVED: gfortran.dg/exit_1.f08 -O1 compilation failed to produce executable
FAIL: gfortran.dg/exit_1.f08 -O2 (test for excess errors)
UNRESOLVED: gfortran.dg/exit_1.f08 -O2 compilation failed to produce executable
FAIL: gfortran.dg/exit_1.f08 -O3 -fomit-frame-pointer -funroll-loops -fpeel-loops -ftracer -finline-functions (test for excess errors)
UNRESOLVED: gfortran.dg/exit_1.f08 -O3 -fomit-frame-pointer -funroll-loops -fpeel-loops -ftracer -finline-functions compilation failed to produce executable
FAIL: gfortran.dg/exit_1.f08 -O3 -g (test for excess errors)
UNRESOLVED: gfortran.dg/exit_1.f08 -O3 -g compilation failed to produce executable
FAIL: gfortran.dg/exit_1.f08 -Os (test for excess errors)
UNRESOLVED: gfortran.dg/exit_1.f08 -Os compilation failed to produce executable
FAIL: gfortran.dg/exit_2.f08 -O (test for errors, line 13)
FAIL: gfortran.dg/exit_2.f08 -O (test for errors, line 14)
FAIL: gfortran.dg/exit_2.f08 -O (test for errors, line 15)
FAIL: gfortran.dg/exit_2.f08 -O (test for errors, line 22)
FAIL: gfortran.dg/exit_2.f08 -O (test for errors, line 28)
FAIL: gfortran.dg/exit_2.f08 -O (test for excess errors)
FAIL: gfortran.dg/exit_3.f08 -O0 (test for excess errors)
UNRESOLVED: gfortran.dg/exit_3.f08 -O0 compilation failed to produce executable
FAIL: gfortran.dg/exit_3.f08 -O1 (test for excess errors)
UNRESOLVED: gfortran.dg/exit_3.f08 -O1 compilation failed to produce executable
FAIL: gfortran.dg/exit_3.f08 -O2 (test for excess errors)
UNRESOLVED: gfortran.dg/exit_3.f08 -O2 compilation failed to produce executable
FAIL: gfortran.dg/exit_3.f08 -O3 -fomit-frame-pointer -funroll-loops -fpeel-loops -ftracer -finline-functions (test for excess errors)
UNRESOLVED: gfortran.dg/exit_3.f08 -O3 -fomit-frame-pointer -funroll-loops -fpeel-loops -ftracer -finline-functions compilation failed to produce executable
FAIL: gfortran.dg/exit_3.f08 -O3 -g (test for excess errors)
UNRESOLVED: gfortran.dg/exit_3.f08 -O3 -g compilation failed to produce executable
FAIL: gfortran.dg/exit_3.f08 -Os (test for excess errors)
UNRESOLVED: gfortran.dg/exit_3.f08 -Os compilation failed to produce executable
FAIL: gfortran.dg/exit_4.f08 -O (test for errors, line 15)
FAIL: gfortran.dg/exit_4.f08 -O (test for errors, line 20)
FAIL: gfortran.dg/exit_4.f08 -O (test for errors, line 27)
FAIL: gfortran.dg/exit_4.f08 -O (test for excess errors)
FAIL: gfortran.dg/exit_5.f03 -O (test for errors, line 13)
FAIL: gfortran.dg/exit_5.f03 -O (test for excess errors)
FAIL: gfortran.dg/explicit_shape_1.f90 -O (test for errors, line 5)
FAIL: gfortran.dg/explicit_shape_1.f90 -O (test for excess errors)
FAIL: gfortran.dg/exponent_1.f90 -O0 (test for excess errors)
UNRESOLVED: gfortran.dg/exponent_1.f90 -O0 compilation failed to produce executable
FAIL: gfortran.dg/exponent_1.f90 -O1 (test for excess errors)
UNRESOLVED: gfortran.dg/exponent_1.f90 -O1 compilation failed to produce executable
FAIL: gfortran.dg/exponent_1.f90 -O2 (test for excess errors)
UNRESOLVED: gfortran.dg/exponent_1.f90 -O2 compilation failed to produce executable
FAIL: gfortran.dg/exponent_1.f90 -O3 -fomit-frame-pointer -funroll-loops -fpeel-loops -ftracer -finline-functions (test for excess errors)
UNRESOLVED: gfortran.dg/exponent_1.f90 -O3 -fomit-frame-pointer -funroll-loops -fpeel-loops -ftracer -finline-functions compilation failed to produce executable
FAIL: gfortran.dg/exponent_1.f90 -O3 -g (test for excess errors)
UNRESOLVED: gfortran.dg/exponent_1.f90 -O3 -g compilation failed to produce executable
FAIL: gfortran.dg/exponent_1.f90 -Os (test for excess errors)
UNRESOLVED: gfortran.dg/exponent_1.f90 -Os compilation failed to produce executable
FAIL: gfortran.dg/exponent_2.f90 -O0 (test for excess errors)
UNRESOLVED: gfortran.dg/exponent_2.f90 -O0 compilation failed to produce executable
FAIL: gfortran.dg/exponent_2.f90 -O1 (test for excess errors)
UNRESOLVED: gfortran.dg/exponent_2.f90 -O1 compilation failed to produce executable
FAIL: gfortran.dg/exponent_2.f90 -O2 (test for excess errors)
UNRESOLVED: gfortran.dg/exponent_2.f90 -O2 compilation failed to produce executable
FAIL: gfortran.dg/extended_char_comparison_1.f -O0 (test for excess errors)
UNRESOLVED: gfortran.dg/extended_char_comparison_1.f -O0 compilation failed to produce executable
FAIL: gfortran.dg/extended_char_comparison_1.f -O1 (test for excess errors)
UNRESOLVED: gfortran.dg/extended_char_comparison_1.f -O1 compilation failed to produce executable
FAIL: gfortran.dg/extended_char_comparison_1.f -O2 (test for excess errors)
UNRESOLVED: gfortran.dg/extended_char_comparison_1.f -O2 compilation failed to produce executable
FAIL: gfortran.dg/extended_char_comparison_1.f -O3 -fomit-frame-pointer -funroll-loops -fpeel-loops -ftracer -finline-functions (test for excess errors)
UNRESOLVED: gfortran.dg/extended_char_comparison_1.f -O3 -fomit-frame-pointer -funroll-loops -fpeel-loops -ftracer -finline-functions compilation failed to produce executable
FAIL: gfortran.dg/extended_char_comparison_1.f -O3 -g (test for excess errors)
UNRESOLVED: gfortran.dg/extended_char_comparison_1.f -O3 -g compilation failed to produce executable
FAIL: gfortran.dg/extended_char_comparison_1.f -Os (test for excess errors)
UNRESOLVED: gfortran.dg/extended_char_comparison_1.f -Os compilation failed to produce executable
FAIL: gfortran.dg/extends_1.f03 -O0 (test for excess errors)
UNRESOLVED: gfortran.dg/extends_1.f03 -O0 compilation failed to produce executable
FAIL: gfortran.dg/extends_1.f03 -O1 (test for excess errors)
UNRESOLVED: gfortran.dg/extends_1.f03 -O1 compilation failed to produce executable
FAIL: gfortran.dg/extends_1.f03 -O2 (test for excess errors)
UNRESOLVED: gfortran.dg/extends_1.f03 -O2 compilation failed to produce executable
FAIL: gfortran.dg/extends_1.f03 -O3 -fomit-frame-pointer -funroll-loops -fpeel-loops -ftracer -finline-functions (test for excess errors)
UNRESOLVED: gfortran.dg/extends_1.f03 -O3 -fomit-frame-pointer -funroll-loops -fpeel-loops -ftracer -finline-functions compilation failed to produce executable
FAIL: gfortran.dg/extends_1.f03 -O3 -g (test for excess errors)
UNRESOLVED: gfortran.dg/extends_1.f03 -O3 -g compilation failed to produce executable
FAIL: gfortran.dg/extends_1.f03 -Os (test for excess errors)
UNRESOLVED: gfortran.dg/extends_1.f03 -Os compilation failed to produce executable
FAIL: gfortran.dg/extends_10.f03 -O (test for errors, line 31)
FAIL: gfortran.dg/extends_10.f03 -O (test for excess errors)
UNRESOLVED: gfortran.dg/extends_11.f03 -O scan-tree-dump-times original " +recruit\\\\.service\\\\.education\\\\.person\\\\.ss =" 8
FAIL: gfortran.dg/extends_11.f03 -O (test for excess errors)
FAIL: gfortran.dg/extends_12.f03 -O (test for excess errors)
FAIL: gfortran.dg/extends_13.f03 -O (test for excess errors)
UNRESOLVED: gfortran.dg/extends_14.f03 -O scan-tree-dump-times original "__builtin_free" 3
FAIL: gfortran.dg/extends_14.f03 -O (test for excess errors)
FAIL: gfortran.dg/extends_15.f90 -O (test for errors, line 10)
FAIL: gfortran.dg/extends_15.f90 -O (test for excess errors)
FAIL: gfortran.dg/extends_16.f90 -O0 (test for excess errors)
UNRESOLVED: gfortran.dg/extends_16.f90 -O0 compilation failed to produce executable
FAIL: gfortran.dg/extends_16.f90 -O1 (test for excess errors)
UNRESOLVED: gfortran.dg/extends_16.f90 -O1 compilation failed to produce executable
FAIL: gfortran.dg/extends_16.f90 -O2 (test for excess errors)
UNRESOLVED: gfortran.dg/extends_16.f90 -O2 compilation failed to produce executable
FAIL: gfortran.dg/extends_16.f90 -O3 -fomit-frame-pointer -funroll-loops -fpeel-loops -ftracer -finline-functions (test for excess errors)
UNRESOLVED: gfortran.dg/extends_16.f90 -O3 -fomit-frame-pointer -funroll-loops -fpeel-loops -ftracer -finline-functions compilation failed to produce executable
FAIL: gfortran.dg/extends_16.f90 -O3 -g (test for excess errors)
UNRESOLVED: gfortran.dg/extends_16.f90 -O3 -g compilation failed to produce executable
FAIL: gfortran.dg/extends_16.f90 -Os (test for excess errors)
UNRESOLVED: gfortran.dg/extends_16.f90 -Os compilation failed to produce executable
FAIL: gfortran.dg/extends_2.f03 -O0 (test for excess errors)
UNRESOLVED: gfortran.dg/extends_2.f03 -O0 compilation failed to produce executable
FAIL: gfortran.dg/extends_2.f03 -O1 (test for excess errors)
UNRESOLVED: gfortran.dg/extends_2.f03 -O1 compilation failed to produce executable
FAIL: gfortran.dg/extends_2.f03 -O2 (test for excess errors)
UNRESOLVED: gfortran.dg/extends_2.f03 -O2 compilation failed to produce executable
FAIL: gfortran.dg/extends_3.f03 -O0 (test for excess errors)
UNRESOLVED: gfortran.dg/extends_3.f03 -O0 compilation failed to produce executable
FAIL: gfortran.dg/extends_3.f03 -O1 (test for excess errors)
UNRESOLVED: gfortran.dg/extends_3.f03 -O1 compilation failed to produce executable
FAIL: gfortran.dg/extends_3.f03 -O2 (test for excess errors)
UNRESOLVED: gfortran.dg/extends_3.f03 -O2 compilation failed to produce executable
FAIL: gfortran.dg/extends_3.f03 -O3 -fomit-frame-pointer -funroll-loops -fpeel-loops -ftracer -finline-functions (test for excess errors)
UNRESOLVED: gfortran.dg/extends_3.f03 -O3 -fomit-frame-pointer -funroll-loops -fpeel-loops -ftracer -finline-functions compilation failed to produce executable
FAIL: gfortran.dg/extends_3.f03 -O3 -g (test for excess errors)
UNRESOLVED: gfortran.dg/extends_3.f03 -O3 -g compilation failed to produce executable
FAIL: gfortran.dg/extends_3.f03 -Os (test for excess errors)
UNRESOLVED: gfortran.dg/extends_3.f03 -Os compilation failed to produce executable
FAIL: gfortran.dg/extends_4.f03 -O0 (test for excess errors)
UNRESOLVED: gfortran.dg/extends_4.f03 -O0 compilation failed to produce executable
FAIL: gfortran.dg/extends_4.f03 -O1 (test for excess errors)
UNRESOLVED: gfortran.dg/extends_4.f03 -O1 compilation failed to produce executable
FAIL: gfortran.dg/extends_4.f03 -O2 (test for excess errors)
UNRESOLVED: gfortran.dg/extends_4.f03 -O2 compilation failed to produce executable
FAIL: gfortran.dg/extends_4.f03 -O3 -fomit-frame-pointer -funroll-loops -fpeel-loops -ftracer -finline-functions (test for excess errors)
UNRESOLVED: gfortran.dg/extends_4.f03 -O3 -fomit-frame-pointer -funroll-loops -fpeel-loops -ftracer -finline-functions compilation failed to produce executable
FAIL: gfortran.dg/extends_4.f03 -O3 -g (test for excess errors)
UNRESOLVED: gfortran.dg/extends_4.f03 -O3 -g compilation failed to produce executable
FAIL: gfortran.dg/extends_4.f03 -Os (test for excess errors)
UNRESOLVED: gfortran.dg/extends_4.f03 -Os compilation failed to produce executable
FAIL: gfortran.dg/extends_5.f03 -O (test for errors, line 20)
FAIL: gfortran.dg/extends_5.f03 -O (test for errors, line 21)
FAIL: gfortran.dg/extends_5.f03 -O (test for errors, line 23)
FAIL: gfortran.dg/extends_5.f03 -O (test for errors, line 24)
FAIL: gfortran.dg/extends_5.f03 -O (test for excess errors)
FAIL: gfortran.dg/extends_6.f03 -O (test for errors, line 33)
FAIL: gfortran.dg/extends_6.f03 -O (test for errors, line 35)
FAIL: gfortran.dg/extends_6.f03 -O (test for errors, line 45)
FAIL: gfortran.dg/extends_6.f03 -O (test for excess errors)
FAIL: gfortran.dg/extends_7.f03 -O (test for errors, line 15)
FAIL: gfortran.dg/extends_7.f03 -O (test for errors, line 19)
FAIL: gfortran.dg/extends_7.f03 -O (test for errors, line 20)
FAIL: gfortran.dg/extends_7.f03 -O (test for excess errors)
FAIL: gfortran.dg/extends_8.f03 -O (test for excess errors)
FAIL: gfortran.dg/extends_9.f03 -O (test for excess errors)
FAIL: gfortran.dg/extends_type_of_1.f03 -O0 (test for excess errors)
UNRESOLVED: gfortran.dg/extends_type_of_1.f03 -O0 compilation failed to produce executable
FAIL: gfortran.dg/extends_type_of_1.f03 -O1 (test for excess errors)
UNRESOLVED: gfortran.dg/extends_type_of_1.f03 -O1 compilation failed to produce executable
FAIL: gfortran.dg/extends_type_of_1.f03 -O2 (test for excess errors)
UNRESOLVED: gfortran.dg/extends_type_of_1.f03 -O2 compilation failed to produce executable
FAIL: gfortran.dg/extends_type_of_1.f03 -O3 -fomit-frame-pointer -funroll-loops -fpeel-loops -ftracer -finline-functions (test for excess errors)
UNRESOLVED: gfortran.dg/extends_type_of_1.f03 -O3 -fomit-frame-pointer -funroll-loops -fpeel-loops -ftracer -finline-functions compilation failed to produce executable
FAIL: gfortran.dg/extends_type_of_1.f03 -O3 -g (test for excess errors)
UNRESOLVED: gfortran.dg/extends_type_of_1.f03 -O3 -g compilation failed to produce executable
FAIL: gfortran.dg/extends_type_of_1.f03 -Os (test for excess errors)
UNRESOLVED: gfortran.dg/extends_type_of_1.f03 -Os compilation failed to produce executable
FAIL: gfortran.dg/extends_type_of_2.f03 -O0 (test for excess errors)
UNRESOLVED: gfortran.dg/extends_type_of_2.f03 -O0 compilation failed to produce executable
FAIL: gfortran.dg/extends_type_of_2.f03 -O1 (test for excess errors)
UNRESOLVED: gfortran.dg/extends_type_of_2.f03 -O1 compilation failed to produce executable
FAIL: gfortran.dg/extends_type_of_2.f03 -O2 (test for excess errors)
UNRESOLVED: gfortran.dg/extends_type_of_2.f03 -O2 compilation failed to produce executable
FAIL: gfortran.dg/extends_type_of_2.f03 -O3 -fomit-frame-pointer -funroll-loops -fpeel-loops -ftracer -finline-functions (test for excess errors)
UNRESOLVED: gfortran.dg/extends_type_of_2.f03 -O3 -fomit-frame-pointer -funroll-loops -fpeel-loops -ftracer -finline-functions compilation failed to produce executable
FAIL: gfortran.dg/external_implicit_none.f90 -O (test for errors, line 6)
FAIL: gfortran.dg/external_implicit_none.f90 -O (test for excess errors)
FAIL: gfortran.dg/external_initializer.f90 -O (test for errors, line 4)
FAIL: gfortran.dg/external_initializer.f90 -O (test for excess errors)
FAIL: gfortran.dg/external_procedures_1.f90 -O (test for errors, line 11)
FAIL: gfortran.dg/external_procedures_1.f90 -O (test for errors, line 26)
FAIL: gfortran.dg/external_procedures_1.f90 -O (test for errors, line 31)
FAIL: gfortran.dg/external_procedures_1.f90 -O (test for errors, line 38)
FAIL: gfortran.dg/external_procedures_1.f90 -O (test for errors, line 8)
FAIL: gfortran.dg/external_procedures_1.f90 -O (test for excess errors)
FAIL: gfortran.dg/external_procedures_2.f90 -O (test for excess errors)
FAIL: gfortran.dg/external_procedures_3.f90 -O0 (test for excess errors)
UNRESOLVED: gfortran.dg/external_procedures_3.f90 -O0 compilation failed to produce executable
FAIL: gfortran.dg/external_procedures_3.f90 -O1 (test for excess errors)
UNRESOLVED: gfortran.dg/external_procedures_3.f90 -O1 compilation failed to produce executable
FAIL: gfortran.dg/external_procedures_3.f90 -O2 (test for excess errors)
UNRESOLVED: gfortran.dg/external_procedures_3.f90 -O2 compilation failed to produce executable
FAIL: gfortran.dg/external_procedures_3.f90 -O3 -fomit-frame-pointer -funroll-loops -fpeel-loops -ftracer -finline-functions (test for excess errors)
UNRESOLVED: gfortran.dg/external_procedures_3.f90 -O3 -fomit-frame-pointer -funroll-loops -fpeel-loops -ftracer -finline-functions compilation failed to produce executable
FAIL: gfortran.dg/external_procedures_3.f90 -O3 -g (test for excess errors)
UNRESOLVED: gfortran.dg/external_procedures_3.f90 -O3 -g compilation failed to produce executable
FAIL: gfortran.dg/external_procedures_3.f90 -Os (test for excess errors)
UNRESOLVED: gfortran.dg/external_procedures_3.f90 -Os compilation failed to produce executable
FAIL: gfortran.dg/f2003_inquire_1.f03 -O0 (test for excess errors)
UNRESOLVED: gfortran.dg/f2003_inquire_1.f03 -O0 compilation failed to produce executable
FAIL: gfortran.dg/f2003_inquire_1.f03 -O1 (test for excess errors)
UNRESOLVED: gfortran.dg/f2003_inquire_1.f03 -O1 compilation failed to produce executable
FAIL: gfortran.dg/f2003_inquire_1.f03 -O2 (test for excess errors)
UNRESOLVED: gfortran.dg/f2003_inquire_1.f03 -O2 compilation failed to produce executable
FAIL: gfortran.dg/f2003_inquire_1.f03 -O3 -fomit-frame-pointer -funroll-loops -fpeel-loops -ftracer -finline-functions (test for excess errors)
UNRESOLVED: gfortran.dg/f2003_inquire_1.f03 -O3 -fomit-frame-pointer -funroll-loops -fpeel-loops -ftracer -finline-functions compilation failed to produce executable
FAIL: gfortran.dg/f2003_inquire_1.f03 -O3 -g (test for excess errors)
UNRESOLVED: gfortran.dg/f2003_inquire_1.f03 -O3 -g compilation failed to produce executable
FAIL: gfortran.dg/f2003_inquire_1.f03 -Os (test for excess errors)
UNRESOLVED: gfortran.dg/f2003_inquire_1.f03 -Os compilation failed to produce executable
FAIL: gfortran.dg/f2003_io_1.f03 -O0 (test for excess errors)
UNRESOLVED: gfortran.dg/f2003_io_1.f03 -O0 compilation failed to produce executable
FAIL: gfortran.dg/f2003_io_1.f03 -O1 (test for excess errors)
UNRESOLVED: gfortran.dg/f2003_io_1.f03 -O1 compilation failed to produce executable
FAIL: gfortran.dg/f2003_io_1.f03 -O2 (test for excess errors)
UNRESOLVED: gfortran.dg/f2003_io_1.f03 -O2 compilation failed to produce executable
FAIL: gfortran.dg/f2003_io_1.f03 -O3 -fomit-frame-pointer -funroll-loops -fpeel-loops -ftracer -finline-functions (test for excess errors)
UNRESOLVED: gfortran.dg/f2003_io_1.f03 -O3 -fomit-frame-pointer -funroll-loops -fpeel-loops -ftracer -finline-functions compilation failed to produce executable
FAIL: gfortran.dg/f2003_io_1.f03 -O3 -g (test for excess errors)
UNRESOLVED: gfortran.dg/f2003_io_1.f03 -O3 -g compilation failed to produce executable
FAIL: gfortran.dg/f2003_io_1.f03 -Os (test for excess errors)
UNRESOLVED: gfortran.dg/f2003_io_1.f03 -Os compilation failed to produce executable
FAIL: gfortran.dg/f2003_io_2.f03 -O (test for excess errors)
FAIL: gfortran.dg/f2003_io_3.f03 -O (test for excess errors)
FAIL: gfortran.dg/f2003_io_4.f03 -O0 (test for excess errors)
UNRESOLVED: gfortran.dg/f2003_io_4.f03 -O0 compilation failed to produce executable
FAIL: gfortran.dg/f2003_io_4.f03 -O1 (test for excess errors)
UNRESOLVED: gfortran.dg/f2003_io_4.f03 -O1 compilation failed to produce executable
FAIL: gfortran.dg/f2003_io_4.f03 -O2 (test for excess errors)
UNRESOLVED: gfortran.dg/f2003_io_4.f03 -O2 compilation failed to produce executable
FAIL: gfortran.dg/f2003_io_5.f03 -O0 (test for excess errors)
UNRESOLVED: gfortran.dg/f2003_io_5.f03 -O0 compilation failed to produce executable
FAIL: gfortran.dg/f2003_io_5.f03 -O1 (test for excess errors)
UNRESOLVED: gfortran.dg/f2003_io_5.f03 -O1 compilation failed to produce executable
FAIL: gfortran.dg/f2003_io_5.f03 -O2 (test for excess errors)
UNRESOLVED: gfortran.dg/f2003_io_5.f03 -O2 compilation failed to produce executable
FAIL: gfortran.dg/f2003_io_5.f03 -O3 -fomit-frame-pointer -funroll-loops -fpeel-loops -ftracer -finline-functions (test for excess errors)
UNRESOLVED: gfortran.dg/f2003_io_5.f03 -O3 -fomit-frame-pointer -funroll-loops -fpeel-loops -ftracer -finline-functions compilation failed to produce executable
FAIL: gfortran.dg/f2003_io_5.f03 -O3 -g (test for excess errors)
UNRESOLVED: gfortran.dg/f2003_io_5.f03 -O3 -g compilation failed to produce executable
FAIL: gfortran.dg/f2003_io_5.f03 -Os (test for excess errors)
UNRESOLVED: gfortran.dg/f2003_io_5.f03 -Os compilation failed to produce executable
FAIL: gfortran.dg/f2003_io_6.f03 -O0 (test for excess errors)
UNRESOLVED: gfortran.dg/f2003_io_6.f03 -O0 compilation failed to produce executable
FAIL: gfortran.dg/f2c_7.f90 -O0 (test for excess errors)
UNRESOLVED: gfortran.dg/f2c_7.f90 -O0 compilation failed to produce executable
FAIL: gfortran.dg/f2c_7.f90 -O1 (test for excess errors)
UNRESOLVED: gfortran.dg/f2c_7.f90 -O1 compilation failed to produce executable
FAIL: gfortran.dg/f2c_7.f90 -O2 (test for excess errors)
UNRESOLVED: gfortran.dg/f2c_7.f90 -O2 compilation failed to produce executable
FAIL: gfortran.dg/f2c_7.f90 -O3 -fomit-frame-pointer -funroll-loops -fpeel-loops -ftracer -finline-functions (test for excess errors)
UNRESOLVED: gfortran.dg/f2c_7.f90 -O3 -fomit-frame-pointer -funroll-loops -fpeel-loops -ftracer -finline-functions compilation failed to produce executable
FAIL: gfortran.dg/f2c_7.f90 -O3 -g (test for excess errors)
UNRESOLVED: gfortran.dg/f2c_7.f90 -O3 -g compilation failed to produce executable
FAIL: gfortran.dg/f2c_7.f90 -Os (test for excess errors)
UNRESOLVED: gfortran.dg/f2c_7.f90 -Os compilation failed to produce executable
FAIL: gfortran.dg/f2c_8.f90 -O (test for excess errors)
FAIL: gfortran.dg/f2c_9.f90 -O0 (test for excess errors)
UNRESOLVED: gfortran.dg/f2c_9.f90 -O0 compilation failed to produce executable
FAIL: gfortran.dg/f2c_9.f90 -O1 (test for excess errors)
UNRESOLVED: gfortran.dg/f2c_9.f90 -O1 compilation failed to produce executable
FAIL: gfortran.dg/f2c_9.f90 -O2 (test for excess errors)
UNRESOLVED: gfortran.dg/f2c_9.f90 -O2 compilation failed to produce executable
FAIL: gfortran.dg/f2c_9.f90 -O3 -fomit-frame-pointer -funroll-loops -fpeel-loops -ftracer -finline-functions (test for excess errors)
UNRESOLVED: gfortran.dg/f2c_9.f90 -O3 -fomit-frame-pointer -funroll-loops -fpeel-loops -ftracer -finline-functions compilation failed to produce executable
FAIL: gfortran.dg/f2c_9.f90 -O3 -g (test for excess errors)
UNRESOLVED: gfortran.dg/f2c_9.f90 -O3 -g compilation failed to produce executable
FAIL: gfortran.dg/fimplicit_none_2.f90 -O (test for errors, line 5)
FAIL: gfortran.dg/fimplicit_none_2.f90 -O (test for excess errors)
FAIL: gfortran.dg/finalize_1.f08 -O (test for excess errors)
UNRESOLVED: gfortran.dg/finalize_10.f90 -O scan-tree-dump original "__builtin_memcpy \\\\(\\\\(void .\\\\) y->_data, \\\\(void .\\\\) y->_vptr->_def_init, \\\\((unsigned long|unsigned int|character\\\\(kind=4\\\\))\\\\) y->_vptr->_size\\\\);"
UNRESOLVED: gfortran.dg/finalize_10.f90 -O scan-tree-dump-times original "__final_m_T2 \\\\(&desc.[0-9]+, 0, 0\\\\);" 1
UNRESOLVED: gfortran.dg/finalize_10.f90 -O scan-tree-dump-times original "__final_m_T2 \\\\(&parm.[0-9]+, 0, 0\\\\);" 1
UNRESOLVED: gfortran.dg/finalize_10.f90 -O scan-tree-dump-times original "desc.[0-9]+.data = \\\\(void \\\\* restrict\\\\) bb;" 1
UNRESOLVED: gfortran.dg/finalize_10.f90 -O scan-tree-dump-times original "parm.[0-9]+.data = \\\\(void \\\\*\\\\) &\\\\(\\\\*aa.[0-9]+\\\\)\\\\[0\\\\];" 1
UNRESOLVED: gfortran.dg/finalize_10.f90 -O scan-tree-dump-times original "x->_vptr->_copy \\\\(" 1
UNRESOLVED: gfortran.dg/finalize_10.f90 -O scan-tree-dump-times original "x->_vptr->_final \\\\(&parm.[0-9]+, x->_vptr->_size, 0\\\\);" 1
UNRESOLVED: gfortran.dg/finalize_10.f90 -O scan-tree-dump-times original "y->_vptr->_final \\\\(&desc.[0-9]+, y->_vptr->_size, 0\\\\);" 1
FAIL: gfortran.dg/finalize_10.f90 -O (test for excess errors)
FAIL: gfortran.dg/finalize_11.f90 -O (test for excess errors)
FAIL: gfortran.dg/finalize_12.f90 -O0 (test for excess errors)
UNRESOLVED: gfortran.dg/finalize_12.f90 -O0 compilation failed to produce executable
FAIL: gfortran.dg/finalize_12.f90 -O1 (test for excess errors)
UNRESOLVED: gfortran.dg/finalize_12.f90 -O1 compilation failed to produce executable
FAIL: gfortran.dg/finalize_12.f90 -O2 (test for excess errors)
UNRESOLVED: gfortran.dg/finalize_12.f90 -O2 compilation failed to produce executable
FAIL: gfortran.dg/finalize_12.f90 -O3 -fomit-frame-pointer -funroll-loops -fpeel-loops -ftracer -finline-functions (test for excess errors)
UNRESOLVED: gfortran.dg/finalize_12.f90 -O3 -fomit-frame-pointer -funroll-loops -fpeel-loops -ftracer -finline-functions compilation failed to produce executable
FAIL: gfortran.dg/finalize_12.f90 -O3 -g (test for excess errors)
UNRESOLVED: gfortran.dg/finalize_12.f90 -O3 -g compilation failed to produce executable
FAIL: gfortran.dg/finalize_12.f90 -Os (test for excess errors)
UNRESOLVED: gfortran.dg/finalize_12.f90 -Os compilation failed to produce executable
FAIL: gfortran.dg/finalize_13.f90 -O0 (test for excess errors)
UNRESOLVED: gfortran.dg/finalize_13.f90 -O0 compilation failed to produce executable
XPASS: gfortran.dg/large_real_kind_form_io_2.f90 -O0 execution test
XPASS: gfortran.dg/large_real_kind_form_io_2.f90 -O1 execution test
XPASS: gfortran.dg/large_real_kind_form_io_2.f90 -O2 execution test
XPASS: gfortran.dg/large_real_kind_form_io_2.f90 -O3 -fomit-frame-pointer -funroll-loops -fpeel-loops -ftracer -finline-functions execution test
XPASS: gfortran.dg/large_real_kind_form_io_2.f90 -O3 -g execution test
XPASS: gfortran.dg/large_real_kind_form_io_2.f90 -Os execution test
FAIL: gfortran.dg/ieee/large_2.f90 -O0 execution test
FAIL: gfortran.dg/ieee/large_2.f90 -O1 execution test
FAIL: gfortran.dg/ieee/large_2.f90 -O2 execution test
FAIL: gfortran.dg/ieee/large_2.f90 -O3 -fomit-frame-pointer -funroll-loops -fpeel-loops -ftracer -finline-functions execution test
FAIL: gfortran.dg/ieee/large_2.f90 -O3 -g execution test
FAIL: gfortran.dg/ieee/large_2.f90 -Os execution test
FAIL: gfortran.dg/vect/fast-math-pr37021.f90 -O scan-tree-dump vect "vectorized 2 loops"
FAIL: gfortran.dg/vect/pr52580.f -O scan-tree-dump-times vect "LOOP VECTORIZED" 1
FAIL: gfortran.dg/vect/pr62283-2.f -O scan-tree-dump slp2 "basic block vectorized"
FAIL: gfortran.dg/vect/vect-8.f90 -O scan-tree-dump-times vect "vectorized 21 loops" 1
FAIL: gfortran.dg/vect/vect-gems.f90 -O scan-tree-dump-times vect "vectorized 1 loops" 1
=== gfortran Summary ===
# of expected passes 44969
# of unexpected failures 351
# of unexpected successes 6
# of expected failures 89
# of unresolved testcases 248
# of unsupported tests 91
/home/gccbuild/build/nightly/build-gcc-7/gcc/gfortran version 7.3.1 20180809 [gcc-7-branch revision 263449] (GCC)
=== go tests ===
Running target unix
FAIL: go.test/test/indirect.go compilation, -O2 -g
FAIL: go.test/test/ken/cplx2.go execution, -O2 -g
FAIL: go.test/test/peano.go execution, -O2 -g
FAIL: indirect1.go -O (test for errors, line 41)
FAIL: indirect1.go -O (test for errors, line 42)
FAIL: indirect1.go -O (test for errors, line 44)
FAIL: indirect1.go -O (test for errors, line 47)
FAIL: indirect1.go -O (test for errors, line 48)
FAIL: indirect1.go -O (test for errors, line 50)
FAIL: indirect1.go -O (test for errors, line 61)
FAIL: indirect1.go -O (test for errors, line 62)
FAIL: indirect1.go -O (test for errors, line 64)
FAIL: indirect1.go -O (test for errors, line 67)
FAIL: indirect1.go -O (test for errors, line 68)
FAIL: indirect1.go -O (test for errors, line 70)
FAIL: indirect1.go -O (test for excess errors)
=== go Summary ===
# of expected passes 7234
# of unexpected failures 16
# of expected failures 1
# of untested testcases 8
# of unsupported tests 3
/home/gccbuild/build/nightly/build-gcc-7/gcc/gccgo version 7.3.1 20180809 [gcc-7-branch revision 263449] (GCC)
=== obj-c++ tests ===
Running target unix
=== obj-c++ Summary ===
# of expected passes 1451
# of expected failures 10
# of unsupported tests 77
/home/gccbuild/build/nightly/build-gcc-7/gcc/xg++ version 7.3.1 20180809 [gcc-7-branch revision 263449] (GCC)
=== objc tests ===
Running target unix
=== objc Summary ===
# of expected passes 2803
# of unsupported tests 68
/home/gccbuild/build/nightly/build-gcc-7/gcc/xgcc version 7.3.1 20180809 [gcc-7-branch revision 263449] (GCC)
=== libatomic tests ===
Running target unix
=== libatomic Summary ===
# of expected passes 54
=== libffi tests ===
Running target unix
=== libffi Summary ===
# of expected passes 1934
# of unsupported tests 28
=== libgo tests ===
Running target unix
=== libgo Summary ===
# of expected passes 145
/home/gccbuild/build/nightly/build-gcc-7/./gcc/gccgo version 7.3.1 20180809 [gcc-7-branch revision 263449] (GCC)
=== libgomp tests ===
Running target unix
FAIL: libgomp.oacc-c/../libgomp.oacc-c-c++-common/data-clauses-kernels-ipa-pta.c -DACC_DEVICE_TYPE_host=1 -DACC_MEM_SHARED=1 -O2 (test for excess errors)
UNRESOLVED: libgomp.oacc-c/../libgomp.oacc-c-c++-common/data-clauses-kernels-ipa-pta.c -DACC_DEVICE_TYPE_host=1 -DACC_MEM_SHARED=1 -O2 compilation failed to produce executable
FAIL: libgomp.oacc-c/../libgomp.oacc-c-c++-common/data-clauses-parallel-ipa-pta.c -DACC_DEVICE_TYPE_host=1 -DACC_MEM_SHARED=1 -O2 (test for excess errors)
UNRESOLVED: libgomp.oacc-c/../libgomp.oacc-c-c++-common/data-clauses-parallel-ipa-pta.c -DACC_DEVICE_TYPE_host=1 -DACC_MEM_SHARED=1 -O2 compilation failed to produce executable
=== libgomp Summary ===
# of expected passes 5070
# of unexpected failures 2
# of unresolved testcases 2
# of unsupported tests 391
=== libitm tests ===
Running target unix
=== libitm Summary ===
# of expected passes 42
# of expected failures 3
# of unsupported tests 1
=== libstdc++ tests ===
Running target unix
FAIL: libstdc++-prettyprinters/cxx17.cc print ab
FAIL: libstdc++-prettyprinters/cxx17.cc print ai
FAIL: libstdc++-prettyprinters/cxx17.cc print am
FAIL: libstdc++-prettyprinters/cxx17.cc print ap
FAIL: libstdc++-prettyprinters/cxx17.cc print as
FAIL: libstdc++-prettyprinters/cxx17.cc print as2
FAIL: libstdc++-prettyprinters/libfundts.cc print ab
FAIL: libstdc++-prettyprinters/libfundts.cc print ai
FAIL: libstdc++-prettyprinters/libfundts.cc print am
FAIL: libstdc++-prettyprinters/libfundts.cc print ap
FAIL: libstdc++-prettyprinters/libfundts.cc print as
FAIL: libstdc++-prettyprinters/libfundts.cc print as2
=== libstdc++ Summary ===
# of expected passes 12240
# of unexpected failures 12
# of expected failures 66
# of unsupported tests 258
Compiler version: 7.3.1 20180809 [gcc-7-branch revision 263449] (GCC)
Platform: powerpc64-unknown-linux-gnu
configure flags: --prefix=/opt/gcc-nightly/7 --with-as=/usr/bin/as --with-ld=/usr/bin/ld --enable-languages=c,c++,fortran,objc,obj-c++,go --disable-multilib --disable-multilib --with-cpu=power7